I20260601 13:43:09.830617 11700 raft_consensus.cc:2955] T 459921ad71d44aa5add6f4a1e873ef03 P cd154b140f8943c8b771043f61df21e5 [term 1 FOLLOWER]: Committing config change with OpId 1.30: config changed from index -1 to 30, NON_VOTER 3ac5ff24e904476997f40b4fd7bfd084 (127.6.231.70) added. New config: { opid_index: 30 OBSOLETE_local: false peers { permanent_uuid: "6a01547d06b14180a2258c84bb29d628" member_type: VOTER last_known_addr { host: "127.6.231.65" port: 44083 } attrs { replace: true } } peers { permanent_uuid: "2f0a991ee8bf4edba8a760584a3533c3" member_type: VOTER last_known_addr { host: "127.6.231.66" port: 37789 } } peers { permanent_uuid: "cd154b140f8943c8b771043f61df21e5" member_type: VOTER last_known_addr { host: "127.6.231.67" port: 45737 } } peers { permanent_uuid: "3ac5ff24e904476997f40b4fd7bfd084" member_type: NON_VOTER last_known_addr { host: "127.6.231.70" port: 44655 } attrs { promote: true } } }
I20260601 13:43:09.830720 11547 raft_consensus.cc:2955] T 459921ad71d44aa5add6f4a1e873ef03 P 6a01547d06b14180a2258c84bb29d628 [term 1 FOLLOWER]: Committing config change with OpId 1.30: config changed from index -1 to 30, NON_VOTER 3ac5ff24e904476997f40b4fd7bfd084 (127.6.231.70) added. New config: { opid_index: 30 OBSOLETE_local: false peers { permanent_uuid: "6a01547d06b14180a2258c84bb29d628" member_type: VOTER last_known_addr { host: "127.6.231.65" port: 44083 } attrs { replace: true } } peers { permanent_uuid: "2f0a991ee8bf4edba8a760584a3533c3" member_type: VOTER last_known_addr { host: "127.6.231.66" port: 37789 } } peers { permanent_uuid: "cd154b140f8943c8b771043f61df21e5" member_type: VOTER last_known_addr { host: "127.6.231.67" port: 45737 } } peers { permanent_uuid: "3ac5ff24e904476997f40b4fd7bfd084" member_type: NON_VOTER last_known_addr { host: "127.6.231.70" port: 44655 } attrs { promote: true } } }
I20260601 13:43:09.832858 11446 catalog_manager.cc:5696] T 459921ad71d44aa5add6f4a1e873ef03 P cd154b140f8943c8b771043f61df21e5 reported cstate change: config changed from index -1 to 30, NON_VOTER 3ac5ff24e904476997f40b4fd7bfd084 (127.6.231.70) added. New cstate: current_term: 1 leader_uuid: "2f0a991ee8bf4edba8a760584a3533c3" committed_config { opid_index: 30 OBSOLETE_local: false peers { permanent_uuid: "6a01547d06b14180a2258c84bb29d628" member_type: VOTER last_known_addr { host: "127.6.231.65" port: 44083 } attrs { replace: true } } peers { permanent_uuid: "2f0a991ee8bf4edba8a760584a3533c3" member_type: VOTER last_known_addr { host: "127.6.231.66" port: 37789 } } peers { permanent_uuid: "cd154b140f8943c8b771043f61df21e5" member_type: VOTER last_known_addr { host: "127.6.231.67" port: 45737 } } peers { permanent_uuid: "3ac5ff24e904476997f40b4fd7bfd084" member_type: NON_VOTER last_known_addr { host: "127.6.231.70" port: 44655 } attrs { promote: true } } }
I20260601 13:43:09.834022 11547 consensus_queue.cc:237] T 2f1acf46bcf342379aa724e1c219afc8 P 6a01547d06b14180a2258c84bb29d628 [LEADER]: Queue going to LEADER mode. State: All replicated index: 0, Majority replicated index: 33, Committed index: 33, Last appended: 1.33, Last appended by leader: 0, Current term: 1, Majority size: 2, State: 0, Mode: LEADER, active raft config: opid_index: 34 OBSOLETE_local: false peers { permanent_uuid: "6a01547d06b14180a2258c84bb29d628" member_type: VOTER last_known_addr { host: "127.6.231.65" port: 44083 } } peers { permanent_uuid: "cd154b140f8943c8b771043f61df21e5" member_type: VOTER last_known_addr { host: "127.6.231.67" port: 45737 } attrs { replace: true } } peers { permanent_uuid: "3ac5ff24e904476997f40b4fd7bfd084" member_type: VOTER last_known_addr { host: "127.6.231.70" port: 44655 } attrs { promote: false } } peers { permanent_uuid: "ad078c1cd1014f1ca0809abb1ce16e86" member_type: NON_VOTER last_known_addr { host: "127.6.231.69" port: 41733 } attrs { promote: true } }
W20260601 13:43:09.834482 11593 consensus_peers.cc:597] T 459921ad71d44aa5add6f4a1e873ef03 P 2f0a991ee8bf4edba8a760584a3533c3 -> Peer 3ac5ff24e904476997f40b4fd7bfd084 (127.6.231.70:44655): Couldn't send request to peer 3ac5ff24e904476997f40b4fd7bfd084. Error code: TABLET_NOT_FOUND (6). Status: Not found: Tablet not found: 459921ad71d44aa5add6f4a1e873ef03. This is attempt 1: this message will repeat every 5th retry.
W20260601 13:43:09.835631 11519 consensus_peers.cc:597] T 2f1acf46bcf342379aa724e1c219afc8 P 6a01547d06b14180a2258c84bb29d628 -> Peer ad078c1cd1014f1ca0809abb1ce16e86 (127.6.231.69:41733): Couldn't send request to peer ad078c1cd1014f1ca0809abb1ce16e86. Error code: TABLET_NOT_FOUND (6). Status: Not found: Tablet not found: 2f1acf46bcf342379aa724e1c219afc8. This is attempt 1: this message will repeat every 5th retry.
I20260601 13:43:09.835664 12099 raft_consensus.cc:1275] T 2f1acf46bcf342379aa724e1c219afc8 P 3ac5ff24e904476997f40b4fd7bfd084 [term 1 FOLLOWER]: Refusing update from remote peer 6a01547d06b14180a2258c84bb29d628: Log matching property violated. Preceding OpId in replica: term: 1 index: 33. Preceding OpId from leader: term: 1 index: 34. (index mismatch)
I20260601 13:43:09.836072 12182 consensus_queue.cc:1048] T 2f1acf46bcf342379aa724e1c219afc8 P 6a01547d06b14180a2258c84bb29d628 [LEADER]: Connected to new peer: Peer: permanent_uuid: "3ac5ff24e904476997f40b4fd7bfd084" member_type: VOTER last_known_addr { host: "127.6.231.70" port: 44655 } attrs { promote: false }, Status: LMP_MISMATCH, Last received: 0.0, Next index: 34, Last known committed idx: 33, Time since last communication: 0.000s
I20260601 13:43:09.835664 11700 raft_consensus.cc:1275] T 2f1acf46bcf342379aa724e1c219afc8 P cd154b140f8943c8b771043f61df21e5 [term 1 FOLLOWER]: Refusing update from remote peer 6a01547d06b14180a2258c84bb29d628: Log matching property violated. Preceding OpId in replica: term: 1 index: 33. Preceding OpId from leader: term: 1 index: 34. (index mismatch)
I20260601 13:43:09.836972 12182 consensus_queue.cc:1048] T 2f1acf46bcf342379aa724e1c219afc8 P 6a01547d06b14180a2258c84bb29d628 [LEADER]: Connected to new peer: Peer: permanent_uuid: "cd154b140f8943c8b771043f61df21e5" member_type: VOTER last_known_addr { host: "127.6.231.67" port: 45737 } attrs { replace: true }, Status: LMP_MISMATCH, Last received: 0.0, Next index: 34, Last known committed idx: 33, Time since last communication: 0.000s
I20260601 13:43:09.838403 12190 raft_consensus.cc:2955] T 2f1acf46bcf342379aa724e1c219afc8 P 6a01547d06b14180a2258c84bb29d628 [term 1 LEADER]: Committing config change with OpId 1.34: config changed from index 33 to 34, NON_VOTER ad078c1cd1014f1ca0809abb1ce16e86 (127.6.231.69) added. New config: { opid_index: 34 OBSOLETE_local: false peers { permanent_uuid: "6a01547d06b14180a2258c84bb29d628" member_type: VOTER last_known_addr { host: "127.6.231.65" port: 44083 } } peers { permanent_uuid: "cd154b140f8943c8b771043f61df21e5" member_type: VOTER last_known_addr { host: "127.6.231.67" port: 45737 } attrs { replace: true } } peers { permanent_uuid: "3ac5ff24e904476997f40b4fd7bfd084" member_type: VOTER last_known_addr { host: "127.6.231.70" port: 44655 } attrs { promote: false } } peers { permanent_uuid: "ad078c1cd1014f1ca0809abb1ce16e86" member_type: NON_VOTER last_known_addr { host: "127.6.231.69" port: 41733 } attrs { promote: true } } }
I20260601 13:43:09.838776 12099 raft_consensus.cc:2955] T 2f1acf46bcf342379aa724e1c219afc8 P 3ac5ff24e904476997f40b4fd7bfd084 [term 1 FOLLOWER]: Committing config change with OpId 1.34: config changed from index 33 to 34, NON_VOTER ad078c1cd1014f1ca0809abb1ce16e86 (127.6.231.69) added. New config: { opid_index: 34 OBSOLETE_local: false peers { permanent_uuid: "6a01547d06b14180a2258c84bb29d628" member_type: VOTER last_known_addr { host: "127.6.231.65" port: 44083 } } peers { permanent_uuid: "cd154b140f8943c8b771043f61df21e5" member_type: VOTER last_known_addr { host: "127.6.231.67" port: 45737 } attrs { replace: true } } peers { permanent_uuid: "3ac5ff24e904476997f40b4fd7bfd084" member_type: VOTER last_known_addr { host: "127.6.231.70" port: 44655 } attrs { promote: false } } peers { permanent_uuid: "ad078c1cd1014f1ca0809abb1ce16e86" member_type: NON_VOTER last_known_addr { host: "127.6.231.69" port: 41733 } attrs { promote: true } } }
I20260601 13:43:09.839184 11700 raft_consensus.cc:2955] T 2f1acf46bcf342379aa724e1c219afc8 P cd154b140f8943c8b771043f61df21e5 [term 1 FOLLOWER]: Committing config change with OpId 1.34: config changed from index 33 to 34, NON_VOTER ad078c1cd1014f1ca0809abb1ce16e86 (127.6.231.69) added. New config: { opid_index: 34 OBSOLETE_local: false peers { permanent_uuid: "6a01547d06b14180a2258c84bb29d628" member_type: VOTER last_known_addr { host: "127.6.231.65" port: 44083 } } peers { permanent_uuid: "cd154b140f8943c8b771043f61df21e5" member_type: VOTER last_known_addr { host: "127.6.231.67" port: 45737 } attrs { replace: true } } peers { permanent_uuid: "3ac5ff24e904476997f40b4fd7bfd084" member_type: VOTER last_known_addr { host: "127.6.231.70" port: 44655 } attrs { promote: false } } peers { permanent_uuid: "ad078c1cd1014f1ca0809abb1ce16e86" member_type: NON_VOTER last_known_addr { host: "127.6.231.69" port: 41733 } attrs { promote: true } } }
I20260601 13:43:09.842371 11445 catalog_manager.cc:5696] T 2f1acf46bcf342379aa724e1c219afc8 P cd154b140f8943c8b771043f61df21e5 reported cstate change: config changed from index 33 to 34, NON_VOTER ad078c1cd1014f1ca0809abb1ce16e86 (127.6.231.69) added. New cstate: current_term: 1 leader_uuid: "6a01547d06b14180a2258c84bb29d628" committed_config { opid_index: 34 OBSOLETE_local: false peers { permanent_uuid: "6a01547d06b14180a2258c84bb29d628" member_type: VOTER last_known_addr { host: "127.6.231.65" port: 44083 } } peers { permanent_uuid: "cd154b140f8943c8b771043f61df21e5" member_type: VOTER last_known_addr { host: "127.6.231.67" port: 45737 } attrs { replace: true } } peers { permanent_uuid: "3ac5ff24e904476997f40b4fd7bfd084" member_type: VOTER last_known_addr { host: "127.6.231.70" port: 44655 } attrs { promote: false } } peers { permanent_uuid: "ad078c1cd1014f1ca0809abb1ce16e86" member_type: NON_VOTER last_known_addr { host: "127.6.231.69" port: 41733 } attrs { promote: true } } }
I20260601 13:43:09.842607 11547 consensus_queue.cc:237] T fd65ebacdd2643ed9ac4dfc0d76d862b P 6a01547d06b14180a2258c84bb29d628 [LEADER]: Queue going to LEADER mode. State: All replicated index: 0, Majority replicated index: 29, Committed index: 29, Last appended: 1.29, Last appended by leader: 0, Current term: 1, Majority size: 2, State: 0, Mode: LEADER, active raft config: opid_index: 30 OBSOLETE_local: false peers { permanent_uuid: "6a01547d06b14180a2258c84bb29d628" member_type: VOTER last_known_addr { host: "127.6.231.65" port: 44083 } } peers { permanent_uuid: "2f0a991ee8bf4edba8a760584a3533c3" member_type: VOTER last_known_addr { host: "127.6.231.66" port: 37789 } attrs { replace: true } } peers { permanent_uuid: "cd154b140f8943c8b771043f61df21e5" member_type: VOTER last_known_addr { host: "127.6.231.67" port: 45737 } } peers { permanent_uuid: "d93e31d434fe4b9fb00befaccd946204" member_type: NON_VOTER last_known_addr { host: "127.6.231.68" port: 34961 } attrs { promote: true } }
W20260601 13:43:09.843856 11518 consensus_peers.cc:597] T fd65ebacdd2643ed9ac4dfc0d76d862b P 6a01547d06b14180a2258c84bb29d628 -> Peer d93e31d434fe4b9fb00befaccd946204 (127.6.231.68:34961): Couldn't send request to peer d93e31d434fe4b9fb00befaccd946204. Error code: TABLET_NOT_FOUND (6). Status: Not found: Tablet not found: fd65ebacdd2643ed9ac4dfc0d76d862b. This is attempt 1: this message will repeat every 5th retry.
I20260601 13:43:09.843976 11622 raft_consensus.cc:1275] T fd65ebacdd2643ed9ac4dfc0d76d862b P 2f0a991ee8bf4edba8a760584a3533c3 [term 1 FOLLOWER]: Refusing update from remote peer 6a01547d06b14180a2258c84bb29d628: Log matching property violated. Preceding OpId in replica: term: 1 index: 29. Preceding OpId from leader: term: 1 index: 30. (index mismatch)
I20260601 13:43:09.844460 12231 consensus_queue.cc:1048] T fd65ebacdd2643ed9ac4dfc0d76d862b P 6a01547d06b14180a2258c84bb29d628 [LEADER]: Connected to new peer: Peer: permanent_uuid: "2f0a991ee8bf4edba8a760584a3533c3" member_type: VOTER last_known_addr { host: "127.6.231.66" port: 37789 } attrs { replace: true }, Status: LMP_MISMATCH, Last received: 0.0, Next index: 30, Last known committed idx: 29, Time since last communication: 0.000s
I20260601 13:43:09.844558 11700 raft_consensus.cc:1275] T fd65ebacdd2643ed9ac4dfc0d76d862b P cd154b140f8943c8b771043f61df21e5 [term 1 FOLLOWER]: Refusing update from remote peer 6a01547d06b14180a2258c84bb29d628: Log matching property violated. Preceding OpId in replica: term: 1 index: 29. Preceding OpId from leader: term: 1 index: 30. (index mismatch)
I20260601 13:43:09.845502 12182 consensus_queue.cc:1048] T fd65ebacdd2643ed9ac4dfc0d76d862b P 6a01547d06b14180a2258c84bb29d628 [LEADER]: Connected to new peer: Peer: permanent_uuid: "cd154b140f8943c8b771043f61df21e5" member_type: VOTER last_known_addr { host: "127.6.231.67" port: 45737 }, Status: LMP_MISMATCH, Last received: 0.0, Next index: 30, Last known committed idx: 29, Time since last communication: 0.000s
I20260601 13:43:09.847587 12231 raft_consensus.cc:2955] T fd65ebacdd2643ed9ac4dfc0d76d862b P 6a01547d06b14180a2258c84bb29d628 [term 1 LEADER]: Committing config change with OpId 1.30: config changed from index -1 to 30, NON_VOTER d93e31d434fe4b9fb00befaccd946204 (127.6.231.68) added. New config: { opid_index: 30 OBSOLETE_local: false peers { permanent_uuid: "6a01547d06b14180a2258c84bb29d628" member_type: VOTER last_known_addr { host: "127.6.231.65" port: 44083 } } peers { permanent_uuid: "2f0a991ee8bf4edba8a760584a3533c3" member_type: VOTER last_known_addr { host: "127.6.231.66" port: 37789 } attrs { replace: true } } peers { permanent_uuid: "cd154b140f8943c8b771043f61df21e5" member_type: VOTER last_known_addr { host: "127.6.231.67" port: 45737 } } peers { permanent_uuid: "d93e31d434fe4b9fb00befaccd946204" member_type: NON_VOTER last_known_addr { host: "127.6.231.68" port: 34961 } attrs { promote: true } } }
I20260601 13:43:09.848212 11700 raft_consensus.cc:2955] T fd65ebacdd2643ed9ac4dfc0d76d862b P cd154b140f8943c8b771043f61df21e5 [term 1 FOLLOWER]: Committing config change with OpId 1.30: config changed from index -1 to 30, NON_VOTER d93e31d434fe4b9fb00befaccd946204 (127.6.231.68) added. New config: { opid_index: 30 OBSOLETE_local: false peers { permanent_uuid: "6a01547d06b14180a2258c84bb29d628" member_type: VOTER last_known_addr { host: "127.6.231.65" port: 44083 } } peers { permanent_uuid: "2f0a991ee8bf4edba8a760584a3533c3" member_type: VOTER last_known_addr { host: "127.6.231.66" port: 37789 } attrs { replace: true } } peers { permanent_uuid: "cd154b140f8943c8b771043f61df21e5" member_type: VOTER last_known_addr { host: "127.6.231.67" port: 45737 } } peers { permanent_uuid: "d93e31d434fe4b9fb00befaccd946204" member_type: NON_VOTER last_known_addr { host: "127.6.231.68" port: 34961 } attrs { promote: true } } }
I20260601 13:43:09.849210 11622 raft_consensus.cc:2955] T fd65ebacdd2643ed9ac4dfc0d76d862b P 2f0a991ee8bf4edba8a760584a3533c3 [term 1 FOLLOWER]: Committing config change with OpId 1.30: config changed from index -1 to 30, NON_VOTER d93e31d434fe4b9fb00befaccd946204 (127.6.231.68) added. New config: { opid_index: 30 OBSOLETE_local: false peers { permanent_uuid: "6a01547d06b14180a2258c84bb29d628" member_type: VOTER last_known_addr { host: "127.6.231.65" port: 44083 } } peers { permanent_uuid: "2f0a991ee8bf4edba8a760584a3533c3" member_type: VOTER last_known_addr { host: "127.6.231.66" port: 37789 } attrs { replace: true } } peers { permanent_uuid: "cd154b140f8943c8b771043f61df21e5" member_type: VOTER last_known_addr { host: "127.6.231.67" port: 45737 } } peers { permanent_uuid: "d93e31d434fe4b9fb00befaccd946204" member_type: NON_VOTER last_known_addr { host: "127.6.231.68" port: 34961 } attrs { promote: true } } }
I20260601 13:43:09.851174 11700 consensus_queue.cc:237] T ae9f5829f6c34d4aae3e6919af2d8243 P cd154b140f8943c8b771043f61df21e5 [LEADER]: Queue going to LEADER mode. State: All replicated index: 0, Majority replicated index: 33, Committed index: 33, Last appended: 1.33, Last appended by leader: 0, Current term: 1, Majority size: 2, State: 0, Mode: LEADER, active raft config: opid_index: 34 OBSOLETE_local: false peers { permanent_uuid: "2f0a991ee8bf4edba8a760584a3533c3" member_type: VOTER last_known_addr { host: "127.6.231.66" port: 37789 } attrs { replace: true } } peers { permanent_uuid: "cd154b140f8943c8b771043f61df21e5" member_type: VOTER last_known_addr { host: "127.6.231.67" port: 45737 } } peers { permanent_uuid: "3ac5ff24e904476997f40b4fd7bfd084" member_type: VOTER last_known_addr { host: "127.6.231.70" port: 44655 } attrs { promote: false } } peers { permanent_uuid: "d93e31d434fe4b9fb00befaccd946204" member_type: NON_VOTER last_known_addr { host: "127.6.231.68" port: 34961 } attrs { promote: true } }
I20260601 13:43:09.851210 11446 catalog_manager.cc:5696] T fd65ebacdd2643ed9ac4dfc0d76d862b P 6a01547d06b14180a2258c84bb29d628 reported cstate change: config changed from index -1 to 30, NON_VOTER d93e31d434fe4b9fb00befaccd946204 (127.6.231.68) added. New cstate: current_term: 1 leader_uuid: "6a01547d06b14180a2258c84bb29d628" committed_config { opid_index: 30 OBSOLETE_local: false peers { permanent_uuid: "6a01547d06b14180a2258c84bb29d628" member_type: VOTER last_known_addr { host: "127.6.231.65" port: 44083 } health_report { overall_health: HEALTHY } } peers { permanent_uuid: "2f0a991ee8bf4edba8a760584a3533c3" member_type: VOTER last_known_addr { host: "127.6.231.66" port: 37789 } attrs { replace: true } health_report { overall_health: HEALTHY } } peers { permanent_uuid: "cd154b140f8943c8b771043f61df21e5" member_type: VOTER last_known_addr { host: "127.6.231.67" port: 45737 } health_report { overall_health: HEALTHY } } peers { permanent_uuid: "d93e31d434fe4b9fb00befaccd946204" member_type: NON_VOTER last_known_addr { host: "127.6.231.68" port: 34961 } attrs { promote: true } health_report { overall_health: UNKNOWN } } }
I20260601 13:43:09.852941 12099 raft_consensus.cc:1275] T ae9f5829f6c34d4aae3e6919af2d8243 P 3ac5ff24e904476997f40b4fd7bfd084 [term 1 FOLLOWER]: Refusing update from remote peer cd154b140f8943c8b771043f61df21e5: Log matching property violated. Preceding OpId in replica: term: 1 index: 33. Preceding OpId from leader: term: 1 index: 34. (index mismatch)
W20260601 13:43:09.852991 11670 consensus_peers.cc:597] T ae9f5829f6c34d4aae3e6919af2d8243 P cd154b140f8943c8b771043f61df21e5 -> Peer d93e31d434fe4b9fb00befaccd946204 (127.6.231.68:34961): Couldn't send request to peer d93e31d434fe4b9fb00befaccd946204. Error code: TABLET_NOT_FOUND (6). Status: Not found: Tablet not found: ae9f5829f6c34d4aae3e6919af2d8243. This is attempt 1: this message will repeat every 5th retry.
I20260601 13:43:09.853273 12175 consensus_queue.cc:1048] T ae9f5829f6c34d4aae3e6919af2d8243 P cd154b140f8943c8b771043f61df21e5 [LEADER]: Connected to new peer: Peer: permanent_uuid: "3ac5ff24e904476997f40b4fd7bfd084" member_type: VOTER last_known_addr { host: "127.6.231.70" port: 44655 } attrs { promote: false }, Status: LMP_MISMATCH, Last received: 0.0, Next index: 34, Last known committed idx: 33, Time since last communication: 0.000s
I20260601 13:43:09.853596 11622 raft_consensus.cc:1275] T ae9f5829f6c34d4aae3e6919af2d8243 P 2f0a991ee8bf4edba8a760584a3533c3 [term 1 FOLLOWER]: Refusing update from remote peer cd154b140f8943c8b771043f61df21e5: Log matching property violated. Preceding OpId in replica: term: 1 index: 33. Preceding OpId from leader: term: 1 index: 34. (index mismatch)
I20260601 13:43:09.854368 12175 consensus_queue.cc:1048] T ae9f5829f6c34d4aae3e6919af2d8243 P cd154b140f8943c8b771043f61df21e5 [LEADER]: Connected to new peer: Peer: permanent_uuid: "2f0a991ee8bf4edba8a760584a3533c3" member_type: VOTER last_known_addr { host: "127.6.231.66" port: 37789 } attrs { replace: true }, Status: LMP_MISMATCH, Last received: 0.0, Next index: 34, Last known committed idx: 33, Time since last communication: 0.000s
I20260601 13:43:09.855142 12175 raft_consensus.cc:2955] T ae9f5829f6c34d4aae3e6919af2d8243 P cd154b140f8943c8b771043f61df21e5 [term 1 LEADER]: Committing config change with OpId 1.34: config changed from index 33 to 34, NON_VOTER d93e31d434fe4b9fb00befaccd946204 (127.6.231.68) added. New config: { opid_index: 34 OBSOLETE_local: false peers { permanent_uuid: "2f0a991ee8bf4edba8a760584a3533c3" member_type: VOTER last_known_addr { host: "127.6.231.66" port: 37789 } attrs { replace: true } } peers { permanent_uuid: "cd154b140f8943c8b771043f61df21e5" member_type: VOTER last_known_addr { host: "127.6.231.67" port: 45737 } } peers { permanent_uuid: "3ac5ff24e904476997f40b4fd7bfd084" member_type: VOTER last_known_addr { host: "127.6.231.70" port: 44655 } attrs { promote: false } } peers { permanent_uuid: "d93e31d434fe4b9fb00befaccd946204" member_type: NON_VOTER last_known_addr { host: "127.6.231.68" port: 34961 } attrs { promote: true } } }
I20260601 13:43:09.857160 11622 raft_consensus.cc:2955] T ae9f5829f6c34d4aae3e6919af2d8243 P 2f0a991ee8bf4edba8a760584a3533c3 [term 1 FOLLOWER]: Committing config change with OpId 1.34: config changed from index 33 to 34, NON_VOTER d93e31d434fe4b9fb00befaccd946204 (127.6.231.68) added. New config: { opid_index: 34 OBSOLETE_local: false peers { permanent_uuid: "2f0a991ee8bf4edba8a760584a3533c3" member_type: VOTER last_known_addr { host: "127.6.231.66" port: 37789 } attrs { replace: true } } peers { permanent_uuid: "cd154b140f8943c8b771043f61df21e5" member_type: VOTER last_known_addr { host: "127.6.231.67" port: 45737 } } peers { permanent_uuid: "3ac5ff24e904476997f40b4fd7bfd084" member_type: VOTER last_known_addr { host: "127.6.231.70" port: 44655 } attrs { promote: false } } peers { permanent_uuid: "d93e31d434fe4b9fb00befaccd946204" member_type: NON_VOTER last_known_addr { host: "127.6.231.68" port: 34961 } attrs { promote: true } } }
I20260601 13:43:09.857631 12099 raft_consensus.cc:2955] T ae9f5829f6c34d4aae3e6919af2d8243 P 3ac5ff24e904476997f40b4fd7bfd084 [term 1 FOLLOWER]: Committing config change with OpId 1.34: config changed from index 33 to 34, NON_VOTER d93e31d434fe4b9fb00befaccd946204 (127.6.231.68) added. New config: { opid_index: 34 OBSOLETE_local: false peers { permanent_uuid: "2f0a991ee8bf4edba8a760584a3533c3" member_type: VOTER last_known_addr { host: "127.6.231.66" port: 37789 } attrs { replace: true } } peers { permanent_uuid: "cd154b140f8943c8b771043f61df21e5" member_type: VOTER last_known_addr { host: "127.6.231.67" port: 45737 } } peers { permanent_uuid: "3ac5ff24e904476997f40b4fd7bfd084" member_type: VOTER last_known_addr { host: "127.6.231.70" port: 44655 } attrs { promote: false } } peers { permanent_uuid: "d93e31d434fe4b9fb00befaccd946204" member_type: NON_VOTER last_known_addr { host: "127.6.231.68" port: 34961 } attrs { promote: true } } }
I20260601 13:43:09.857882 11626 consensus_queue.cc:237] T 73b77ab4d15047d4bd8c207f24a04c8d P 2f0a991ee8bf4edba8a760584a3533c3 [LEADER]: Queue going to LEADER mode. State: All replicated index: 0, Majority replicated index: 29, Committed index: 29, Last appended: 1.29, Last appended by leader: 0, Current term: 1, Majority size: 2, State: 0, Mode: LEADER, active raft config: opid_index: 30 OBSOLETE_local: false peers { permanent_uuid: "6a01547d06b14180a2258c84bb29d628" member_type: VOTER last_known_addr { host: "127.6.231.65" port: 44083 } attrs { replace: true } } peers { permanent_uuid: "2f0a991ee8bf4edba8a760584a3533c3" member_type: VOTER last_known_addr { host: "127.6.231.66" port: 37789 } } peers { permanent_uuid: "cd154b140f8943c8b771043f61df21e5" member_type: VOTER last_known_addr { host: "127.6.231.67" port: 45737 } } peers { permanent_uuid: "3ac5ff24e904476997f40b4fd7bfd084" member_type: NON_VOTER last_known_addr { host: "127.6.231.70" port: 44655 } attrs { promote: true } }
I20260601 13:43:09.859589 11700 raft_consensus.cc:1275] T 73b77ab4d15047d4bd8c207f24a04c8d P cd154b140f8943c8b771043f61df21e5 [term 1 FOLLOWER]: Refusing update from remote peer 2f0a991ee8bf4edba8a760584a3533c3: Log matching property violated. Preceding OpId in replica: term: 1 index: 29. Preceding OpId from leader: term: 1 index: 30. (index mismatch)
I20260601 13:43:09.859529 11447 catalog_manager.cc:5696] T ae9f5829f6c34d4aae3e6919af2d8243 P 2f0a991ee8bf4edba8a760584a3533c3 reported cstate change: config changed from index 33 to 34, NON_VOTER d93e31d434fe4b9fb00befaccd946204 (127.6.231.68) added. New cstate: current_term: 1 leader_uuid: "cd154b140f8943c8b771043f61df21e5" committed_config { opid_index: 34 OBSOLETE_local: false peers { permanent_uuid: "2f0a991ee8bf4edba8a760584a3533c3" member_type: VOTER last_known_addr { host: "127.6.231.66" port: 37789 } attrs { replace: true } } peers { permanent_uuid: "cd154b140f8943c8b771043f61df21e5" member_type: VOTER last_known_addr { host: "127.6.231.67" port: 45737 } } peers { permanent_uuid: "3ac5ff24e904476997f40b4fd7bfd084" member_type: VOTER last_known_addr { host: "127.6.231.70" port: 44655 } attrs { promote: false } } peers { permanent_uuid: "d93e31d434fe4b9fb00befaccd946204" member_type: NON_VOTER last_known_addr { host: "127.6.231.68" port: 34961 } attrs { promote: true } } }
I20260601 13:43:09.860128 12217 consensus_queue.cc:1048] T 73b77ab4d15047d4bd8c207f24a04c8d P 2f0a991ee8bf4edba8a760584a3533c3 [LEADER]: Connected to new peer: Peer: permanent_uuid: "cd154b140f8943c8b771043f61df21e5" member_type: VOTER last_known_addr { host: "127.6.231.67" port: 45737 }, Status: LMP_MISMATCH, Last received: 0.0, Next index: 30, Last known committed idx: 29, Time since last communication: 0.000s
I20260601 13:43:09.860221 11547 raft_consensus.cc:1275] T 73b77ab4d15047d4bd8c207f24a04c8d P 6a01547d06b14180a2258c84bb29d628 [term 1 FOLLOWER]: Refusing update from remote peer 2f0a991ee8bf4edba8a760584a3533c3: Log matching property violated. Preceding OpId in replica: term: 1 index: 29. Preceding OpId from leader: term: 1 index: 30. (index mismatch)
I20260601 13:43:09.860687 12217 consensus_queue.cc:1048] T 73b77ab4d15047d4bd8c207f24a04c8d P 2f0a991ee8bf4edba8a760584a3533c3 [LEADER]: Connected to new peer: Peer: permanent_uuid: "6a01547d06b14180a2258c84bb29d628" member_type: VOTER last_known_addr { host: "127.6.231.65" port: 44083 } attrs { replace: true }, Status: LMP_MISMATCH, Last received: 0.0, Next index: 30, Last known committed idx: 29, Time since last communication: 0.000s
W20260601 13:43:09.860956 11593 consensus_peers.cc:597] T 73b77ab4d15047d4bd8c207f24a04c8d P 2f0a991ee8bf4edba8a760584a3533c3 -> Peer 3ac5ff24e904476997f40b4fd7bfd084 (127.6.231.70:44655): Couldn't send request to peer 3ac5ff24e904476997f40b4fd7bfd084. Error code: TABLET_NOT_FOUND (6). Status: Not found: Tablet not found: 73b77ab4d15047d4bd8c207f24a04c8d. This is attempt 1: this message will repeat every 5th retry.
I20260601 13:43:09.863692 12217 raft_consensus.cc:2955] T 73b77ab4d15047d4bd8c207f24a04c8d P 2f0a991ee8bf4edba8a760584a3533c3 [term 1 LEADER]: Committing config change with OpId 1.30: config changed from index -1 to 30, NON_VOTER 3ac5ff24e904476997f40b4fd7bfd084 (127.6.231.70) added. New config: { opid_index: 30 OBSOLETE_local: false peers { permanent_uuid: "6a01547d06b14180a2258c84bb29d628" member_type: VOTER last_known_addr { host: "127.6.231.65" port: 44083 } attrs { replace: true } } peers { permanent_uuid: "2f0a991ee8bf4edba8a760584a3533c3" member_type: VOTER last_known_addr { host: "127.6.231.66" port: 37789 } } peers { permanent_uuid: "cd154b140f8943c8b771043f61df21e5" member_type: VOTER last_known_addr { host: "127.6.231.67" port: 45737 } } peers { permanent_uuid: "3ac5ff24e904476997f40b4fd7bfd084" member_type: NON_VOTER last_known_addr { host: "127.6.231.70" port: 44655 } attrs { promote: true } } }
I20260601 13:43:09.867332 11700 raft_consensus.cc:2955] T 73b77ab4d15047d4bd8c207f24a04c8d P cd154b140f8943c8b771043f61df21e5 [term 1 FOLLOWER]: Committing config change with OpId 1.30: config changed from index -1 to 30, NON_VOTER 3ac5ff24e904476997f40b4fd7bfd084 (127.6.231.70) added. New config: { opid_index: 30 OBSOLETE_local: false peers { permanent_uuid: "6a01547d06b14180a2258c84bb29d628" member_type: VOTER last_known_addr { host: "127.6.231.65" port: 44083 } attrs { replace: true } } peers { permanent_uuid: "2f0a991ee8bf4edba8a760584a3533c3" member_type: VOTER last_known_addr { host: "127.6.231.66" port: 37789 } } peers { permanent_uuid: "cd154b140f8943c8b771043f61df21e5" member_type: VOTER last_known_addr { host: "127.6.231.67" port: 45737 } } peers { permanent_uuid: "3ac5ff24e904476997f40b4fd7bfd084" member_type: NON_VOTER last_known_addr { host: "127.6.231.70" port: 44655 } attrs { promote: true } } }
I20260601 13:43:09.867429 11547 raft_consensus.cc:2955] T 73b77ab4d15047d4bd8c207f24a04c8d P 6a01547d06b14180a2258c84bb29d628 [term 1 FOLLOWER]: Committing config change with OpId 1.30: config changed from index -1 to 30, NON_VOTER 3ac5ff24e904476997f40b4fd7bfd084 (127.6.231.70) added. New config: { opid_index: 30 OBSOLETE_local: false peers { permanent_uuid: "6a01547d06b14180a2258c84bb29d628" member_type: VOTER last_known_addr { host: "127.6.231.65" port: 44083 } attrs { replace: true } } peers { permanent_uuid: "2f0a991ee8bf4edba8a760584a3533c3" member_type: VOTER last_known_addr { host: "127.6.231.66" port: 37789 } } peers { permanent_uuid: "cd154b140f8943c8b771043f61df21e5" member_type: VOTER last_known_addr { host: "127.6.231.67" port: 45737 } } peers { permanent_uuid: "3ac5ff24e904476997f40b4fd7bfd084" member_type: NON_VOTER last_known_addr { host: "127.6.231.70" port: 44655 } attrs { promote: true } } }
I20260601 13:43:09.868521 11549 consensus_queue.cc:237] T 75495db1f5f04902baebc5de7fc861bb P 6a01547d06b14180a2258c84bb29d628 [LEADER]: Queue going to LEADER mode. State: All replicated index: 0, Majority replicated index: 30, Committed index: 30, Last appended: 1.30, Last appended by leader: 0, Current term: 1, Majority size: 2, State: 0, Mode: LEADER, active raft config: opid_index: 31 OBSOLETE_local: false peers { permanent_uuid: "6a01547d06b14180a2258c84bb29d628" member_type: VOTER last_known_addr { host: "127.6.231.65" port: 44083 } } peers { permanent_uuid: "2f0a991ee8bf4edba8a760584a3533c3" member_type: VOTER last_known_addr { host: "127.6.231.66" port: 37789 } } peers { permanent_uuid: "cd154b140f8943c8b771043f61df21e5" member_type: VOTER last_known_addr { host: "127.6.231.67" port: 45737 } attrs { replace: true } } peers { permanent_uuid: "ad078c1cd1014f1ca0809abb1ce16e86" member_type: NON_VOTER last_known_addr { host: "127.6.231.69" port: 41733 } attrs { promote: true } }
I20260601 13:43:09.868170 11446 catalog_manager.cc:5696] T 73b77ab4d15047d4bd8c207f24a04c8d P 2f0a991ee8bf4edba8a760584a3533c3 reported cstate change: config changed from index -1 to 30, NON_VOTER 3ac5ff24e904476997f40b4fd7bfd084 (127.6.231.70) added. New cstate: current_term: 1 leader_uuid: "2f0a991ee8bf4edba8a760584a3533c3" committed_config { opid_index: 30 OBSOLETE_local: false peers { permanent_uuid: "6a01547d06b14180a2258c84bb29d628" member_type: VOTER last_known_addr { host: "127.6.231.65" port: 44083 } attrs { replace: true } health_report { overall_health: HEALTHY } } peers { permanent_uuid: "2f0a991ee8bf4edba8a760584a3533c3" member_type: VOTER last_known_addr { host: "127.6.231.66" port: 37789 } health_report { overall_health: HEALTHY } } peers { permanent_uuid: "cd154b140f8943c8b771043f61df21e5" member_type: VOTER last_known_addr { host: "127.6.231.67" port: 45737 } health_report { overall_health: HEALTHY } } peers { permanent_uuid: "3ac5ff24e904476997f40b4fd7bfd084" member_type: NON_VOTER last_known_addr { host: "127.6.231.70" port: 44655 } attrs { promote: true } health_report { overall_health: UNKNOWN } } }
I20260601 13:43:09.871110 11701 raft_consensus.cc:1275] T 75495db1f5f04902baebc5de7fc861bb P cd154b140f8943c8b771043f61df21e5 [term 1 FOLLOWER]: Refusing update from remote peer 6a01547d06b14180a2258c84bb29d628: Log matching property violated. Preceding OpId in replica: term: 1 index: 30. Preceding OpId from leader: term: 1 index: 31. (index mismatch)
I20260601 13:43:09.871179 11626 raft_consensus.cc:1275] T 75495db1f5f04902baebc5de7fc861bb P 2f0a991ee8bf4edba8a760584a3533c3 [term 1 FOLLOWER]: Refusing update from remote peer 6a01547d06b14180a2258c84bb29d628: Log matching property violated. Preceding OpId in replica: term: 1 index: 30. Preceding OpId from leader: term: 1 index: 31. (index mismatch)
I20260601 13:43:09.871718 12245 consensus_queue.cc:1048] T 75495db1f5f04902baebc5de7fc861bb P 6a01547d06b14180a2258c84bb29d628 [LEADER]: Connected to new peer: Peer: permanent_uuid: "cd154b140f8943c8b771043f61df21e5" member_type: VOTER last_known_addr { host: "127.6.231.67" port: 45737 } attrs { replace: true }, Status: LMP_MISMATCH, Last received: 0.0, Next index: 31, Last known committed idx: 30, Time since last communication: 0.000s
W20260601 13:43:09.872056 11519 consensus_peers.cc:597] T 75495db1f5f04902baebc5de7fc861bb P 6a01547d06b14180a2258c84bb29d628 -> Peer ad078c1cd1014f1ca0809abb1ce16e86 (127.6.231.69:41733): Couldn't send request to peer ad078c1cd1014f1ca0809abb1ce16e86. Error code: TABLET_NOT_FOUND (6). Status: Not found: Tablet not found: 75495db1f5f04902baebc5de7fc861bb. This is attempt 1: this message will repeat every 5th retry.
I20260601 13:43:09.872187 12245 consensus_queue.cc:1048] T 75495db1f5f04902baebc5de7fc861bb P 6a01547d06b14180a2258c84bb29d628 [LEADER]: Connected to new peer: Peer: permanent_uuid: "2f0a991ee8bf4edba8a760584a3533c3" member_type: VOTER last_known_addr { host: "127.6.231.66" port: 37789 }, Status: LMP_MISMATCH, Last received: 0.0, Next index: 31, Last known committed idx: 30, Time since last communication: 0.000s
I20260601 13:43:09.873896 12231 raft_consensus.cc:2955] T 75495db1f5f04902baebc5de7fc861bb P 6a01547d06b14180a2258c84bb29d628 [term 1 LEADER]: Committing config change with OpId 1.31: config changed from index -1 to 31, NON_VOTER ad078c1cd1014f1ca0809abb1ce16e86 (127.6.231.69) added. New config: { opid_index: 31 OBSOLETE_local: false peers { permanent_uuid: "6a01547d06b14180a2258c84bb29d628" member_type: VOTER last_known_addr { host: "127.6.231.65" port: 44083 } } peers { permanent_uuid: "2f0a991ee8bf4edba8a760584a3533c3" member_type: VOTER last_known_addr { host: "127.6.231.66" port: 37789 } } peers { permanent_uuid: "cd154b140f8943c8b771043f61df21e5" member_type: VOTER last_known_addr { host: "127.6.231.67" port: 45737 } attrs { replace: true } } peers { permanent_uuid: "ad078c1cd1014f1ca0809abb1ce16e86" member_type: NON_VOTER last_known_addr { host: "127.6.231.69" port: 41733 } attrs { promote: true } } }
I20260601 13:43:09.874294 11626 raft_consensus.cc:2955] T 75495db1f5f04902baebc5de7fc861bb P 2f0a991ee8bf4edba8a760584a3533c3 [term 1 FOLLOWER]: Committing config change with OpId 1.31: config changed from index -1 to 31, NON_VOTER ad078c1cd1014f1ca0809abb1ce16e86 (127.6.231.69) added. New config: { opid_index: 31 OBSOLETE_local: false peers { permanent_uuid: "6a01547d06b14180a2258c84bb29d628" member_type: VOTER last_known_addr { host: "127.6.231.65" port: 44083 } } peers { permanent_uuid: "2f0a991ee8bf4edba8a760584a3533c3" member_type: VOTER last_known_addr { host: "127.6.231.66" port: 37789 } } peers { permanent_uuid: "cd154b140f8943c8b771043f61df21e5" member_type: VOTER last_known_addr { host: "127.6.231.67" port: 45737 } attrs { replace: true } } peers { permanent_uuid: "ad078c1cd1014f1ca0809abb1ce16e86" member_type: NON_VOTER last_known_addr { host: "127.6.231.69" port: 41733 } attrs { promote: true } } }
I20260601 13:43:09.876017 11700 raft_consensus.cc:2955] T 75495db1f5f04902baebc5de7fc861bb P cd154b140f8943c8b771043f61df21e5 [term 1 FOLLOWER]: Committing config change with OpId 1.31: config changed from index -1 to 31, NON_VOTER ad078c1cd1014f1ca0809abb1ce16e86 (127.6.231.69) added. New config: { opid_index: 31 OBSOLETE_local: false peers { permanent_uuid: "6a01547d06b14180a2258c84bb29d628" member_type: VOTER last_known_addr { host: "127.6.231.65" port: 44083 } } peers { permanent_uuid: "2f0a991ee8bf4edba8a760584a3533c3" member_type: VOTER last_known_addr { host: "127.6.231.66" port: 37789 } } peers { permanent_uuid: "cd154b140f8943c8b771043f61df21e5" member_type: VOTER last_known_addr { host: "127.6.231.67" port: 45737 } attrs { replace: true } } peers { permanent_uuid: "ad078c1cd1014f1ca0809abb1ce16e86" member_type: NON_VOTER last_known_addr { host: "127.6.231.69" port: 41733 } attrs { promote: true } } }
I20260601 13:43:09.876547 11445 catalog_manager.cc:5696] T 75495db1f5f04902baebc5de7fc861bb P 6a01547d06b14180a2258c84bb29d628 reported cstate change: config changed from index -1 to 31, NON_VOTER ad078c1cd1014f1ca0809abb1ce16e86 (127.6.231.69) added. New cstate: current_term: 1 leader_uuid: "6a01547d06b14180a2258c84bb29d628" committed_config { opid_index: 31 OBSOLETE_local: false peers { permanent_uuid: "6a01547d06b14180a2258c84bb29d628" member_type: VOTER last_known_addr { host: "127.6.231.65" port: 44083 } health_report { overall_health: HEALTHY } } peers { permanent_uuid: "2f0a991ee8bf4edba8a760584a3533c3" member_type: VOTER last_known_addr { host: "127.6.231.66" port: 37789 } health_report { overall_health: HEALTHY } } peers { permanent_uuid: "cd154b140f8943c8b771043f61df21e5" member_type: VOTER last_known_addr { host: "127.6.231.67" port: 45737 } attrs { replace: true } health_report { overall_health: HEALTHY } } peers { permanent_uuid: "ad078c1cd1014f1ca0809abb1ce16e86" member_type: NON_VOTER last_known_addr { host: "127.6.231.69" port: 41733 } attrs { promote: true } health_report { overall_health: UNKNOWN } } }
I20260601 13:43:10.234076 12248 ts_tablet_manager.cc:933] T 2f1acf46bcf342379aa724e1c219afc8 P ad078c1cd1014f1ca0809abb1ce16e86: Initiating tablet copy from peer 6a01547d06b14180a2258c84bb29d628 (127.6.231.65:44083)
I20260601 13:43:10.234535 12248 tablet_copy_client.cc:323] T 2f1acf46bcf342379aa724e1c219afc8 P ad078c1cd1014f1ca0809abb1ce16e86: tablet copy: Beginning tablet copy session from remote peer at address 127.6.231.65:44083
I20260601 13:43:10.235121 11563 tablet_copy_service.cc:140] P 6a01547d06b14180a2258c84bb29d628: Received BeginTabletCopySession request for tablet 2f1acf46bcf342379aa724e1c219afc8 from peer ad078c1cd1014f1ca0809abb1ce16e86 ({username='slave'} at 127.0.0.1:56714)
I20260601 13:43:10.235216 11563 tablet_copy_service.cc:161] P 6a01547d06b14180a2258c84bb29d628: Beginning new tablet copy session on tablet 2f1acf46bcf342379aa724e1c219afc8 from peer ad078c1cd1014f1ca0809abb1ce16e86 at {username='slave'} at 127.0.0.1:56714: session id = ad078c1cd1014f1ca0809abb1ce16e86-2f1acf46bcf342379aa724e1c219afc8
I20260601 13:43:10.236260 11563 tablet_copy_source_session.cc:215] T 2f1acf46bcf342379aa724e1c219afc8 P 6a01547d06b14180a2258c84bb29d628: Tablet Copy: opened 0 blocks and 1 log segments
I20260601 13:43:10.237558 12248 data_dirs.cc:400] Could only allocate 1 dirs of requested 3 for tablet 2f1acf46bcf342379aa724e1c219afc8. 1 dirs total, 0 dirs full, 0 dirs failed
I20260601 13:43:10.240453 12248 tablet_copy_client.cc:806] T 2f1acf46bcf342379aa724e1c219afc8 P ad078c1cd1014f1ca0809abb1ce16e86: tablet copy: Starting download of 0 data blocks...
I20260601 13:43:10.240650 12248 tablet_copy_client.cc:670] T 2f1acf46bcf342379aa724e1c219afc8 P ad078c1cd1014f1ca0809abb1ce16e86: tablet copy: Starting download of 1 WAL segments...
I20260601 13:43:10.242365 12249 tablet_copy_client.cc:1025] T 2f1acf46bcf342379aa724e1c219afc8 P ad078c1cd1014f1ca0809abb1ce16e86: tablet copy: Injecting latency into file download: 2000
I20260601 13:43:10.323483 12250 ts_tablet_manager.cc:933] T ae9f5829f6c34d4aae3e6919af2d8243 P d93e31d434fe4b9fb00befaccd946204: Initiating tablet copy from peer cd154b140f8943c8b771043f61df21e5 (127.6.231.67:45737)
I20260601 13:43:10.323988 12250 tablet_copy_client.cc:323] T ae9f5829f6c34d4aae3e6919af2d8243 P d93e31d434fe4b9fb00befaccd946204: tablet copy: Beginning tablet copy session from remote peer at address 127.6.231.67:45737
I20260601 13:43:10.324527 11715 tablet_copy_service.cc:140] P cd154b140f8943c8b771043f61df21e5: Received BeginTabletCopySession request for tablet ae9f5829f6c34d4aae3e6919af2d8243 from peer d93e31d434fe4b9fb00befaccd946204 ({username='slave'} at 127.0.0.1:36704)
I20260601 13:43:10.324630 11715 tablet_copy_service.cc:161] P cd154b140f8943c8b771043f61df21e5: Beginning new tablet copy session on tablet ae9f5829f6c34d4aae3e6919af2d8243 from peer d93e31d434fe4b9fb00befaccd946204 at {username='slave'} at 127.0.0.1:36704: session id = d93e31d434fe4b9fb00befaccd946204-ae9f5829f6c34d4aae3e6919af2d8243
I20260601 13:43:10.326049 11715 tablet_copy_source_session.cc:215] T ae9f5829f6c34d4aae3e6919af2d8243 P cd154b140f8943c8b771043f61df21e5: Tablet Copy: opened 0 blocks and 1 log segments
I20260601 13:43:10.327522 12250 data_dirs.cc:400] Could only allocate 1 dirs of requested 3 for tablet ae9f5829f6c34d4aae3e6919af2d8243. 1 dirs total, 0 dirs full, 0 dirs failed
I20260601 13:43:10.330716 12250 tablet_copy_client.cc:806] T ae9f5829f6c34d4aae3e6919af2d8243 P d93e31d434fe4b9fb00befaccd946204: tablet copy: Starting download of 0 data blocks...
I20260601 13:43:10.330899 12250 tablet_copy_client.cc:670] T ae9f5829f6c34d4aae3e6919af2d8243 P d93e31d434fe4b9fb00befaccd946204: tablet copy: Starting download of 1 WAL segments...
I20260601 13:43:10.332018 12251 tablet_copy_client.cc:1025] T ae9f5829f6c34d4aae3e6919af2d8243 P d93e31d434fe4b9fb00befaccd946204: tablet copy: Injecting latency into file download: 2000
I20260601 13:43:10.337631 12252 ts_tablet_manager.cc:933] T 459921ad71d44aa5add6f4a1e873ef03 P 3ac5ff24e904476997f40b4fd7bfd084: Initiating tablet copy from peer 2f0a991ee8bf4edba8a760584a3533c3 (127.6.231.66:37789)
I20260601 13:43:10.337975 12252 tablet_copy_client.cc:323] T 459921ad71d44aa5add6f4a1e873ef03 P 3ac5ff24e904476997f40b4fd7bfd084: tablet copy: Beginning tablet copy session from remote peer at address 127.6.231.66:37789
I20260601 13:43:10.343020 11639 tablet_copy_service.cc:140] P 2f0a991ee8bf4edba8a760584a3533c3: Received BeginTabletCopySession request for tablet 459921ad71d44aa5add6f4a1e873ef03 from peer 3ac5ff24e904476997f40b4fd7bfd084 ({username='slave'} at 127.0.0.1:34848)
I20260601 13:43:10.343230 11639 tablet_copy_service.cc:161] P 2f0a991ee8bf4edba8a760584a3533c3: Beginning new tablet copy session on tablet 459921ad71d44aa5add6f4a1e873ef03 from peer 3ac5ff24e904476997f40b4fd7bfd084 at {username='slave'} at 127.0.0.1:34848: session id = 3ac5ff24e904476997f40b4fd7bfd084-459921ad71d44aa5add6f4a1e873ef03
I20260601 13:43:10.344750 11639 tablet_copy_source_session.cc:215] T 459921ad71d44aa5add6f4a1e873ef03 P 2f0a991ee8bf4edba8a760584a3533c3: Tablet Copy: opened 0 blocks and 1 log segments
I20260601 13:43:10.345722 12252 data_dirs.cc:400] Could only allocate 1 dirs of requested 3 for tablet 459921ad71d44aa5add6f4a1e873ef03. 1 dirs total, 0 dirs full, 0 dirs failed
I20260601 13:43:10.347609 12252 tablet_copy_client.cc:806] T 459921ad71d44aa5add6f4a1e873ef03 P 3ac5ff24e904476997f40b4fd7bfd084: tablet copy: Starting download of 0 data blocks...
I20260601 13:43:10.347788 12252 tablet_copy_client.cc:670] T 459921ad71d44aa5add6f4a1e873ef03 P 3ac5ff24e904476997f40b4fd7bfd084: tablet copy: Starting download of 1 WAL segments...
I20260601 13:43:10.349159 12253 tablet_copy_client.cc:1025] T 459921ad71d44aa5add6f4a1e873ef03 P 3ac5ff24e904476997f40b4fd7bfd084: tablet copy: Injecting latency into file download: 2000
I20260601 13:43:10.362591 12256 ts_tablet_manager.cc:933] T 73b77ab4d15047d4bd8c207f24a04c8d P 3ac5ff24e904476997f40b4fd7bfd084: Initiating tablet copy from peer 2f0a991ee8bf4edba8a760584a3533c3 (127.6.231.66:37789)
I20260601 13:43:10.363533 12256 tablet_copy_client.cc:323] T 73b77ab4d15047d4bd8c207f24a04c8d P 3ac5ff24e904476997f40b4fd7bfd084: tablet copy: Beginning tablet copy session from remote peer at address 127.6.231.66:37789
I20260601 13:43:10.364310 11639 tablet_copy_service.cc:140] P 2f0a991ee8bf4edba8a760584a3533c3: Received BeginTabletCopySession request for tablet 73b77ab4d15047d4bd8c207f24a04c8d from peer 3ac5ff24e904476997f40b4fd7bfd084 ({username='slave'} at 127.0.0.1:34848)
I20260601 13:43:10.364511 11639 tablet_copy_service.cc:161] P 2f0a991ee8bf4edba8a760584a3533c3: Beginning new tablet copy session on tablet 73b77ab4d15047d4bd8c207f24a04c8d from peer 3ac5ff24e904476997f40b4fd7bfd084 at {username='slave'} at 127.0.0.1:34848: session id = 3ac5ff24e904476997f40b4fd7bfd084-73b77ab4d15047d4bd8c207f24a04c8d
I20260601 13:43:10.365876 11639 tablet_copy_source_session.cc:215] T 73b77ab4d15047d4bd8c207f24a04c8d P 2f0a991ee8bf4edba8a760584a3533c3: Tablet Copy: opened 0 blocks and 1 log segments
I20260601 13:43:10.366967 12256 data_dirs.cc:400] Could only allocate 1 dirs of requested 3 for tablet 73b77ab4d15047d4bd8c207f24a04c8d. 1 dirs total, 0 dirs full, 0 dirs failed
I20260601 13:43:10.369531 12256 tablet_copy_client.cc:806] T 73b77ab4d15047d4bd8c207f24a04c8d P 3ac5ff24e904476997f40b4fd7bfd084: tablet copy: Starting download of 0 data blocks...
I20260601 13:43:10.369717 12256 tablet_copy_client.cc:670] T 73b77ab4d15047d4bd8c207f24a04c8d P 3ac5ff24e904476997f40b4fd7bfd084: tablet copy: Starting download of 1 WAL segments...
I20260601 13:43:10.371668 12257 tablet_copy_client.cc:1025] T 73b77ab4d15047d4bd8c207f24a04c8d P 3ac5ff24e904476997f40b4fd7bfd084: tablet copy: Injecting latency into file download: 2000
I20260601 13:43:10.467240 12258 ts_tablet_manager.cc:933] T fd65ebacdd2643ed9ac4dfc0d76d862b P d93e31d434fe4b9fb00befaccd946204: Initiating tablet copy from peer 6a01547d06b14180a2258c84bb29d628 (127.6.231.65:44083)
I20260601 13:43:10.467629 12258 tablet_copy_client.cc:323] T fd65ebacdd2643ed9ac4dfc0d76d862b P d93e31d434fe4b9fb00befaccd946204: tablet copy: Beginning tablet copy session from remote peer at address 127.6.231.65:44083
I20260601 13:43:10.468129 11563 tablet_copy_service.cc:140] P 6a01547d06b14180a2258c84bb29d628: Received BeginTabletCopySession request for tablet fd65ebacdd2643ed9ac4dfc0d76d862b from peer d93e31d434fe4b9fb00befaccd946204 ({username='slave'} at 127.0.0.1:56700)
I20260601 13:43:10.468241 11563 tablet_copy_service.cc:161] P 6a01547d06b14180a2258c84bb29d628: Beginning new tablet copy session on tablet fd65ebacdd2643ed9ac4dfc0d76d862b from peer d93e31d434fe4b9fb00befaccd946204 at {username='slave'} at 127.0.0.1:56700: session id = d93e31d434fe4b9fb00befaccd946204-fd65ebacdd2643ed9ac4dfc0d76d862b
I20260601 13:43:10.469070 11563 tablet_copy_source_session.cc:215] T fd65ebacdd2643ed9ac4dfc0d76d862b P 6a01547d06b14180a2258c84bb29d628: Tablet Copy: opened 0 blocks and 1 log segments
I20260601 13:43:10.470438 12258 data_dirs.cc:400] Could only allocate 1 dirs of requested 3 for tablet fd65ebacdd2643ed9ac4dfc0d76d862b. 1 dirs total, 0 dirs full, 0 dirs failed
I20260601 13:43:10.474049 12258 tablet_copy_client.cc:806] T fd65ebacdd2643ed9ac4dfc0d76d862b P d93e31d434fe4b9fb00befaccd946204: tablet copy: Starting download of 0 data blocks...
I20260601 13:43:10.474249 12258 tablet_copy_client.cc:670] T fd65ebacdd2643ed9ac4dfc0d76d862b P d93e31d434fe4b9fb00befaccd946204: tablet copy: Starting download of 1 WAL segments...
I20260601 13:43:10.475567 12259 tablet_copy_client.cc:1025] T fd65ebacdd2643ed9ac4dfc0d76d862b P d93e31d434fe4b9fb00befaccd946204: tablet copy: Injecting latency into file download: 2000
I20260601 13:43:10.494975 12260 ts_tablet_manager.cc:933] T 75495db1f5f04902baebc5de7fc861bb P ad078c1cd1014f1ca0809abb1ce16e86: Initiating tablet copy from peer 6a01547d06b14180a2258c84bb29d628 (127.6.231.65:44083)
I20260601 13:43:10.495350 12260 tablet_copy_client.cc:323] T 75495db1f5f04902baebc5de7fc861bb P ad078c1cd1014f1ca0809abb1ce16e86: tablet copy: Beginning tablet copy session from remote peer at address 127.6.231.65:44083
I20260601 13:43:10.495992 11563 tablet_copy_service.cc:140] P 6a01547d06b14180a2258c84bb29d628: Received BeginTabletCopySession request for tablet 75495db1f5f04902baebc5de7fc861bb from peer ad078c1cd1014f1ca0809abb1ce16e86 ({username='slave'} at 127.0.0.1:56714)
I20260601 13:43:10.496227 11563 tablet_copy_service.cc:161] P 6a01547d06b14180a2258c84bb29d628: Beginning new tablet copy session on tablet 75495db1f5f04902baebc5de7fc861bb from peer ad078c1cd1014f1ca0809abb1ce16e86 at {username='slave'} at 127.0.0.1:56714: session id = ad078c1cd1014f1ca0809abb1ce16e86-75495db1f5f04902baebc5de7fc861bb
I20260601 13:43:10.497195 11563 tablet_copy_source_session.cc:215] T 75495db1f5f04902baebc5de7fc861bb P 6a01547d06b14180a2258c84bb29d628: Tablet Copy: opened 0 blocks and 1 log segments
I20260601 13:43:10.498358 12260 data_dirs.cc:400] Could only allocate 1 dirs of requested 3 for tablet 75495db1f5f04902baebc5de7fc861bb. 1 dirs total, 0 dirs full, 0 dirs failed
I20260601 13:43:10.501895 12260 tablet_copy_client.cc:806] T 75495db1f5f04902baebc5de7fc861bb P ad078c1cd1014f1ca0809abb1ce16e86: tablet copy: Starting download of 0 data blocks...
I20260601 13:43:10.502143 12260 tablet_copy_client.cc:670] T 75495db1f5f04902baebc5de7fc861bb P ad078c1cd1014f1ca0809abb1ce16e86: tablet copy: Starting download of 1 WAL segments...
I20260601 13:43:10.503476 12261 tablet_copy_client.cc:1025] T 75495db1f5f04902baebc5de7fc861bb P ad078c1cd1014f1ca0809abb1ce16e86: tablet copy: Injecting latency into file download: 2000
I20260601 13:43:10.933144  7069 tablet_server.cc:179] TabletServer@127.6.231.65:0 shutting down...
I20260601 13:43:10.934816  7069 tablet_copy_service.cc:362] P 6a01547d06b14180a2258c84bb29d628: Destroying tablet copy session d93e31d434fe4b9fb00befaccd946204-fd65ebacdd2643ed9ac4dfc0d76d862b due to service shutdown
I20260601 13:43:10.934909  7069 tablet_copy_service.cc:434] P 6a01547d06b14180a2258c84bb29d628: ending tablet copy session d93e31d434fe4b9fb00befaccd946204-fd65ebacdd2643ed9ac4dfc0d76d862b on tablet fd65ebacdd2643ed9ac4dfc0d76d862b with peer d93e31d434fe4b9fb00befaccd946204
