I20260601 13:41:45.091267 23146 sys_catalog.cc:458] T 00000000000000000000000000000000 P b1ce6759efbd48989623b2182d9ca6a0 [sys.catalog]: This master's current role is: LEADER
I20260601 13:41:45.091357 23145 sys_catalog.cc:455] T 00000000000000000000000000000000 P b1ce6759efbd48989623b2182d9ca6a0 [sys.catalog]: SysCatalogTable state changed. Reason: RaftConsensus started. Latest consensus state: current_term: 1 leader_uuid: "b1ce6759efbd48989623b2182d9ca6a0" committed_config { opid_index: -1 OBSOLETE_local: true peers { permanent_uuid: "b1ce6759efbd48989623b2182d9ca6a0" member_type: VOTER } }
I20260601 13:41:45.091450 23145 sys_catalog.cc:458] T 00000000000000000000000000000000 P b1ce6759efbd48989623b2182d9ca6a0 [sys.catalog]: This master's current role is: LEADER
I20260601 13:41:45.091809 23151 catalog_manager.cc:1510] Loading table and tablet metadata into memory...
I20260601 13:41:45.092729 23151 catalog_manager.cc:1519] Initializing Kudu cluster ID...
I20260601 13:41:45.093155 20990 internal_mini_cluster.cc:184] Waiting to initialize catalog manager on master 0
I20260601 13:41:45.095108 23151 catalog_manager.cc:1382] Generated new cluster ID: 061a70b057714656a3d7d08653399c58
I20260601 13:41:45.095185 23151 catalog_manager.cc:1530] Initializing Kudu internal certificate authority...
I20260601 13:41:45.102485 23151 catalog_manager.cc:1405] Generated new certificate authority record
I20260601 13:41:45.103118 23151 catalog_manager.cc:1539] Loading token signing keys...
I20260601 13:41:45.107602 23151 catalog_manager.cc:6069] T 00000000000000000000000000000000 P b1ce6759efbd48989623b2182d9ca6a0: Generated new TSK 0
I20260601 13:41:45.107798 23151 catalog_manager.cc:1549] Initializing in-progress tserver states...
I20260601 13:41:45.109282 20990 internal_mini_cluster.cc:371] 0 TS(s) registered with all masters after 5.6897e-05s
I20260601 13:41:57.194727 20990 master.cc:562] Master@127.20.127.190:32889 shutting down...
I20260601 13:41:57.199441 20990 raft_consensus.cc:2243] T 00000000000000000000000000000000 P b1ce6759efbd48989623b2182d9ca6a0 [term 1 LEADER]: Raft consensus shutting down.
I20260601 13:41:57.199753 20990 raft_consensus.cc:2272] T 00000000000000000000000000000000 P b1ce6759efbd48989623b2182d9ca6a0 [term 1 FOLLOWER]: Raft consensus is shut down!
I20260601 13:41:57.199843 20990 tablet_replica.cc:333] T 00000000000000000000000000000000 P b1ce6759efbd48989623b2182d9ca6a0: stopping tablet replica
I20260601 13:41:57.213111 20990 master.cc:584] Master@127.20.127.190:32889 shutdown complete.
[       OK ] AutoRebalancerTest.NoReplicaMovesIfNoTservers (12160 ms)
[ RUN      ] AutoRebalancerTest.NoReplicaMovesIfNoTablets
I20260601 13:41:57.217845 20990 internal_mini_cluster.cc:156] Creating distributed mini masters. Addrs: 127.20.127.190:39761
I20260601 13:41:57.218302 20990 file_cache.cc:492] Constructed file cache file cache with capacity 419430
W20260601 13:41:57.220676 23166 instance_detector.cc:116] could not retrieve OpenStack instance metadata: Network error: curl error: HTTP response code said error: The requested URL returned error: 404
I20260601 13:41:57.220722 20990 server_base.cc:1061] running on GCE node
W20260601 13:41:57.220867 23163 instance_detector.cc:116] could not retrieve AWS instance metadata: Network error: curl error: HTTP response code said error: The requested URL returned error: 404
W20260601 13:41:57.220955 23164 instance_detector.cc:116] could not retrieve Azure instance metadata: Network error: curl error: HTTP response code said error: The requested URL returned error: 404
I20260601 13:41:57.221393 20990 hybrid_clock.cc:584] initializing the hybrid clock with 'system_unsync' time source
W20260601 13:41:57.221487 20990 system_unsync_time.cc:38] NTP support is disabled. Clock error bounds will not be accurate. This configuration is not suitable for distributed clusters.
I20260601 13:41:57.221509 20990 hybrid_clock.cc:648] HybridClock initialized: now 1780321317221508 us; error 0 us; skew 500 ppm
I20260601 13:41:57.222700 20990 webserver.cc:533] Webserver started at http://127.20.127.190:35679/ using document root <none> and password file <none>
I20260601 13:41:57.222927 20990 fs_manager.cc:362] Metadata directory not provided
I20260601 13:41:57.222991 20990 fs_manager.cc:368] Using write-ahead log directory (fs_wal_dir) as metadata directory
I20260601 13:41:57.223127 20990 server_base.cc:909] This appears to be a new deployment of Kudu; creating new FS layout
I20260601 13:41:57.223649 20990 fs_manager.cc:1068] Generated new instance metadata in path /tmp/dist-test-taskE5j_FW/test-tmp/auto_rebalancer-test.0.AutoRebalancerTest.NoReplicaMovesIfNoTablets.1780321264098313-20990-0/minicluster-data/master-0-root/instance:
uuid: "13b2bad19e7246868a0ccdf1b2580fee"
format_stamp: "Formatted at 2026-06-01 13:41:57 on dist-test-slave-pkzh"
I20260601 13:41:57.225803 20990 fs_manager.cc:696] Time spent creating directory manager: real 0.002s	user 0.003s	sys 0.000s
I20260601 13:41:57.227218 23171 log_block_manager.cc:4031] Time spent loading block containers with low live blocks: real 0.000s	user 0.000s	sys 0.000s
I20260601 13:41:57.227669 20990 fs_manager.cc:730] Time spent opening block manager: real 0.001s	user 0.001s	sys 0.000s
I20260601 13:41:57.227783 20990 fs_manager.cc:647] Opened local filesystem: /tmp/dist-test-taskE5j_FW/test-tmp/auto_rebalancer-test.0.AutoRebalancerTest.NoReplicaMovesIfNoTablets.1780321264098313-20990-0/minicluster-data/master-0-root
uuid: "13b2bad19e7246868a0ccdf1b2580fee"
format_stamp: "Formatted at 2026-06-01 13:41:57 on dist-test-slave-pkzh"
I20260601 13:41:57.227900 20990 fs_report.cc:389] FS layout report
--------------------
wal directory: /tmp/dist-test-taskE5j_FW/test-tmp/auto_rebalancer-test.0.AutoRebalancerTest.NoReplicaMovesIfNoTablets.1780321264098313-20990-0/minicluster-data/master-0-root
metadata directory: /tmp/dist-test-taskE5j_FW/test-tmp/auto_rebalancer-test.0.AutoRebalancerTest.NoReplicaMovesIfNoTablets.1780321264098313-20990-0/minicluster-data/master-0-root
1 data directories: /tmp/dist-test-taskE5j_FW/test-tmp/auto_rebalancer-test.0.AutoRebalancerTest.NoReplicaMovesIfNoTablets.1780321264098313-20990-0/minicluster-data/master-0-root/data
Total live blocks: 0
Total live bytes: 0
Total live bytes (after alignment): 0
Total number of LBM containers: 0 (0 full)
Did not check for missing blocks
Did not check for orphaned blocks
Total full LBM containers with extra space: 0 (0 repaired)
Total full LBM container extra space in bytes: 0 (0 repaired)
Total incomplete LBM containers: 0 (0 repaired)
Total LBM partial records: 0 (0 repaired)
Total corrupted LBM metadata records in RocksDB: 0 (0 repaired)
I20260601 13:41:57.236747 20990 rpc_server.cc:225] running with OpenSSL 1.1.1  11 Sep 2018
I20260601 13:41:57.237459 20990 kserver.cc:163] Server-wide thread pool size limit: 3276
I20260601 13:41:57.243546 20990 rpc_server.cc:307] RPC server started. Bound to: 127.20.127.190:39761
I20260601 13:41:57.244240 23223 acceptor_pool.cc:272] collecting diagnostics on the listening RPC socket 127.20.127.190:39761 every 8 connection(s)
I20260601 13:41:57.244977 23224 data_dirs.cc:400] Could only allocate 1 dirs of requested 3 for tablet 00000000000000000000000000000000. 1 dirs total, 0 dirs full, 0 dirs failed
I20260601 13:41:57.246992 23224 tablet_bootstrap.cc:492] T 00000000000000000000000000000000 P 13b2bad19e7246868a0ccdf1b2580fee: Bootstrap starting.
I20260601 13:41:57.247849 23224 tablet_bootstrap.cc:654] T 00000000000000000000000000000000 P 13b2bad19e7246868a0ccdf1b2580fee: Neither blocks nor log segments found. Creating new log.
I20260601 13:41:57.249286 23224 tablet_bootstrap.cc:492] T 00000000000000000000000000000000 P 13b2bad19e7246868a0ccdf1b2580fee: No bootstrap required, opened a new log
I20260601 13:41:57.249742 23224 raft_consensus.cc:359] T 00000000000000000000000000000000 P 13b2bad19e7246868a0ccdf1b2580fee [term 0 FOLLOWER]: Replica starting. Triggering 0 pending ops. Active config: opid_index: -1 OBSOLETE_local: true peers { permanent_uuid: "13b2bad19e7246868a0ccdf1b2580fee" member_type: VOTER }
I20260601 13:41:57.249838 23224 raft_consensus.cc:385] T 00000000000000000000000000000000 P 13b2bad19e7246868a0ccdf1b2580fee [term 0 FOLLOWER]: Consensus starting up: Expiring failure detector timer to make a prompt election more likely
I20260601 13:41:57.249861 23224 raft_consensus.cc:740] T 00000000000000000000000000000000 P 13b2bad19e7246868a0ccdf1b2580fee [term 0 FOLLOWER]: Becoming Follower/Learner. State: Replica: 13b2bad19e7246868a0ccdf1b2580fee, State: Initialized, Role: FOLLOWER
I20260601 13:41:57.250015 23224 consensus_queue.cc:260] T 00000000000000000000000000000000 P 13b2bad19e7246868a0ccdf1b2580fee [NON_LEADER]: Queue going to NON_LEADER mode. State: All replicated index: 0, Majority replicated index: 0, Committed index: 0, Last appended: 0.0, Last appended by leader: 0, Current term: 0, Majority size: -1, State: 0, Mode: NON_LEADER, active raft config: opid_index: -1 OBSOLETE_local: true peers { permanent_uuid: "13b2bad19e7246868a0ccdf1b2580fee" member_type: VOTER }
I20260601 13:41:57.250149 23224 raft_consensus.cc:399] T 00000000000000000000000000000000 P 13b2bad19e7246868a0ccdf1b2580fee [term 0 FOLLOWER]: Only one voter in the Raft config. Triggering election immediately
I20260601 13:41:57.250174 23224 raft_consensus.cc:493] T 00000000000000000000000000000000 P 13b2bad19e7246868a0ccdf1b2580fee [term 0 FOLLOWER]: Starting leader election (initial election of a single-replica configuration)
I20260601 13:41:57.250241 23224 raft_consensus.cc:3060] T 00000000000000000000000000000000 P 13b2bad19e7246868a0ccdf1b2580fee [term 0 FOLLOWER]: Advancing to term 1
I20260601 13:41:57.251040 23224 raft_consensus.cc:515] T 00000000000000000000000000000000 P 13b2bad19e7246868a0ccdf1b2580fee [term 1 FOLLOWER]: Starting leader election with config: opid_index: -1 OBSOLETE_local: true peers { permanent_uuid: "13b2bad19e7246868a0ccdf1b2580fee" member_type: VOTER }
I20260601 13:41:57.251186 23224 leader_election.cc:304] T 00000000000000000000000000000000 P 13b2bad19e7246868a0ccdf1b2580fee [CANDIDATE]: Term 1 election: Election decided. Result: candidate won. Election summary: received 1 responses out of 1 voters: 1 yes votes; 0 no votes. yes voters: 13b2bad19e7246868a0ccdf1b2580fee; no voters: 
I20260601 13:41:57.251421 23224 leader_election.cc:290] T 00000000000000000000000000000000 P 13b2bad19e7246868a0ccdf1b2580fee [CANDIDATE]: Term 1 election: Requested vote from peers 
I20260601 13:41:57.251832 23228 raft_consensus.cc:2804] T 00000000000000000000000000000000 P 13b2bad19e7246868a0ccdf1b2580fee [term 1 FOLLOWER]: Leader election won for term 1
I20260601 13:41:57.252002 23224 sys_catalog.cc:565] T 00000000000000000000000000000000 P 13b2bad19e7246868a0ccdf1b2580fee [sys.catalog]: configured and running, proceeding with master startup.
I20260601 13:41:57.252115 23228 raft_consensus.cc:697] T 00000000000000000000000000000000 P 13b2bad19e7246868a0ccdf1b2580fee [term 1 LEADER]: Becoming Leader. State: Replica: 13b2bad19e7246868a0ccdf1b2580fee, State: Running, Role: LEADER
I20260601 13:41:57.252362 23228 consensus_queue.cc:237] T 00000000000000000000000000000000 P 13b2bad19e7246868a0ccdf1b2580fee [LEADER]: Queue going to LEADER mode. State: All replicated index: 0, Majority replicated index: 0, Committed index: 0, Last appended: 0.0, Last appended by leader: 0, Current term: 1, Majority size: 1, State: 0, Mode: LEADER, active raft config: opid_index: -1 OBSOLETE_local: true peers { permanent_uuid: "13b2bad19e7246868a0ccdf1b2580fee" member_type: VOTER }
I20260601 13:41:57.253172 23228 sys_catalog.cc:455] T 00000000000000000000000000000000 P 13b2bad19e7246868a0ccdf1b2580fee [sys.catalog]: SysCatalogTable state changed. Reason: New leader 13b2bad19e7246868a0ccdf1b2580fee. Latest consensus state: current_term: 1 leader_uuid: "13b2bad19e7246868a0ccdf1b2580fee" committed_config { opid_index: -1 OBSOLETE_local: true peers { permanent_uuid: "13b2bad19e7246868a0ccdf1b2580fee" member_type: VOTER } }
I20260601 13:41:57.253172 23227 sys_catalog.cc:455] T 00000000000000000000000000000000 P 13b2bad19e7246868a0ccdf1b2580fee [sys.catalog]: SysCatalogTable state changed. Reason: RaftConsensus started. Latest consensus state: current_term: 1 leader_uuid: "13b2bad19e7246868a0ccdf1b2580fee" committed_config { opid_index: -1 OBSOLETE_local: true peers { permanent_uuid: "13b2bad19e7246868a0ccdf1b2580fee" member_type: VOTER } }
I20260601 13:41:57.253345 23228 sys_catalog.cc:458] T 00000000000000000000000000000000 P 13b2bad19e7246868a0ccdf1b2580fee [sys.catalog]: This master's current role is: LEADER
I20260601 13:41:57.253368 23227 sys_catalog.cc:458] T 00000000000000000000000000000000 P 13b2bad19e7246868a0ccdf1b2580fee [sys.catalog]: This master's current role is: LEADER
I20260601 13:41:57.253687 23236 catalog_manager.cc:1510] Loading table and tablet metadata into memory...
I20260601 13:41:57.255172 23236 catalog_manager.cc:1519] Initializing Kudu cluster ID...
I20260601 13:41:57.255436 20990 internal_mini_cluster.cc:184] Waiting to initialize catalog manager on master 0
I20260601 13:41:57.257802 23236 catalog_manager.cc:1382] Generated new cluster ID: b57e708389ad4de88f36b2cd66c1687a
I20260601 13:41:57.257911 23236 catalog_manager.cc:1530] Initializing Kudu internal certificate authority...
I20260601 13:41:57.271484 23236 catalog_manager.cc:1405] Generated new certificate authority record
I20260601 13:41:57.272162 23236 catalog_manager.cc:1539] Loading token signing keys...
I20260601 13:41:57.295526 23236 catalog_manager.cc:6069] T 00000000000000000000000000000000 P 13b2bad19e7246868a0ccdf1b2580fee: Generated new TSK 0
I20260601 13:41:57.295858 23236 catalog_manager.cc:1549] Initializing in-progress tserver states...
I20260601 13:41:57.320374 20990 file_cache.cc:492] Constructed file cache file cache with capacity 419430
W20260601 13:41:57.322708 23245 instance_detector.cc:116] could not retrieve AWS instance metadata: Network error: curl error: HTTP response code said error: The requested URL returned error: 404
W20260601 13:41:57.322808 23248 instance_detector.cc:116] could not retrieve OpenStack instance metadata: Network error: curl error: HTTP response code said error: The requested URL returned error: 404
W20260601 13:41:57.322796 23246 instance_detector.cc:116] could not retrieve Azure instance metadata: Network error: curl error: HTTP response code said error: The requested URL returned error: 404
I20260601 13:41:57.323246 20990 server_base.cc:1061] running on GCE node
I20260601 13:41:57.323447 20990 hybrid_clock.cc:584] initializing the hybrid clock with 'system_unsync' time source
W20260601 13:41:57.323503 20990 system_unsync_time.cc:38] NTP support is disabled. Clock error bounds will not be accurate. This configuration is not suitable for distributed clusters.
I20260601 13:41:57.323537 20990 hybrid_clock.cc:648] HybridClock initialized: now 1780321317323536 us; error 0 us; skew 500 ppm
I20260601 13:41:57.324661 20990 webserver.cc:533] Webserver started at http://127.20.127.129:46195/ using document root <none> and password file <none>
I20260601 13:41:57.324923 20990 fs_manager.cc:362] Metadata directory not provided
I20260601 13:41:57.325125 20990 fs_manager.cc:368] Using write-ahead log directory (fs_wal_dir) as metadata directory
I20260601 13:41:57.325265 20990 server_base.cc:909] This appears to be a new deployment of Kudu; creating new FS layout
I20260601 13:41:57.325755 20990 fs_manager.cc:1068] Generated new instance metadata in path /tmp/dist-test-taskE5j_FW/test-tmp/auto_rebalancer-test.0.AutoRebalancerTest.NoReplicaMovesIfNoTablets.1780321264098313-20990-0/minicluster-data/ts-0-root/instance:
uuid: "878828adf9a04322aae48f824b716528"
format_stamp: "Formatted at 2026-06-01 13:41:57 on dist-test-slave-pkzh"
I20260601 13:41:57.328063 20990 fs_manager.cc:696] Time spent creating directory manager: real 0.002s	user 0.000s	sys 0.002s
I20260601 13:41:57.329421 23253 log_block_manager.cc:4031] Time spent loading block containers with low live blocks: real 0.000s	user 0.000s	sys 0.000s
I20260601 13:41:57.329713 20990 fs_manager.cc:730] Time spent opening block manager: real 0.001s	user 0.000s	sys 0.001s
I20260601 13:41:57.329803 20990 fs_manager.cc:647] Opened local filesystem: /tmp/dist-test-taskE5j_FW/test-tmp/auto_rebalancer-test.0.AutoRebalancerTest.NoReplicaMovesIfNoTablets.1780321264098313-20990-0/minicluster-data/ts-0-root
uuid: "878828adf9a04322aae48f824b716528"
format_stamp: "Formatted at 2026-06-01 13:41:57 on dist-test-slave-pkzh"
I20260601 13:41:57.329903 20990 fs_report.cc:389] FS layout report
--------------------
wal directory: /tmp/dist-test-taskE5j_FW/test-tmp/auto_rebalancer-test.0.AutoRebalancerTest.NoReplicaMovesIfNoTablets.1780321264098313-20990-0/minicluster-data/ts-0-root
metadata directory: /tmp/dist-test-taskE5j_FW/test-tmp/auto_rebalancer-test.0.AutoRebalancerTest.NoReplicaMovesIfNoTablets.1780321264098313-20990-0/minicluster-data/ts-0-root
1 data directories: /tmp/dist-test-taskE5j_FW/test-tmp/auto_rebalancer-test.0.AutoRebalancerTest.NoReplicaMovesIfNoTablets.1780321264098313-20990-0/minicluster-data/ts-0-root/data
Total live blocks: 0
Total live bytes: 0
Total live bytes (after alignment): 0
Total number of LBM containers: 0 (0 full)
Did not check for missing blocks
Did not check for orphaned blocks
Total full LBM containers with extra space: 0 (0 repaired)
Total full LBM container extra space in bytes: 0 (0 repaired)
Total incomplete LBM containers: 0 (0 repaired)
Total LBM partial records: 0 (0 repaired)
Total corrupted LBM metadata records in RocksDB: 0 (0 repaired)
I20260601 13:41:57.339381 20990 rpc_server.cc:225] running with OpenSSL 1.1.1  11 Sep 2018
I20260601 13:41:57.339953 20990 kserver.cc:163] Server-wide thread pool size limit: 3276
I20260601 13:41:57.340426 20990 txn_system_client.cc:432] TxnSystemClient initialization is disabled...
I20260601 13:41:57.341019 20990 ts_tablet_manager.cc:585] Loaded tablet metadata (0 total tablets, 0 live tablets)
I20260601 13:41:57.341084 20990 ts_tablet_manager.cc:531] Time spent load tablet metadata: real 0.000s	user 0.000s	sys 0.000s
I20260601 13:41:57.341145 20990 ts_tablet_manager.cc:616] Registered 0 tablets
I20260601 13:41:57.341174 20990 ts_tablet_manager.cc:595] Time spent register tablets: real 0.000s	user 0.000s	sys 0.000s
I20260601 13:41:57.346851 20990 rpc_server.cc:307] RPC server started. Bound to: 127.20.127.129:44763
I20260601 13:41:57.346872 23317 acceptor_pool.cc:272] collecting diagnostics on the listening RPC socket 127.20.127.129:44763 every 8 connection(s)
I20260601 13:41:57.348135 20990 file_cache.cc:492] Constructed file cache file cache with capacity 419430
W20260601 13:41:57.350253 23322 instance_detector.cc:116] could not retrieve AWS instance metadata: Network error: curl error: HTTP response code said error: The requested URL returned error: 404
I20260601 13:41:57.350354 20990 server_base.cc:1061] running on GCE node
W20260601 13:41:57.350531 23325 instance_detector.cc:116] could not retrieve OpenStack instance metadata: Network error: curl error: HTTP response code said error: The requested URL returned error: 404
W20260601 13:41:57.350692 23323 instance_detector.cc:116] could not retrieve Azure instance metadata: Network error: curl error: HTTP response code said error: The requested URL returned error: 404
I20260601 13:41:57.350895 20990 hybrid_clock.cc:584] initializing the hybrid clock with 'system_unsync' time source
W20260601 13:41:57.350963 20990 system_unsync_time.cc:38] NTP support is disabled. Clock error bounds will not be accurate. This configuration is not suitable for distributed clusters.
I20260601 13:41:57.350991 20990 hybrid_clock.cc:648] HybridClock initialized: now 1780321317350989 us; error 0 us; skew 500 ppm
I20260601 13:41:57.352375 20990 webserver.cc:533] Webserver started at http://127.20.127.130:35989/ using document root <none> and password file <none>
I20260601 13:41:57.352572 20990 fs_manager.cc:362] Metadata directory not provided
I20260601 13:41:57.352653 20990 fs_manager.cc:368] Using write-ahead log directory (fs_wal_dir) as metadata directory
I20260601 13:41:57.352742 20990 server_base.cc:909] This appears to be a new deployment of Kudu; creating new FS layout
I20260601 13:41:57.353238 23318 heartbeater.cc:344] Connected to a master server at 127.20.127.190:39761
I20260601 13:41:57.353230 20990 fs_manager.cc:1068] Generated new instance metadata in path /tmp/dist-test-taskE5j_FW/test-tmp/auto_rebalancer-test.0.AutoRebalancerTest.NoReplicaMovesIfNoTablets.1780321264098313-20990-0/minicluster-data/ts-1-root/instance:
uuid: "db8fc2ada57c484ba3a2cbfbce4be9a3"
format_stamp: "Formatted at 2026-06-01 13:41:57 on dist-test-slave-pkzh"
I20260601 13:41:57.353371 23318 heartbeater.cc:461] Registering TS with master...
I20260601 13:41:57.353659 23318 heartbeater.cc:507] Master 127.20.127.190:39761 requested a full tablet report, sending...
I20260601 13:41:57.354434 23188 ts_manager.cc:194] Registered new tserver with Master: 878828adf9a04322aae48f824b716528 (127.20.127.129:44763)
I20260601 13:41:57.355175 20990 fs_manager.cc:696] Time spent creating directory manager: real 0.002s	user 0.002s	sys 0.000s
I20260601 13:41:57.355197 23188 master_service.cc:502] Signed X509 certificate for tserver {username='slave'} at 127.0.0.1:46836
I20260601 13:41:57.356467 23330 log_block_manager.cc:4031] Time spent loading block containers with low live blocks: real 0.000s	user 0.000s	sys 0.000s
I20260601 13:41:57.356762 20990 fs_manager.cc:730] Time spent opening block manager: real 0.001s	user 0.001s	sys 0.000s
I20260601 13:41:57.356855 20990 fs_manager.cc:647] Opened local filesystem: /tmp/dist-test-taskE5j_FW/test-tmp/auto_rebalancer-test.0.AutoRebalancerTest.NoReplicaMovesIfNoTablets.1780321264098313-20990-0/minicluster-data/ts-1-root
uuid: "db8fc2ada57c484ba3a2cbfbce4be9a3"
format_stamp: "Formatted at 2026-06-01 13:41:57 on dist-test-slave-pkzh"
I20260601 13:41:57.356956 20990 fs_report.cc:389] FS layout report
--------------------
wal directory: /tmp/dist-test-taskE5j_FW/test-tmp/auto_rebalancer-test.0.AutoRebalancerTest.NoReplicaMovesIfNoTablets.1780321264098313-20990-0/minicluster-data/ts-1-root
metadata directory: /tmp/dist-test-taskE5j_FW/test-tmp/auto_rebalancer-test.0.AutoRebalancerTest.NoReplicaMovesIfNoTablets.1780321264098313-20990-0/minicluster-data/ts-1-root
1 data directories: /tmp/dist-test-taskE5j_FW/test-tmp/auto_rebalancer-test.0.AutoRebalancerTest.NoReplicaMovesIfNoTablets.1780321264098313-20990-0/minicluster-data/ts-1-root/data
Total live blocks: 0
Total live bytes: 0
Total live bytes (after alignment): 0
Total number of LBM containers: 0 (0 full)
Did not check for missing blocks
Did not check for orphaned blocks
Total full LBM containers with extra space: 0 (0 repaired)
Total full LBM container extra space in bytes: 0 (0 repaired)
Total incomplete LBM containers: 0 (0 repaired)
Total LBM partial records: 0 (0 repaired)
Total corrupted LBM metadata records in RocksDB: 0 (0 repaired)
I20260601 13:41:57.372385 20990 rpc_server.cc:225] running with OpenSSL 1.1.1  11 Sep 2018
I20260601 13:41:57.372884 20990 kserver.cc:163] Server-wide thread pool size limit: 3276
I20260601 13:41:57.373220 20990 txn_system_client.cc:432] TxnSystemClient initialization is disabled...
I20260601 13:41:57.373720 20990 ts_tablet_manager.cc:585] Loaded tablet metadata (0 total tablets, 0 live tablets)
I20260601 13:41:57.373796 20990 ts_tablet_manager.cc:531] Time spent load tablet metadata: real 0.000s	user 0.000s	sys 0.000s
I20260601 13:41:57.373859 20990 ts_tablet_manager.cc:616] Registered 0 tablets
I20260601 13:41:57.373894 20990 ts_tablet_manager.cc:595] Time spent register tablets: real 0.000s	user 0.000s	sys 0.000s
I20260601 13:41:57.379246 20990 rpc_server.cc:307] RPC server started. Bound to: 127.20.127.130:33383
I20260601 13:41:57.379251 23393 acceptor_pool.cc:272] collecting diagnostics on the listening RPC socket 127.20.127.130:33383 every 8 connection(s)
I20260601 13:41:57.380604 20990 file_cache.cc:492] Constructed file cache file cache with capacity 419430
W20260601 13:41:57.383103 23398 instance_detector.cc:116] could not retrieve Azure instance metadata: Network error: curl error: HTTP response code said error: The requested URL returned error: 404
W20260601 13:41:57.383867 23400 instance_detector.cc:116] could not retrieve OpenStack instance metadata: Network error: curl error: HTTP response code said error: The requested URL returned error: 404
W20260601 13:41:57.384320 23397 instance_detector.cc:116] could not retrieve AWS instance metadata: Network error: curl error: HTTP response code said error: The requested URL returned error: 404
I20260601 13:41:57.384636 20990 server_base.cc:1061] running on GCE node
I20260601 13:41:57.384919 20990 hybrid_clock.cc:584] initializing the hybrid clock with 'system_unsync' time source
W20260601 13:41:57.385004 20990 system_unsync_time.cc:38] NTP support is disabled. Clock error bounds will not be accurate. This configuration is not suitable for distributed clusters.
I20260601 13:41:57.385051 20990 hybrid_clock.cc:648] HybridClock initialized: now 1780321317385049 us; error 0 us; skew 500 ppm
I20260601 13:41:57.386327 23394 heartbeater.cc:344] Connected to a master server at 127.20.127.190:39761
I20260601 13:41:57.386472 23394 heartbeater.cc:461] Registering TS with master...
I20260601 13:41:57.386526 20990 webserver.cc:533] Webserver started at http://127.20.127.131:39923/ using document root <none> and password file <none>
I20260601 13:41:57.386723 20990 fs_manager.cc:362] Metadata directory not provided
I20260601 13:41:57.386759 23394 heartbeater.cc:507] Master 127.20.127.190:39761 requested a full tablet report, sending...
I20260601 13:41:57.386806 20990 fs_manager.cc:368] Using write-ahead log directory (fs_wal_dir) as metadata directory
I20260601 13:41:57.386929 20990 server_base.cc:909] This appears to be a new deployment of Kudu; creating new FS layout
I20260601 13:41:57.387606 20990 fs_manager.cc:1068] Generated new instance metadata in path /tmp/dist-test-taskE5j_FW/test-tmp/auto_rebalancer-test.0.AutoRebalancerTest.NoReplicaMovesIfNoTablets.1780321264098313-20990-0/minicluster-data/ts-2-root/instance:
uuid: "a7201e6874dd4f409a9791a04ee9ed85"
format_stamp: "Formatted at 2026-06-01 13:41:57 on dist-test-slave-pkzh"
I20260601 13:41:57.387801 23188 ts_manager.cc:194] Registered new tserver with Master: db8fc2ada57c484ba3a2cbfbce4be9a3 (127.20.127.130:33383)
I20260601 13:41:57.388375 23188 master_service.cc:502] Signed X509 certificate for tserver {username='slave'} at 127.0.0.1:46852
I20260601 13:41:57.389577 20990 fs_manager.cc:696] Time spent creating directory manager: real 0.002s	user 0.002s	sys 0.000s
I20260601 13:41:57.390743 23405 log_block_manager.cc:4031] Time spent loading block containers with low live blocks: real 0.000s	user 0.000s	sys 0.000s
I20260601 13:41:57.391029 20990 fs_manager.cc:730] Time spent opening block manager: real 0.001s	user 0.001s	sys 0.000s
I20260601 13:41:57.391121 20990 fs_manager.cc:647] Opened local filesystem: /tmp/dist-test-taskE5j_FW/test-tmp/auto_rebalancer-test.0.AutoRebalancerTest.NoReplicaMovesIfNoTablets.1780321264098313-20990-0/minicluster-data/ts-2-root
uuid: "a7201e6874dd4f409a9791a04ee9ed85"
format_stamp: "Formatted at 2026-06-01 13:41:57 on dist-test-slave-pkzh"
I20260601 13:41:57.391256 20990 fs_report.cc:389] FS layout report
--------------------
wal directory: /tmp/dist-test-taskE5j_FW/test-tmp/auto_rebalancer-test.0.AutoRebalancerTest.NoReplicaMovesIfNoTablets.1780321264098313-20990-0/minicluster-data/ts-2-root
metadata directory: /tmp/dist-test-taskE5j_FW/test-tmp/auto_rebalancer-test.0.AutoRebalancerTest.NoReplicaMovesIfNoTablets.1780321264098313-20990-0/minicluster-data/ts-2-root
1 data directories: /tmp/dist-test-taskE5j_FW/test-tmp/auto_rebalancer-test.0.AutoRebalancerTest.NoReplicaMovesIfNoTablets.1780321264098313-20990-0/minicluster-data/ts-2-root/data
Total live blocks: 0
Total live bytes: 0
Total live bytes (after alignment): 0
Total number of LBM containers: 0 (0 full)
Did not check for missing blocks
Did not check for orphaned blocks
Total full LBM containers with extra space: 0 (0 repaired)
Total full LBM container extra space in bytes: 0 (0 repaired)
Total incomplete LBM containers: 0 (0 repaired)
Total LBM partial records: 0 (0 repaired)
Total corrupted LBM metadata records in RocksDB: 0 (0 repaired)
I20260601 13:41:57.400064 20990 rpc_server.cc:225] running with OpenSSL 1.1.1  11 Sep 2018
I20260601 13:41:57.400712 20990 kserver.cc:163] Server-wide thread pool size limit: 3276
I20260601 13:41:57.401126 20990 txn_system_client.cc:432] TxnSystemClient initialization is disabled...
I20260601 13:41:57.401860 20990 ts_tablet_manager.cc:585] Loaded tablet metadata (0 total tablets, 0 live tablets)
I20260601 13:41:57.401942 20990 ts_tablet_manager.cc:531] Time spent load tablet metadata: real 0.000s	user 0.000s	sys 0.000s
I20260601 13:41:57.402014 20990 ts_tablet_manager.cc:616] Registered 0 tablets
I20260601 13:41:57.402086 20990 ts_tablet_manager.cc:595] Time spent register tablets: real 0.000s	user 0.000s	sys 0.000s
I20260601 13:41:57.407728 20990 rpc_server.cc:307] RPC server started. Bound to: 127.20.127.131:41301
I20260601 13:41:57.407796 23468 acceptor_pool.cc:272] collecting diagnostics on the listening RPC socket 127.20.127.131:41301 every 8 connection(s)
I20260601 13:41:57.413761 23469 heartbeater.cc:344] Connected to a master server at 127.20.127.190:39761
I20260601 13:41:57.414014 23469 heartbeater.cc:461] Registering TS with master...
I20260601 13:41:57.414407 23469 heartbeater.cc:507] Master 127.20.127.190:39761 requested a full tablet report, sending...
I20260601 13:41:57.415294 23188 ts_manager.cc:194] Registered new tserver with Master: a7201e6874dd4f409a9791a04ee9ed85 (127.20.127.131:41301)
I20260601 13:41:57.415977 23188 master_service.cc:502] Signed X509 certificate for tserver {username='slave'} at 127.0.0.1:46864
I20260601 13:41:57.416404 20990 internal_mini_cluster.cc:371] 3 TS(s) registered with all masters after 0.008245505s
I20260601 13:41:58.356642 23318 heartbeater.cc:499] Master 127.20.127.190:39761 was elected leader, sending a full tablet report...
I20260601 13:41:58.389545 23394 heartbeater.cc:499] Master 127.20.127.190:39761 was elected leader, sending a full tablet report...
I20260601 13:41:58.417399 23469 heartbeater.cc:499] Master 127.20.127.190:39761 was elected leader, sending a full tablet report...
I20260601 13:41:59.254724 23242 auto_leader_rebalancer.cc:451] All tables' leader rebalancing finished this round
I20260601 13:42:01.255546 23242 auto_leader_rebalancer.cc:451] All tables' leader rebalancing finished this round
I20260601 13:42:03.256104 23242 auto_leader_rebalancer.cc:451] All tables' leader rebalancing finished this round
I20260601 13:42:05.256563 23242 auto_leader_rebalancer.cc:451] All tables' leader rebalancing finished this round
I20260601 13:42:07.257081 23242 auto_leader_rebalancer.cc:451] All tables' leader rebalancing finished this round
I20260601 13:42:09.257658 23242 auto_leader_rebalancer.cc:451] All tables' leader rebalancing finished this round
I20260601 13:42:09.504623 20990 tablet_server.cc:179] TabletServer@127.20.127.129:0 shutting down...
I20260601 13:42:09.508841 20990 ts_tablet_manager.cc:1507] Shutting down tablet manager...
I20260601 13:42:09.522449 20990 tablet_server.cc:196] TabletServer@127.20.127.129:0 shutdown complete.
I20260601 13:42:09.525271 20990 tablet_server.cc:179] TabletServer@127.20.127.130:0 shutting down...
I20260601 13:42:09.529560 20990 ts_tablet_manager.cc:1507] Shutting down tablet manager...
I20260601 13:42:09.543112 20990 tablet_server.cc:196] TabletServer@127.20.127.130:0 shutdown complete.
I20260601 13:42:09.545738 20990 tablet_server.cc:179] TabletServer@127.20.127.131:0 shutting down...
I20260601 13:42:09.550980 20990 ts_tablet_manager.cc:1507] Shutting down tablet manager...
I20260601 13:42:09.563499 20990 tablet_server.cc:196] TabletServer@127.20.127.131:0 shutdown complete.
I20260601 13:42:09.565750 20990 master.cc:562] Master@127.20.127.190:39761 shutting down...
I20260601 13:42:09.570020 20990 raft_consensus.cc:2243] T 00000000000000000000000000000000 P 13b2bad19e7246868a0ccdf1b2580fee [term 1 LEADER]: Raft consensus shutting down.
I20260601 13:42:09.570252 20990 raft_consensus.cc:2272] T 00000000000000000000000000000000 P 13b2bad19e7246868a0ccdf1b2580fee [term 1 FOLLOWER]: Raft consensus is shut down!
I20260601 13:42:09.570307 20990 tablet_replica.cc:333] T 00000000000000000000000000000000 P 13b2bad19e7246868a0ccdf1b2580fee: stopping tablet replica
I20260601 13:42:09.583353 20990 master.cc:584] Master@127.20.127.190:39761 shutdown complete.
[       OK ] AutoRebalancerTest.NoReplicaMovesIfNoTablets (12372 ms)
[ RUN      ] AutoRebalancerTest.RangeAwareBuildClusterInfoGroupsByRange
I20260601 13:42:09.590788 20990 internal_mini_cluster.cc:156] Creating distributed mini masters. Addrs: 127.20.127.190:37883
I20260601 13:42:09.591161 20990 file_cache.cc:492] Constructed file cache file cache with capacity 419430
W20260601 13:42:09.593485 23474 instance_detector.cc:116] could not retrieve AWS instance metadata: Network error: curl error: HTTP response code said error: The requested URL returned error: 404
W20260601 13:42:09.593650 23477 instance_detector.cc:116] could not retrieve OpenStack instance metadata: Network error: curl error: HTTP response code said error: The requested URL returned error: 404
I20260601 13:42:09.593731 20990 server_base.cc:1061] running on GCE node
W20260601 13:42:09.593748 23475 instance_detector.cc:116] could not retrieve Azure instance metadata: Network error: curl error: HTTP response code said error: The requested URL returned error: 404
I20260601 13:42:09.594161 20990 hybrid_clock.cc:584] initializing the hybrid clock with 'system_unsync' time source
W20260601 13:42:09.594211 20990 system_unsync_time.cc:38] NTP support is disabled. Clock error bounds will not be accurate. This configuration is not suitable for distributed clusters.
I20260601 13:42:09.594230 20990 hybrid_clock.cc:648] HybridClock initialized: now 1780321329594229 us; error 0 us; skew 500 ppm
I20260601 13:42:09.595396 20990 webserver.cc:533] Webserver started at http://127.20.127.190:46771/ using document root <none> and password file <none>
I20260601 13:42:09.595635 20990 fs_manager.cc:362] Metadata directory not provided
I20260601 13:42:09.595721 20990 fs_manager.cc:368] Using write-ahead log directory (fs_wal_dir) as metadata directory
I20260601 13:42:09.595822 20990 server_base.cc:909] This appears to be a new deployment of Kudu; creating new FS layout
I20260601 13:42:09.596374 20990 fs_manager.cc:1068] Generated new instance metadata in path /tmp/dist-test-taskE5j_FW/test-tmp/auto_rebalancer-test.0.AutoRebalancerTest.RangeAwareBuildClusterInfoGroupsByRange.1780321264098313-20990-0/minicluster-data/master-0-root/instance:
uuid: "124a672bf0d04ce28c45b84d959dfc52"
format_stamp: "Formatted at 2026-06-01 13:42:09 on dist-test-slave-pkzh"
I20260601 13:42:09.598686 20990 fs_manager.cc:696] Time spent creating directory manager: real 0.002s	user 0.003s	sys 0.000s
I20260601 13:42:09.600142 23483 log_block_manager.cc:4031] Time spent loading block containers with low live blocks: real 0.000s	user 0.000s	sys 0.000s
I20260601 13:42:09.600602 20990 fs_manager.cc:730] Time spent opening block manager: real 0.001s	user 0.001s	sys 0.000s
I20260601 13:42:09.600739 20990 fs_manager.cc:647] Opened local filesystem: /tmp/dist-test-taskE5j_FW/test-tmp/auto_rebalancer-test.0.AutoRebalancerTest.RangeAwareBuildClusterInfoGroupsByRange.1780321264098313-20990-0/minicluster-data/master-0-root
uuid: "124a672bf0d04ce28c45b84d959dfc52"
format_stamp: "Formatted at 2026-06-01 13:42:09 on dist-test-slave-pkzh"
I20260601 13:42:09.600847 20990 fs_report.cc:389] FS layout report
--------------------
wal directory: /tmp/dist-test-taskE5j_FW/test-tmp/auto_rebalancer-test.0.AutoRebalancerTest.RangeAwareBuildClusterInfoGroupsByRange.1780321264098313-20990-0/minicluster-data/master-0-root
metadata directory: /tmp/dist-test-taskE5j_FW/test-tmp/auto_rebalancer-test.0.AutoRebalancerTest.RangeAwareBuildClusterInfoGroupsByRange.1780321264098313-20990-0/minicluster-data/master-0-root
1 data directories: /tmp/dist-test-taskE5j_FW/test-tmp/auto_rebalancer-test.0.AutoRebalancerTest.RangeAwareBuildClusterInfoGroupsByRange.1780321264098313-20990-0/minicluster-data/master-0-root/data
Total live blocks: 0
Total live bytes: 0
Total live bytes (after alignment): 0
Total number of LBM containers: 0 (0 full)
Did not check for missing blocks
Did not check for orphaned blocks
Total full LBM containers with extra space: 0 (0 repaired)
Total full LBM container extra space in bytes: 0 (0 repaired)
Total incomplete LBM containers: 0 (0 repaired)
Total LBM partial records: 0 (0 repaired)
Total corrupted LBM metadata records in RocksDB: 0 (0 repaired)
I20260601 13:42:09.613546 20990 rpc_server.cc:225] running with OpenSSL 1.1.1  11 Sep 2018
I20260601 13:42:09.614280 20990 kserver.cc:163] Server-wide thread pool size limit: 3276
I20260601 13:42:09.620484 20990 rpc_server.cc:307] RPC server started. Bound to: 127.20.127.190:37883
I20260601 13:42:09.622409 23536 acceptor_pool.cc:272] collecting diagnostics on the listening RPC socket 127.20.127.190:37883 every 8 connection(s)
I20260601 13:42:09.622952 23537 data_dirs.cc:400] Could only allocate 1 dirs of requested 3 for tablet 00000000000000000000000000000000. 1 dirs total, 0 dirs full, 0 dirs failed
I20260601 13:42:09.624807 23537 tablet_bootstrap.cc:492] T 00000000000000000000000000000000 P 124a672bf0d04ce28c45b84d959dfc52: Bootstrap starting.
I20260601 13:42:09.625778 23537 tablet_bootstrap.cc:654] T 00000000000000000000000000000000 P 124a672bf0d04ce28c45b84d959dfc52: Neither blocks nor log segments found. Creating new log.
I20260601 13:42:09.627315 23537 tablet_bootstrap.cc:492] T 00000000000000000000000000000000 P 124a672bf0d04ce28c45b84d959dfc52: No bootstrap required, opened a new log
I20260601 13:42:09.627889 23537 raft_consensus.cc:359] T 00000000000000000000000000000000 P 124a672bf0d04ce28c45b84d959dfc52 [term 0 FOLLOWER]: Replica starting. Triggering 0 pending ops. Active config: opid_index: -1 OBSOLETE_local: true peers { permanent_uuid: "124a672bf0d04ce28c45b84d959dfc52" member_type: VOTER }
I20260601 13:42:09.627985 23537 raft_consensus.cc:385] T 00000000000000000000000000000000 P 124a672bf0d04ce28c45b84d959dfc52 [term 0 FOLLOWER]: Consensus starting up: Expiring failure detector timer to make a prompt election more likely
I20260601 13:42:09.628008 23537 raft_consensus.cc:740] T 00000000000000000000000000000000 P 124a672bf0d04ce28c45b84d959dfc52 [term 0 FOLLOWER]: Becoming Follower/Learner. State: Replica: 124a672bf0d04ce28c45b84d959dfc52, State: Initialized, Role: FOLLOWER
I20260601 13:42:09.628162 23537 consensus_queue.cc:260] T 00000000000000000000000000000000 P 124a672bf0d04ce28c45b84d959dfc52 [NON_LEADER]: Queue going to NON_LEADER mode. State: All replicated index: 0, Majority replicated index: 0, Committed index: 0, Last appended: 0.0, Last appended by leader: 0, Current term: 0, Majority size: -1, State: 0, Mode: NON_LEADER, active raft config: opid_index: -1 OBSOLETE_local: true peers { permanent_uuid: "124a672bf0d04ce28c45b84d959dfc52" member_type: VOTER }
I20260601 13:42:09.628230 23537 raft_consensus.cc:399] T 00000000000000000000000000000000 P 124a672bf0d04ce28c45b84d959dfc52 [term 0 FOLLOWER]: Only one voter in the Raft config. Triggering election immediately
I20260601 13:42:09.628252 23537 raft_consensus.cc:493] T 00000000000000000000000000000000 P 124a672bf0d04ce28c45b84d959dfc52 [term 0 FOLLOWER]: Starting leader election (initial election of a single-replica configuration)
I20260601 13:42:09.628280 23537 raft_consensus.cc:3060] T 00000000000000000000000000000000 P 124a672bf0d04ce28c45b84d959dfc52 [term 0 FOLLOWER]: Advancing to term 1
I20260601 13:42:09.629112 23537 raft_consensus.cc:515] T 00000000000000000000000000000000 P 124a672bf0d04ce28c45b84d959dfc52 [term 1 FOLLOWER]: Starting leader election with config: opid_index: -1 OBSOLETE_local: true peers { permanent_uuid: "124a672bf0d04ce28c45b84d959dfc52" member_type: VOTER }
I20260601 13:42:09.629230 23537 leader_election.cc:304] T 00000000000000000000000000000000 P 124a672bf0d04ce28c45b84d959dfc52 [CANDIDATE]: Term 1 election: Election decided. Result: candidate won. Election summary: received 1 responses out of 1 voters: 1 yes votes; 0 no votes. yes voters: 124a672bf0d04ce28c45b84d959dfc52; no voters: 
I20260601 13:42:09.629426 23537 leader_election.cc:290] T 00000000000000000000000000000000 P 124a672bf0d04ce28c45b84d959dfc52 [CANDIDATE]: Term 1 election: Requested vote from peers 
I20260601 13:42:09.629534 23540 raft_consensus.cc:2804] T 00000000000000000000000000000000 P 124a672bf0d04ce28c45b84d959dfc52 [term 1 FOLLOWER]: Leader election won for term 1
I20260601 13:42:09.629701 23540 raft_consensus.cc:697] T 00000000000000000000000000000000 P 124a672bf0d04ce28c45b84d959dfc52 [term 1 LEADER]: Becoming Leader. State: Replica: 124a672bf0d04ce28c45b84d959dfc52, State: Running, Role: LEADER
I20260601 13:42:09.629813 23540 consensus_queue.cc:237] T 00000000000000000000000000000000 P 124a672bf0d04ce28c45b84d959dfc52 [LEADER]: Queue going to LEADER mode. State: All replicated index: 0, Majority replicated index: 0, Committed index: 0, Last appended: 0.0, Last appended by leader: 0, Current term: 1, Majority size: 1, State: 0, Mode: LEADER, active raft config: opid_index: -1 OBSOLETE_local: true peers { permanent_uuid: "124a672bf0d04ce28c45b84d959dfc52" member_type: VOTER }
I20260601 13:42:09.629971 23537 sys_catalog.cc:565] T 00000000000000000000000000000000 P 124a672bf0d04ce28c45b84d959dfc52 [sys.catalog]: configured and running, proceeding with master startup.
I20260601 13:42:09.630412 23542 sys_catalog.cc:455] T 00000000000000000000000000000000 P 124a672bf0d04ce28c45b84d959dfc52 [sys.catalog]: SysCatalogTable state changed. Reason: New leader 124a672bf0d04ce28c45b84d959dfc52. Latest consensus state: current_term: 1 leader_uuid: "124a672bf0d04ce28c45b84d959dfc52" committed_config { opid_index: -1 OBSOLETE_local: true peers { permanent_uuid: "124a672bf0d04ce28c45b84d959dfc52" member_type: VOTER } }
I20260601 13:42:09.630369 23541 sys_catalog.cc:455] T 00000000000000000000000000000000 P 124a672bf0d04ce28c45b84d959dfc52 [sys.catalog]: SysCatalogTable state changed. Reason: RaftConsensus started. Latest consensus state: current_term: 1 leader_uuid: "124a672bf0d04ce28c45b84d959dfc52" committed_config { opid_index: -1 OBSOLETE_local: true peers { permanent_uuid: "124a672bf0d04ce28c45b84d959dfc52" member_type: VOTER } }
I20260601 13:42:09.630568 23542 sys_catalog.cc:458] T 00000000000000000000000000000000 P 124a672bf0d04ce28c45b84d959dfc52 [sys.catalog]: This master's current role is: LEADER
I20260601 13:42:09.630648 23541 sys_catalog.cc:458] T 00000000000000000000000000000000 P 124a672bf0d04ce28c45b84d959dfc52 [sys.catalog]: This master's current role is: LEADER
I20260601 13:42:09.631170 23545 catalog_manager.cc:1510] Loading table and tablet metadata into memory...
I20260601 13:42:09.632301 23545 catalog_manager.cc:1519] Initializing Kudu cluster ID...
I20260601 13:42:09.632587 20990 internal_mini_cluster.cc:184] Waiting to initialize catalog manager on master 0
I20260601 13:42:09.635365 23545 catalog_manager.cc:1382] Generated new cluster ID: dc4efe19d59a4f1094ab8ffb5df41e1c
I20260601 13:42:09.635488 23545 catalog_manager.cc:1530] Initializing Kudu internal certificate authority...
I20260601 13:42:09.655088 23545 catalog_manager.cc:1405] Generated new certificate authority record
I20260601 13:42:09.655819 23545 catalog_manager.cc:1539] Loading token signing keys...
I20260601 13:42:09.662783 23545 catalog_manager.cc:6069] T 00000000000000000000000000000000 P 124a672bf0d04ce28c45b84d959dfc52: Generated new TSK 0
I20260601 13:42:09.663221 23545 catalog_manager.cc:1549] Initializing in-progress tserver states...
I20260601 13:42:09.665474 20990 file_cache.cc:492] Constructed file cache file cache with capacity 419430
W20260601 13:42:09.667968 23558 instance_detector.cc:116] could not retrieve AWS instance metadata: Network error: curl error: HTTP response code said error: The requested URL returned error: 404
W20260601 13:42:09.668402 23559 instance_detector.cc:116] could not retrieve Azure instance metadata: Network error: curl error: HTTP response code said error: The requested URL returned error: 404
W20260601 13:42:09.668416 23561 instance_detector.cc:116] could not retrieve OpenStack instance metadata: Network error: curl error: HTTP response code said error: The requested URL returned error: 404
I20260601 13:42:09.668465 20990 server_base.cc:1061] running on GCE node
I20260601 13:42:09.668856 20990 hybrid_clock.cc:584] initializing the hybrid clock with 'system_unsync' time source
W20260601 13:42:09.668934 20990 system_unsync_time.cc:38] NTP support is disabled. Clock error bounds will not be accurate. This configuration is not suitable for distributed clusters.
I20260601 13:42:09.668962 20990 hybrid_clock.cc:648] HybridClock initialized: now 1780321329668961 us; error 0 us; skew 500 ppm
I20260601 13:42:09.670238 20990 webserver.cc:533] Webserver started at http://127.20.127.129:45925/ using document root <none> and password file <none>
I20260601 13:42:09.670465 20990 fs_manager.cc:362] Metadata directory not provided
I20260601 13:42:09.670549 20990 fs_manager.cc:368] Using write-ahead log directory (fs_wal_dir) as metadata directory
I20260601 13:42:09.670684 20990 server_base.cc:909] This appears to be a new deployment of Kudu; creating new FS layout
I20260601 13:42:09.671277 20990 fs_manager.cc:1068] Generated new instance metadata in path /tmp/dist-test-taskE5j_FW/test-tmp/auto_rebalancer-test.0.AutoRebalancerTest.RangeAwareBuildClusterInfoGroupsByRange.1780321264098313-20990-0/minicluster-data/ts-0-root/instance:
uuid: "72a5dc7a5efa407c9985f2e04dd4f177"
format_stamp: "Formatted at 2026-06-01 13:42:09 on dist-test-slave-pkzh"
I20260601 13:42:09.673408 20990 fs_manager.cc:696] Time spent creating directory manager: real 0.002s	user 0.003s	sys 0.000s
I20260601 13:42:09.675017 23566 log_block_manager.cc:4031] Time spent loading block containers with low live blocks: real 0.000s	user 0.000s	sys 0.000s
I20260601 13:42:09.675679 20990 fs_manager.cc:730] Time spent opening block manager: real 0.001s	user 0.001s	sys 0.000s
I20260601 13:42:09.675827 20990 fs_manager.cc:647] Opened local filesystem: /tmp/dist-test-taskE5j_FW/test-tmp/auto_rebalancer-test.0.AutoRebalancerTest.RangeAwareBuildClusterInfoGroupsByRange.1780321264098313-20990-0/minicluster-data/ts-0-root
uuid: "72a5dc7a5efa407c9985f2e04dd4f177"
format_stamp: "Formatted at 2026-06-01 13:42:09 on dist-test-slave-pkzh"
I20260601 13:42:09.675951 20990 fs_report.cc:389] FS layout report
--------------------
wal directory: /tmp/dist-test-taskE5j_FW/test-tmp/auto_rebalancer-test.0.AutoRebalancerTest.RangeAwareBuildClusterInfoGroupsByRange.1780321264098313-20990-0/minicluster-data/ts-0-root
metadata directory: /tmp/dist-test-taskE5j_FW/test-tmp/auto_rebalancer-test.0.AutoRebalancerTest.RangeAwareBuildClusterInfoGroupsByRange.1780321264098313-20990-0/minicluster-data/ts-0-root
1 data directories: /tmp/dist-test-taskE5j_FW/test-tmp/auto_rebalancer-test.0.AutoRebalancerTest.RangeAwareBuildClusterInfoGroupsByRange.1780321264098313-20990-0/minicluster-data/ts-0-root/data
Total live blocks: 0
Total live bytes: 0
Total live bytes (after alignment): 0
Total number of LBM containers: 0 (0 full)
Did not check for missing blocks
Did not check for orphaned blocks
Total full LBM containers with extra space: 0 (0 repaired)
Total full LBM container extra space in bytes: 0 (0 repaired)
Total incomplete LBM containers: 0 (0 repaired)
Total LBM partial records: 0 (0 repaired)
Total corrupted LBM metadata records in RocksDB: 0 (0 repaired)
I20260601 13:42:09.687323 20990 rpc_server.cc:225] running with OpenSSL 1.1.1  11 Sep 2018
I20260601 13:42:09.687821 20990 kserver.cc:163] Server-wide thread pool size limit: 3276
I20260601 13:42:09.688171 20990 txn_system_client.cc:432] TxnSystemClient initialization is disabled...
I20260601 13:42:09.688719 20990 ts_tablet_manager.cc:585] Loaded tablet metadata (0 total tablets, 0 live tablets)
I20260601 13:42:09.688784 20990 ts_tablet_manager.cc:531] Time spent load tablet metadata: real 0.000s	user 0.000s	sys 0.000s
I20260601 13:42:09.688836 20990 ts_tablet_manager.cc:616] Registered 0 tablets
I20260601 13:42:09.688889 20990 ts_tablet_manager.cc:595] Time spent register tablets: real 0.000s	user 0.000s	sys 0.000s
I20260601 13:42:09.693864 20990 rpc_server.cc:307] RPC server started. Bound to: 127.20.127.129:40973
I20260601 13:42:09.693936 23630 acceptor_pool.cc:272] collecting diagnostics on the listening RPC socket 127.20.127.129:40973 every 8 connection(s)
I20260601 13:42:09.694830 20990 file_cache.cc:492] Constructed file cache file cache with capacity 419430
W20260601 13:42:09.697569 23635 instance_detector.cc:116] could not retrieve AWS instance metadata: Network error: curl error: HTTP response code said error: The requested URL returned error: 404
W20260601 13:42:09.697515 23636 instance_detector.cc:116] could not retrieve Azure instance metadata: Network error: curl error: HTTP response code said error: The requested URL returned error: 404
W20260601 13:42:09.697646 23638 instance_detector.cc:116] could not retrieve OpenStack instance metadata: Network error: curl error: HTTP response code said error: The requested URL returned error: 404
I20260601 13:42:09.698593 20990 server_base.cc:1061] running on GCE node
I20260601 13:42:09.698783 20990 hybrid_clock.cc:584] initializing the hybrid clock with 'system_unsync' time source
