Total corrupted LBM metadata records in RocksDB: 0 (0 repaired)
I20260601 13:41:18.456786 20990 rpc_server.cc:225] running with OpenSSL 1.1.1  11 Sep 2018
I20260601 13:41:18.457360 20990 kserver.cc:163] Server-wide thread pool size limit: 3276
I20260601 13:41:18.457773 20990 txn_system_client.cc:432] TxnSystemClient initialization is disabled...
I20260601 13:41:18.458348 20990 ts_tablet_manager.cc:585] Loaded tablet metadata (0 total tablets, 0 live tablets)
I20260601 13:41:18.458417 20990 ts_tablet_manager.cc:531] Time spent load tablet metadata: real 0.000s	user 0.000s	sys 0.000s
I20260601 13:41:18.458467 20990 ts_tablet_manager.cc:616] Registered 0 tablets
I20260601 13:41:18.458499 20990 ts_tablet_manager.cc:595] Time spent register tablets: real 0.000s	user 0.000s	sys 0.000s
I20260601 13:41:18.463127 20990 rpc_server.cc:307] RPC server started. Bound to: 127.20.127.130:43589
I20260601 13:41:18.463336 22826 acceptor_pool.cc:272] collecting diagnostics on the listening RPC socket 127.20.127.130:43589 every 8 connection(s)
I20260601 13:41:18.464114 20990 file_cache.cc:492] Constructed file cache file cache with capacity 419430
W20260601 13:41:18.469480 22830 instance_detector.cc:116] could not retrieve AWS instance metadata: Network error: curl error: HTTP response code said error: The requested URL returned error: 404
W20260601 13:41:18.470264 22831 instance_detector.cc:116] could not retrieve Azure instance metadata: Network error: curl error: HTTP response code said error: The requested URL returned error: 404
W20260601 13:41:18.471763 22833 instance_detector.cc:116] could not retrieve OpenStack instance metadata: Network error: curl error: HTTP response code said error: The requested URL returned error: 404
I20260601 13:41:18.475224 20990 server_base.cc:1061] running on GCE node
I20260601 13:41:18.475462 20990 hybrid_clock.cc:584] initializing the hybrid clock with 'system_unsync' time source
W20260601 13:41:18.475682 20990 system_unsync_time.cc:38] NTP support is disabled. Clock error bounds will not be accurate. This configuration is not suitable for distributed clusters.
I20260601 13:41:18.475780 20990 hybrid_clock.cc:648] HybridClock initialized: now 1780321278475777 us; error 0 us; skew 500 ppm
I20260601 13:41:18.477070 22827 heartbeater.cc:344] Connected to a master server at 127.20.127.190:38413
I20260601 13:41:18.477208 22827 heartbeater.cc:461] Registering TS with master...
I20260601 13:41:18.477231 20990 webserver.cc:533] Webserver started at http://127.20.127.131:43607/ using document root <none> and password file <none>
I20260601 13:41:18.477380 20990 fs_manager.cc:362] Metadata directory not provided
I20260601 13:41:18.477440 20990 fs_manager.cc:368] Using write-ahead log directory (fs_wal_dir) as metadata directory
I20260601 13:41:18.477474 22827 heartbeater.cc:507] Master 127.20.127.190:38413 requested a full tablet report, sending...
I20260601 13:41:18.477634 20990 server_base.cc:909] This appears to be a new deployment of Kudu; creating new FS layout
I20260601 13:41:18.478386 20990 fs_manager.cc:1068] Generated new instance metadata in path /tmp/dist-test-taskE5j_FW/test-tmp/auto_rebalancer-test.0.AutoRebalancerTest.MovesScheduledIfAddTserver.1780321264098313-20990-0/minicluster-data/ts-2-root/instance:
uuid: "57ef68161a3d4fc89978c486da03cc7f"
format_stamp: "Formatted at 2026-06-01 13:41:18 on dist-test-slave-pkzh"
I20260601 13:41:18.478420 22619 ts_manager.cc:194] Registered new tserver with Master: 23274a56118e48729400e5771cbaa768 (127.20.127.130:43589)
I20260601 13:41:18.479229 22619 master_service.cc:502] Signed X509 certificate for tserver {username='slave'} at 127.0.0.1:54284
I20260601 13:41:18.480561 20990 fs_manager.cc:696] Time spent creating directory manager: real 0.002s	user 0.002s	sys 0.000s
I20260601 13:41:18.482016 22838 log_block_manager.cc:4031] Time spent loading block containers with low live blocks: real 0.000s	user 0.000s	sys 0.000s
I20260601 13:41:18.482609 20990 fs_manager.cc:730] Time spent opening block manager: real 0.001s	user 0.001s	sys 0.000s
I20260601 13:41:18.482702 20990 fs_manager.cc:647] Opened local filesystem: /tmp/dist-test-taskE5j_FW/test-tmp/auto_rebalancer-test.0.AutoRebalancerTest.MovesScheduledIfAddTserver.1780321264098313-20990-0/minicluster-data/ts-2-root
uuid: "57ef68161a3d4fc89978c486da03cc7f"
format_stamp: "Formatted at 2026-06-01 13:41:18 on dist-test-slave-pkzh"
I20260601 13:41:18.482846 20990 fs_report.cc:389] FS layout report
--------------------
wal directory: /tmp/dist-test-taskE5j_FW/test-tmp/auto_rebalancer-test.0.AutoRebalancerTest.MovesScheduledIfAddTserver.1780321264098313-20990-0/minicluster-data/ts-2-root
metadata directory: /tmp/dist-test-taskE5j_FW/test-tmp/auto_rebalancer-test.0.AutoRebalancerTest.MovesScheduledIfAddTserver.1780321264098313-20990-0/minicluster-data/ts-2-root
1 data directories: /tmp/dist-test-taskE5j_FW/test-tmp/auto_rebalancer-test.0.AutoRebalancerTest.MovesScheduledIfAddTserver.1780321264098313-20990-0/minicluster-data/ts-2-root/data
Total live blocks: 0
Total live bytes: 0
Total live bytes (after alignment): 0
Total number of LBM containers: 0 (0 full)
Did not check for missing blocks
Did not check for orphaned blocks
Total full LBM containers with extra space: 0 (0 repaired)
Total full LBM container extra space in bytes: 0 (0 repaired)
Total incomplete LBM containers: 0 (0 repaired)
Total LBM partial records: 0 (0 repaired)
Total corrupted LBM metadata records in RocksDB: 0 (0 repaired)
I20260601 13:41:18.501034 20990 rpc_server.cc:225] running with OpenSSL 1.1.1  11 Sep 2018
I20260601 13:41:18.501714 20990 kserver.cc:163] Server-wide thread pool size limit: 3276
I20260601 13:41:18.502314 20990 txn_system_client.cc:432] TxnSystemClient initialization is disabled...
I20260601 13:41:18.502959 20990 ts_tablet_manager.cc:585] Loaded tablet metadata (0 total tablets, 0 live tablets)
I20260601 13:41:18.503005 20990 ts_tablet_manager.cc:531] Time spent load tablet metadata: real 0.000s	user 0.000s	sys 0.000s
I20260601 13:41:18.503038 20990 ts_tablet_manager.cc:616] Registered 0 tablets
I20260601 13:41:18.503057 20990 ts_tablet_manager.cc:595] Time spent register tablets: real 0.000s	user 0.000s	sys 0.000s
I20260601 13:41:18.508889 20990 rpc_server.cc:307] RPC server started. Bound to: 127.20.127.131:39379
I20260601 13:41:18.508912 22902 acceptor_pool.cc:272] collecting diagnostics on the listening RPC socket 127.20.127.131:39379 every 8 connection(s)
I20260601 13:41:18.521221 22903 heartbeater.cc:344] Connected to a master server at 127.20.127.190:38413
I20260601 13:41:18.521543 22903 heartbeater.cc:461] Registering TS with master...
I20260601 13:41:18.521868 22903 heartbeater.cc:507] Master 127.20.127.190:38413 requested a full tablet report, sending...
I20260601 13:41:18.522739 22619 ts_manager.cc:194] Registered new tserver with Master: 57ef68161a3d4fc89978c486da03cc7f (127.20.127.131:39379)
I20260601 13:41:18.523808 20990 internal_mini_cluster.cc:371] 3 TS(s) registered with all masters after 0.01437948s
I20260601 13:41:18.523826 22619 master_service.cc:502] Signed X509 certificate for tserver {username='slave'} at 127.0.0.1:54292
I20260601 13:41:19.423445 22750 heartbeater.cc:499] Master 127.20.127.190:38413 was elected leader, sending a full tablet report...
I20260601 13:41:19.480427 22827 heartbeater.cc:499] Master 127.20.127.190:38413 was elected leader, sending a full tablet report...
I20260601 13:41:19.525903 22903 heartbeater.cc:499] Master 127.20.127.190:38413 was elected leader, sending a full tablet report...
I20260601 13:41:19.566532 22619 catalog_manager.cc:2282] Servicing CreateTable request from {username='slave'} at 127.0.0.1:54294:
name: "test-workload"
schema {
  columns {
    name: "key"
    type: INT32
    is_key: true
    is_nullable: false
    encoding: AUTO_ENCODING
    compression: DEFAULT_COMPRESSION
    cfile_block_size: 0
    immutable: false
  }
  columns {
    name: "int_val"
    type: INT32
    is_key: false
    is_nullable: false
    encoding: AUTO_ENCODING
    compression: DEFAULT_COMPRESSION
    cfile_block_size: 0
    immutable: false
  }
  columns {
    name: "string_val"
    type: STRING
    is_key: false
    is_nullable: true
    encoding: AUTO_ENCODING
    compression: DEFAULT_COMPRESSION
    cfile_block_size: 0
    immutable: false
  }
}
num_replicas: 3
split_rows_range_bounds {
  rows: "\004\001\000\377\377\377?""\004\001\000\377\377\377?"
  indirect_data: """"
}
partition_schema {
  range_schema {
    columns {
      name: "key"
    }
  }
}
W20260601 13:41:19.567169 22619 catalog_manager.cc:7076] The number of live tablet servers is not enough to re-replicate a tablet replica of the newly created table test-workload in case of a server failure: 4 tablet servers would be needed, 3 are available. Consider bringing up more tablet servers.
I20260601 13:41:19.580850 22791 tablet_service.cc:1511] Processing CreateTablet for tablet 8d55cb10f1d84691ba83f7df54a7329e (DEFAULT_TABLE table=test-workload [id=f41125e5b36c4847a05f0dd7a21d8c52]), partition=RANGE (key) PARTITION VALUES < 1073741823
I20260601 13:41:19.581274 22791 data_dirs.cc:400] Could only allocate 1 dirs of requested 3 for tablet 8d55cb10f1d84691ba83f7df54a7329e. 1 dirs total, 0 dirs full, 0 dirs failed
I20260601 13:41:19.582373 22790 tablet_service.cc:1511] Processing CreateTablet for tablet 778453269a7c449e9a0cbe46a7ba23ac (DEFAULT_TABLE table=test-workload [id=f41125e5b36c4847a05f0dd7a21d8c52]), partition=RANGE (key) PARTITION 1073741823 <= VALUES
I20260601 13:41:19.582687 22790 data_dirs.cc:400] Could only allocate 1 dirs of requested 3 for tablet 778453269a7c449e9a0cbe46a7ba23ac. 1 dirs total, 0 dirs full, 0 dirs failed
I20260601 13:41:19.583602 22714 tablet_service.cc:1511] Processing CreateTablet for tablet 8d55cb10f1d84691ba83f7df54a7329e (DEFAULT_TABLE table=test-workload [id=f41125e5b36c4847a05f0dd7a21d8c52]), partition=RANGE (key) PARTITION VALUES < 1073741823
I20260601 13:41:19.583964 22714 data_dirs.cc:400] Could only allocate 1 dirs of requested 3 for tablet 8d55cb10f1d84691ba83f7df54a7329e. 1 dirs total, 0 dirs full, 0 dirs failed
I20260601 13:41:19.584057 22866 tablet_service.cc:1511] Processing CreateTablet for tablet 778453269a7c449e9a0cbe46a7ba23ac (DEFAULT_TABLE table=test-workload [id=f41125e5b36c4847a05f0dd7a21d8c52]), partition=RANGE (key) PARTITION 1073741823 <= VALUES
I20260601 13:41:19.584298 22866 data_dirs.cc:400] Could only allocate 1 dirs of requested 3 for tablet 778453269a7c449e9a0cbe46a7ba23ac. 1 dirs total, 0 dirs full, 0 dirs failed
I20260601 13:41:19.584998 22867 tablet_service.cc:1511] Processing CreateTablet for tablet 8d55cb10f1d84691ba83f7df54a7329e (DEFAULT_TABLE table=test-workload [id=f41125e5b36c4847a05f0dd7a21d8c52]), partition=RANGE (key) PARTITION VALUES < 1073741823
I20260601 13:41:19.585237 22867 data_dirs.cc:400] Could only allocate 1 dirs of requested 3 for tablet 8d55cb10f1d84691ba83f7df54a7329e. 1 dirs total, 0 dirs full, 0 dirs failed
I20260601 13:41:19.586300 22713 tablet_service.cc:1511] Processing CreateTablet for tablet 778453269a7c449e9a0cbe46a7ba23ac (DEFAULT_TABLE table=test-workload [id=f41125e5b36c4847a05f0dd7a21d8c52]), partition=RANGE (key) PARTITION 1073741823 <= VALUES
I20260601 13:41:19.586553 22713 data_dirs.cc:400] Could only allocate 1 dirs of requested 3 for tablet 778453269a7c449e9a0cbe46a7ba23ac. 1 dirs total, 0 dirs full, 0 dirs failed
I20260601 13:41:19.586659 22924 tablet_bootstrap.cc:492] T 8d55cb10f1d84691ba83f7df54a7329e P ae2c504f085e4244b350a9c90aa1b293: Bootstrap starting.
I20260601 13:41:19.587800 22924 tablet_bootstrap.cc:654] T 8d55cb10f1d84691ba83f7df54a7329e P ae2c504f085e4244b350a9c90aa1b293: Neither blocks nor log segments found. Creating new log.
I20260601 13:41:19.589502 22924 tablet_bootstrap.cc:492] T 8d55cb10f1d84691ba83f7df54a7329e P ae2c504f085e4244b350a9c90aa1b293: No bootstrap required, opened a new log
I20260601 13:41:19.589617 22924 ts_tablet_manager.cc:1403] T 8d55cb10f1d84691ba83f7df54a7329e P ae2c504f085e4244b350a9c90aa1b293: Time spent bootstrapping tablet: real 0.003s	user 0.002s	sys 0.000s
I20260601 13:41:19.590337 22924 raft_consensus.cc:359] T 8d55cb10f1d84691ba83f7df54a7329e P ae2c504f085e4244b350a9c90aa1b293 [term 0 FOLLOWER]: Replica starting. Triggering 0 pending ops. Active config: opid_index: -1 OBSOLETE_local: false peers { permanent_uuid: "57ef68161a3d4fc89978c486da03cc7f" member_type: VOTER last_known_addr { host: "127.20.127.131" port: 39379 } } peers { permanent_uuid: "ae2c504f085e4244b350a9c90aa1b293" member_type: VOTER last_known_addr { host: "127.20.127.129" port: 41765 } } peers { permanent_uuid: "23274a56118e48729400e5771cbaa768" member_type: VOTER last_known_addr { host: "127.20.127.130" port: 43589 } }
I20260601 13:41:19.590624 22924 raft_consensus.cc:385] T 8d55cb10f1d84691ba83f7df54a7329e P ae2c504f085e4244b350a9c90aa1b293 [term 0 FOLLOWER]: Consensus starting up: Expiring failure detector timer to make a prompt election more likely
I20260601 13:41:19.590656 22925 tablet_bootstrap.cc:492] T 778453269a7c449e9a0cbe46a7ba23ac P 57ef68161a3d4fc89978c486da03cc7f: Bootstrap starting.
I20260601 13:41:19.590683 22924 raft_consensus.cc:740] T 8d55cb10f1d84691ba83f7df54a7329e P ae2c504f085e4244b350a9c90aa1b293 [term 0 FOLLOWER]: Becoming Follower/Learner. State: Replica: ae2c504f085e4244b350a9c90aa1b293, State: Initialized, Role: FOLLOWER
I20260601 13:41:19.591064 22924 consensus_queue.cc:260] T 8d55cb10f1d84691ba83f7df54a7329e P ae2c504f085e4244b350a9c90aa1b293 [NON_LEADER]: Queue going to NON_LEADER mode. State: All replicated index: 0, Majority replicated index: 0, Committed index: 0, Last appended: 0.0, Last appended by leader: 0, Current term: 0, Majority size: -1, State: 0, Mode: NON_LEADER, active raft config: opid_index: -1 OBSOLETE_local: false peers { permanent_uuid: "57ef68161a3d4fc89978c486da03cc7f" member_type: VOTER last_known_addr { host: "127.20.127.131" port: 39379 } } peers { permanent_uuid: "ae2c504f085e4244b350a9c90aa1b293" member_type: VOTER last_known_addr { host: "127.20.127.129" port: 41765 } } peers { permanent_uuid: "23274a56118e48729400e5771cbaa768" member_type: VOTER last_known_addr { host: "127.20.127.130" port: 43589 } }
I20260601 13:41:19.591513 22924 ts_tablet_manager.cc:1434] T 8d55cb10f1d84691ba83f7df54a7329e P ae2c504f085e4244b350a9c90aa1b293: Time spent starting tablet: real 0.002s	user 0.002s	sys 0.000s
I20260601 13:41:19.591735 22924 tablet_bootstrap.cc:492] T 778453269a7c449e9a0cbe46a7ba23ac P ae2c504f085e4244b350a9c90aa1b293: Bootstrap starting.
I20260601 13:41:19.591998 22925 tablet_bootstrap.cc:654] T 778453269a7c449e9a0cbe46a7ba23ac P 57ef68161a3d4fc89978c486da03cc7f: Neither blocks nor log segments found. Creating new log.
I20260601 13:41:19.592669 22924 tablet_bootstrap.cc:654] T 778453269a7c449e9a0cbe46a7ba23ac P ae2c504f085e4244b350a9c90aa1b293: Neither blocks nor log segments found. Creating new log.
I20260601 13:41:19.593003 22923 tablet_bootstrap.cc:492] T 8d55cb10f1d84691ba83f7df54a7329e P 23274a56118e48729400e5771cbaa768: Bootstrap starting.
I20260601 13:41:19.594226 22924 tablet_bootstrap.cc:492] T 778453269a7c449e9a0cbe46a7ba23ac P ae2c504f085e4244b350a9c90aa1b293: No bootstrap required, opened a new log
I20260601 13:41:19.594235 22925 tablet_bootstrap.cc:492] T 778453269a7c449e9a0cbe46a7ba23ac P 57ef68161a3d4fc89978c486da03cc7f: No bootstrap required, opened a new log
I20260601 13:41:19.594391 22924 ts_tablet_manager.cc:1403] T 778453269a7c449e9a0cbe46a7ba23ac P ae2c504f085e4244b350a9c90aa1b293: Time spent bootstrapping tablet: real 0.003s	user 0.002s	sys 0.000s
I20260601 13:41:19.594609 22925 ts_tablet_manager.cc:1403] T 778453269a7c449e9a0cbe46a7ba23ac P 57ef68161a3d4fc89978c486da03cc7f: Time spent bootstrapping tablet: real 0.004s	user 0.003s	sys 0.000s
I20260601 13:41:19.594708 22923 tablet_bootstrap.cc:654] T 8d55cb10f1d84691ba83f7df54a7329e P 23274a56118e48729400e5771cbaa768: Neither blocks nor log segments found. Creating new log.
I20260601 13:41:19.595329 22924 raft_consensus.cc:359] T 778453269a7c449e9a0cbe46a7ba23ac P ae2c504f085e4244b350a9c90aa1b293 [term 0 FOLLOWER]: Replica starting. Triggering 0 pending ops. Active config: opid_index: -1 OBSOLETE_local: false peers { permanent_uuid: "ae2c504f085e4244b350a9c90aa1b293" member_type: VOTER last_known_addr { host: "127.20.127.129" port: 41765 } } peers { permanent_uuid: "23274a56118e48729400e5771cbaa768" member_type: VOTER last_known_addr { host: "127.20.127.130" port: 43589 } } peers { permanent_uuid: "57ef68161a3d4fc89978c486da03cc7f" member_type: VOTER last_known_addr { host: "127.20.127.131" port: 39379 } }
I20260601 13:41:19.595582 22924 raft_consensus.cc:385] T 778453269a7c449e9a0cbe46a7ba23ac P ae2c504f085e4244b350a9c90aa1b293 [term 0 FOLLOWER]: Consensus starting up: Expiring failure detector timer to make a prompt election more likely
I20260601 13:41:19.595634 22924 raft_consensus.cc:740] T 778453269a7c449e9a0cbe46a7ba23ac P ae2c504f085e4244b350a9c90aa1b293 [term 0 FOLLOWER]: Becoming Follower/Learner. State: Replica: ae2c504f085e4244b350a9c90aa1b293, State: Initialized, Role: FOLLOWER
I20260601 13:41:19.595813 22924 consensus_queue.cc:260] T 778453269a7c449e9a0cbe46a7ba23ac P ae2c504f085e4244b350a9c90aa1b293 [NON_LEADER]: Queue going to NON_LEADER mode. State: All replicated index: 0, Majority replicated index: 0, Committed index: 0, Last appended: 0.0, Last appended by leader: 0, Current term: 0, Majority size: -1, State: 0, Mode: NON_LEADER, active raft config: opid_index: -1 OBSOLETE_local: false peers { permanent_uuid: "ae2c504f085e4244b350a9c90aa1b293" member_type: VOTER last_known_addr { host: "127.20.127.129" port: 41765 } } peers { permanent_uuid: "23274a56118e48729400e5771cbaa768" member_type: VOTER last_known_addr { host: "127.20.127.130" port: 43589 } } peers { permanent_uuid: "57ef68161a3d4fc89978c486da03cc7f" member_type: VOTER last_known_addr { host: "127.20.127.131" port: 39379 } }
I20260601 13:41:19.596103 22924 ts_tablet_manager.cc:1434] T 778453269a7c449e9a0cbe46a7ba23ac P ae2c504f085e4244b350a9c90aa1b293: Time spent starting tablet: real 0.002s	user 0.001s	sys 0.000s
I20260601 13:41:19.595242 22925 raft_consensus.cc:359] T 778453269a7c449e9a0cbe46a7ba23ac P 57ef68161a3d4fc89978c486da03cc7f [term 0 FOLLOWER]: Replica starting. Triggering 0 pending ops. Active config: opid_index: -1 OBSOLETE_local: false peers { permanent_uuid: "ae2c504f085e4244b350a9c90aa1b293" member_type: VOTER last_known_addr { host: "127.20.127.129" port: 41765 } } peers { permanent_uuid: "23274a56118e48729400e5771cbaa768" member_type: VOTER last_known_addr { host: "127.20.127.130" port: 43589 } } peers { permanent_uuid: "57ef68161a3d4fc89978c486da03cc7f" member_type: VOTER last_known_addr { host: "127.20.127.131" port: 39379 } }
I20260601 13:41:19.596320 22925 raft_consensus.cc:385] T 778453269a7c449e9a0cbe46a7ba23ac P 57ef68161a3d4fc89978c486da03cc7f [term 0 FOLLOWER]: Consensus starting up: Expiring failure detector timer to make a prompt election more likely
I20260601 13:41:19.596405 22925 raft_consensus.cc:740] T 778453269a7c449e9a0cbe46a7ba23ac P 57ef68161a3d4fc89978c486da03cc7f [term 0 FOLLOWER]: Becoming Follower/Learner. State: Replica: 57ef68161a3d4fc89978c486da03cc7f, State: Initialized, Role: FOLLOWER
I20260601 13:41:19.596623 22925 consensus_queue.cc:260] T 778453269a7c449e9a0cbe46a7ba23ac P 57ef68161a3d4fc89978c486da03cc7f [NON_LEADER]: Queue going to NON_LEADER mode. State: All replicated index: 0, Majority replicated index: 0, Committed index: 0, Last appended: 0.0, Last appended by leader: 0, Current term: 0, Majority size: -1, State: 0, Mode: NON_LEADER, active raft config: opid_index: -1 OBSOLETE_local: false peers { permanent_uuid: "ae2c504f085e4244b350a9c90aa1b293" member_type: VOTER last_known_addr { host: "127.20.127.129" port: 41765 } } peers { permanent_uuid: "23274a56118e48729400e5771cbaa768" member_type: VOTER last_known_addr { host: "127.20.127.130" port: 43589 } } peers { permanent_uuid: "57ef68161a3d4fc89978c486da03cc7f" member_type: VOTER last_known_addr { host: "127.20.127.131" port: 39379 } }
I20260601 13:41:19.597036 22925 ts_tablet_manager.cc:1434] T 778453269a7c449e9a0cbe46a7ba23ac P 57ef68161a3d4fc89978c486da03cc7f: Time spent starting tablet: real 0.002s	user 0.001s	sys 0.000s
I20260601 13:41:19.597285 22925 tablet_bootstrap.cc:492] T 8d55cb10f1d84691ba83f7df54a7329e P 57ef68161a3d4fc89978c486da03cc7f: Bootstrap starting.
I20260601 13:41:19.597749 22923 tablet_bootstrap.cc:492] T 8d55cb10f1d84691ba83f7df54a7329e P 23274a56118e48729400e5771cbaa768: No bootstrap required, opened a new log
I20260601 13:41:19.597874 22923 ts_tablet_manager.cc:1403] T 8d55cb10f1d84691ba83f7df54a7329e P 23274a56118e48729400e5771cbaa768: Time spent bootstrapping tablet: real 0.005s	user 0.003s	sys 0.000s
I20260601 13:41:19.598413 22923 raft_consensus.cc:359] T 8d55cb10f1d84691ba83f7df54a7329e P 23274a56118e48729400e5771cbaa768 [term 0 FOLLOWER]: Replica starting. Triggering 0 pending ops. Active config: opid_index: -1 OBSOLETE_local: false peers { permanent_uuid: "57ef68161a3d4fc89978c486da03cc7f" member_type: VOTER last_known_addr { host: "127.20.127.131" port: 39379 } } peers { permanent_uuid: "ae2c504f085e4244b350a9c90aa1b293" member_type: VOTER last_known_addr { host: "127.20.127.129" port: 41765 } } peers { permanent_uuid: "23274a56118e48729400e5771cbaa768" member_type: VOTER last_known_addr { host: "127.20.127.130" port: 43589 } }
I20260601 13:41:19.598533 22925 tablet_bootstrap.cc:654] T 8d55cb10f1d84691ba83f7df54a7329e P 57ef68161a3d4fc89978c486da03cc7f: Neither blocks nor log segments found. Creating new log.
I20260601 13:41:19.598583 22923 raft_consensus.cc:385] T 8d55cb10f1d84691ba83f7df54a7329e P 23274a56118e48729400e5771cbaa768 [term 0 FOLLOWER]: Consensus starting up: Expiring failure detector timer to make a prompt election more likely
I20260601 13:41:19.598644 22923 raft_consensus.cc:740] T 8d55cb10f1d84691ba83f7df54a7329e P 23274a56118e48729400e5771cbaa768 [term 0 FOLLOWER]: Becoming Follower/Learner. State: Replica: 23274a56118e48729400e5771cbaa768, State: Initialized, Role: FOLLOWER
I20260601 13:41:19.598860 22923 consensus_queue.cc:260] T 8d55cb10f1d84691ba83f7df54a7329e P 23274a56118e48729400e5771cbaa768 [NON_LEADER]: Queue going to NON_LEADER mode. State: All replicated index: 0, Majority replicated index: 0, Committed index: 0, Last appended: 0.0, Last appended by leader: 0, Current term: 0, Majority size: -1, State: 0, Mode: NON_LEADER, active raft config: opid_index: -1 OBSOLETE_local: false peers { permanent_uuid: "57ef68161a3d4fc89978c486da03cc7f" member_type: VOTER last_known_addr { host: "127.20.127.131" port: 39379 } } peers { permanent_uuid: "ae2c504f085e4244b350a9c90aa1b293" member_type: VOTER last_known_addr { host: "127.20.127.129" port: 41765 } } peers { permanent_uuid: "23274a56118e48729400e5771cbaa768" member_type: VOTER last_known_addr { host: "127.20.127.130" port: 43589 } }
I20260601 13:41:19.599258 22923 ts_tablet_manager.cc:1434] T 8d55cb10f1d84691ba83f7df54a7329e P 23274a56118e48729400e5771cbaa768: Time spent starting tablet: real 0.001s	user 0.001s	sys 0.000s
I20260601 13:41:19.599731 22923 tablet_bootstrap.cc:492] T 778453269a7c449e9a0cbe46a7ba23ac P 23274a56118e48729400e5771cbaa768: Bootstrap starting.
I20260601 13:41:19.600915 22923 tablet_bootstrap.cc:654] T 778453269a7c449e9a0cbe46a7ba23ac P 23274a56118e48729400e5771cbaa768: Neither blocks nor log segments found. Creating new log.
I20260601 13:41:19.602180 22923 tablet_bootstrap.cc:492] T 778453269a7c449e9a0cbe46a7ba23ac P 23274a56118e48729400e5771cbaa768: No bootstrap required, opened a new log
I20260601 13:41:19.602281 22923 ts_tablet_manager.cc:1403] T 778453269a7c449e9a0cbe46a7ba23ac P 23274a56118e48729400e5771cbaa768: Time spent bootstrapping tablet: real 0.003s	user 0.002s	sys 0.000s
I20260601 13:41:19.602773 22923 raft_consensus.cc:359] T 778453269a7c449e9a0cbe46a7ba23ac P 23274a56118e48729400e5771cbaa768 [term 0 FOLLOWER]: Replica starting. Triggering 0 pending ops. Active config: opid_index: -1 OBSOLETE_local: false peers { permanent_uuid: "ae2c504f085e4244b350a9c90aa1b293" member_type: VOTER last_known_addr { host: "127.20.127.129" port: 41765 } } peers { permanent_uuid: "23274a56118e48729400e5771cbaa768" member_type: VOTER last_known_addr { host: "127.20.127.130" port: 43589 } } peers { permanent_uuid: "57ef68161a3d4fc89978c486da03cc7f" member_type: VOTER last_known_addr { host: "127.20.127.131" port: 39379 } }
I20260601 13:41:19.602892 22923 raft_consensus.cc:385] T 778453269a7c449e9a0cbe46a7ba23ac P 23274a56118e48729400e5771cbaa768 [term 0 FOLLOWER]: Consensus starting up: Expiring failure detector timer to make a prompt election more likely
I20260601 13:41:19.602931 22923 raft_consensus.cc:740] T 778453269a7c449e9a0cbe46a7ba23ac P 23274a56118e48729400e5771cbaa768 [term 0 FOLLOWER]: Becoming Follower/Learner. State: Replica: 23274a56118e48729400e5771cbaa768, State: Initialized, Role: FOLLOWER
I20260601 13:41:19.603099 22923 consensus_queue.cc:260] T 778453269a7c449e9a0cbe46a7ba23ac P 23274a56118e48729400e5771cbaa768 [NON_LEADER]: Queue going to NON_LEADER mode. State: All replicated index: 0, Majority replicated index: 0, Committed index: 0, Last appended: 0.0, Last appended by leader: 0, Current term: 0, Majority size: -1, State: 0, Mode: NON_LEADER, active raft config: opid_index: -1 OBSOLETE_local: false peers { permanent_uuid: "ae2c504f085e4244b350a9c90aa1b293" member_type: VOTER last_known_addr { host: "127.20.127.129" port: 41765 } } peers { permanent_uuid: "23274a56118e48729400e5771cbaa768" member_type: VOTER last_known_addr { host: "127.20.127.130" port: 43589 } } peers { permanent_uuid: "57ef68161a3d4fc89978c486da03cc7f" member_type: VOTER last_known_addr { host: "127.20.127.131" port: 39379 } }
I20260601 13:41:19.603320 22923 ts_tablet_manager.cc:1434] T 778453269a7c449e9a0cbe46a7ba23ac P 23274a56118e48729400e5771cbaa768: Time spent starting tablet: real 0.001s	user 0.001s	sys 0.000s
I20260601 13:41:19.603809 22925 tablet_bootstrap.cc:492] T 8d55cb10f1d84691ba83f7df54a7329e P 57ef68161a3d4fc89978c486da03cc7f: No bootstrap required, opened a new log
I20260601 13:41:19.603919 22925 ts_tablet_manager.cc:1403] T 8d55cb10f1d84691ba83f7df54a7329e P 57ef68161a3d4fc89978c486da03cc7f: Time spent bootstrapping tablet: real 0.007s	user 0.002s	sys 0.000s
I20260601 13:41:19.604350 22925 raft_consensus.cc:359] T 8d55cb10f1d84691ba83f7df54a7329e P 57ef68161a3d4fc89978c486da03cc7f [term 0 FOLLOWER]: Replica starting. Triggering 0 pending ops. Active config: opid_index: -1 OBSOLETE_local: false peers { permanent_uuid: "57ef68161a3d4fc89978c486da03cc7f" member_type: VOTER last_known_addr { host: "127.20.127.131" port: 39379 } } peers { permanent_uuid: "ae2c504f085e4244b350a9c90aa1b293" member_type: VOTER last_known_addr { host: "127.20.127.129" port: 41765 } } peers { permanent_uuid: "23274a56118e48729400e5771cbaa768" member_type: VOTER last_known_addr { host: "127.20.127.130" port: 43589 } }
I20260601 13:41:19.604456 22925 raft_consensus.cc:385] T 8d55cb10f1d84691ba83f7df54a7329e P 57ef68161a3d4fc89978c486da03cc7f [term 0 FOLLOWER]: Consensus starting up: Expiring failure detector timer to make a prompt election more likely
I20260601 13:41:19.604533 22925 raft_consensus.cc:740] T 8d55cb10f1d84691ba83f7df54a7329e P 57ef68161a3d4fc89978c486da03cc7f [term 0 FOLLOWER]: Becoming Follower/Learner. State: Replica: 57ef68161a3d4fc89978c486da03cc7f, State: Initialized, Role: FOLLOWER
I20260601 13:41:19.604691 22925 consensus_queue.cc:260] T 8d55cb10f1d84691ba83f7df54a7329e P 57ef68161a3d4fc89978c486da03cc7f [NON_LEADER]: Queue going to NON_LEADER mode. State: All replicated index: 0, Majority replicated index: 0, Committed index: 0, Last appended: 0.0, Last appended by leader: 0, Current term: 0, Majority size: -1, State: 0, Mode: NON_LEADER, active raft config: opid_index: -1 OBSOLETE_local: false peers { permanent_uuid: "57ef68161a3d4fc89978c486da03cc7f" member_type: VOTER last_known_addr { host: "127.20.127.131" port: 39379 } } peers { permanent_uuid: "ae2c504f085e4244b350a9c90aa1b293" member_type: VOTER last_known_addr { host: "127.20.127.129" port: 41765 } } peers { permanent_uuid: "23274a56118e48729400e5771cbaa768" member_type: VOTER last_known_addr { host: "127.20.127.130" port: 43589 } }
I20260601 13:41:19.604933 22925 ts_tablet_manager.cc:1434] T 8d55cb10f1d84691ba83f7df54a7329e P 57ef68161a3d4fc89978c486da03cc7f: Time spent starting tablet: real 0.001s	user 0.001s	sys 0.000s
I20260601 13:41:19.622375 22927 raft_consensus.cc:493] T 8d55cb10f1d84691ba83f7df54a7329e P ae2c504f085e4244b350a9c90aa1b293 [term 0 FOLLOWER]: Starting pre-election (no leader contacted us within the election timeout)
I20260601 13:41:19.622547 22927 raft_consensus.cc:515] T 8d55cb10f1d84691ba83f7df54a7329e P ae2c504f085e4244b350a9c90aa1b293 [term 0 FOLLOWER]: Starting pre-election with config: opid_index: -1 OBSOLETE_local: false peers { permanent_uuid: "57ef68161a3d4fc89978c486da03cc7f" member_type: VOTER last_known_addr { host: "127.20.127.131" port: 39379 } } peers { permanent_uuid: "ae2c504f085e4244b350a9c90aa1b293" member_type: VOTER last_known_addr { host: "127.20.127.129" port: 41765 } } peers { permanent_uuid: "23274a56118e48729400e5771cbaa768" member_type: VOTER last_known_addr { host: "127.20.127.130" port: 43589 } }
I20260601 13:41:19.623165 22927 leader_election.cc:290] T 8d55cb10f1d84691ba83f7df54a7329e P ae2c504f085e4244b350a9c90aa1b293 [CANDIDATE]: Term 1 pre-election: Requested pre-vote from peers 57ef68161a3d4fc89978c486da03cc7f (127.20.127.131:39379), 23274a56118e48729400e5771cbaa768 (127.20.127.130:43589)
I20260601 13:41:19.628288 22877 tablet_service.cc:1917] Received RequestConsensusVote() RPC: tablet_id: "8d55cb10f1d84691ba83f7df54a7329e" candidate_uuid: "ae2c504f085e4244b350a9c90aa1b293" candidate_term: 1 candidate_status { last_received { term: 0 index: 0 } } ignore_live_leader: false dest_uuid: "57ef68161a3d4fc89978c486da03cc7f" is_pre_election: true
I20260601 13:41:19.628288 22801 tablet_service.cc:1917] Received RequestConsensusVote() RPC: tablet_id: "8d55cb10f1d84691ba83f7df54a7329e" candidate_uuid: "ae2c504f085e4244b350a9c90aa1b293" candidate_term: 1 candidate_status { last_received { term: 0 index: 0 } } ignore_live_leader: false dest_uuid: "23274a56118e48729400e5771cbaa768" is_pre_election: true
I20260601 13:41:19.628579 22877 raft_consensus.cc:2468] T 8d55cb10f1d84691ba83f7df54a7329e P 57ef68161a3d4fc89978c486da03cc7f [term 0 FOLLOWER]: Leader pre-election vote request: Granting yes vote for candidate ae2c504f085e4244b350a9c90aa1b293 in term 0.
I20260601 13:41:19.628589 22801 raft_consensus.cc:2468] T 8d55cb10f1d84691ba83f7df54a7329e P 23274a56118e48729400e5771cbaa768 [term 0 FOLLOWER]: Leader pre-election vote request: Granting yes vote for candidate ae2c504f085e4244b350a9c90aa1b293 in term 0.
I20260601 13:41:19.628990 22686 leader_election.cc:304] T 8d55cb10f1d84691ba83f7df54a7329e P ae2c504f085e4244b350a9c90aa1b293 [CANDIDATE]: Term 1 pre-election: Election decided. Result: candidate won. Election summary: received 3 responses out of 3 voters: 3 yes votes; 0 no votes. yes voters: 23274a56118e48729400e5771cbaa768, 57ef68161a3d4fc89978c486da03cc7f, ae2c504f085e4244b350a9c90aa1b293; no voters: 
I20260601 13:41:19.629194 22927 raft_consensus.cc:2804] T 8d55cb10f1d84691ba83f7df54a7329e P ae2c504f085e4244b350a9c90aa1b293 [term 0 FOLLOWER]: Leader pre-election won for term 1
I20260601 13:41:19.629258 22927 raft_consensus.cc:493] T 8d55cb10f1d84691ba83f7df54a7329e P ae2c504f085e4244b350a9c90aa1b293 [term 0 FOLLOWER]: Starting leader election (no leader contacted us within the election timeout)
I20260601 13:41:19.629297 22927 raft_consensus.cc:3060] T 8d55cb10f1d84691ba83f7df54a7329e P ae2c504f085e4244b350a9c90aa1b293 [term 0 FOLLOWER]: Advancing to term 1
I20260601 13:41:19.630249 22927 raft_consensus.cc:515] T 8d55cb10f1d84691ba83f7df54a7329e P ae2c504f085e4244b350a9c90aa1b293 [term 1 FOLLOWER]: Starting leader election with config: opid_index: -1 OBSOLETE_local: false peers { permanent_uuid: "57ef68161a3d4fc89978c486da03cc7f" member_type: VOTER last_known_addr { host: "127.20.127.131" port: 39379 } } peers { permanent_uuid: "ae2c504f085e4244b350a9c90aa1b293" member_type: VOTER last_known_addr { host: "127.20.127.129" port: 41765 } } peers { permanent_uuid: "23274a56118e48729400e5771cbaa768" member_type: VOTER last_known_addr { host: "127.20.127.130" port: 43589 } }
I20260601 13:41:19.630635 22927 leader_election.cc:290] T 8d55cb10f1d84691ba83f7df54a7329e P ae2c504f085e4244b350a9c90aa1b293 [CANDIDATE]: Term 1 election: Requested vote from peers 57ef68161a3d4fc89978c486da03cc7f (127.20.127.131:39379), 23274a56118e48729400e5771cbaa768 (127.20.127.130:43589)
I20260601 13:41:19.631160 22877 tablet_service.cc:1917] Received RequestConsensusVote() RPC: tablet_id: "8d55cb10f1d84691ba83f7df54a7329e" candidate_uuid: "ae2c504f085e4244b350a9c90aa1b293" candidate_term: 1 candidate_status { last_received { term: 0 index: 0 } } ignore_live_leader: false dest_uuid: "57ef68161a3d4fc89978c486da03cc7f"
I20260601 13:41:19.631289 22877 raft_consensus.cc:3060] T 8d55cb10f1d84691ba83f7df54a7329e P 57ef68161a3d4fc89978c486da03cc7f [term 0 FOLLOWER]: Advancing to term 1
I20260601 13:41:19.631444 22801 tablet_service.cc:1917] Received RequestConsensusVote() RPC: tablet_id: "8d55cb10f1d84691ba83f7df54a7329e" candidate_uuid: "ae2c504f085e4244b350a9c90aa1b293" candidate_term: 1 candidate_status { last_received { term: 0 index: 0 } } ignore_live_leader: false dest_uuid: "23274a56118e48729400e5771cbaa768"
I20260601 13:41:19.631621 22801 raft_consensus.cc:3060] T 8d55cb10f1d84691ba83f7df54a7329e P 23274a56118e48729400e5771cbaa768 [term 0 FOLLOWER]: Advancing to term 1
I20260601 13:41:19.632300 22877 raft_consensus.cc:2468] T 8d55cb10f1d84691ba83f7df54a7329e P 57ef68161a3d4fc89978c486da03cc7f [term 1 FOLLOWER]: Leader election vote request: Granting yes vote for candidate ae2c504f085e4244b350a9c90aa1b293 in term 1.
I20260601 13:41:19.632644 22686 leader_election.cc:304] T 8d55cb10f1d84691ba83f7df54a7329e P ae2c504f085e4244b350a9c90aa1b293 [CANDIDATE]: Term 1 election: Election decided. Result: candidate won. Election summary: received 2 responses out of 3 voters: 2 yes votes; 0 no votes. yes voters: 57ef68161a3d4fc89978c486da03cc7f, ae2c504f085e4244b350a9c90aa1b293; no voters: 
I20260601 13:41:19.632834 22927 raft_consensus.cc:2804] T 8d55cb10f1d84691ba83f7df54a7329e P ae2c504f085e4244b350a9c90aa1b293 [term 1 FOLLOWER]: Leader election won for term 1
I20260601 13:41:19.632961 22801 raft_consensus.cc:2468] T 8d55cb10f1d84691ba83f7df54a7329e P 23274a56118e48729400e5771cbaa768 [term 1 FOLLOWER]: Leader election vote request: Granting yes vote for candidate ae2c504f085e4244b350a9c90aa1b293 in term 1.
I20260601 13:41:19.633078 22927 raft_consensus.cc:697] T 8d55cb10f1d84691ba83f7df54a7329e P ae2c504f085e4244b350a9c90aa1b293 [term 1 LEADER]: Becoming Leader. State: Replica: ae2c504f085e4244b350a9c90aa1b293, State: Running, Role: LEADER
I20260601 13:41:19.633256 22927 consensus_queue.cc:237] T 8d55cb10f1d84691ba83f7df54a7329e P ae2c504f085e4244b350a9c90aa1b293 [LEADER]: Queue going to LEADER mode. State: All replicated index: 0, Majority replicated index: 0, Committed index: 0, Last appended: 0.0, Last appended by leader: 0, Current term: 1, Majority size: 2, State: 0, Mode: LEADER, active raft config: opid_index: -1 OBSOLETE_local: false peers { permanent_uuid: "57ef68161a3d4fc89978c486da03cc7f" member_type: VOTER last_known_addr { host: "127.20.127.131" port: 39379 } } peers { permanent_uuid: "ae2c504f085e4244b350a9c90aa1b293" member_type: VOTER last_known_addr { host: "127.20.127.129" port: 41765 } } peers { permanent_uuid: "23274a56118e48729400e5771cbaa768" member_type: VOTER last_known_addr { host: "127.20.127.130" port: 43589 } }
I20260601 13:41:19.635270 22619 catalog_manager.cc:5696] T 8d55cb10f1d84691ba83f7df54a7329e P ae2c504f085e4244b350a9c90aa1b293 reported cstate change: term changed from 0 to 1, leader changed from <none> to ae2c504f085e4244b350a9c90aa1b293 (127.20.127.129). New cstate: current_term: 1 leader_uuid: "ae2c504f085e4244b350a9c90aa1b293" committed_config { opid_index: -1 OBSOLETE_local: false peers { permanent_uuid: "57ef68161a3d4fc89978c486da03cc7f" member_type: VOTER last_known_addr { host: "127.20.127.131" port: 39379 } health_report { overall_health: UNKNOWN } } peers { permanent_uuid: "ae2c504f085e4244b350a9c90aa1b293" member_type: VOTER last_known_addr { host: "127.20.127.129" port: 41765 } health_report { overall_health: HEALTHY } } peers { permanent_uuid: "23274a56118e48729400e5771cbaa768" member_type: VOTER last_known_addr { host: "127.20.127.130" port: 43589 } health_report { overall_health: UNKNOWN } } }
I20260601 13:41:19.673666 22932 raft_consensus.cc:493] T 778453269a7c449e9a0cbe46a7ba23ac P 23274a56118e48729400e5771cbaa768 [term 0 FOLLOWER]: Starting pre-election (no leader contacted us within the election timeout)
I20260601 13:41:19.673844 22932 raft_consensus.cc:515] T 778453269a7c449e9a0cbe46a7ba23ac P 23274a56118e48729400e5771cbaa768 [term 0 FOLLOWER]: Starting pre-election with config: opid_index: -1 OBSOLETE_local: false peers { permanent_uuid: "ae2c504f085e4244b350a9c90aa1b293" member_type: VOTER last_known_addr { host: "127.20.127.129" port: 41765 } } peers { permanent_uuid: "23274a56118e48729400e5771cbaa768" member_type: VOTER last_known_addr { host: "127.20.127.130" port: 43589 } } peers { permanent_uuid: "57ef68161a3d4fc89978c486da03cc7f" member_type: VOTER last_known_addr { host: "127.20.127.131" port: 39379 } }
I20260601 13:41:19.674391 22932 leader_election.cc:290] T 778453269a7c449e9a0cbe46a7ba23ac P 23274a56118e48729400e5771cbaa768 [CANDIDATE]: Term 1 pre-election: Requested pre-vote from peers ae2c504f085e4244b350a9c90aa1b293 (127.20.127.129:41765), 57ef68161a3d4fc89978c486da03cc7f (127.20.127.131:39379)
I20260601 13:41:19.679219 22724 tablet_service.cc:1917] Received RequestConsensusVote() RPC: tablet_id: "778453269a7c449e9a0cbe46a7ba23ac" candidate_uuid: "23274a56118e48729400e5771cbaa768" candidate_term: 1 candidate_status { last_received { term: 0 index: 0 } } ignore_live_leader: false dest_uuid: "ae2c504f085e4244b350a9c90aa1b293" is_pre_election: true
I20260601 13:41:19.679293 22877 tablet_service.cc:1917] Received RequestConsensusVote() RPC: tablet_id: "778453269a7c449e9a0cbe46a7ba23ac" candidate_uuid: "23274a56118e48729400e5771cbaa768" candidate_term: 1 candidate_status { last_received { term: 0 index: 0 } } ignore_live_leader: false dest_uuid: "57ef68161a3d4fc89978c486da03cc7f" is_pre_election: true
I20260601 13:41:19.679420 22724 raft_consensus.cc:2468] T 778453269a7c449e9a0cbe46a7ba23ac P ae2c504f085e4244b350a9c90aa1b293 [term 0 FOLLOWER]: Leader pre-election vote request: Granting yes vote for candidate 23274a56118e48729400e5771cbaa768 in term 0.
I20260601 13:41:19.679435 22877 raft_consensus.cc:2468] T 778453269a7c449e9a0cbe46a7ba23ac P 57ef68161a3d4fc89978c486da03cc7f [term 0 FOLLOWER]: Leader pre-election vote request: Granting yes vote for candidate 23274a56118e48729400e5771cbaa768 in term 0.
I20260601 13:41:19.679749 22763 leader_election.cc:304] T 778453269a7c449e9a0cbe46a7ba23ac P 23274a56118e48729400e5771cbaa768 [CANDIDATE]: Term 1 pre-election: Election decided. Result: candidate won. Election summary: received 2 responses out of 3 voters: 2 yes votes; 0 no votes. yes voters: 23274a56118e48729400e5771cbaa768, 57ef68161a3d4fc89978c486da03cc7f; no voters: 
I20260601 13:41:19.680007 22932 raft_consensus.cc:2804] T 778453269a7c449e9a0cbe46a7ba23ac P 23274a56118e48729400e5771cbaa768 [term 0 FOLLOWER]: Leader pre-election won for term 1
I20260601 13:41:19.680058 22932 raft_consensus.cc:493] T 778453269a7c449e9a0cbe46a7ba23ac P 23274a56118e48729400e5771cbaa768 [term 0 FOLLOWER]: Starting leader election (no leader contacted us within the election timeout)
I20260601 13:41:19.680086 22932 raft_consensus.cc:3060] T 778453269a7c449e9a0cbe46a7ba23ac P 23274a56118e48729400e5771cbaa768 [term 0 FOLLOWER]: Advancing to term 1
I20260601 13:41:19.680989 22932 raft_consensus.cc:515] T 778453269a7c449e9a0cbe46a7ba23ac P 23274a56118e48729400e5771cbaa768 [term 1 FOLLOWER]: Starting leader election with config: opid_index: -1 OBSOLETE_local: false peers { permanent_uuid: "ae2c504f085e4244b350a9c90aa1b293" member_type: VOTER last_known_addr { host: "127.20.127.129" port: 41765 } } peers { permanent_uuid: "23274a56118e48729400e5771cbaa768" member_type: VOTER last_known_addr { host: "127.20.127.130" port: 43589 } } peers { permanent_uuid: "57ef68161a3d4fc89978c486da03cc7f" member_type: VOTER last_known_addr { host: "127.20.127.131" port: 39379 } }
I20260601 13:41:19.681394 22932 leader_election.cc:290] T 778453269a7c449e9a0cbe46a7ba23ac P 23274a56118e48729400e5771cbaa768 [CANDIDATE]: Term 1 election: Requested vote from peers ae2c504f085e4244b350a9c90aa1b293 (127.20.127.129:41765), 57ef68161a3d4fc89978c486da03cc7f (127.20.127.131:39379)
I20260601 13:41:19.681888 22877 tablet_service.cc:1917] Received RequestConsensusVote() RPC: tablet_id: "778453269a7c449e9a0cbe46a7ba23ac" candidate_uuid: "23274a56118e48729400e5771cbaa768" candidate_term: 1 candidate_status { last_received { term: 0 index: 0 } } ignore_live_leader: false dest_uuid: "57ef68161a3d4fc89978c486da03cc7f"
I20260601 13:41:19.682143 22877 raft_consensus.cc:3060] T 778453269a7c449e9a0cbe46a7ba23ac P 57ef68161a3d4fc89978c486da03cc7f [term 0 FOLLOWER]: Advancing to term 1
I20260601 13:41:19.683247 22877 raft_consensus.cc:2468] T 778453269a7c449e9a0cbe46a7ba23ac P 57ef68161a3d4fc89978c486da03cc7f [term 1 FOLLOWER]: Leader election vote request: Granting yes vote for candidate 23274a56118e48729400e5771cbaa768 in term 1.
I20260601 13:41:19.683633 22724 tablet_service.cc:1917] Received RequestConsensusVote() RPC: tablet_id: "778453269a7c449e9a0cbe46a7ba23ac" candidate_uuid: "23274a56118e48729400e5771cbaa768" candidate_term: 1 candidate_status { last_received { term: 0 index: 0 } } ignore_live_leader: false dest_uuid: "ae2c504f085e4244b350a9c90aa1b293"
I20260601 13:41:19.683689 22763 leader_election.cc:304] T 778453269a7c449e9a0cbe46a7ba23ac P 23274a56118e48729400e5771cbaa768 [CANDIDATE]: Term 1 election: Election decided. Result: candidate won. Election summary: received 2 responses out of 3 voters: 2 yes votes; 0 no votes. yes voters: 23274a56118e48729400e5771cbaa768, 57ef68161a3d4fc89978c486da03cc7f; no voters: 
I20260601 13:41:19.683807 22724 raft_consensus.cc:3060] T 778453269a7c449e9a0cbe46a7ba23ac P ae2c504f085e4244b350a9c90aa1b293 [term 0 FOLLOWER]: Advancing to term 1
I20260601 13:41:19.683983 22932 raft_consensus.cc:2804] T 778453269a7c449e9a0cbe46a7ba23ac P 23274a56118e48729400e5771cbaa768 [term 1 FOLLOWER]: Leader election won for term 1
I20260601 13:41:19.684291 22932 raft_consensus.cc:697] T 778453269a7c449e9a0cbe46a7ba23ac P 23274a56118e48729400e5771cbaa768 [term 1 LEADER]: Becoming Leader. State: Replica: 23274a56118e48729400e5771cbaa768, State: Running, Role: LEADER
I20260601 13:41:19.684463 22932 consensus_queue.cc:237] T 778453269a7c449e9a0cbe46a7ba23ac P 23274a56118e48729400e5771cbaa768 [LEADER]: Queue going to LEADER mode. State: All replicated index: 0, Majority replicated index: 0, Committed index: 0, Last appended: 0.0, Last appended by leader: 0, Current term: 1, Majority size: 2, State: 0, Mode: LEADER, active raft config: opid_index: -1 OBSOLETE_local: false peers { permanent_uuid: "ae2c504f085e4244b350a9c90aa1b293" member_type: VOTER last_known_addr { host: "127.20.127.129" port: 41765 } } peers { permanent_uuid: "23274a56118e48729400e5771cbaa768" member_type: VOTER last_known_addr { host: "127.20.127.130" port: 43589 } } peers { permanent_uuid: "57ef68161a3d4fc89978c486da03cc7f" member_type: VOTER last_known_addr { host: "127.20.127.131" port: 39379 } }
I20260601 13:41:19.685446 22724 raft_consensus.cc:2468] T 778453269a7c449e9a0cbe46a7ba23ac P ae2c504f085e4244b350a9c90aa1b293 [term 1 FOLLOWER]: Leader election vote request: Granting yes vote for candidate 23274a56118e48729400e5771cbaa768 in term 1.
I20260601 13:41:19.686220 22619 catalog_manager.cc:5696] T 778453269a7c449e9a0cbe46a7ba23ac P 23274a56118e48729400e5771cbaa768 reported cstate change: term changed from 0 to 1, leader changed from <none> to 23274a56118e48729400e5771cbaa768 (127.20.127.130). New cstate: current_term: 1 leader_uuid: "23274a56118e48729400e5771cbaa768" committed_config { opid_index: -1 OBSOLETE_local: false peers { permanent_uuid: "ae2c504f085e4244b350a9c90aa1b293" member_type: VOTER last_known_addr { host: "127.20.127.129" port: 41765 } health_report { overall_health: UNKNOWN } } peers { permanent_uuid: "23274a56118e48729400e5771cbaa768" member_type: VOTER last_known_addr { host: "127.20.127.130" port: 43589 } health_report { overall_health: HEALTHY } } peers { permanent_uuid: "57ef68161a3d4fc89978c486da03cc7f" member_type: VOTER last_known_addr { host: "127.20.127.131" port: 39379 } health_report { overall_health: UNKNOWN } } }
I20260601 13:41:20.127776 22927 consensus_queue.cc:1048] T 8d55cb10f1d84691ba83f7df54a7329e P ae2c504f085e4244b350a9c90aa1b293 [LEADER]: Connected to new peer: Peer: permanent_uuid: "57ef68161a3d4fc89978c486da03cc7f" member_type: VOTER last_known_addr { host: "127.20.127.131" port: 39379 }, Status: LMP_MISMATCH, Last received: 0.0, Next index: 1, Last known committed idx: 0, Time since last communication: 0.000s
I20260601 13:41:20.132295 22937 consensus_queue.cc:1048] T 8d55cb10f1d84691ba83f7df54a7329e P ae2c504f085e4244b350a9c90aa1b293 [LEADER]: Connected to new peer: Peer: permanent_uuid: "23274a56118e48729400e5771cbaa768" member_type: VOTER last_known_addr { host: "127.20.127.130" port: 43589 }, Status: LMP_MISMATCH, Last received: 0.0, Next index: 1, Last known committed idx: 0, Time since last communication: 0.000s
I20260601 13:41:20.206435 22932 consensus_queue.cc:1048] T 778453269a7c449e9a0cbe46a7ba23ac P 23274a56118e48729400e5771cbaa768 [LEADER]: Connected to new peer: Peer: permanent_uuid: "ae2c504f085e4244b350a9c90aa1b293" member_type: VOTER last_known_addr { host: "127.20.127.129" port: 41765 }, Status: LMP_MISMATCH, Last received: 0.0, Next index: 1, Last known committed idx: 0, Time since last communication: 0.000s
I20260601 13:41:20.210368 22951 consensus_queue.cc:1048] T 778453269a7c449e9a0cbe46a7ba23ac P 23274a56118e48729400e5771cbaa768 [LEADER]: Connected to new peer: Peer: permanent_uuid: "57ef68161a3d4fc89978c486da03cc7f" member_type: VOTER last_known_addr { host: "127.20.127.131" port: 39379 }, Status: LMP_MISMATCH, Last received: 0.0, Next index: 1, Last known committed idx: 0, Time since last communication: 0.000s
I20260601 13:41:20.295569 22674 auto_leader_rebalancer.cc:140] leader rebalance for table test-workload
I20260601 13:41:20.296190 22674 auto_leader_rebalancer.cc:388] table: test-workload, leader rebalance finish, leader transfer count: 0
I20260601 13:41:20.296301 22674 auto_leader_rebalancer.cc:451] All tables' leader rebalancing finished this round
I20260601 13:41:22.296700 22674 auto_leader_rebalancer.cc:140] leader rebalance for table test-workload
I20260601 13:41:22.297170 22674 auto_leader_rebalancer.cc:388] table: test-workload, leader rebalance finish, leader transfer count: 0
I20260601 13:41:22.297266 22674 auto_leader_rebalancer.cc:451] All tables' leader rebalancing finished this round
I20260601 13:41:24.297647 22674 auto_leader_rebalancer.cc:140] leader rebalance for table test-workload
I20260601 13:41:24.298202 22674 auto_leader_rebalancer.cc:388] table: test-workload, leader rebalance finish, leader transfer count: 0
I20260601 13:41:24.298296 22674 auto_leader_rebalancer.cc:451] All tables' leader rebalancing finished this round
I20260601 13:41:26.298738 22674 auto_leader_rebalancer.cc:140] leader rebalance for table test-workload
I20260601 13:41:26.299351 22674 auto_leader_rebalancer.cc:388] table: test-workload, leader rebalance finish, leader transfer count: 0
I20260601 13:41:26.299464 22674 auto_leader_rebalancer.cc:451] All tables' leader rebalancing finished this round
I20260601 13:41:28.299860 22674 auto_leader_rebalancer.cc:140] leader rebalance for table test-workload
I20260601 13:41:28.300484 22674 auto_leader_rebalancer.cc:388] table: test-workload, leader rebalance finish, leader transfer count: 0
I20260601 13:41:28.300562 22674 auto_leader_rebalancer.cc:451] All tables' leader rebalancing finished this round
I20260601 13:41:30.300940 22674 auto_leader_rebalancer.cc:140] leader rebalance for table test-workload
I20260601 13:41:30.301505 22674 auto_leader_rebalancer.cc:388] table: test-workload, leader rebalance finish, leader transfer count: 0
I20260601 13:41:30.301569 22674 auto_leader_rebalancer.cc:451] All tables' leader rebalancing finished this round
I20260601 13:41:30.756284 20990 file_cache.cc:492] Constructed file cache file cache with capacity 419430
W20260601 13:41:30.758728 22967 instance_detector.cc:116] could not retrieve OpenStack instance metadata: Network error: curl error: HTTP response code said error: The requested URL returned error: 404
W20260601 13:41:30.758741 22965 instance_detector.cc:116] could not retrieve Azure instance metadata: Network error: curl error: HTTP response code said error: The requested URL returned error: 404
W20260601 13:41:30.758709 22964 instance_detector.cc:116] could not retrieve AWS instance metadata: Network error: curl error: HTTP response code said error: The requested URL returned error: 404
I20260601 13:41:30.759680 20990 server_base.cc:1061] running on GCE node
I20260601 13:41:30.759864 20990 hybrid_clock.cc:584] initializing the hybrid clock with 'system_unsync' time source
W20260601 13:41:30.759900 20990 system_unsync_time.cc:38] NTP support is disabled. Clock error bounds will not be accurate. This configuration is not suitable for distributed clusters.
