I20260601 13:42:14.650077 32329 catalog_manager.cc:5696] T ec33e4a007c44a9483e6a712bac124fc P 87dc1526dbbc4f82b0a9f083f83257f2 reported cstate change: config changed from index 3 to 4, VOTER 5e62353b2c45440197c8324b2baf03a4 (127.28.200.2) evicted. New cstate: current_term: 1 leader_uuid: "87dc1526dbbc4f82b0a9f083f83257f2" committed_config { opid_index: 4 OBSOLETE_local: false peers { permanent_uuid: "55146e6cd4b74a00b1fda18311892d55" member_type: VOTER last_known_addr { host: "127.28.200.1" port: 35905 } health_report { overall_health: HEALTHY } } peers { permanent_uuid: "87dc1526dbbc4f82b0a9f083f83257f2" member_type: VOTER last_known_addr { host: "127.28.200.3" port: 44637 } health_report { overall_health: HEALTHY } } peers { permanent_uuid: "d999d3de61d0401dba67b81af0e86436" member_type: VOTER last_known_addr { host: "127.28.200.4" port: 39549 } attrs { promote: false } health_report { overall_health: HEALTHY } } }
I20260601 13:42:14.653124 32495 tablet_service.cc:1558] Processing DeleteTablet for tablet ec33e4a007c44a9483e6a712bac124fc with delete_type TABLET_DATA_TOMBSTONED (TS 5e62353b2c45440197c8324b2baf03a4 not found in new config with opid_index 4) from {username='slave'} at 127.0.0.1:46286
I20260601 13:42:14.653594   386 tablet_replica.cc:333] T ec33e4a007c44a9483e6a712bac124fc P 5e62353b2c45440197c8324b2baf03a4: stopping tablet replica
I20260601 13:42:14.653740   386 raft_consensus.cc:2243] T ec33e4a007c44a9483e6a712bac124fc P 5e62353b2c45440197c8324b2baf03a4 [term 1 FOLLOWER]: Raft consensus shutting down.
I20260601 13:42:14.653880   386 raft_consensus.cc:2272] T ec33e4a007c44a9483e6a712bac124fc P 5e62353b2c45440197c8324b2baf03a4 [term 1 FOLLOWER]: Raft consensus is shut down!
I20260601 13:42:14.654450   386 ts_tablet_manager.cc:1916] T ec33e4a007c44a9483e6a712bac124fc P 5e62353b2c45440197c8324b2baf03a4: Deleting tablet data with delete state TABLET_DATA_TOMBSTONED
I20260601 13:42:14.656323   386 ts_tablet_manager.cc:1929] T ec33e4a007c44a9483e6a712bac124fc P 5e62353b2c45440197c8324b2baf03a4: tablet deleted with delete type TABLET_DATA_TOMBSTONED: last-logged OpId 1.3
I20260601 13:42:14.656389   386 log.cc:1199] T ec33e4a007c44a9483e6a712bac124fc P 5e62353b2c45440197c8324b2baf03a4: Deleting WAL directory at /tmp/dist-test-taskBxZMqn/test-tmp/auto_rebalancer-test.0.AutoRebalancerTest.RangeAwareRebalancesNewRangeReplicas.1780321261469213-29472-0/minicluster-data/ts-1-root/wals/ec33e4a007c44a9483e6a712bac124fc
I20260601 13:42:14.656936 32317 catalog_manager.cc:5027] TS 5e62353b2c45440197c8324b2baf03a4 (127.28.200.2:40845): tablet ec33e4a007c44a9483e6a712bac124fc (table range_aware_rebalance_new_range [id=5eea44521ee04d1aad826461206eec05]) successfully deleted
I20260601 13:42:14.913699 32384 auto_leader_rebalancer.cc:140] leader rebalance for table range_aware_rebalance_new_range
I20260601 13:42:14.916095 32509 tablet_service.cc:2072] Received LeaderStepDown RPC: tablet_id: "c86400130c324437934a8b028a7609de"
dest_uuid: "5e62353b2c45440197c8324b2baf03a4"
mode: GRACEFUL
new_leader_uuid: "87dc1526dbbc4f82b0a9f083f83257f2"
 from {username='slave'} at 127.0.0.1:46326
I20260601 13:42:14.916287 32509 raft_consensus.cc:606] T c86400130c324437934a8b028a7609de P 5e62353b2c45440197c8324b2baf03a4 [term 1 LEADER]: Received request to transfer leadership to TS 87dc1526dbbc4f82b0a9f083f83257f2
I20260601 13:42:14.916806 32384 auto_leader_rebalancer.cc:388] table: range_aware_rebalance_new_range, leader rebalance finish, leader transfer count: 1
I20260601 13:42:14.916978 32384 auto_leader_rebalancer.cc:451] All tables' leader rebalancing finished this round
I20260601 13:42:14.988200 32723 raft_consensus.cc:1217] T 38644537f58e4dfe93658f2c2cf11acc P d999d3de61d0401dba67b81af0e86436 [term 3 LEARNER]: Deduplicated request from leader. Original: 2.3->[3.4-3.4]   Dedup: 3.4->[]
I20260601 13:42:15.085215   387 raft_consensus.cc:993] T c86400130c324437934a8b028a7609de P 5e62353b2c45440197c8324b2baf03a4: : Instructing follower 87dc1526dbbc4f82b0a9f083f83257f2 to start an election
I20260601 13:42:15.085320   387 raft_consensus.cc:1081] T c86400130c324437934a8b028a7609de P 5e62353b2c45440197c8324b2baf03a4 [term 1 LEADER]: Signalling peer 87dc1526dbbc4f82b0a9f083f83257f2 to start an election
I20260601 13:42:15.085762 32584 tablet_service.cc:2044] Received Run Leader Election RPC: tablet_id: "c86400130c324437934a8b028a7609de"
dest_uuid: "87dc1526dbbc4f82b0a9f083f83257f2"
 from {username='slave'} at 127.0.0.1:39642
I20260601 13:42:15.085903 32584 raft_consensus.cc:493] T c86400130c324437934a8b028a7609de P 87dc1526dbbc4f82b0a9f083f83257f2 [term 1 FOLLOWER]: Starting forced leader election (received explicit request)
I20260601 13:42:15.085948 32584 raft_consensus.cc:3060] T c86400130c324437934a8b028a7609de P 87dc1526dbbc4f82b0a9f083f83257f2 [term 1 FOLLOWER]: Advancing to term 2
I20260601 13:42:15.086792 32584 raft_consensus.cc:515] T c86400130c324437934a8b028a7609de P 87dc1526dbbc4f82b0a9f083f83257f2 [term 2 FOLLOWER]: Starting forced leader election with config: opid_index: -1 OBSOLETE_local: false peers { permanent_uuid: "5e62353b2c45440197c8324b2baf03a4" member_type: VOTER last_known_addr { host: "127.28.200.2" port: 40845 } } peers { permanent_uuid: "87dc1526dbbc4f82b0a9f083f83257f2" member_type: VOTER last_known_addr { host: "127.28.200.3" port: 44637 } } peers { permanent_uuid: "d999d3de61d0401dba67b81af0e86436" member_type: VOTER last_known_addr { host: "127.28.200.4" port: 39549 } }
I20260601 13:42:15.087222 32584 leader_election.cc:290] T c86400130c324437934a8b028a7609de P 87dc1526dbbc4f82b0a9f083f83257f2 [CANDIDATE]: Term 2 election: Requested vote from peers 5e62353b2c45440197c8324b2baf03a4 (127.28.200.2:40845), d999d3de61d0401dba67b81af0e86436 (127.28.200.4:39549)
I20260601 13:42:15.087555 32509 tablet_service.cc:1917] Received RequestConsensusVote() RPC: tablet_id: "c86400130c324437934a8b028a7609de" candidate_uuid: "87dc1526dbbc4f82b0a9f083f83257f2" candidate_term: 2 candidate_status { last_received { term: 1 index: 1 } } ignore_live_leader: true dest_uuid: "5e62353b2c45440197c8324b2baf03a4"
I20260601 13:42:15.087616 32723 tablet_service.cc:1917] Received RequestConsensusVote() RPC: tablet_id: "c86400130c324437934a8b028a7609de" candidate_uuid: "87dc1526dbbc4f82b0a9f083f83257f2" candidate_term: 2 candidate_status { last_received { term: 1 index: 1 } } ignore_live_leader: true dest_uuid: "d999d3de61d0401dba67b81af0e86436"
I20260601 13:42:15.087682 32509 raft_consensus.cc:3055] T c86400130c324437934a8b028a7609de P 5e62353b2c45440197c8324b2baf03a4 [term 1 LEADER]: Stepping down as leader of term 1
I20260601 13:42:15.087723 32509 raft_consensus.cc:740] T c86400130c324437934a8b028a7609de P 5e62353b2c45440197c8324b2baf03a4 [term 1 LEADER]: Becoming Follower/Learner. State: Replica: 5e62353b2c45440197c8324b2baf03a4, State: Running, Role: LEADER
I20260601 13:42:15.087728 32723 raft_consensus.cc:3060] T c86400130c324437934a8b028a7609de P d999d3de61d0401dba67b81af0e86436 [term 1 FOLLOWER]: Advancing to term 2
I20260601 13:42:15.087883 32509 consensus_queue.cc:260] T c86400130c324437934a8b028a7609de P 5e62353b2c45440197c8324b2baf03a4 [NON_LEADER]: Queue going to NON_LEADER mode. State: All replicated index: 0, Majority replicated index: 1, Committed index: 1, Last appended: 1.1, Last appended by leader: 1, Current term: 1, Majority size: -1, State: 0, Mode: NON_LEADER, active raft config: opid_index: -1 OBSOLETE_local: false peers { permanent_uuid: "5e62353b2c45440197c8324b2baf03a4" member_type: VOTER last_known_addr { host: "127.28.200.2" port: 40845 } } peers { permanent_uuid: "87dc1526dbbc4f82b0a9f083f83257f2" member_type: VOTER last_known_addr { host: "127.28.200.3" port: 44637 } } peers { permanent_uuid: "d999d3de61d0401dba67b81af0e86436" member_type: VOTER last_known_addr { host: "127.28.200.4" port: 39549 } }
I20260601 13:42:15.088052 32509 raft_consensus.cc:3060] T c86400130c324437934a8b028a7609de P 5e62353b2c45440197c8324b2baf03a4 [term 1 FOLLOWER]: Advancing to term 2
I20260601 13:42:15.088620 32723 raft_consensus.cc:2468] T c86400130c324437934a8b028a7609de P d999d3de61d0401dba67b81af0e86436 [term 2 FOLLOWER]: Leader election vote request: Granting yes vote for candidate 87dc1526dbbc4f82b0a9f083f83257f2 in term 2.
I20260601 13:42:15.088759 32509 raft_consensus.cc:2468] T c86400130c324437934a8b028a7609de P 5e62353b2c45440197c8324b2baf03a4 [term 2 FOLLOWER]: Leader election vote request: Granting yes vote for candidate 87dc1526dbbc4f82b0a9f083f83257f2 in term 2.
I20260601 13:42:15.088968 32550 leader_election.cc:304] T c86400130c324437934a8b028a7609de P 87dc1526dbbc4f82b0a9f083f83257f2 [CANDIDATE]: Term 2 election: Election decided. Result: candidate won. Election summary: received 2 responses out of 3 voters: 2 yes votes; 0 no votes. yes voters: 87dc1526dbbc4f82b0a9f083f83257f2, d999d3de61d0401dba67b81af0e86436; no voters: 
I20260601 13:42:15.089140   377 raft_consensus.cc:2804] T c86400130c324437934a8b028a7609de P 87dc1526dbbc4f82b0a9f083f83257f2 [term 2 FOLLOWER]: Leader election won for term 2
I20260601 13:42:15.089231   377 raft_consensus.cc:697] T c86400130c324437934a8b028a7609de P 87dc1526dbbc4f82b0a9f083f83257f2 [term 2 LEADER]: Becoming Leader. State: Replica: 87dc1526dbbc4f82b0a9f083f83257f2, State: Running, Role: LEADER
I20260601 13:42:15.089370   377 consensus_queue.cc:237] T c86400130c324437934a8b028a7609de P 87dc1526dbbc4f82b0a9f083f83257f2 [LEADER]: Queue going to LEADER mode. State: All replicated index: 0, Majority replicated index: 1, Committed index: 1, Last appended: 1.1, Last appended by leader: 1, Current term: 2, Majority size: 2, State: 0, Mode: LEADER, active raft config: opid_index: -1 OBSOLETE_local: false peers { permanent_uuid: "5e62353b2c45440197c8324b2baf03a4" member_type: VOTER last_known_addr { host: "127.28.200.2" port: 40845 } } peers { permanent_uuid: "87dc1526dbbc4f82b0a9f083f83257f2" member_type: VOTER last_known_addr { host: "127.28.200.3" port: 44637 } } peers { permanent_uuid: "d999d3de61d0401dba67b81af0e86436" member_type: VOTER last_known_addr { host: "127.28.200.4" port: 39549 } }
I20260601 13:42:15.090968 32329 catalog_manager.cc:5696] T c86400130c324437934a8b028a7609de P 87dc1526dbbc4f82b0a9f083f83257f2 reported cstate change: term changed from 1 to 2, leader changed from 5e62353b2c45440197c8324b2baf03a4 (127.28.200.2) to 87dc1526dbbc4f82b0a9f083f83257f2 (127.28.200.3). New cstate: current_term: 2 leader_uuid: "87dc1526dbbc4f82b0a9f083f83257f2" committed_config { opid_index: -1 OBSOLETE_local: false peers { permanent_uuid: "5e62353b2c45440197c8324b2baf03a4" member_type: VOTER last_known_addr { host: "127.28.200.2" port: 40845 } health_report { overall_health: UNKNOWN } } peers { permanent_uuid: "87dc1526dbbc4f82b0a9f083f83257f2" member_type: VOTER last_known_addr { host: "127.28.200.3" port: 44637 } health_report { overall_health: HEALTHY } } peers { permanent_uuid: "d999d3de61d0401dba67b81af0e86436" member_type: VOTER last_known_addr { host: "127.28.200.4" port: 39549 } health_report { overall_health: UNKNOWN } } }
I20260601 13:42:15.510751 32509 raft_consensus.cc:1275] T c86400130c324437934a8b028a7609de P 5e62353b2c45440197c8324b2baf03a4 [term 2 FOLLOWER]: Refusing update from remote peer 87dc1526dbbc4f82b0a9f083f83257f2: Log matching property violated. Preceding OpId in replica: term: 1 index: 1. Preceding OpId from leader: term: 2 index: 2. (index mismatch)
I20260601 13:42:15.511292   377 consensus_queue.cc:1048] T c86400130c324437934a8b028a7609de P 87dc1526dbbc4f82b0a9f083f83257f2 [LEADER]: Connected to new peer: Peer: permanent_uuid: "5e62353b2c45440197c8324b2baf03a4" member_type: VOTER last_known_addr { host: "127.28.200.2" port: 40845 }, Status: LMP_MISMATCH, Last received: 0.0, Next index: 2, Last known committed idx: 1, Time since last communication: 0.000s
I20260601 13:42:15.513662 32723 raft_consensus.cc:1275] T c86400130c324437934a8b028a7609de P d999d3de61d0401dba67b81af0e86436 [term 2 FOLLOWER]: Refusing update from remote peer 87dc1526dbbc4f82b0a9f083f83257f2: Log matching property violated. Preceding OpId in replica: term: 1 index: 1. Preceding OpId from leader: term: 2 index: 2. (index mismatch)
I20260601 13:42:15.514036   335 consensus_queue.cc:1048] T c86400130c324437934a8b028a7609de P 87dc1526dbbc4f82b0a9f083f83257f2 [LEADER]: Connected to new peer: Peer: permanent_uuid: "d999d3de61d0401dba67b81af0e86436" member_type: VOTER last_known_addr { host: "127.28.200.4" port: 39549 }, Status: LMP_MISMATCH, Last received: 0.0, Next index: 2, Last known committed idx: 1, Time since last communication: 0.000s
I20260601 13:42:15.604763   387 raft_consensus.cc:1064] T 38644537f58e4dfe93658f2c2cf11acc P 5e62353b2c45440197c8324b2baf03a4: attempting to promote NON_VOTER d999d3de61d0401dba67b81af0e86436 to VOTER
I20260601 13:42:15.605209   387 consensus_queue.cc:237] T 38644537f58e4dfe93658f2c2cf11acc P 5e62353b2c45440197c8324b2baf03a4 [LEADER]: Queue going to LEADER mode. State: All replicated index: 0, Majority replicated index: 4, Committed index: 4, Last appended: 3.4, Last appended by leader: 3, Current term: 3, Majority size: 3, State: 0, Mode: LEADER, active raft config: opid_index: 5 OBSOLETE_local: false peers { permanent_uuid: "55146e6cd4b74a00b1fda18311892d55" member_type: VOTER last_known_addr { host: "127.28.200.1" port: 35905 } attrs { replace: true } } peers { permanent_uuid: "5e62353b2c45440197c8324b2baf03a4" member_type: VOTER last_known_addr { host: "127.28.200.2" port: 40845 } } peers { permanent_uuid: "87dc1526dbbc4f82b0a9f083f83257f2" member_type: VOTER last_known_addr { host: "127.28.200.3" port: 44637 } } peers { permanent_uuid: "d999d3de61d0401dba67b81af0e86436" member_type: VOTER last_known_addr { host: "127.28.200.4" port: 39549 } attrs { promote: false } }
I20260601 13:42:15.606562 32723 raft_consensus.cc:1275] T 38644537f58e4dfe93658f2c2cf11acc P d999d3de61d0401dba67b81af0e86436 [term 3 LEARNER]: Refusing update from remote peer 5e62353b2c45440197c8324b2baf03a4: Log matching property violated. Preceding OpId in replica: term: 3 index: 4. Preceding OpId from leader: term: 3 index: 5. (index mismatch)
I20260601 13:42:15.606585 32584 raft_consensus.cc:1275] T 38644537f58e4dfe93658f2c2cf11acc P 87dc1526dbbc4f82b0a9f083f83257f2 [term 3 FOLLOWER]: Refusing update from remote peer 5e62353b2c45440197c8324b2baf03a4: Log matching property violated. Preceding OpId in replica: term: 3 index: 4. Preceding OpId from leader: term: 3 index: 5. (index mismatch)
I20260601 13:42:15.606585 32433 raft_consensus.cc:1275] T 38644537f58e4dfe93658f2c2cf11acc P 55146e6cd4b74a00b1fda18311892d55 [term 3 FOLLOWER]: Refusing update from remote peer 5e62353b2c45440197c8324b2baf03a4: Log matching property violated. Preceding OpId in replica: term: 3 index: 4. Preceding OpId from leader: term: 3 index: 5. (index mismatch)
I20260601 13:42:15.607052   396 consensus_queue.cc:1048] T 38644537f58e4dfe93658f2c2cf11acc P 5e62353b2c45440197c8324b2baf03a4 [LEADER]: Connected to new peer: Peer: permanent_uuid: "d999d3de61d0401dba67b81af0e86436" member_type: VOTER last_known_addr { host: "127.28.200.4" port: 39549 } attrs { promote: false }, Status: LMP_MISMATCH, Last received: 0.0, Next index: 5, Last known committed idx: 4, Time since last communication: 0.000s
I20260601 13:42:15.607285   397 consensus_queue.cc:1048] T 38644537f58e4dfe93658f2c2cf11acc P 5e62353b2c45440197c8324b2baf03a4 [LEADER]: Connected to new peer: Peer: permanent_uuid: "87dc1526dbbc4f82b0a9f083f83257f2" member_type: VOTER last_known_addr { host: "127.28.200.3" port: 44637 }, Status: LMP_MISMATCH, Last received: 0.0, Next index: 5, Last known committed idx: 4, Time since last communication: 0.000s
I20260601 13:42:15.607455   387 consensus_queue.cc:1048] T 38644537f58e4dfe93658f2c2cf11acc P 5e62353b2c45440197c8324b2baf03a4 [LEADER]: Connected to new peer: Peer: permanent_uuid: "55146e6cd4b74a00b1fda18311892d55" member_type: VOTER last_known_addr { host: "127.28.200.1" port: 35905 } attrs { replace: true }, Status: LMP_MISMATCH, Last received: 0.0, Next index: 5, Last known committed idx: 4, Time since last communication: 0.000s
I20260601 13:42:15.609658   387 raft_consensus.cc:2955] T 38644537f58e4dfe93658f2c2cf11acc P 5e62353b2c45440197c8324b2baf03a4 [term 3 LEADER]: Committing config change with OpId 3.5: config changed from index 2 to 5, d999d3de61d0401dba67b81af0e86436 (127.28.200.4) changed from NON_VOTER to VOTER. New config: { opid_index: 5 OBSOLETE_local: false peers { permanent_uuid: "55146e6cd4b74a00b1fda18311892d55" member_type: VOTER last_known_addr { host: "127.28.200.1" port: 35905 } attrs { replace: true } } peers { permanent_uuid: "5e62353b2c45440197c8324b2baf03a4" member_type: VOTER last_known_addr { host: "127.28.200.2" port: 40845 } } peers { permanent_uuid: "87dc1526dbbc4f82b0a9f083f83257f2" member_type: VOTER last_known_addr { host: "127.28.200.3" port: 44637 } } peers { permanent_uuid: "d999d3de61d0401dba67b81af0e86436" member_type: VOTER last_known_addr { host: "127.28.200.4" port: 39549 } attrs { promote: false } } }
I20260601 13:42:15.610140 32433 raft_consensus.cc:2955] T 38644537f58e4dfe93658f2c2cf11acc P 55146e6cd4b74a00b1fda18311892d55 [term 3 FOLLOWER]: Committing config change with OpId 3.5: config changed from index 2 to 5, d999d3de61d0401dba67b81af0e86436 (127.28.200.4) changed from NON_VOTER to VOTER. New config: { opid_index: 5 OBSOLETE_local: false peers { permanent_uuid: "55146e6cd4b74a00b1fda18311892d55" member_type: VOTER last_known_addr { host: "127.28.200.1" port: 35905 } attrs { replace: true } } peers { permanent_uuid: "5e62353b2c45440197c8324b2baf03a4" member_type: VOTER last_known_addr { host: "127.28.200.2" port: 40845 } } peers { permanent_uuid: "87dc1526dbbc4f82b0a9f083f83257f2" member_type: VOTER last_known_addr { host: "127.28.200.3" port: 44637 } } peers { permanent_uuid: "d999d3de61d0401dba67b81af0e86436" member_type: VOTER last_known_addr { host: "127.28.200.4" port: 39549 } attrs { promote: false } } }
I20260601 13:42:15.610606 32584 raft_consensus.cc:2955] T 38644537f58e4dfe93658f2c2cf11acc P 87dc1526dbbc4f82b0a9f083f83257f2 [term 3 FOLLOWER]: Committing config change with OpId 3.5: config changed from index 2 to 5, d999d3de61d0401dba67b81af0e86436 (127.28.200.4) changed from NON_VOTER to VOTER. New config: { opid_index: 5 OBSOLETE_local: false peers { permanent_uuid: "55146e6cd4b74a00b1fda18311892d55" member_type: VOTER last_known_addr { host: "127.28.200.1" port: 35905 } attrs { replace: true } } peers { permanent_uuid: "5e62353b2c45440197c8324b2baf03a4" member_type: VOTER last_known_addr { host: "127.28.200.2" port: 40845 } } peers { permanent_uuid: "87dc1526dbbc4f82b0a9f083f83257f2" member_type: VOTER last_known_addr { host: "127.28.200.3" port: 44637 } } peers { permanent_uuid: "d999d3de61d0401dba67b81af0e86436" member_type: VOTER last_known_addr { host: "127.28.200.4" port: 39549 } attrs { promote: false } } }
I20260601 13:42:15.612376 32723 raft_consensus.cc:2955] T 38644537f58e4dfe93658f2c2cf11acc P d999d3de61d0401dba67b81af0e86436 [term 3 FOLLOWER]: Committing config change with OpId 3.5: config changed from index 2 to 5, d999d3de61d0401dba67b81af0e86436 (127.28.200.4) changed from NON_VOTER to VOTER. New config: { opid_index: 5 OBSOLETE_local: false peers { permanent_uuid: "55146e6cd4b74a00b1fda18311892d55" member_type: VOTER last_known_addr { host: "127.28.200.1" port: 35905 } attrs { replace: true } } peers { permanent_uuid: "5e62353b2c45440197c8324b2baf03a4" member_type: VOTER last_known_addr { host: "127.28.200.2" port: 40845 } } peers { permanent_uuid: "87dc1526dbbc4f82b0a9f083f83257f2" member_type: VOTER last_known_addr { host: "127.28.200.3" port: 44637 } } peers { permanent_uuid: "d999d3de61d0401dba67b81af0e86436" member_type: VOTER last_known_addr { host: "127.28.200.4" port: 39549 } attrs { promote: false } } }
I20260601 13:42:15.612754 32329 catalog_manager.cc:5696] T 38644537f58e4dfe93658f2c2cf11acc P 5e62353b2c45440197c8324b2baf03a4 reported cstate change: config changed from index 2 to 5, d999d3de61d0401dba67b81af0e86436 (127.28.200.4) changed from NON_VOTER to VOTER. New cstate: current_term: 3 leader_uuid: "5e62353b2c45440197c8324b2baf03a4" committed_config { opid_index: 5 OBSOLETE_local: false peers { permanent_uuid: "55146e6cd4b74a00b1fda18311892d55" member_type: VOTER last_known_addr { host: "127.28.200.1" port: 35905 } attrs { replace: true } health_report { overall_health: HEALTHY } } peers { permanent_uuid: "5e62353b2c45440197c8324b2baf03a4" member_type: VOTER last_known_addr { host: "127.28.200.2" port: 40845 } health_report { overall_health: HEALTHY } } peers { permanent_uuid: "87dc1526dbbc4f82b0a9f083f83257f2" member_type: VOTER last_known_addr { host: "127.28.200.3" port: 44637 } health_report { overall_health: HEALTHY } } peers { permanent_uuid: "d999d3de61d0401dba67b81af0e86436" member_type: VOTER last_known_addr { host: "127.28.200.4" port: 39549 } attrs { promote: false } health_report { overall_health: HEALTHY } } }
I20260601 13:42:15.616626 32509 consensus_queue.cc:237] T 38644537f58e4dfe93658f2c2cf11acc P 5e62353b2c45440197c8324b2baf03a4 [LEADER]: Queue going to LEADER mode. State: All replicated index: 0, Majority replicated index: 5, Committed index: 5, Last appended: 3.5, Last appended by leader: 3, Current term: 3, Majority size: 2, State: 0, Mode: LEADER, active raft config: opid_index: 6 OBSOLETE_local: false peers { permanent_uuid: "5e62353b2c45440197c8324b2baf03a4" member_type: VOTER last_known_addr { host: "127.28.200.2" port: 40845 } } peers { permanent_uuid: "87dc1526dbbc4f82b0a9f083f83257f2" member_type: VOTER last_known_addr { host: "127.28.200.3" port: 44637 } } peers { permanent_uuid: "d999d3de61d0401dba67b81af0e86436" member_type: VOTER last_known_addr { host: "127.28.200.4" port: 39549 } attrs { promote: false } }
I20260601 13:42:15.617795 32584 raft_consensus.cc:1275] T 38644537f58e4dfe93658f2c2cf11acc P 87dc1526dbbc4f82b0a9f083f83257f2 [term 3 FOLLOWER]: Refusing update from remote peer 5e62353b2c45440197c8324b2baf03a4: Log matching property violated. Preceding OpId in replica: term: 3 index: 5. Preceding OpId from leader: term: 3 index: 6. (index mismatch)
I20260601 13:42:15.617795 32723 raft_consensus.cc:1275] T 38644537f58e4dfe93658f2c2cf11acc P d999d3de61d0401dba67b81af0e86436 [term 3 FOLLOWER]: Refusing update from remote peer 5e62353b2c45440197c8324b2baf03a4: Log matching property violated. Preceding OpId in replica: term: 3 index: 5. Preceding OpId from leader: term: 3 index: 6. (index mismatch)
I20260601 13:42:15.618193   397 consensus_queue.cc:1048] T 38644537f58e4dfe93658f2c2cf11acc P 5e62353b2c45440197c8324b2baf03a4 [LEADER]: Connected to new peer: Peer: permanent_uuid: "87dc1526dbbc4f82b0a9f083f83257f2" member_type: VOTER last_known_addr { host: "127.28.200.3" port: 44637 }, Status: LMP_MISMATCH, Last received: 0.0, Next index: 6, Last known committed idx: 5, Time since last communication: 0.000s
I20260601 13:42:15.618389   396 consensus_queue.cc:1048] T 38644537f58e4dfe93658f2c2cf11acc P 5e62353b2c45440197c8324b2baf03a4 [LEADER]: Connected to new peer: Peer: permanent_uuid: "d999d3de61d0401dba67b81af0e86436" member_type: VOTER last_known_addr { host: "127.28.200.4" port: 39549 } attrs { promote: false }, Status: LMP_MISMATCH, Last received: 0.0, Next index: 6, Last known committed idx: 5, Time since last communication: 0.000s
I20260601 13:42:15.619782   387 raft_consensus.cc:2955] T 38644537f58e4dfe93658f2c2cf11acc P 5e62353b2c45440197c8324b2baf03a4 [term 3 LEADER]: Committing config change with OpId 3.6: config changed from index 5 to 6, VOTER 55146e6cd4b74a00b1fda18311892d55 (127.28.200.1) evicted. New config: { opid_index: 6 OBSOLETE_local: false peers { permanent_uuid: "5e62353b2c45440197c8324b2baf03a4" member_type: VOTER last_known_addr { host: "127.28.200.2" port: 40845 } } peers { permanent_uuid: "87dc1526dbbc4f82b0a9f083f83257f2" member_type: VOTER last_known_addr { host: "127.28.200.3" port: 44637 } } peers { permanent_uuid: "d999d3de61d0401dba67b81af0e86436" member_type: VOTER last_known_addr { host: "127.28.200.4" port: 39549 } attrs { promote: false } } }
I20260601 13:42:15.620213 32723 raft_consensus.cc:2955] T 38644537f58e4dfe93658f2c2cf11acc P d999d3de61d0401dba67b81af0e86436 [term 3 FOLLOWER]: Committing config change with OpId 3.6: config changed from index 5 to 6, VOTER 55146e6cd4b74a00b1fda18311892d55 (127.28.200.1) evicted. New config: { opid_index: 6 OBSOLETE_local: false peers { permanent_uuid: "5e62353b2c45440197c8324b2baf03a4" member_type: VOTER last_known_addr { host: "127.28.200.2" port: 40845 } } peers { permanent_uuid: "87dc1526dbbc4f82b0a9f083f83257f2" member_type: VOTER last_known_addr { host: "127.28.200.3" port: 44637 } } peers { permanent_uuid: "d999d3de61d0401dba67b81af0e86436" member_type: VOTER last_known_addr { host: "127.28.200.4" port: 39549 } attrs { promote: false } } }
I20260601 13:42:15.621397 32317 catalog_manager.cc:5209] ChangeConfig:REMOVE_PEER RPC for tablet 38644537f58e4dfe93658f2c2cf11acc with cas_config_opid_index 5: ChangeConfig:REMOVE_PEER succeeded (attempt 1)
I20260601 13:42:15.621711 32584 raft_consensus.cc:2955] T 38644537f58e4dfe93658f2c2cf11acc P 87dc1526dbbc4f82b0a9f083f83257f2 [term 3 FOLLOWER]: Committing config change with OpId 3.6: config changed from index 5 to 6, VOTER 55146e6cd4b74a00b1fda18311892d55 (127.28.200.1) evicted. New config: { opid_index: 6 OBSOLETE_local: false peers { permanent_uuid: "5e62353b2c45440197c8324b2baf03a4" member_type: VOTER last_known_addr { host: "127.28.200.2" port: 40845 } } peers { permanent_uuid: "87dc1526dbbc4f82b0a9f083f83257f2" member_type: VOTER last_known_addr { host: "127.28.200.3" port: 44637 } } peers { permanent_uuid: "d999d3de61d0401dba67b81af0e86436" member_type: VOTER last_known_addr { host: "127.28.200.4" port: 39549 } attrs { promote: false } } }
I20260601 13:42:15.622268 32328 catalog_manager.cc:5696] T 38644537f58e4dfe93658f2c2cf11acc P d999d3de61d0401dba67b81af0e86436 reported cstate change: config changed from index 5 to 6, VOTER 55146e6cd4b74a00b1fda18311892d55 (127.28.200.1) evicted. New cstate: current_term: 3 leader_uuid: "5e62353b2c45440197c8324b2baf03a4" committed_config { opid_index: 6 OBSOLETE_local: false peers { permanent_uuid: "5e62353b2c45440197c8324b2baf03a4" member_type: VOTER last_known_addr { host: "127.28.200.2" port: 40845 } } peers { permanent_uuid: "87dc1526dbbc4f82b0a9f083f83257f2" member_type: VOTER last_known_addr { host: "127.28.200.3" port: 44637 } } peers { permanent_uuid: "d999d3de61d0401dba67b81af0e86436" member_type: VOTER last_known_addr { host: "127.28.200.4" port: 39549 } attrs { promote: false } } }
I20260601 13:42:15.624775 32422 tablet_service.cc:1558] Processing DeleteTablet for tablet 38644537f58e4dfe93658f2c2cf11acc with delete_type TABLET_DATA_TOMBSTONED (TS 55146e6cd4b74a00b1fda18311892d55 not found in new config with opid_index 6) from {username='slave'} at 127.0.0.1:46486
I20260601 13:42:15.625178   404 tablet_replica.cc:333] T 38644537f58e4dfe93658f2c2cf11acc P 55146e6cd4b74a00b1fda18311892d55: stopping tablet replica
I20260601 13:42:15.625384   404 raft_consensus.cc:2243] T 38644537f58e4dfe93658f2c2cf11acc P 55146e6cd4b74a00b1fda18311892d55 [term 3 FOLLOWER]: Raft consensus shutting down.
I20260601 13:42:15.625550   404 raft_consensus.cc:2272] T 38644537f58e4dfe93658f2c2cf11acc P 55146e6cd4b74a00b1fda18311892d55 [term 3 FOLLOWER]: Raft consensus is shut down!
I20260601 13:42:15.626312   404 ts_tablet_manager.cc:1916] T 38644537f58e4dfe93658f2c2cf11acc P 55146e6cd4b74a00b1fda18311892d55: Deleting tablet data with delete state TABLET_DATA_TOMBSTONED
I20260601 13:42:15.628376   404 ts_tablet_manager.cc:1929] T 38644537f58e4dfe93658f2c2cf11acc P 55146e6cd4b74a00b1fda18311892d55: tablet deleted with delete type TABLET_DATA_TOMBSTONED: last-logged OpId 3.5
I20260601 13:42:15.628453   404 log.cc:1199] T 38644537f58e4dfe93658f2c2cf11acc P 55146e6cd4b74a00b1fda18311892d55: Deleting WAL directory at /tmp/dist-test-taskBxZMqn/test-tmp/auto_rebalancer-test.0.AutoRebalancerTest.RangeAwareRebalancesNewRangeReplicas.1780321261469213-29472-0/minicluster-data/ts-0-root/wals/38644537f58e4dfe93658f2c2cf11acc
I20260601 13:42:15.629175 32314 catalog_manager.cc:5027] TS 55146e6cd4b74a00b1fda18311892d55 (127.28.200.1:35905): tablet 38644537f58e4dfe93658f2c2cf11acc (table range_aware_rebalance_new_range [id=5eea44521ee04d1aad826461206eec05]) successfully deleted
I20260601 13:42:15.656910 32433 consensus_queue.cc:237] T af3f117f31084a58b519c6064d26842b P 55146e6cd4b74a00b1fda18311892d55 [LEADER]: Queue going to LEADER mode. State: All replicated index: 0, Majority replicated index: 2, Committed index: 2, Last appended: 2.2, Last appended by leader: 1, Current term: 2, Majority size: 2, State: 0, Mode: LEADER, active raft config: opid_index: 3 OBSOLETE_local: false peers { permanent_uuid: "55146e6cd4b74a00b1fda18311892d55" member_type: VOTER last_known_addr { host: "127.28.200.1" port: 35905 } } peers { permanent_uuid: "5e62353b2c45440197c8324b2baf03a4" member_type: VOTER last_known_addr { host: "127.28.200.2" port: 40845 } } peers { permanent_uuid: "87dc1526dbbc4f82b0a9f083f83257f2" member_type: VOTER last_known_addr { host: "127.28.200.3" port: 44637 } attrs { replace: true } } peers { permanent_uuid: "d999d3de61d0401dba67b81af0e86436" member_type: NON_VOTER last_known_addr { host: "127.28.200.4" port: 39549 } attrs { promote: true } }
I20260601 13:42:15.658551 32584 raft_consensus.cc:1275] T af3f117f31084a58b519c6064d26842b P 87dc1526dbbc4f82b0a9f083f83257f2 [term 2 FOLLOWER]: Refusing update from remote peer 55146e6cd4b74a00b1fda18311892d55: Log matching property violated. Preceding OpId in replica: term: 2 index: 2. Preceding OpId from leader: term: 2 index: 3. (index mismatch)
I20260601 13:42:15.658510 32509 raft_consensus.cc:1275] T af3f117f31084a58b519c6064d26842b P 5e62353b2c45440197c8324b2baf03a4 [term 2 FOLLOWER]: Refusing update from remote peer 55146e6cd4b74a00b1fda18311892d55: Log matching property violated. Preceding OpId in replica: term: 2 index: 2. Preceding OpId from leader: term: 2 index: 3. (index mismatch)
W20260601 13:42:15.658680 32399 consensus_peers.cc:597] T af3f117f31084a58b519c6064d26842b P 55146e6cd4b74a00b1fda18311892d55 -> Peer d999d3de61d0401dba67b81af0e86436 (127.28.200.4:39549): Couldn't send request to peer d999d3de61d0401dba67b81af0e86436. Error code: TABLET_NOT_FOUND (6). Status: Not found: Tablet not found: af3f117f31084a58b519c6064d26842b. This is attempt 1: this message will repeat every 5th retry.
I20260601 13:42:15.659001   407 consensus_queue.cc:1048] T af3f117f31084a58b519c6064d26842b P 55146e6cd4b74a00b1fda18311892d55 [LEADER]: Connected to new peer: Peer: permanent_uuid: "87dc1526dbbc4f82b0a9f083f83257f2" member_type: VOTER last_known_addr { host: "127.28.200.3" port: 44637 } attrs { replace: true }, Status: LMP_MISMATCH, Last received: 0.0, Next index: 3, Last known committed idx: 2, Time since last communication: 0.000s
I20260601 13:42:15.659224   406 consensus_queue.cc:1048] T af3f117f31084a58b519c6064d26842b P 55146e6cd4b74a00b1fda18311892d55 [LEADER]: Connected to new peer: Peer: permanent_uuid: "5e62353b2c45440197c8324b2baf03a4" member_type: VOTER last_known_addr { host: "127.28.200.2" port: 40845 }, Status: LMP_MISMATCH, Last received: 0.0, Next index: 3, Last known committed idx: 2, Time since last communication: 0.000s
I20260601 13:42:15.660904 32652 raft_consensus.cc:2955] T af3f117f31084a58b519c6064d26842b P 55146e6cd4b74a00b1fda18311892d55 [term 2 LEADER]: Committing config change with OpId 2.3: config changed from index -1 to 3, NON_VOTER d999d3de61d0401dba67b81af0e86436 (127.28.200.4) added. New config: { opid_index: 3 OBSOLETE_local: false peers { permanent_uuid: "55146e6cd4b74a00b1fda18311892d55" member_type: VOTER last_known_addr { host: "127.28.200.1" port: 35905 } } peers { permanent_uuid: "5e62353b2c45440197c8324b2baf03a4" member_type: VOTER last_known_addr { host: "127.28.200.2" port: 40845 } } peers { permanent_uuid: "87dc1526dbbc4f82b0a9f083f83257f2" member_type: VOTER last_known_addr { host: "127.28.200.3" port: 44637 } attrs { replace: true } } peers { permanent_uuid: "d999d3de61d0401dba67b81af0e86436" member_type: NON_VOTER last_known_addr { host: "127.28.200.4" port: 39549 } attrs { promote: true } } }
I20260601 13:42:15.661407 32509 raft_consensus.cc:2955] T af3f117f31084a58b519c6064d26842b P 5e62353b2c45440197c8324b2baf03a4 [term 2 FOLLOWER]: Committing config change with OpId 2.3: config changed from index -1 to 3, NON_VOTER d999d3de61d0401dba67b81af0e86436 (127.28.200.4) added. New config: { opid_index: 3 OBSOLETE_local: false peers { permanent_uuid: "55146e6cd4b74a00b1fda18311892d55" member_type: VOTER last_known_addr { host: "127.28.200.1" port: 35905 } } peers { permanent_uuid: "5e62353b2c45440197c8324b2baf03a4" member_type: VOTER last_known_addr { host: "127.28.200.2" port: 40845 } } peers { permanent_uuid: "87dc1526dbbc4f82b0a9f083f83257f2" member_type: VOTER last_known_addr { host: "127.28.200.3" port: 44637 } attrs { replace: true } } peers { permanent_uuid: "d999d3de61d0401dba67b81af0e86436" member_type: NON_VOTER last_known_addr { host: "127.28.200.4" port: 39549 } attrs { promote: true } } }
I20260601 13:42:15.661407 32584 raft_consensus.cc:2955] T af3f117f31084a58b519c6064d26842b P 87dc1526dbbc4f82b0a9f083f83257f2 [term 2 FOLLOWER]: Committing config change with OpId 2.3: config changed from index -1 to 3, NON_VOTER d999d3de61d0401dba67b81af0e86436 (127.28.200.4) added. New config: { opid_index: 3 OBSOLETE_local: false peers { permanent_uuid: "55146e6cd4b74a00b1fda18311892d55" member_type: VOTER last_known_addr { host: "127.28.200.1" port: 35905 } } peers { permanent_uuid: "5e62353b2c45440197c8324b2baf03a4" member_type: VOTER last_known_addr { host: "127.28.200.2" port: 40845 } } peers { permanent_uuid: "87dc1526dbbc4f82b0a9f083f83257f2" member_type: VOTER last_known_addr { host: "127.28.200.3" port: 44637 } attrs { replace: true } } peers { permanent_uuid: "d999d3de61d0401dba67b81af0e86436" member_type: NON_VOTER last_known_addr { host: "127.28.200.4" port: 39549 } attrs { promote: true } } }
I20260601 13:42:15.663372 32327 catalog_manager.cc:5696] T af3f117f31084a58b519c6064d26842b P 55146e6cd4b74a00b1fda18311892d55 reported cstate change: config changed from index -1 to 3, NON_VOTER d999d3de61d0401dba67b81af0e86436 (127.28.200.4) added. New cstate: current_term: 2 leader_uuid: "55146e6cd4b74a00b1fda18311892d55" committed_config { opid_index: 3 OBSOLETE_local: false peers { permanent_uuid: "55146e6cd4b74a00b1fda18311892d55" member_type: VOTER last_known_addr { host: "127.28.200.1" port: 35905 } health_report { overall_health: HEALTHY } } peers { permanent_uuid: "5e62353b2c45440197c8324b2baf03a4" member_type: VOTER last_known_addr { host: "127.28.200.2" port: 40845 } health_report { overall_health: HEALTHY } } peers { permanent_uuid: "87dc1526dbbc4f82b0a9f083f83257f2" member_type: VOTER last_known_addr { host: "127.28.200.3" port: 44637 } attrs { replace: true } health_report { overall_health: HEALTHY } } peers { permanent_uuid: "d999d3de61d0401dba67b81af0e86436" member_type: NON_VOTER last_known_addr { host: "127.28.200.4" port: 39549 } attrs { promote: true } health_report { overall_health: UNKNOWN } } }
I20260601 13:42:15.663532 32584 consensus_queue.cc:237] T 3b686dfe927f4490b942018a47d90448 P 87dc1526dbbc4f82b0a9f083f83257f2 [LEADER]: Queue going to LEADER mode. State: All replicated index: 0, Majority replicated index: 1, Committed index: 1, Last appended: 1.1, Last appended by leader: 0, Current term: 1, Majority size: 2, State: 0, Mode: LEADER, active raft config: opid_index: 2 OBSOLETE_local: false peers { permanent_uuid: "55146e6cd4b74a00b1fda18311892d55" member_type: VOTER last_known_addr { host: "127.28.200.1" port: 35905 } attrs { replace: true } } peers { permanent_uuid: "5e62353b2c45440197c8324b2baf03a4" member_type: VOTER last_known_addr { host: "127.28.200.2" port: 40845 } } peers { permanent_uuid: "87dc1526dbbc4f82b0a9f083f83257f2" member_type: VOTER last_known_addr { host: "127.28.200.3" port: 44637 } } peers { permanent_uuid: "d999d3de61d0401dba67b81af0e86436" member_type: NON_VOTER last_known_addr { host: "127.28.200.4" port: 39549 } attrs { promote: true } }
I20260601 13:42:15.665117 32509 raft_consensus.cc:1275] T 3b686dfe927f4490b942018a47d90448 P 5e62353b2c45440197c8324b2baf03a4 [term 1 FOLLOWER]: Refusing update from remote peer 87dc1526dbbc4f82b0a9f083f83257f2: Log matching property violated. Preceding OpId in replica: term: 1 index: 1. Preceding OpId from leader: term: 1 index: 2. (index mismatch)
W20260601 13:42:15.665406 32550 consensus_peers.cc:597] T 3b686dfe927f4490b942018a47d90448 P 87dc1526dbbc4f82b0a9f083f83257f2 -> Peer d999d3de61d0401dba67b81af0e86436 (127.28.200.4:39549): Couldn't send request to peer d999d3de61d0401dba67b81af0e86436. Error code: TABLET_NOT_FOUND (6). Status: Not found: Tablet not found: 3b686dfe927f4490b942018a47d90448. This is attempt 1: this message will repeat every 5th retry.
I20260601 13:42:15.665971 32433 raft_consensus.cc:1275] T 3b686dfe927f4490b942018a47d90448 P 55146e6cd4b74a00b1fda18311892d55 [term 1 FOLLOWER]: Refusing update from remote peer 87dc1526dbbc4f82b0a9f083f83257f2: Log matching property violated. Preceding OpId in replica: term: 1 index: 1. Preceding OpId from leader: term: 1 index: 2. (index mismatch)
I20260601 13:42:15.666572   411 consensus_queue.cc:1048] T 3b686dfe927f4490b942018a47d90448 P 87dc1526dbbc4f82b0a9f083f83257f2 [LEADER]: Connected to new peer: Peer: permanent_uuid: "55146e6cd4b74a00b1fda18311892d55" member_type: VOTER last_known_addr { host: "127.28.200.1" port: 35905 } attrs { replace: true }, Status: LMP_MISMATCH, Last received: 0.0, Next index: 2, Last known committed idx: 1, Time since last communication: 0.000s
I20260601 13:42:15.666764   377 consensus_queue.cc:1048] T 3b686dfe927f4490b942018a47d90448 P 87dc1526dbbc4f82b0a9f083f83257f2 [LEADER]: Connected to new peer: Peer: permanent_uuid: "5e62353b2c45440197c8324b2baf03a4" member_type: VOTER last_known_addr { host: "127.28.200.2" port: 40845 }, Status: LMP_MISMATCH, Last received: 0.0, Next index: 2, Last known committed idx: 1, Time since last communication: 0.000s
I20260601 13:42:15.668744   335 raft_consensus.cc:2955] T 3b686dfe927f4490b942018a47d90448 P 87dc1526dbbc4f82b0a9f083f83257f2 [term 1 LEADER]: Committing config change with OpId 1.2: config changed from index -1 to 2, NON_VOTER d999d3de61d0401dba67b81af0e86436 (127.28.200.4) added. New config: { opid_index: 2 OBSOLETE_local: false peers { permanent_uuid: "55146e6cd4b74a00b1fda18311892d55" member_type: VOTER last_known_addr { host: "127.28.200.1" port: 35905 } attrs { replace: true } } peers { permanent_uuid: "5e62353b2c45440197c8324b2baf03a4" member_type: VOTER last_known_addr { host: "127.28.200.2" port: 40845 } } peers { permanent_uuid: "87dc1526dbbc4f82b0a9f083f83257f2" member_type: VOTER last_known_addr { host: "127.28.200.3" port: 44637 } } peers { permanent_uuid: "d999d3de61d0401dba67b81af0e86436" member_type: NON_VOTER last_known_addr { host: "127.28.200.4" port: 39549 } attrs { promote: true } } }
I20260601 13:42:15.669157 32509 raft_consensus.cc:2955] T 3b686dfe927f4490b942018a47d90448 P 5e62353b2c45440197c8324b2baf03a4 [term 1 FOLLOWER]: Committing config change with OpId 1.2: config changed from index -1 to 2, NON_VOTER d999d3de61d0401dba67b81af0e86436 (127.28.200.4) added. New config: { opid_index: 2 OBSOLETE_local: false peers { permanent_uuid: "55146e6cd4b74a00b1fda18311892d55" member_type: VOTER last_known_addr { host: "127.28.200.1" port: 35905 } attrs { replace: true } } peers { permanent_uuid: "5e62353b2c45440197c8324b2baf03a4" member_type: VOTER last_known_addr { host: "127.28.200.2" port: 40845 } } peers { permanent_uuid: "87dc1526dbbc4f82b0a9f083f83257f2" member_type: VOTER last_known_addr { host: "127.28.200.3" port: 44637 } } peers { permanent_uuid: "d999d3de61d0401dba67b81af0e86436" member_type: NON_VOTER last_known_addr { host: "127.28.200.4" port: 39549 } attrs { promote: true } } }
I20260601 13:42:15.669157 32433 raft_consensus.cc:2955] T 3b686dfe927f4490b942018a47d90448 P 55146e6cd4b74a00b1fda18311892d55 [term 1 FOLLOWER]: Committing config change with OpId 1.2: config changed from index -1 to 2, NON_VOTER d999d3de61d0401dba67b81af0e86436 (127.28.200.4) added. New config: { opid_index: 2 OBSOLETE_local: false peers { permanent_uuid: "55146e6cd4b74a00b1fda18311892d55" member_type: VOTER last_known_addr { host: "127.28.200.1" port: 35905 } attrs { replace: true } } peers { permanent_uuid: "5e62353b2c45440197c8324b2baf03a4" member_type: VOTER last_known_addr { host: "127.28.200.2" port: 40845 } } peers { permanent_uuid: "87dc1526dbbc4f82b0a9f083f83257f2" member_type: VOTER last_known_addr { host: "127.28.200.3" port: 44637 } } peers { permanent_uuid: "d999d3de61d0401dba67b81af0e86436" member_type: NON_VOTER last_known_addr { host: "127.28.200.4" port: 39549 } attrs { promote: true } } }
I20260601 13:42:15.671325 32509 consensus_queue.cc:237] T e9e3c62abe234720aa71d23accf10f70 P 5e62353b2c45440197c8324b2baf03a4 [LEADER]: Queue going to LEADER mode. State: All replicated index: 0, Majority replicated index: 1, Committed index: 1, Last appended: 1.1, Last appended by leader: 0, Current term: 1, Majority size: 2, State: 0, Mode: LEADER, active raft config: opid_index: 2 OBSOLETE_local: false peers { permanent_uuid: "55146e6cd4b74a00b1fda18311892d55" member_type: VOTER last_known_addr { host: "127.28.200.1" port: 35905 } } peers { permanent_uuid: "d999d3de61d0401dba67b81af0e86436" member_type: VOTER last_known_addr { host: "127.28.200.4" port: 39549 } attrs { replace: true } } peers { permanent_uuid: "5e62353b2c45440197c8324b2baf03a4" member_type: VOTER last_known_addr { host: "127.28.200.2" port: 40845 } } peers { permanent_uuid: "87dc1526dbbc4f82b0a9f083f83257f2" member_type: NON_VOTER last_known_addr { host: "127.28.200.3" port: 44637 } attrs { promote: true } }
I20260601 13:42:15.671450 32330 catalog_manager.cc:5696] T 3b686dfe927f4490b942018a47d90448 P 5e62353b2c45440197c8324b2baf03a4 reported cstate change: config changed from index -1 to 2, NON_VOTER d999d3de61d0401dba67b81af0e86436 (127.28.200.4) added. New cstate: current_term: 1 leader_uuid: "87dc1526dbbc4f82b0a9f083f83257f2" committed_config { opid_index: 2 OBSOLETE_local: false peers { permanent_uuid: "55146e6cd4b74a00b1fda18311892d55" member_type: VOTER last_known_addr { host: "127.28.200.1" port: 35905 } attrs { replace: true } } peers { permanent_uuid: "5e62353b2c45440197c8324b2baf03a4" member_type: VOTER last_known_addr { host: "127.28.200.2" port: 40845 } } peers { permanent_uuid: "87dc1526dbbc4f82b0a9f083f83257f2" member_type: VOTER last_known_addr { host: "127.28.200.3" port: 44637 } } peers { permanent_uuid: "d999d3de61d0401dba67b81af0e86436" member_type: NON_VOTER last_known_addr { host: "127.28.200.4" port: 39549 } attrs { promote: true } } }
I20260601 13:42:15.672852 32433 raft_consensus.cc:1275] T e9e3c62abe234720aa71d23accf10f70 P 55146e6cd4b74a00b1fda18311892d55 [term 1 FOLLOWER]: Refusing update from remote peer 5e62353b2c45440197c8324b2baf03a4: Log matching property violated. Preceding OpId in replica: term: 1 index: 1. Preceding OpId from leader: term: 1 index: 2. (index mismatch)
I20260601 13:42:15.673152   396 consensus_queue.cc:1048] T e9e3c62abe234720aa71d23accf10f70 P 5e62353b2c45440197c8324b2baf03a4 [LEADER]: Connected to new peer: Peer: permanent_uuid: "55146e6cd4b74a00b1fda18311892d55" member_type: VOTER last_known_addr { host: "127.28.200.1" port: 35905 }, Status: LMP_MISMATCH, Last received: 0.0, Next index: 2, Last known committed idx: 1, Time since last communication: 0.000s
I20260601 13:42:15.673195 32723 raft_consensus.cc:1275] T e9e3c62abe234720aa71d23accf10f70 P d999d3de61d0401dba67b81af0e86436 [term 1 FOLLOWER]: Refusing update from remote peer 5e62353b2c45440197c8324b2baf03a4: Log matching property violated. Preceding OpId in replica: term: 1 index: 1. Preceding OpId from leader: term: 1 index: 2. (index mismatch)
W20260601 13:42:15.673682 32474 consensus_peers.cc:597] T e9e3c62abe234720aa71d23accf10f70 P 5e62353b2c45440197c8324b2baf03a4 -> Peer 87dc1526dbbc4f82b0a9f083f83257f2 (127.28.200.3:44637): Couldn't send request to peer 87dc1526dbbc4f82b0a9f083f83257f2. Error code: TABLET_NOT_FOUND (6). Status: Not found: Tablet not found: e9e3c62abe234720aa71d23accf10f70. This is attempt 1: this message will repeat every 5th retry.
I20260601 13:42:15.673700   396 consensus_queue.cc:1048] T e9e3c62abe234720aa71d23accf10f70 P 5e62353b2c45440197c8324b2baf03a4 [LEADER]: Connected to new peer: Peer: permanent_uuid: "d999d3de61d0401dba67b81af0e86436" member_type: VOTER last_known_addr { host: "127.28.200.4" port: 39549 } attrs { replace: true }, Status: LMP_MISMATCH, Last received: 0.0, Next index: 2, Last known committed idx: 1, Time since last communication: 0.000s
I20260601 13:42:15.675690   387 raft_consensus.cc:2955] T e9e3c62abe234720aa71d23accf10f70 P 5e62353b2c45440197c8324b2baf03a4 [term 1 LEADER]: Committing config change with OpId 1.2: config changed from index -1 to 2, NON_VOTER 87dc1526dbbc4f82b0a9f083f83257f2 (127.28.200.3) added. New config: { opid_index: 2 OBSOLETE_local: false peers { permanent_uuid: "55146e6cd4b74a00b1fda18311892d55" member_type: VOTER last_known_addr { host: "127.28.200.1" port: 35905 } } peers { permanent_uuid: "d999d3de61d0401dba67b81af0e86436" member_type: VOTER last_known_addr { host: "127.28.200.4" port: 39549 } attrs { replace: true } } peers { permanent_uuid: "5e62353b2c45440197c8324b2baf03a4" member_type: VOTER last_known_addr { host: "127.28.200.2" port: 40845 } } peers { permanent_uuid: "87dc1526dbbc4f82b0a9f083f83257f2" member_type: NON_VOTER last_known_addr { host: "127.28.200.3" port: 44637 } attrs { promote: true } } }
I20260601 13:42:15.676079 32433 raft_consensus.cc:2955] T e9e3c62abe234720aa71d23accf10f70 P 55146e6cd4b74a00b1fda18311892d55 [term 1 FOLLOWER]: Committing config change with OpId 1.2: config changed from index -1 to 2, NON_VOTER 87dc1526dbbc4f82b0a9f083f83257f2 (127.28.200.3) added. New config: { opid_index: 2 OBSOLETE_local: false peers { permanent_uuid: "55146e6cd4b74a00b1fda18311892d55" member_type: VOTER last_known_addr { host: "127.28.200.1" port: 35905 } } peers { permanent_uuid: "d999d3de61d0401dba67b81af0e86436" member_type: VOTER last_known_addr { host: "127.28.200.4" port: 39549 } attrs { replace: true } } peers { permanent_uuid: "5e62353b2c45440197c8324b2baf03a4" member_type: VOTER last_known_addr { host: "127.28.200.2" port: 40845 } } peers { permanent_uuid: "87dc1526dbbc4f82b0a9f083f83257f2" member_type: NON_VOTER last_known_addr { host: "127.28.200.3" port: 44637 } attrs { promote: true } } }
I20260601 13:42:15.676079 32723 raft_consensus.cc:2955] T e9e3c62abe234720aa71d23accf10f70 P d999d3de61d0401dba67b81af0e86436 [term 1 FOLLOWER]: Committing config change with OpId 1.2: config changed from index -1 to 2, NON_VOTER 87dc1526dbbc4f82b0a9f083f83257f2 (127.28.200.3) added. New config: { opid_index: 2 OBSOLETE_local: false peers { permanent_uuid: "55146e6cd4b74a00b1fda18311892d55" member_type: VOTER last_known_addr { host: "127.28.200.1" port: 35905 } } peers { permanent_uuid: "d999d3de61d0401dba67b81af0e86436" member_type: VOTER last_known_addr { host: "127.28.200.4" port: 39549 } attrs { replace: true } } peers { permanent_uuid: "5e62353b2c45440197c8324b2baf03a4" member_type: VOTER last_known_addr { host: "127.28.200.2" port: 40845 } } peers { permanent_uuid: "87dc1526dbbc4f82b0a9f083f83257f2" member_type: NON_VOTER last_known_addr { host: "127.28.200.3" port: 44637 } attrs { promote: true } } }
I20260601 13:42:15.677781 32328 catalog_manager.cc:5696] T e9e3c62abe234720aa71d23accf10f70 P 5e62353b2c45440197c8324b2baf03a4 reported cstate change: config changed from index -1 to 2, NON_VOTER 87dc1526dbbc4f82b0a9f083f83257f2 (127.28.200.3) added. New cstate: current_term: 1 leader_uuid: "5e62353b2c45440197c8324b2baf03a4" committed_config { opid_index: 2 OBSOLETE_local: false peers { permanent_uuid: "55146e6cd4b74a00b1fda18311892d55" member_type: VOTER last_known_addr { host: "127.28.200.1" port: 35905 } health_report { overall_health: HEALTHY } } peers { permanent_uuid: "d999d3de61d0401dba67b81af0e86436" member_type: VOTER last_known_addr { host: "127.28.200.4" port: 39549 } attrs { replace: true } health_report { overall_health: HEALTHY } } peers { permanent_uuid: "5e62353b2c45440197c8324b2baf03a4" member_type: VOTER last_known_addr { host: "127.28.200.2" port: 40845 } health_report { overall_health: HEALTHY } } peers { permanent_uuid: "87dc1526dbbc4f82b0a9f083f83257f2" member_type: NON_VOTER last_known_addr { host: "127.28.200.3" port: 44637 } attrs { promote: true } health_report { overall_health: UNKNOWN } } }
I20260601 13:42:15.678499 32433 consensus_queue.cc:237] T 35686cfa65284d8f83216da32208c671 P 55146e6cd4b74a00b1fda18311892d55 [LEADER]: Queue going to LEADER mode. State: All replicated index: 0, Majority replicated index: 2, Committed index: 2, Last appended: 2.2, Last appended by leader: 1, Current term: 2, Majority size: 2, State: 0, Mode: LEADER, active raft config: opid_index: 3 OBSOLETE_local: false peers { permanent_uuid: "55146e6cd4b74a00b1fda18311892d55" member_type: VOTER last_known_addr { host: "127.28.200.1" port: 35905 } } peers { permanent_uuid: "5e62353b2c45440197c8324b2baf03a4" member_type: VOTER last_known_addr { host: "127.28.200.2" port: 40845 } } peers { permanent_uuid: "87dc1526dbbc4f82b0a9f083f83257f2" member_type: VOTER last_known_addr { host: "127.28.200.3" port: 44637 } attrs { replace: true } } peers { permanent_uuid: "d999d3de61d0401dba67b81af0e86436" member_type: NON_VOTER last_known_addr { host: "127.28.200.4" port: 39549 } attrs { promote: true } }
