I20260601 13:42:10.566303 20401 consensus_queue.cc:260] T 0758cbd7229549b1b9ded789ef6921d1 P e86dc6e5decf4c169ed5582a0fbdec70 [NON_LEADER]: Queue going to NON_LEADER mode. State: All replicated index: 0, Majority replicated index: 0, Committed index: 2, Last appended: 1.2, Last appended by leader: 2, Current term: 0, Majority size: -1, State: 0, Mode: NON_LEADER, active raft config: opid_index: 2 OBSOLETE_local: false peers { permanent_uuid: "3a07a3f30457432c8a614c4e921438ff" member_type: VOTER last_known_addr { host: "127.16.166.66" port: 36767 } attrs { replace: true } } peers { permanent_uuid: "d9951c55873a4e9cbe5027bc18f645ad" member_type: VOTER last_known_addr { host: "127.16.166.65" port: 43281 } } peers { permanent_uuid: "1476f1f1edc941928822465239923bfe" member_type: VOTER last_known_addr { host: "127.16.166.67" port: 39783 } } peers { permanent_uuid: "e86dc6e5decf4c169ed5582a0fbdec70" member_type: NON_VOTER last_known_addr { host: "127.16.166.68" port: 44525 } attrs { promote: true } }
I20260601 13:42:10.566599 20401 ts_tablet_manager.cc:1434] T 0758cbd7229549b1b9ded789ef6921d1 P e86dc6e5decf4c169ed5582a0fbdec70: Time spent starting tablet: real 0.001s	user 0.000s	sys 0.000s
I20260601 13:42:10.567160 20010 tablet_copy_service.cc:342] P d9951c55873a4e9cbe5027bc18f645ad: Request end of tablet copy session e86dc6e5decf4c169ed5582a0fbdec70-0758cbd7229549b1b9ded789ef6921d1 received from {username='slave'} at 127.0.0.1:59186
I20260601 13:42:10.567256 20010 tablet_copy_service.cc:434] P d9951c55873a4e9cbe5027bc18f645ad: ending tablet copy session e86dc6e5decf4c169ed5582a0fbdec70-0758cbd7229549b1b9ded789ef6921d1 on tablet 0758cbd7229549b1b9ded789ef6921d1 with peer e86dc6e5decf4c169ed5582a0fbdec70
I20260601 13:42:10.581785 20401 ts_tablet_manager.cc:933] T 9812270ce3eb47d9bbe4a74993194e05 P e86dc6e5decf4c169ed5582a0fbdec70: Initiating tablet copy from peer 3a07a3f30457432c8a614c4e921438ff (127.16.166.66:36767)
I20260601 13:42:10.582302 20401 tablet_copy_client.cc:323] T 9812270ce3eb47d9bbe4a74993194e05 P e86dc6e5decf4c169ed5582a0fbdec70: tablet copy: Beginning tablet copy session from remote peer at address 127.16.166.66:36767
I20260601 13:42:10.582846 20086 tablet_copy_service.cc:140] P 3a07a3f30457432c8a614c4e921438ff: Received BeginTabletCopySession request for tablet 9812270ce3eb47d9bbe4a74993194e05 from peer e86dc6e5decf4c169ed5582a0fbdec70 ({username='slave'} at 127.0.0.1:43870)
I20260601 13:42:10.582970 20086 tablet_copy_service.cc:161] P 3a07a3f30457432c8a614c4e921438ff: Beginning new tablet copy session on tablet 9812270ce3eb47d9bbe4a74993194e05 from peer e86dc6e5decf4c169ed5582a0fbdec70 at {username='slave'} at 127.0.0.1:43870: session id = e86dc6e5decf4c169ed5582a0fbdec70-9812270ce3eb47d9bbe4a74993194e05
I20260601 13:42:10.583796 20086 tablet_copy_source_session.cc:215] T 9812270ce3eb47d9bbe4a74993194e05 P 3a07a3f30457432c8a614c4e921438ff: Tablet Copy: opened 0 blocks and 1 log segments
I20260601 13:42:10.584601 20401 data_dirs.cc:400] Could only allocate 1 dirs of requested 3 for tablet 9812270ce3eb47d9bbe4a74993194e05. 1 dirs total, 0 dirs full, 0 dirs failed
I20260601 13:42:10.586314 20401 tablet_copy_client.cc:806] T 9812270ce3eb47d9bbe4a74993194e05 P e86dc6e5decf4c169ed5582a0fbdec70: tablet copy: Starting download of 0 data blocks...
I20260601 13:42:10.586488 20401 tablet_copy_client.cc:670] T 9812270ce3eb47d9bbe4a74993194e05 P e86dc6e5decf4c169ed5582a0fbdec70: tablet copy: Starting download of 1 WAL segments...
I20260601 13:42:10.587635 20401 tablet_copy_client.cc:538] T 9812270ce3eb47d9bbe4a74993194e05 P e86dc6e5decf4c169ed5582a0fbdec70: tablet copy: Tablet Copy complete. Replacing tablet superblock.
I20260601 13:42:10.589387 20401 tablet_bootstrap.cc:492] T 9812270ce3eb47d9bbe4a74993194e05 P e86dc6e5decf4c169ed5582a0fbdec70: Bootstrap starting.
I20260601 13:42:10.593092 20401 tablet_bootstrap.cc:492] T 9812270ce3eb47d9bbe4a74993194e05 P e86dc6e5decf4c169ed5582a0fbdec70: Bootstrap replayed 1/1 log segments. Stats: ops{read=2 overwritten=0 applied=2 ignored=0} inserts{seen=0 ignored=0} mutations{seen=0 ignored=0} orphaned_commits=0. Pending: 0 replicates
I20260601 13:42:10.593355 20401 tablet_bootstrap.cc:492] T 9812270ce3eb47d9bbe4a74993194e05 P e86dc6e5decf4c169ed5582a0fbdec70: Bootstrap complete.
I20260601 13:42:10.593554 20401 ts_tablet_manager.cc:1403] T 9812270ce3eb47d9bbe4a74993194e05 P e86dc6e5decf4c169ed5582a0fbdec70: Time spent bootstrapping tablet: real 0.004s	user 0.000s	sys 0.004s
I20260601 13:42:10.593991 20401 raft_consensus.cc:359] T 9812270ce3eb47d9bbe4a74993194e05 P e86dc6e5decf4c169ed5582a0fbdec70 [term 1 LEARNER]: Replica starting. Triggering 0 pending ops. Active config: opid_index: 2 OBSOLETE_local: false peers { permanent_uuid: "d9951c55873a4e9cbe5027bc18f645ad" member_type: VOTER last_known_addr { host: "127.16.166.65" port: 43281 } attrs { replace: true } } peers { permanent_uuid: "3a07a3f30457432c8a614c4e921438ff" member_type: VOTER last_known_addr { host: "127.16.166.66" port: 36767 } } peers { permanent_uuid: "1476f1f1edc941928822465239923bfe" member_type: VOTER last_known_addr { host: "127.16.166.67" port: 39783 } } peers { permanent_uuid: "e86dc6e5decf4c169ed5582a0fbdec70" member_type: NON_VOTER last_known_addr { host: "127.16.166.68" port: 44525 } attrs { promote: true } }
I20260601 13:42:10.594101 20401 raft_consensus.cc:740] T 9812270ce3eb47d9bbe4a74993194e05 P e86dc6e5decf4c169ed5582a0fbdec70 [term 1 LEARNER]: Becoming Follower/Learner. State: Replica: e86dc6e5decf4c169ed5582a0fbdec70, State: Initialized, Role: LEARNER
I20260601 13:42:10.594211 20401 consensus_queue.cc:260] T 9812270ce3eb47d9bbe4a74993194e05 P e86dc6e5decf4c169ed5582a0fbdec70 [NON_LEADER]: Queue going to NON_LEADER mode. State: All replicated index: 0, Majority replicated index: 0, Committed index: 2, Last appended: 1.2, Last appended by leader: 2, Current term: 0, Majority size: -1, State: 0, Mode: NON_LEADER, active raft config: opid_index: 2 OBSOLETE_local: false peers { permanent_uuid: "d9951c55873a4e9cbe5027bc18f645ad" member_type: VOTER last_known_addr { host: "127.16.166.65" port: 43281 } attrs { replace: true } } peers { permanent_uuid: "3a07a3f30457432c8a614c4e921438ff" member_type: VOTER last_known_addr { host: "127.16.166.66" port: 36767 } } peers { permanent_uuid: "1476f1f1edc941928822465239923bfe" member_type: VOTER last_known_addr { host: "127.16.166.67" port: 39783 } } peers { permanent_uuid: "e86dc6e5decf4c169ed5582a0fbdec70" member_type: NON_VOTER last_known_addr { host: "127.16.166.68" port: 44525 } attrs { promote: true } }
I20260601 13:42:10.594533 20401 ts_tablet_manager.cc:1434] T 9812270ce3eb47d9bbe4a74993194e05 P e86dc6e5decf4c169ed5582a0fbdec70: Time spent starting tablet: real 0.001s	user 0.000s	sys 0.000s
I20260601 13:42:10.595207 20086 tablet_copy_service.cc:342] P 3a07a3f30457432c8a614c4e921438ff: Request end of tablet copy session e86dc6e5decf4c169ed5582a0fbdec70-9812270ce3eb47d9bbe4a74993194e05 received from {username='slave'} at 127.0.0.1:43870
I20260601 13:42:10.595306 20086 tablet_copy_service.cc:434] P 3a07a3f30457432c8a614c4e921438ff: ending tablet copy session e86dc6e5decf4c169ed5582a0fbdec70-9812270ce3eb47d9bbe4a74993194e05 on tablet 9812270ce3eb47d9bbe4a74993194e05 with peer e86dc6e5decf4c169ed5582a0fbdec70
I20260601 13:42:10.729683 20075 raft_consensus.cc:1275] T 35a176bc1ae546bbba3daf6b1602c5bc P 3a07a3f30457432c8a614c4e921438ff [term 2 FOLLOWER]: Refusing update from remote peer 1476f1f1edc941928822465239923bfe: Log matching property violated. Preceding OpId in replica: term: 1 index: 1. Preceding OpId from leader: term: 2 index: 2. (index mismatch)
I20260601 13:42:10.730450 20241 consensus_queue.cc:1048] T 35a176bc1ae546bbba3daf6b1602c5bc P 1476f1f1edc941928822465239923bfe [LEADER]: Connected to new peer: Peer: permanent_uuid: "3a07a3f30457432c8a614c4e921438ff" member_type: VOTER last_known_addr { host: "127.16.166.66" port: 36767 }, Status: LMP_MISMATCH, Last received: 0.0, Next index: 2, Last known committed idx: 1, Time since last communication: 0.000s
I20260601 13:42:10.734406 20291 raft_consensus.cc:1275] T 35a176bc1ae546bbba3daf6b1602c5bc P e86dc6e5decf4c169ed5582a0fbdec70 [term 2 FOLLOWER]: Refusing update from remote peer 1476f1f1edc941928822465239923bfe: Log matching property violated. Preceding OpId in replica: term: 1 index: 1. Preceding OpId from leader: term: 2 index: 2. (index mismatch)
I20260601 13:42:10.735090 20241 consensus_queue.cc:1048] T 35a176bc1ae546bbba3daf6b1602c5bc P 1476f1f1edc941928822465239923bfe [LEADER]: Connected to new peer: Peer: permanent_uuid: "e86dc6e5decf4c169ed5582a0fbdec70" member_type: VOTER last_known_addr { host: "127.16.166.68" port: 44525 }, Status: LMP_MISMATCH, Last received: 0.0, Next index: 2, Last known committed idx: 1, Time since last communication: 0.000s
I20260601 13:42:10.955663 20291 raft_consensus.cc:1217] T 43711078c6c04e718deed6f76aad5590 P e86dc6e5decf4c169ed5582a0fbdec70 [term 1 LEARNER]: Deduplicated request from leader. Original: 1.1->[1.2-1.2]   Dedup: 1.2->[]
I20260601 13:42:10.975580 20291 raft_consensus.cc:1217] T 9812270ce3eb47d9bbe4a74993194e05 P e86dc6e5decf4c169ed5582a0fbdec70 [term 1 LEARNER]: Deduplicated request from leader. Original: 1.1->[1.2-1.2]   Dedup: 1.2->[]
I20260601 13:42:11.106976 20291 raft_consensus.cc:1217] T 49381dc113ff4d6abb5e15a616df0647 P e86dc6e5decf4c169ed5582a0fbdec70 [term 1 LEARNER]: Deduplicated request from leader. Original: 1.1->[1.2-1.2]   Dedup: 1.2->[]
I20260601 13:42:11.115720 20291 raft_consensus.cc:1217] T 0758cbd7229549b1b9ded789ef6921d1 P e86dc6e5decf4c169ed5582a0fbdec70 [term 1 LEARNER]: Deduplicated request from leader. Original: 1.1->[1.2-1.2]   Dedup: 1.2->[]
I20260601 13:42:11.447574 20201 raft_consensus.cc:1064] T 9812270ce3eb47d9bbe4a74993194e05 P 3a07a3f30457432c8a614c4e921438ff: attempting to promote NON_VOTER e86dc6e5decf4c169ed5582a0fbdec70 to VOTER
I20260601 13:42:11.448020 20201 consensus_queue.cc:237] T 9812270ce3eb47d9bbe4a74993194e05 P 3a07a3f30457432c8a614c4e921438ff [LEADER]: Queue going to LEADER mode. State: All replicated index: 0, Majority replicated index: 2, Committed index: 2, Last appended: 1.2, Last appended by leader: 0, Current term: 1, Majority size: 3, State: 0, Mode: LEADER, active raft config: opid_index: 3 OBSOLETE_local: false peers { permanent_uuid: "d9951c55873a4e9cbe5027bc18f645ad" member_type: VOTER last_known_addr { host: "127.16.166.65" port: 43281 } attrs { replace: true } } peers { permanent_uuid: "3a07a3f30457432c8a614c4e921438ff" member_type: VOTER last_known_addr { host: "127.16.166.66" port: 36767 } } peers { permanent_uuid: "1476f1f1edc941928822465239923bfe" member_type: VOTER last_known_addr { host: "127.16.166.67" port: 39783 } } peers { permanent_uuid: "e86dc6e5decf4c169ed5582a0fbdec70" member_type: VOTER last_known_addr { host: "127.16.166.68" port: 44525 } attrs { promote: false } }
I20260601 13:42:11.449452 20291 raft_consensus.cc:1275] T 9812270ce3eb47d9bbe4a74993194e05 P e86dc6e5decf4c169ed5582a0fbdec70 [term 1 LEARNER]: Refusing update from remote peer 3a07a3f30457432c8a614c4e921438ff: Log matching property violated. Preceding OpId in replica: term: 1 index: 2. Preceding OpId from leader: term: 1 index: 3. (index mismatch)
I20260601 13:42:11.449576 20150 raft_consensus.cc:1275] T 9812270ce3eb47d9bbe4a74993194e05 P 1476f1f1edc941928822465239923bfe [term 1 FOLLOWER]: Refusing update from remote peer 3a07a3f30457432c8a614c4e921438ff: Log matching property violated. Preceding OpId in replica: term: 1 index: 2. Preceding OpId from leader: term: 1 index: 3. (index mismatch)
I20260601 13:42:11.449856 19999 raft_consensus.cc:1275] T 9812270ce3eb47d9bbe4a74993194e05 P d9951c55873a4e9cbe5027bc18f645ad [term 1 FOLLOWER]: Refusing update from remote peer 3a07a3f30457432c8a614c4e921438ff: Log matching property violated. Preceding OpId in replica: term: 1 index: 2. Preceding OpId from leader: term: 1 index: 3. (index mismatch)
I20260601 13:42:11.449857 20412 consensus_queue.cc:1048] T 9812270ce3eb47d9bbe4a74993194e05 P 3a07a3f30457432c8a614c4e921438ff [LEADER]: Connected to new peer: Peer: permanent_uuid: "e86dc6e5decf4c169ed5582a0fbdec70" member_type: VOTER last_known_addr { host: "127.16.166.68" port: 44525 } attrs { promote: false }, Status: LMP_MISMATCH, Last received: 0.0, Next index: 3, Last known committed idx: 2, Time since last communication: 0.000s
I20260601 13:42:11.450160 20364 consensus_queue.cc:1048] T 9812270ce3eb47d9bbe4a74993194e05 P 3a07a3f30457432c8a614c4e921438ff [LEADER]: Connected to new peer: Peer: permanent_uuid: "1476f1f1edc941928822465239923bfe" member_type: VOTER last_known_addr { host: "127.16.166.67" port: 39783 }, Status: LMP_MISMATCH, Last received: 0.0, Next index: 3, Last known committed idx: 2, Time since last communication: 0.000s
I20260601 13:42:11.450337 20229 consensus_queue.cc:1048] T 9812270ce3eb47d9bbe4a74993194e05 P 3a07a3f30457432c8a614c4e921438ff [LEADER]: Connected to new peer: Peer: permanent_uuid: "d9951c55873a4e9cbe5027bc18f645ad" member_type: VOTER last_known_addr { host: "127.16.166.65" port: 43281 } attrs { replace: true }, Status: LMP_MISMATCH, Last received: 0.0, Next index: 3, Last known committed idx: 2, Time since last communication: 0.000s
I20260601 13:42:11.452525 20364 raft_consensus.cc:2955] T 9812270ce3eb47d9bbe4a74993194e05 P 3a07a3f30457432c8a614c4e921438ff [term 1 LEADER]: Committing config change with OpId 1.3: config changed from index 2 to 3, e86dc6e5decf4c169ed5582a0fbdec70 (127.16.166.68) changed from NON_VOTER to VOTER. New config: { opid_index: 3 OBSOLETE_local: false peers { permanent_uuid: "d9951c55873a4e9cbe5027bc18f645ad" member_type: VOTER last_known_addr { host: "127.16.166.65" port: 43281 } attrs { replace: true } } peers { permanent_uuid: "3a07a3f30457432c8a614c4e921438ff" member_type: VOTER last_known_addr { host: "127.16.166.66" port: 36767 } } peers { permanent_uuid: "1476f1f1edc941928822465239923bfe" member_type: VOTER last_known_addr { host: "127.16.166.67" port: 39783 } } peers { permanent_uuid: "e86dc6e5decf4c169ed5582a0fbdec70" member_type: VOTER last_known_addr { host: "127.16.166.68" port: 44525 } attrs { promote: false } } }
I20260601 13:42:11.453198 20291 raft_consensus.cc:2955] T 9812270ce3eb47d9bbe4a74993194e05 P e86dc6e5decf4c169ed5582a0fbdec70 [term 1 FOLLOWER]: Committing config change with OpId 1.3: config changed from index 2 to 3, e86dc6e5decf4c169ed5582a0fbdec70 (127.16.166.68) changed from NON_VOTER to VOTER. New config: { opid_index: 3 OBSOLETE_local: false peers { permanent_uuid: "d9951c55873a4e9cbe5027bc18f645ad" member_type: VOTER last_known_addr { host: "127.16.166.65" port: 43281 } attrs { replace: true } } peers { permanent_uuid: "3a07a3f30457432c8a614c4e921438ff" member_type: VOTER last_known_addr { host: "127.16.166.66" port: 36767 } } peers { permanent_uuid: "1476f1f1edc941928822465239923bfe" member_type: VOTER last_known_addr { host: "127.16.166.67" port: 39783 } } peers { permanent_uuid: "e86dc6e5decf4c169ed5582a0fbdec70" member_type: VOTER last_known_addr { host: "127.16.166.68" port: 44525 } attrs { promote: false } } }
I20260601 13:42:11.453218 20150 raft_consensus.cc:2955] T 9812270ce3eb47d9bbe4a74993194e05 P 1476f1f1edc941928822465239923bfe [term 1 FOLLOWER]: Committing config change with OpId 1.3: config changed from index 2 to 3, e86dc6e5decf4c169ed5582a0fbdec70 (127.16.166.68) changed from NON_VOTER to VOTER. New config: { opid_index: 3 OBSOLETE_local: false peers { permanent_uuid: "d9951c55873a4e9cbe5027bc18f645ad" member_type: VOTER last_known_addr { host: "127.16.166.65" port: 43281 } attrs { replace: true } } peers { permanent_uuid: "3a07a3f30457432c8a614c4e921438ff" member_type: VOTER last_known_addr { host: "127.16.166.66" port: 36767 } } peers { permanent_uuid: "1476f1f1edc941928822465239923bfe" member_type: VOTER last_known_addr { host: "127.16.166.67" port: 39783 } } peers { permanent_uuid: "e86dc6e5decf4c169ed5582a0fbdec70" member_type: VOTER last_known_addr { host: "127.16.166.68" port: 44525 } attrs { promote: false } } }
I20260601 13:42:11.454844 19999 raft_consensus.cc:2955] T 9812270ce3eb47d9bbe4a74993194e05 P d9951c55873a4e9cbe5027bc18f645ad [term 1 FOLLOWER]: Committing config change with OpId 1.3: config changed from index 2 to 3, e86dc6e5decf4c169ed5582a0fbdec70 (127.16.166.68) changed from NON_VOTER to VOTER. New config: { opid_index: 3 OBSOLETE_local: false peers { permanent_uuid: "d9951c55873a4e9cbe5027bc18f645ad" member_type: VOTER last_known_addr { host: "127.16.166.65" port: 43281 } attrs { replace: true } } peers { permanent_uuid: "3a07a3f30457432c8a614c4e921438ff" member_type: VOTER last_known_addr { host: "127.16.166.66" port: 36767 } } peers { permanent_uuid: "1476f1f1edc941928822465239923bfe" member_type: VOTER last_known_addr { host: "127.16.166.67" port: 39783 } } peers { permanent_uuid: "e86dc6e5decf4c169ed5582a0fbdec70" member_type: VOTER last_known_addr { host: "127.16.166.68" port: 44525 } attrs { promote: false } } }
I20260601 13:42:11.456842 19894 catalog_manager.cc:5696] T 9812270ce3eb47d9bbe4a74993194e05 P 1476f1f1edc941928822465239923bfe reported cstate change: config changed from index 2 to 3, e86dc6e5decf4c169ed5582a0fbdec70 (127.16.166.68) changed from NON_VOTER to VOTER. New cstate: current_term: 1 leader_uuid: "3a07a3f30457432c8a614c4e921438ff" committed_config { opid_index: 3 OBSOLETE_local: false peers { permanent_uuid: "d9951c55873a4e9cbe5027bc18f645ad" member_type: VOTER last_known_addr { host: "127.16.166.65" port: 43281 } attrs { replace: true } } peers { permanent_uuid: "3a07a3f30457432c8a614c4e921438ff" member_type: VOTER last_known_addr { host: "127.16.166.66" port: 36767 } } peers { permanent_uuid: "1476f1f1edc941928822465239923bfe" member_type: VOTER last_known_addr { host: "127.16.166.67" port: 39783 } } peers { permanent_uuid: "e86dc6e5decf4c169ed5582a0fbdec70" member_type: VOTER last_known_addr { host: "127.16.166.68" port: 44525 } attrs { promote: false } } }
I20260601 13:42:11.462627 20076 consensus_queue.cc:237] T 9812270ce3eb47d9bbe4a74993194e05 P 3a07a3f30457432c8a614c4e921438ff [LEADER]: Queue going to LEADER mode. State: All replicated index: 0, Majority replicated index: 3, Committed index: 3, Last appended: 1.3, Last appended by leader: 0, Current term: 1, Majority size: 2, State: 0, Mode: LEADER, active raft config: opid_index: 4 OBSOLETE_local: false peers { permanent_uuid: "3a07a3f30457432c8a614c4e921438ff" member_type: VOTER last_known_addr { host: "127.16.166.66" port: 36767 } } peers { permanent_uuid: "1476f1f1edc941928822465239923bfe" member_type: VOTER last_known_addr { host: "127.16.166.67" port: 39783 } } peers { permanent_uuid: "e86dc6e5decf4c169ed5582a0fbdec70" member_type: VOTER last_known_addr { host: "127.16.166.68" port: 44525 } attrs { promote: false } }
I20260601 13:42:11.463840 20291 raft_consensus.cc:1275] T 9812270ce3eb47d9bbe4a74993194e05 P e86dc6e5decf4c169ed5582a0fbdec70 [term 1 FOLLOWER]: Refusing update from remote peer 3a07a3f30457432c8a614c4e921438ff: Log matching property violated. Preceding OpId in replica: term: 1 index: 3. Preceding OpId from leader: term: 1 index: 4. (index mismatch)
I20260601 13:42:11.463848 20150 raft_consensus.cc:1275] T 9812270ce3eb47d9bbe4a74993194e05 P 1476f1f1edc941928822465239923bfe [term 1 FOLLOWER]: Refusing update from remote peer 3a07a3f30457432c8a614c4e921438ff: Log matching property violated. Preceding OpId in replica: term: 1 index: 3. Preceding OpId from leader: term: 1 index: 4. (index mismatch)
I20260601 13:42:11.464171 20229 consensus_queue.cc:1048] T 9812270ce3eb47d9bbe4a74993194e05 P 3a07a3f30457432c8a614c4e921438ff [LEADER]: Connected to new peer: Peer: permanent_uuid: "e86dc6e5decf4c169ed5582a0fbdec70" member_type: VOTER last_known_addr { host: "127.16.166.68" port: 44525 } attrs { promote: false }, Status: LMP_MISMATCH, Last received: 0.0, Next index: 4, Last known committed idx: 3, Time since last communication: 0.000s
I20260601 13:42:11.464356 20201 consensus_queue.cc:1048] T 9812270ce3eb47d9bbe4a74993194e05 P 3a07a3f30457432c8a614c4e921438ff [LEADER]: Connected to new peer: Peer: permanent_uuid: "1476f1f1edc941928822465239923bfe" member_type: VOTER last_known_addr { host: "127.16.166.67" port: 39783 }, Status: LMP_MISMATCH, Last received: 0.0, Next index: 4, Last known committed idx: 3, Time since last communication: 0.000s
I20260601 13:42:11.466037 20364 raft_consensus.cc:2955] T 9812270ce3eb47d9bbe4a74993194e05 P 3a07a3f30457432c8a614c4e921438ff [term 1 LEADER]: Committing config change with OpId 1.4: config changed from index 3 to 4, VOTER d9951c55873a4e9cbe5027bc18f645ad (127.16.166.65) evicted. New config: { opid_index: 4 OBSOLETE_local: false peers { permanent_uuid: "3a07a3f30457432c8a614c4e921438ff" member_type: VOTER last_known_addr { host: "127.16.166.66" port: 36767 } } peers { permanent_uuid: "1476f1f1edc941928822465239923bfe" member_type: VOTER last_known_addr { host: "127.16.166.67" port: 39783 } } peers { permanent_uuid: "e86dc6e5decf4c169ed5582a0fbdec70" member_type: VOTER last_known_addr { host: "127.16.166.68" port: 44525 } attrs { promote: false } } }
I20260601 13:42:11.466466 20291 raft_consensus.cc:2955] T 9812270ce3eb47d9bbe4a74993194e05 P e86dc6e5decf4c169ed5582a0fbdec70 [term 1 FOLLOWER]: Committing config change with OpId 1.4: config changed from index 3 to 4, VOTER d9951c55873a4e9cbe5027bc18f645ad (127.16.166.65) evicted. New config: { opid_index: 4 OBSOLETE_local: false peers { permanent_uuid: "3a07a3f30457432c8a614c4e921438ff" member_type: VOTER last_known_addr { host: "127.16.166.66" port: 36767 } } peers { permanent_uuid: "1476f1f1edc941928822465239923bfe" member_type: VOTER last_known_addr { host: "127.16.166.67" port: 39783 } } peers { permanent_uuid: "e86dc6e5decf4c169ed5582a0fbdec70" member_type: VOTER last_known_addr { host: "127.16.166.68" port: 44525 } attrs { promote: false } } }
I20260601 13:42:11.466490 20150 raft_consensus.cc:2955] T 9812270ce3eb47d9bbe4a74993194e05 P 1476f1f1edc941928822465239923bfe [term 1 FOLLOWER]: Committing config change with OpId 1.4: config changed from index 3 to 4, VOTER d9951c55873a4e9cbe5027bc18f645ad (127.16.166.65) evicted. New config: { opid_index: 4 OBSOLETE_local: false peers { permanent_uuid: "3a07a3f30457432c8a614c4e921438ff" member_type: VOTER last_known_addr { host: "127.16.166.66" port: 36767 } } peers { permanent_uuid: "1476f1f1edc941928822465239923bfe" member_type: VOTER last_known_addr { host: "127.16.166.67" port: 39783 } } peers { permanent_uuid: "e86dc6e5decf4c169ed5582a0fbdec70" member_type: VOTER last_known_addr { host: "127.16.166.68" port: 44525 } attrs { promote: false } } }
I20260601 13:42:11.468025 19882 catalog_manager.cc:5209] ChangeConfig:REMOVE_PEER RPC for tablet 9812270ce3eb47d9bbe4a74993194e05 with cas_config_opid_index 3: ChangeConfig:REMOVE_PEER succeeded (attempt 1)
I20260601 13:42:11.468971 19896 catalog_manager.cc:5696] T 9812270ce3eb47d9bbe4a74993194e05 P 3a07a3f30457432c8a614c4e921438ff reported cstate change: config changed from index 3 to 4, VOTER d9951c55873a4e9cbe5027bc18f645ad (127.16.166.65) evicted. New cstate: current_term: 1 leader_uuid: "3a07a3f30457432c8a614c4e921438ff" committed_config { opid_index: 4 OBSOLETE_local: false peers { permanent_uuid: "3a07a3f30457432c8a614c4e921438ff" member_type: VOTER last_known_addr { host: "127.16.166.66" port: 36767 } health_report { overall_health: HEALTHY } } peers { permanent_uuid: "1476f1f1edc941928822465239923bfe" member_type: VOTER last_known_addr { host: "127.16.166.67" port: 39783 } health_report { overall_health: HEALTHY } } peers { permanent_uuid: "e86dc6e5decf4c169ed5582a0fbdec70" member_type: VOTER last_known_addr { host: "127.16.166.68" port: 44525 } attrs { promote: false } health_report { overall_health: HEALTHY } } }
I20260601 13:42:11.471884 19988 tablet_service.cc:1558] Processing DeleteTablet for tablet 9812270ce3eb47d9bbe4a74993194e05 with delete_type TABLET_DATA_TOMBSTONED (TS d9951c55873a4e9cbe5027bc18f645ad not found in new config with opid_index 4) from {username='slave'} at 127.0.0.1:59156
I20260601 13:42:11.472363 20420 tablet_replica.cc:333] T 9812270ce3eb47d9bbe4a74993194e05 P d9951c55873a4e9cbe5027bc18f645ad: stopping tablet replica
I20260601 13:42:11.472501 20420 raft_consensus.cc:2243] T 9812270ce3eb47d9bbe4a74993194e05 P d9951c55873a4e9cbe5027bc18f645ad [term 1 FOLLOWER]: Raft consensus shutting down.
I20260601 13:42:11.472695 20420 raft_consensus.cc:2272] T 9812270ce3eb47d9bbe4a74993194e05 P d9951c55873a4e9cbe5027bc18f645ad [term 1 FOLLOWER]: Raft consensus is shut down!
I20260601 13:42:11.473268 20420 ts_tablet_manager.cc:1916] T 9812270ce3eb47d9bbe4a74993194e05 P d9951c55873a4e9cbe5027bc18f645ad: Deleting tablet data with delete state TABLET_DATA_TOMBSTONED
I20260601 13:42:11.475266 20420 ts_tablet_manager.cc:1929] T 9812270ce3eb47d9bbe4a74993194e05 P d9951c55873a4e9cbe5027bc18f645ad: tablet deleted with delete type TABLET_DATA_TOMBSTONED: last-logged OpId 1.3
I20260601 13:42:11.475360 20420 log.cc:1199] T 9812270ce3eb47d9bbe4a74993194e05 P d9951c55873a4e9cbe5027bc18f645ad: Deleting WAL directory at /tmp/dist-test-taskSh7doJ/test-tmp/auto_rebalancer-test.0.AutoRebalancerTest.RangeAwareRebalancesNewRangeReplicas.1780321260923477-17049-0/minicluster-data/ts-0-root/wals/9812270ce3eb47d9bbe4a74993194e05
I20260601 13:42:11.475919 19883 catalog_manager.cc:5027] TS d9951c55873a4e9cbe5027bc18f645ad (127.16.166.65:43281): tablet 9812270ce3eb47d9bbe4a74993194e05 (table range_aware_rebalance_new_range [id=dba0d391299c4abeb6b6c99273bc7451]) successfully deleted
I20260601 13:42:11.494666 20241 raft_consensus.cc:1064] T 43711078c6c04e718deed6f76aad5590 P 1476f1f1edc941928822465239923bfe: attempting to promote NON_VOTER e86dc6e5decf4c169ed5582a0fbdec70 to VOTER
I20260601 13:42:11.495191 20241 consensus_queue.cc:237] T 43711078c6c04e718deed6f76aad5590 P 1476f1f1edc941928822465239923bfe [LEADER]: Queue going to LEADER mode. State: All replicated index: 0, Majority replicated index: 2, Committed index: 2, Last appended: 1.2, Last appended by leader: 0, Current term: 1, Majority size: 3, State: 0, Mode: LEADER, active raft config: opid_index: 3 OBSOLETE_local: false peers { permanent_uuid: "d9951c55873a4e9cbe5027bc18f645ad" member_type: VOTER last_known_addr { host: "127.16.166.65" port: 43281 } attrs { replace: true } } peers { permanent_uuid: "3a07a3f30457432c8a614c4e921438ff" member_type: VOTER last_known_addr { host: "127.16.166.66" port: 36767 } } peers { permanent_uuid: "1476f1f1edc941928822465239923bfe" member_type: VOTER last_known_addr { host: "127.16.166.67" port: 39783 } } peers { permanent_uuid: "e86dc6e5decf4c169ed5582a0fbdec70" member_type: VOTER last_known_addr { host: "127.16.166.68" port: 44525 } attrs { promote: false } }
I20260601 13:42:11.496743 20291 raft_consensus.cc:1275] T 43711078c6c04e718deed6f76aad5590 P e86dc6e5decf4c169ed5582a0fbdec70 [term 1 LEARNER]: Refusing update from remote peer 1476f1f1edc941928822465239923bfe: Log matching property violated. Preceding OpId in replica: term: 1 index: 2. Preceding OpId from leader: term: 1 index: 3. (index mismatch)
I20260601 13:42:11.496735 20076 raft_consensus.cc:1275] T 43711078c6c04e718deed6f76aad5590 P 3a07a3f30457432c8a614c4e921438ff [term 1 FOLLOWER]: Refusing update from remote peer 1476f1f1edc941928822465239923bfe: Log matching property violated. Preceding OpId in replica: term: 1 index: 2. Preceding OpId from leader: term: 1 index: 3. (index mismatch)
I20260601 13:42:11.496735 19999 raft_consensus.cc:1275] T 43711078c6c04e718deed6f76aad5590 P d9951c55873a4e9cbe5027bc18f645ad [term 1 FOLLOWER]: Refusing update from remote peer 1476f1f1edc941928822465239923bfe: Log matching property violated. Preceding OpId in replica: term: 1 index: 2. Preceding OpId from leader: term: 1 index: 3. (index mismatch)
I20260601 13:42:11.497237 20422 consensus_queue.cc:1048] T 43711078c6c04e718deed6f76aad5590 P 1476f1f1edc941928822465239923bfe [LEADER]: Connected to new peer: Peer: permanent_uuid: "d9951c55873a4e9cbe5027bc18f645ad" member_type: VOTER last_known_addr { host: "127.16.166.65" port: 43281 } attrs { replace: true }, Status: LMP_MISMATCH, Last received: 0.0, Next index: 3, Last known committed idx: 2, Time since last communication: 0.000s
I20260601 13:42:11.497520 20211 consensus_queue.cc:1048] T 43711078c6c04e718deed6f76aad5590 P 1476f1f1edc941928822465239923bfe [LEADER]: Connected to new peer: Peer: permanent_uuid: "3a07a3f30457432c8a614c4e921438ff" member_type: VOTER last_known_addr { host: "127.16.166.66" port: 36767 }, Status: LMP_MISMATCH, Last received: 0.0, Next index: 3, Last known committed idx: 2, Time since last communication: 0.000s
I20260601 13:42:11.497680 20234 consensus_queue.cc:1048] T 43711078c6c04e718deed6f76aad5590 P 1476f1f1edc941928822465239923bfe [LEADER]: Connected to new peer: Peer: permanent_uuid: "e86dc6e5decf4c169ed5582a0fbdec70" member_type: VOTER last_known_addr { host: "127.16.166.68" port: 44525 } attrs { promote: false }, Status: LMP_MISMATCH, Last received: 0.0, Next index: 3, Last known committed idx: 2, Time since last communication: 0.000s
I20260601 13:42:11.499975 19999 raft_consensus.cc:2955] T 43711078c6c04e718deed6f76aad5590 P d9951c55873a4e9cbe5027bc18f645ad [term 1 FOLLOWER]: Committing config change with OpId 1.3: config changed from index 2 to 3, e86dc6e5decf4c169ed5582a0fbdec70 (127.16.166.68) changed from NON_VOTER to VOTER. New config: { opid_index: 3 OBSOLETE_local: false peers { permanent_uuid: "d9951c55873a4e9cbe5027bc18f645ad" member_type: VOTER last_known_addr { host: "127.16.166.65" port: 43281 } attrs { replace: true } } peers { permanent_uuid: "3a07a3f30457432c8a614c4e921438ff" member_type: VOTER last_known_addr { host: "127.16.166.66" port: 36767 } } peers { permanent_uuid: "1476f1f1edc941928822465239923bfe" member_type: VOTER last_known_addr { host: "127.16.166.67" port: 39783 } } peers { permanent_uuid: "e86dc6e5decf4c169ed5582a0fbdec70" member_type: VOTER last_known_addr { host: "127.16.166.68" port: 44525 } attrs { promote: false } } }
I20260601 13:42:11.499553 20422 raft_consensus.cc:2955] T 43711078c6c04e718deed6f76aad5590 P 1476f1f1edc941928822465239923bfe [term 1 LEADER]: Committing config change with OpId 1.3: config changed from index 2 to 3, e86dc6e5decf4c169ed5582a0fbdec70 (127.16.166.68) changed from NON_VOTER to VOTER. New config: { opid_index: 3 OBSOLETE_local: false peers { permanent_uuid: "d9951c55873a4e9cbe5027bc18f645ad" member_type: VOTER last_known_addr { host: "127.16.166.65" port: 43281 } attrs { replace: true } } peers { permanent_uuid: "3a07a3f30457432c8a614c4e921438ff" member_type: VOTER last_known_addr { host: "127.16.166.66" port: 36767 } } peers { permanent_uuid: "1476f1f1edc941928822465239923bfe" member_type: VOTER last_known_addr { host: "127.16.166.67" port: 39783 } } peers { permanent_uuid: "e86dc6e5decf4c169ed5582a0fbdec70" member_type: VOTER last_known_addr { host: "127.16.166.68" port: 44525 } attrs { promote: false } } }
I20260601 13:42:11.501756 20076 raft_consensus.cc:2955] T 43711078c6c04e718deed6f76aad5590 P 3a07a3f30457432c8a614c4e921438ff [term 1 FOLLOWER]: Committing config change with OpId 1.3: config changed from index 2 to 3, e86dc6e5decf4c169ed5582a0fbdec70 (127.16.166.68) changed from NON_VOTER to VOTER. New config: { opid_index: 3 OBSOLETE_local: false peers { permanent_uuid: "d9951c55873a4e9cbe5027bc18f645ad" member_type: VOTER last_known_addr { host: "127.16.166.65" port: 43281 } attrs { replace: true } } peers { permanent_uuid: "3a07a3f30457432c8a614c4e921438ff" member_type: VOTER last_known_addr { host: "127.16.166.66" port: 36767 } } peers { permanent_uuid: "1476f1f1edc941928822465239923bfe" member_type: VOTER last_known_addr { host: "127.16.166.67" port: 39783 } } peers { permanent_uuid: "e86dc6e5decf4c169ed5582a0fbdec70" member_type: VOTER last_known_addr { host: "127.16.166.68" port: 44525 } attrs { promote: false } } }
I20260601 13:42:11.501945 20291 raft_consensus.cc:2955] T 43711078c6c04e718deed6f76aad5590 P e86dc6e5decf4c169ed5582a0fbdec70 [term 1 FOLLOWER]: Committing config change with OpId 1.3: config changed from index 2 to 3, e86dc6e5decf4c169ed5582a0fbdec70 (127.16.166.68) changed from NON_VOTER to VOTER. New config: { opid_index: 3 OBSOLETE_local: false peers { permanent_uuid: "d9951c55873a4e9cbe5027bc18f645ad" member_type: VOTER last_known_addr { host: "127.16.166.65" port: 43281 } attrs { replace: true } } peers { permanent_uuid: "3a07a3f30457432c8a614c4e921438ff" member_type: VOTER last_known_addr { host: "127.16.166.66" port: 36767 } } peers { permanent_uuid: "1476f1f1edc941928822465239923bfe" member_type: VOTER last_known_addr { host: "127.16.166.67" port: 39783 } } peers { permanent_uuid: "e86dc6e5decf4c169ed5582a0fbdec70" member_type: VOTER last_known_addr { host: "127.16.166.68" port: 44525 } attrs { promote: false } } }
I20260601 13:42:11.504010 19895 catalog_manager.cc:5696] T 43711078c6c04e718deed6f76aad5590 P d9951c55873a4e9cbe5027bc18f645ad reported cstate change: config changed from index 2 to 3, e86dc6e5decf4c169ed5582a0fbdec70 (127.16.166.68) changed from NON_VOTER to VOTER. New cstate: current_term: 1 leader_uuid: "1476f1f1edc941928822465239923bfe" committed_config { opid_index: 3 OBSOLETE_local: false peers { permanent_uuid: "d9951c55873a4e9cbe5027bc18f645ad" member_type: VOTER last_known_addr { host: "127.16.166.65" port: 43281 } attrs { replace: true } } peers { permanent_uuid: "3a07a3f30457432c8a614c4e921438ff" member_type: VOTER last_known_addr { host: "127.16.166.66" port: 36767 } } peers { permanent_uuid: "1476f1f1edc941928822465239923bfe" member_type: VOTER last_known_addr { host: "127.16.166.67" port: 39783 } } peers { permanent_uuid: "e86dc6e5decf4c169ed5582a0fbdec70" member_type: VOTER last_known_addr { host: "127.16.166.68" port: 44525 } attrs { promote: false } } }
I20260601 13:42:11.507620 20150 consensus_queue.cc:237] T 43711078c6c04e718deed6f76aad5590 P 1476f1f1edc941928822465239923bfe [LEADER]: Queue going to LEADER mode. State: All replicated index: 0, Majority replicated index: 3, Committed index: 3, Last appended: 1.3, Last appended by leader: 0, Current term: 1, Majority size: 2, State: 0, Mode: LEADER, active raft config: opid_index: 4 OBSOLETE_local: false peers { permanent_uuid: "3a07a3f30457432c8a614c4e921438ff" member_type: VOTER last_known_addr { host: "127.16.166.66" port: 36767 } } peers { permanent_uuid: "1476f1f1edc941928822465239923bfe" member_type: VOTER last_known_addr { host: "127.16.166.67" port: 39783 } } peers { permanent_uuid: "e86dc6e5decf4c169ed5582a0fbdec70" member_type: VOTER last_known_addr { host: "127.16.166.68" port: 44525 } attrs { promote: false } }
I20260601 13:42:11.509097 20291 raft_consensus.cc:1275] T 43711078c6c04e718deed6f76aad5590 P e86dc6e5decf4c169ed5582a0fbdec70 [term 1 FOLLOWER]: Refusing update from remote peer 1476f1f1edc941928822465239923bfe: Log matching property violated. Preceding OpId in replica: term: 1 index: 3. Preceding OpId from leader: term: 1 index: 4. (index mismatch)
I20260601 13:42:11.509161 20076 raft_consensus.cc:1275] T 43711078c6c04e718deed6f76aad5590 P 3a07a3f30457432c8a614c4e921438ff [term 1 FOLLOWER]: Refusing update from remote peer 1476f1f1edc941928822465239923bfe: Log matching property violated. Preceding OpId in replica: term: 1 index: 3. Preceding OpId from leader: term: 1 index: 4. (index mismatch)
I20260601 13:42:11.509661 20211 consensus_queue.cc:1048] T 43711078c6c04e718deed6f76aad5590 P 1476f1f1edc941928822465239923bfe [LEADER]: Connected to new peer: Peer: permanent_uuid: "3a07a3f30457432c8a614c4e921438ff" member_type: VOTER last_known_addr { host: "127.16.166.66" port: 36767 }, Status: LMP_MISMATCH, Last received: 0.0, Next index: 4, Last known committed idx: 3, Time since last communication: 0.000s
I20260601 13:42:11.511520 20211 consensus_queue.cc:1048] T 43711078c6c04e718deed6f76aad5590 P 1476f1f1edc941928822465239923bfe [LEADER]: Connected to new peer: Peer: permanent_uuid: "e86dc6e5decf4c169ed5582a0fbdec70" member_type: VOTER last_known_addr { host: "127.16.166.68" port: 44525 } attrs { promote: false }, Status: LMP_MISMATCH, Last received: 0.0, Next index: 4, Last known committed idx: 3, Time since last communication: 0.000s
I20260601 13:42:11.512840 20241 raft_consensus.cc:2955] T 43711078c6c04e718deed6f76aad5590 P 1476f1f1edc941928822465239923bfe [term 1 LEADER]: Committing config change with OpId 1.4: config changed from index 3 to 4, VOTER d9951c55873a4e9cbe5027bc18f645ad (127.16.166.65) evicted. New config: { opid_index: 4 OBSOLETE_local: false peers { permanent_uuid: "3a07a3f30457432c8a614c4e921438ff" member_type: VOTER last_known_addr { host: "127.16.166.66" port: 36767 } } peers { permanent_uuid: "1476f1f1edc941928822465239923bfe" member_type: VOTER last_known_addr { host: "127.16.166.67" port: 39783 } } peers { permanent_uuid: "e86dc6e5decf4c169ed5582a0fbdec70" member_type: VOTER last_known_addr { host: "127.16.166.68" port: 44525 } attrs { promote: false } } }
I20260601 13:42:11.513206 20076 raft_consensus.cc:2955] T 43711078c6c04e718deed6f76aad5590 P 3a07a3f30457432c8a614c4e921438ff [term 1 FOLLOWER]: Committing config change with OpId 1.4: config changed from index 3 to 4, VOTER d9951c55873a4e9cbe5027bc18f645ad (127.16.166.65) evicted. New config: { opid_index: 4 OBSOLETE_local: false peers { permanent_uuid: "3a07a3f30457432c8a614c4e921438ff" member_type: VOTER last_known_addr { host: "127.16.166.66" port: 36767 } } peers { permanent_uuid: "1476f1f1edc941928822465239923bfe" member_type: VOTER last_known_addr { host: "127.16.166.67" port: 39783 } } peers { permanent_uuid: "e86dc6e5decf4c169ed5582a0fbdec70" member_type: VOTER last_known_addr { host: "127.16.166.68" port: 44525 } attrs { promote: false } } }
I20260601 13:42:11.515252 19883 catalog_manager.cc:5209] ChangeConfig:REMOVE_PEER RPC for tablet 43711078c6c04e718deed6f76aad5590 with cas_config_opid_index 3: ChangeConfig:REMOVE_PEER succeeded (attempt 1)
I20260601 13:42:11.515618 20291 raft_consensus.cc:2955] T 43711078c6c04e718deed6f76aad5590 P e86dc6e5decf4c169ed5582a0fbdec70 [term 1 FOLLOWER]: Committing config change with OpId 1.4: config changed from index 3 to 4, VOTER d9951c55873a4e9cbe5027bc18f645ad (127.16.166.65) evicted. New config: { opid_index: 4 OBSOLETE_local: false peers { permanent_uuid: "3a07a3f30457432c8a614c4e921438ff" member_type: VOTER last_known_addr { host: "127.16.166.66" port: 36767 } } peers { permanent_uuid: "1476f1f1edc941928822465239923bfe" member_type: VOTER last_known_addr { host: "127.16.166.67" port: 39783 } } peers { permanent_uuid: "e86dc6e5decf4c169ed5582a0fbdec70" member_type: VOTER last_known_addr { host: "127.16.166.68" port: 44525 } attrs { promote: false } } }
I20260601 13:42:11.516108 19896 catalog_manager.cc:5696] T 43711078c6c04e718deed6f76aad5590 P 1476f1f1edc941928822465239923bfe reported cstate change: config changed from index 3 to 4, VOTER d9951c55873a4e9cbe5027bc18f645ad (127.16.166.65) evicted. New cstate: current_term: 1 leader_uuid: "1476f1f1edc941928822465239923bfe" committed_config { opid_index: 4 OBSOLETE_local: false peers { permanent_uuid: "3a07a3f30457432c8a614c4e921438ff" member_type: VOTER last_known_addr { host: "127.16.166.66" port: 36767 } health_report { overall_health: HEALTHY } } peers { permanent_uuid: "1476f1f1edc941928822465239923bfe" member_type: VOTER last_known_addr { host: "127.16.166.67" port: 39783 } health_report { overall_health: HEALTHY } } peers { permanent_uuid: "e86dc6e5decf4c169ed5582a0fbdec70" member_type: VOTER last_known_addr { host: "127.16.166.68" port: 44525 } attrs { promote: false } health_report { overall_health: HEALTHY } } }
I20260601 13:42:11.518826 19988 tablet_service.cc:1558] Processing DeleteTablet for tablet 43711078c6c04e718deed6f76aad5590 with delete_type TABLET_DATA_TOMBSTONED (TS d9951c55873a4e9cbe5027bc18f645ad not found in new config with opid_index 4) from {username='slave'} at 127.0.0.1:59156
I20260601 13:42:11.519034 20420 tablet_replica.cc:333] T 43711078c6c04e718deed6f76aad5590 P d9951c55873a4e9cbe5027bc18f645ad: stopping tablet replica
I20260601 13:42:11.519204 20420 raft_consensus.cc:2243] T 43711078c6c04e718deed6f76aad5590 P d9951c55873a4e9cbe5027bc18f645ad [term 1 FOLLOWER]: Raft consensus shutting down.
I20260601 13:42:11.519344 20420 raft_consensus.cc:2272] T 43711078c6c04e718deed6f76aad5590 P d9951c55873a4e9cbe5027bc18f645ad [term 1 FOLLOWER]: Raft consensus is shut down!
I20260601 13:42:11.520072 20420 ts_tablet_manager.cc:1916] T 43711078c6c04e718deed6f76aad5590 P d9951c55873a4e9cbe5027bc18f645ad: Deleting tablet data with delete state TABLET_DATA_TOMBSTONED
I20260601 13:42:11.521862 20420 ts_tablet_manager.cc:1929] T 43711078c6c04e718deed6f76aad5590 P d9951c55873a4e9cbe5027bc18f645ad: tablet deleted with delete type TABLET_DATA_TOMBSTONED: last-logged OpId 1.3
I20260601 13:42:11.521931 20420 log.cc:1199] T 43711078c6c04e718deed6f76aad5590 P d9951c55873a4e9cbe5027bc18f645ad: Deleting WAL directory at /tmp/dist-test-taskSh7doJ/test-tmp/auto_rebalancer-test.0.AutoRebalancerTest.RangeAwareRebalancesNewRangeReplicas.1780321260923477-17049-0/minicluster-data/ts-0-root/wals/43711078c6c04e718deed6f76aad5590
I20260601 13:42:11.522471 19883 catalog_manager.cc:5027] TS d9951c55873a4e9cbe5027bc18f645ad (127.16.166.65:43281): tablet 43711078c6c04e718deed6f76aad5590 (table range_aware_rebalance_new_range [id=dba0d391299c4abeb6b6c99273bc7451]) successfully deleted
I20260601 13:42:11.661785 20229 raft_consensus.cc:1064] T 49381dc113ff4d6abb5e15a616df0647 P 3a07a3f30457432c8a614c4e921438ff: attempting to promote NON_VOTER e86dc6e5decf4c169ed5582a0fbdec70 to VOTER
I20260601 13:42:11.662236 20229 consensus_queue.cc:237] T 49381dc113ff4d6abb5e15a616df0647 P 3a07a3f30457432c8a614c4e921438ff [LEADER]: Queue going to LEADER mode. State: All replicated index: 0, Majority replicated index: 2, Committed index: 2, Last appended: 1.2, Last appended by leader: 0, Current term: 1, Majority size: 3, State: 0, Mode: LEADER, active raft config: opid_index: 3 OBSOLETE_local: false peers { permanent_uuid: "d9951c55873a4e9cbe5027bc18f645ad" member_type: VOTER last_known_addr { host: "127.16.166.65" port: 43281 } } peers { permanent_uuid: "3a07a3f30457432c8a614c4e921438ff" member_type: VOTER last_known_addr { host: "127.16.166.66" port: 36767 } } peers { permanent_uuid: "1476f1f1edc941928822465239923bfe" member_type: VOTER last_known_addr { host: "127.16.166.67" port: 39783 } attrs { replace: true } } peers { permanent_uuid: "e86dc6e5decf4c169ed5582a0fbdec70" member_type: VOTER last_known_addr { host: "127.16.166.68" port: 44525 } attrs { promote: false } }
I20260601 13:42:11.663627 20291 raft_consensus.cc:1275] T 49381dc113ff4d6abb5e15a616df0647 P e86dc6e5decf4c169ed5582a0fbdec70 [term 1 LEARNER]: Refusing update from remote peer 3a07a3f30457432c8a614c4e921438ff: Log matching property violated. Preceding OpId in replica: term: 1 index: 2. Preceding OpId from leader: term: 1 index: 3. (index mismatch)
I20260601 13:42:11.663782 20150 raft_consensus.cc:1275] T 49381dc113ff4d6abb5e15a616df0647 P 1476f1f1edc941928822465239923bfe [term 1 FOLLOWER]: Refusing update from remote peer 3a07a3f30457432c8a614c4e921438ff: Log matching property violated. Preceding OpId in replica: term: 1 index: 2. Preceding OpId from leader: term: 1 index: 3. (index mismatch)
I20260601 13:42:11.664069 20364 consensus_queue.cc:1048] T 49381dc113ff4d6abb5e15a616df0647 P 3a07a3f30457432c8a614c4e921438ff [LEADER]: Connected to new peer: Peer: permanent_uuid: "e86dc6e5decf4c169ed5582a0fbdec70" member_type: VOTER last_known_addr { host: "127.16.166.68" port: 44525 } attrs { promote: false }, Status: LMP_MISMATCH, Last received: 0.0, Next index: 3, Last known committed idx: 2, Time since last communication: 0.000s
I20260601 13:42:11.664404 20364 consensus_queue.cc:1048] T 49381dc113ff4d6abb5e15a616df0647 P 3a07a3f30457432c8a614c4e921438ff [LEADER]: Connected to new peer: Peer: permanent_uuid: "1476f1f1edc941928822465239923bfe" member_type: VOTER last_known_addr { host: "127.16.166.67" port: 39783 } attrs { replace: true }, Status: LMP_MISMATCH, Last received: 0.0, Next index: 3, Last known committed idx: 2, Time since last communication: 0.000s
I20260601 13:42:11.663782 19999 raft_consensus.cc:1275] T 49381dc113ff4d6abb5e15a616df0647 P d9951c55873a4e9cbe5027bc18f645ad [term 1 FOLLOWER]: Refusing update from remote peer 3a07a3f30457432c8a614c4e921438ff: Log matching property violated. Preceding OpId in replica: term: 1 index: 2. Preceding OpId from leader: term: 1 index: 3. (index mismatch)
I20260601 13:42:11.665495 20201 consensus_queue.cc:1048] T 49381dc113ff4d6abb5e15a616df0647 P 3a07a3f30457432c8a614c4e921438ff [LEADER]: Connected to new peer: Peer: permanent_uuid: "d9951c55873a4e9cbe5027bc18f645ad" member_type: VOTER last_known_addr { host: "127.16.166.65" port: 43281 }, Status: LMP_MISMATCH, Last received: 0.0, Next index: 3, Last known committed idx: 2, Time since last communication: 0.000s
I20260601 13:42:11.666461 20364 raft_consensus.cc:2955] T 49381dc113ff4d6abb5e15a616df0647 P 3a07a3f30457432c8a614c4e921438ff [term 1 LEADER]: Committing config change with OpId 1.3: config changed from index 2 to 3, e86dc6e5decf4c169ed5582a0fbdec70 (127.16.166.68) changed from NON_VOTER to VOTER. New config: { opid_index: 3 OBSOLETE_local: false peers { permanent_uuid: "d9951c55873a4e9cbe5027bc18f645ad" member_type: VOTER last_known_addr { host: "127.16.166.65" port: 43281 } } peers { permanent_uuid: "3a07a3f30457432c8a614c4e921438ff" member_type: VOTER last_known_addr { host: "127.16.166.66" port: 36767 } } peers { permanent_uuid: "1476f1f1edc941928822465239923bfe" member_type: VOTER last_known_addr { host: "127.16.166.67" port: 39783 } attrs { replace: true } } peers { permanent_uuid: "e86dc6e5decf4c169ed5582a0fbdec70" member_type: VOTER last_known_addr { host: "127.16.166.68" port: 44525 } attrs { promote: false } } }
I20260601 13:42:11.667292 20291 raft_consensus.cc:2955] T 49381dc113ff4d6abb5e15a616df0647 P e86dc6e5decf4c169ed5582a0fbdec70 [term 1 FOLLOWER]: Committing config change with OpId 1.3: config changed from index 2 to 3, e86dc6e5decf4c169ed5582a0fbdec70 (127.16.166.68) changed from NON_VOTER to VOTER. New config: { opid_index: 3 OBSOLETE_local: false peers { permanent_uuid: "d9951c55873a4e9cbe5027bc18f645ad" member_type: VOTER last_known_addr { host: "127.16.166.65" port: 43281 } } peers { permanent_uuid: "3a07a3f30457432c8a614c4e921438ff" member_type: VOTER last_known_addr { host: "127.16.166.66" port: 36767 } } peers { permanent_uuid: "1476f1f1edc941928822465239923bfe" member_type: VOTER last_known_addr { host: "127.16.166.67" port: 39783 } attrs { replace: true } } peers { permanent_uuid: "e86dc6e5decf4c169ed5582a0fbdec70" member_type: VOTER last_known_addr { host: "127.16.166.68" port: 44525 } attrs { promote: false } } }
I20260601 13:42:11.667833 19999 raft_consensus.cc:2955] T 49381dc113ff4d6abb5e15a616df0647 P d9951c55873a4e9cbe5027bc18f645ad [term 1 FOLLOWER]: Committing config change with OpId 1.3: config changed from index 2 to 3, e86dc6e5decf4c169ed5582a0fbdec70 (127.16.166.68) changed from NON_VOTER to VOTER. New config: { opid_index: 3 OBSOLETE_local: false peers { permanent_uuid: "d9951c55873a4e9cbe5027bc18f645ad" member_type: VOTER last_known_addr { host: "127.16.166.65" port: 43281 } } peers { permanent_uuid: "3a07a3f30457432c8a614c4e921438ff" member_type: VOTER last_known_addr { host: "127.16.166.66" port: 36767 } } peers { permanent_uuid: "1476f1f1edc941928822465239923bfe" member_type: VOTER last_known_addr { host: "127.16.166.67" port: 39783 } attrs { replace: true } } peers { permanent_uuid: "e86dc6e5decf4c169ed5582a0fbdec70" member_type: VOTER last_known_addr { host: "127.16.166.68" port: 44525 } attrs { promote: false } } }
I20260601 13:42:11.669641 19894 catalog_manager.cc:5696] T 49381dc113ff4d6abb5e15a616df0647 P e86dc6e5decf4c169ed5582a0fbdec70 reported cstate change: config changed from index 2 to 3, e86dc6e5decf4c169ed5582a0fbdec70 (127.16.166.68) changed from NON_VOTER to VOTER. New cstate: current_term: 1 leader_uuid: "3a07a3f30457432c8a614c4e921438ff" committed_config { opid_index: 3 OBSOLETE_local: false peers { permanent_uuid: "d9951c55873a4e9cbe5027bc18f645ad" member_type: VOTER last_known_addr { host: "127.16.166.65" port: 43281 } } peers { permanent_uuid: "3a07a3f30457432c8a614c4e921438ff" member_type: VOTER last_known_addr { host: "127.16.166.66" port: 36767 } } peers { permanent_uuid: "1476f1f1edc941928822465239923bfe" member_type: VOTER last_known_addr { host: "127.16.166.67" port: 39783 } attrs { replace: true } } peers { permanent_uuid: "e86dc6e5decf4c169ed5582a0fbdec70" member_type: VOTER last_known_addr { host: "127.16.166.68" port: 44525 } attrs { promote: false } } }
I20260601 13:42:11.670229 20150 raft_consensus.cc:2955] T 49381dc113ff4d6abb5e15a616df0647 P 1476f1f1edc941928822465239923bfe [term 1 FOLLOWER]: Committing config change with OpId 1.3: config changed from index 2 to 3, e86dc6e5decf4c169ed5582a0fbdec70 (127.16.166.68) changed from NON_VOTER to VOTER. New config: { opid_index: 3 OBSOLETE_local: false peers { permanent_uuid: "d9951c55873a4e9cbe5027bc18f645ad" member_type: VOTER last_known_addr { host: "127.16.166.65" port: 43281 } } peers { permanent_uuid: "3a07a3f30457432c8a614c4e921438ff" member_type: VOTER last_known_addr { host: "127.16.166.66" port: 36767 } } peers { permanent_uuid: "1476f1f1edc941928822465239923bfe" member_type: VOTER last_known_addr { host: "127.16.166.67" port: 39783 } attrs { replace: true } } peers { permanent_uuid: "e86dc6e5decf4c169ed5582a0fbdec70" member_type: VOTER last_known_addr { host: "127.16.166.68" port: 44525 } attrs { promote: false } } }
