I20260601 13:42:05.535493  9732 acceptor_pool.cc:272] collecting diagnostics on the listening RPC socket 127.5.184.196:32941 every 8 connection(s)
I20260601 13:42:05.540055  9733 heartbeater.cc:344] Connected to a master server at 127.5.184.254:41775
I20260601 13:42:05.540177  9733 heartbeater.cc:461] Registering TS with master...
I20260601 13:42:05.540397  9733 heartbeater.cc:507] Master 127.5.184.254:41775 requested a full tablet report, sending...
I20260601 13:42:05.540970  9378 ts_manager.cc:194] Registered new tserver with Master: ff55ad4b754b431fae1414f4c22fa614 (127.5.184.196:32941)
I20260601 13:42:05.541448  9378 master_service.cc:502] Signed X509 certificate for tserver {username='slave'} at 127.0.0.1:34838
I20260601 13:42:05.541550  5859 internal_mini_cluster.cc:371] 4 TS(s) registered with all masters after 0.005626207s
I20260601 13:42:06.444419  9507 heartbeater.cc:499] Master 127.5.184.254:41775 was elected leader, sending a full tablet report...
I20260601 13:42:06.469237  9583 heartbeater.cc:499] Master 127.5.184.254:41775 was elected leader, sending a full tablet report...
I20260601 13:42:06.509897  9658 heartbeater.cc:499] Master 127.5.184.254:41775 was elected leader, sending a full tablet report...
I20260601 13:42:06.542338  9733 heartbeater.cc:499] Master 127.5.184.254:41775 was elected leader, sending a full tablet report...
I20260601 13:42:06.589463  9378 catalog_manager.cc:2282] Servicing CreateTable request from {username='slave'} at 127.0.0.1:34844:
name: "test-workload"
schema {
  columns {
    name: "key"
    type: INT32
    is_key: true
    is_nullable: false
    encoding: AUTO_ENCODING
    compression: DEFAULT_COMPRESSION
    cfile_block_size: 0
    immutable: false
  }
  columns {
    name: "int_val"
    type: INT32
    is_key: false
    is_nullable: false
    encoding: AUTO_ENCODING
    compression: DEFAULT_COMPRESSION
    cfile_block_size: 0
    immutable: false
  }
  columns {
    name: "string_val"
    type: STRING
    is_key: false
    is_nullable: true
    encoding: AUTO_ENCODING
    compression: DEFAULT_COMPRESSION
    cfile_block_size: 0
    immutable: false
  }
}
num_replicas: 3
split_rows_range_bounds {
}
partition_schema {
  range_schema {
    columns {
      name: "key"
    }
  }
}
I20260601 13:42:06.600147  9697 tablet_service.cc:1511] Processing CreateTablet for tablet 57ac4dc504a540abade8c947ccdb5dd4 (DEFAULT_TABLE table=test-workload [id=dee50c92058d4abeabfbdf65191fd970]), partition=RANGE (key) PARTITION UNBOUNDED
I20260601 13:42:06.600147  9471 tablet_service.cc:1511] Processing CreateTablet for tablet 57ac4dc504a540abade8c947ccdb5dd4 (DEFAULT_TABLE table=test-workload [id=dee50c92058d4abeabfbdf65191fd970]), partition=RANGE (key) PARTITION UNBOUNDED
I20260601 13:42:06.600165  9622 tablet_service.cc:1511] Processing CreateTablet for tablet 57ac4dc504a540abade8c947ccdb5dd4 (DEFAULT_TABLE table=test-workload [id=dee50c92058d4abeabfbdf65191fd970]), partition=RANGE (key) PARTITION UNBOUNDED
I20260601 13:42:06.600482  9471 data_dirs.cc:400] Could only allocate 1 dirs of requested 3 for tablet 57ac4dc504a540abade8c947ccdb5dd4. 1 dirs total, 0 dirs full, 0 dirs failed
I20260601 13:42:06.600538  9622 data_dirs.cc:400] Could only allocate 1 dirs of requested 3 for tablet 57ac4dc504a540abade8c947ccdb5dd4. 1 dirs total, 0 dirs full, 0 dirs failed
I20260601 13:42:06.600482  9697 data_dirs.cc:400] Could only allocate 1 dirs of requested 3 for tablet 57ac4dc504a540abade8c947ccdb5dd4. 1 dirs total, 0 dirs full, 0 dirs failed
I20260601 13:42:06.602464  9754 tablet_bootstrap.cc:492] T 57ac4dc504a540abade8c947ccdb5dd4 P e781082851e9411f90de683878fe1808: Bootstrap starting.
I20260601 13:42:06.602886  9755 tablet_bootstrap.cc:492] T 57ac4dc504a540abade8c947ccdb5dd4 P c423a1044beb42cfbe66db89b59eeb39: Bootstrap starting.
I20260601 13:42:06.602999  9756 tablet_bootstrap.cc:492] T 57ac4dc504a540abade8c947ccdb5dd4 P ff55ad4b754b431fae1414f4c22fa614: Bootstrap starting.
I20260601 13:42:06.603816  9754 tablet_bootstrap.cc:654] T 57ac4dc504a540abade8c947ccdb5dd4 P e781082851e9411f90de683878fe1808: Neither blocks nor log segments found. Creating new log.
I20260601 13:42:06.603876  9755 tablet_bootstrap.cc:654] T 57ac4dc504a540abade8c947ccdb5dd4 P c423a1044beb42cfbe66db89b59eeb39: Neither blocks nor log segments found. Creating new log.
I20260601 13:42:06.604146  9756 tablet_bootstrap.cc:654] T 57ac4dc504a540abade8c947ccdb5dd4 P ff55ad4b754b431fae1414f4c22fa614: Neither blocks nor log segments found. Creating new log.
I20260601 13:42:06.605060  9754 tablet_bootstrap.cc:492] T 57ac4dc504a540abade8c947ccdb5dd4 P e781082851e9411f90de683878fe1808: No bootstrap required, opened a new log
I20260601 13:42:06.605154  9754 ts_tablet_manager.cc:1403] T 57ac4dc504a540abade8c947ccdb5dd4 P e781082851e9411f90de683878fe1808: Time spent bootstrapping tablet: real 0.003s	user 0.000s	sys 0.001s
I20260601 13:42:06.605248  9755 tablet_bootstrap.cc:492] T 57ac4dc504a540abade8c947ccdb5dd4 P c423a1044beb42cfbe66db89b59eeb39: No bootstrap required, opened a new log
I20260601 13:42:06.605285  9756 tablet_bootstrap.cc:492] T 57ac4dc504a540abade8c947ccdb5dd4 P ff55ad4b754b431fae1414f4c22fa614: No bootstrap required, opened a new log
I20260601 13:42:06.605340  9755 ts_tablet_manager.cc:1403] T 57ac4dc504a540abade8c947ccdb5dd4 P c423a1044beb42cfbe66db89b59eeb39: Time spent bootstrapping tablet: real 0.003s	user 0.002s	sys 0.000s
I20260601 13:42:06.605387  9756 ts_tablet_manager.cc:1403] T 57ac4dc504a540abade8c947ccdb5dd4 P ff55ad4b754b431fae1414f4c22fa614: Time spent bootstrapping tablet: real 0.002s	user 0.000s	sys 0.002s
I20260601 13:42:06.605623  9754 raft_consensus.cc:359] T 57ac4dc504a540abade8c947ccdb5dd4 P e781082851e9411f90de683878fe1808 [term 0 FOLLOWER]: Replica starting. Triggering 0 pending ops. Active config: opid_index: -1 OBSOLETE_local: false peers { permanent_uuid: "c423a1044beb42cfbe66db89b59eeb39" member_type: VOTER last_known_addr { host: "127.5.184.195" port: 39129 } } peers { permanent_uuid: "e781082851e9411f90de683878fe1808" member_type: VOTER last_known_addr { host: "127.5.184.193" port: 40643 } } peers { permanent_uuid: "ff55ad4b754b431fae1414f4c22fa614" member_type: VOTER last_known_addr { host: "127.5.184.196" port: 32941 } }
I20260601 13:42:06.605681  9755 raft_consensus.cc:359] T 57ac4dc504a540abade8c947ccdb5dd4 P c423a1044beb42cfbe66db89b59eeb39 [term 0 FOLLOWER]: Replica starting. Triggering 0 pending ops. Active config: opid_index: -1 OBSOLETE_local: false peers { permanent_uuid: "c423a1044beb42cfbe66db89b59eeb39" member_type: VOTER last_known_addr { host: "127.5.184.195" port: 39129 } } peers { permanent_uuid: "e781082851e9411f90de683878fe1808" member_type: VOTER last_known_addr { host: "127.5.184.193" port: 40643 } } peers { permanent_uuid: "ff55ad4b754b431fae1414f4c22fa614" member_type: VOTER last_known_addr { host: "127.5.184.196" port: 32941 } }
I20260601 13:42:06.605746  9754 raft_consensus.cc:385] T 57ac4dc504a540abade8c947ccdb5dd4 P e781082851e9411f90de683878fe1808 [term 0 FOLLOWER]: Consensus starting up: Expiring failure detector timer to make a prompt election more likely
I20260601 13:42:06.605751  9755 raft_consensus.cc:385] T 57ac4dc504a540abade8c947ccdb5dd4 P c423a1044beb42cfbe66db89b59eeb39 [term 0 FOLLOWER]: Consensus starting up: Expiring failure detector timer to make a prompt election more likely
I20260601 13:42:06.605858  9754 raft_consensus.cc:740] T 57ac4dc504a540abade8c947ccdb5dd4 P e781082851e9411f90de683878fe1808 [term 0 FOLLOWER]: Becoming Follower/Learner. State: Replica: e781082851e9411f90de683878fe1808, State: Initialized, Role: FOLLOWER
I20260601 13:42:06.605769  9756 raft_consensus.cc:359] T 57ac4dc504a540abade8c947ccdb5dd4 P ff55ad4b754b431fae1414f4c22fa614 [term 0 FOLLOWER]: Replica starting. Triggering 0 pending ops. Active config: opid_index: -1 OBSOLETE_local: false peers { permanent_uuid: "c423a1044beb42cfbe66db89b59eeb39" member_type: VOTER last_known_addr { host: "127.5.184.195" port: 39129 } } peers { permanent_uuid: "e781082851e9411f90de683878fe1808" member_type: VOTER last_known_addr { host: "127.5.184.193" port: 40643 } } peers { permanent_uuid: "ff55ad4b754b431fae1414f4c22fa614" member_type: VOTER last_known_addr { host: "127.5.184.196" port: 32941 } }
I20260601 13:42:06.605880  9755 raft_consensus.cc:740] T 57ac4dc504a540abade8c947ccdb5dd4 P c423a1044beb42cfbe66db89b59eeb39 [term 0 FOLLOWER]: Becoming Follower/Learner. State: Replica: c423a1044beb42cfbe66db89b59eeb39, State: Initialized, Role: FOLLOWER
I20260601 13:42:06.605975  9756 raft_consensus.cc:385] T 57ac4dc504a540abade8c947ccdb5dd4 P ff55ad4b754b431fae1414f4c22fa614 [term 0 FOLLOWER]: Consensus starting up: Expiring failure detector timer to make a prompt election more likely
I20260601 13:42:06.606016  9756 raft_consensus.cc:740] T 57ac4dc504a540abade8c947ccdb5dd4 P ff55ad4b754b431fae1414f4c22fa614 [term 0 FOLLOWER]: Becoming Follower/Learner. State: Replica: ff55ad4b754b431fae1414f4c22fa614, State: Initialized, Role: FOLLOWER
I20260601 13:42:06.606041  9755 consensus_queue.cc:260] T 57ac4dc504a540abade8c947ccdb5dd4 P c423a1044beb42cfbe66db89b59eeb39 [NON_LEADER]: Queue going to NON_LEADER mode. State: All replicated index: 0, Majority replicated index: 0, Committed index: 0, Last appended: 0.0, Last appended by leader: 0, Current term: 0, Majority size: -1, State: 0, Mode: NON_LEADER, active raft config: opid_index: -1 OBSOLETE_local: false peers { permanent_uuid: "c423a1044beb42cfbe66db89b59eeb39" member_type: VOTER last_known_addr { host: "127.5.184.195" port: 39129 } } peers { permanent_uuid: "e781082851e9411f90de683878fe1808" member_type: VOTER last_known_addr { host: "127.5.184.193" port: 40643 } } peers { permanent_uuid: "ff55ad4b754b431fae1414f4c22fa614" member_type: VOTER last_known_addr { host: "127.5.184.196" port: 32941 } }
I20260601 13:42:06.606032  9754 consensus_queue.cc:260] T 57ac4dc504a540abade8c947ccdb5dd4 P e781082851e9411f90de683878fe1808 [NON_LEADER]: Queue going to NON_LEADER mode. State: All replicated index: 0, Majority replicated index: 0, Committed index: 0, Last appended: 0.0, Last appended by leader: 0, Current term: 0, Majority size: -1, State: 0, Mode: NON_LEADER, active raft config: opid_index: -1 OBSOLETE_local: false peers { permanent_uuid: "c423a1044beb42cfbe66db89b59eeb39" member_type: VOTER last_known_addr { host: "127.5.184.195" port: 39129 } } peers { permanent_uuid: "e781082851e9411f90de683878fe1808" member_type: VOTER last_known_addr { host: "127.5.184.193" port: 40643 } } peers { permanent_uuid: "ff55ad4b754b431fae1414f4c22fa614" member_type: VOTER last_known_addr { host: "127.5.184.196" port: 32941 } }
I20260601 13:42:06.606137  9756 consensus_queue.cc:260] T 57ac4dc504a540abade8c947ccdb5dd4 P ff55ad4b754b431fae1414f4c22fa614 [NON_LEADER]: Queue going to NON_LEADER mode. State: All replicated index: 0, Majority replicated index: 0, Committed index: 0, Last appended: 0.0, Last appended by leader: 0, Current term: 0, Majority size: -1, State: 0, Mode: NON_LEADER, active raft config: opid_index: -1 OBSOLETE_local: false peers { permanent_uuid: "c423a1044beb42cfbe66db89b59eeb39" member_type: VOTER last_known_addr { host: "127.5.184.195" port: 39129 } } peers { permanent_uuid: "e781082851e9411f90de683878fe1808" member_type: VOTER last_known_addr { host: "127.5.184.193" port: 40643 } } peers { permanent_uuid: "ff55ad4b754b431fae1414f4c22fa614" member_type: VOTER last_known_addr { host: "127.5.184.196" port: 32941 } }
I20260601 13:42:06.606462  9756 ts_tablet_manager.cc:1434] T 57ac4dc504a540abade8c947ccdb5dd4 P ff55ad4b754b431fae1414f4c22fa614: Time spent starting tablet: real 0.001s	user 0.000s	sys 0.001s
I20260601 13:42:06.606459  9755 ts_tablet_manager.cc:1434] T 57ac4dc504a540abade8c947ccdb5dd4 P c423a1044beb42cfbe66db89b59eeb39: Time spent starting tablet: real 0.001s	user 0.001s	sys 0.000s
I20260601 13:42:06.606487  9754 ts_tablet_manager.cc:1434] T 57ac4dc504a540abade8c947ccdb5dd4 P e781082851e9411f90de683878fe1808: Time spent starting tablet: real 0.001s	user 0.000s	sys 0.002s
I20260601 13:42:06.696084  9762 raft_consensus.cc:493] T 57ac4dc504a540abade8c947ccdb5dd4 P ff55ad4b754b431fae1414f4c22fa614 [term 0 FOLLOWER]: Starting pre-election (no leader contacted us within the election timeout)
I20260601 13:42:06.696236  9762 raft_consensus.cc:515] T 57ac4dc504a540abade8c947ccdb5dd4 P ff55ad4b754b431fae1414f4c22fa614 [term 0 FOLLOWER]: Starting pre-election with config: opid_index: -1 OBSOLETE_local: false peers { permanent_uuid: "c423a1044beb42cfbe66db89b59eeb39" member_type: VOTER last_known_addr { host: "127.5.184.195" port: 39129 } } peers { permanent_uuid: "e781082851e9411f90de683878fe1808" member_type: VOTER last_known_addr { host: "127.5.184.193" port: 40643 } } peers { permanent_uuid: "ff55ad4b754b431fae1414f4c22fa614" member_type: VOTER last_known_addr { host: "127.5.184.196" port: 32941 } }
I20260601 13:42:06.696880  9762 leader_election.cc:290] T 57ac4dc504a540abade8c947ccdb5dd4 P ff55ad4b754b431fae1414f4c22fa614 [CANDIDATE]: Term 1 pre-election: Requested pre-vote from peers c423a1044beb42cfbe66db89b59eeb39 (127.5.184.195:39129), e781082851e9411f90de683878fe1808 (127.5.184.193:40643)
I20260601 13:42:06.699287  9761 raft_consensus.cc:493] T 57ac4dc504a540abade8c947ccdb5dd4 P e781082851e9411f90de683878fe1808 [term 0 FOLLOWER]: Starting pre-election (no leader contacted us within the election timeout)
I20260601 13:42:06.699399  9761 raft_consensus.cc:515] T 57ac4dc504a540abade8c947ccdb5dd4 P e781082851e9411f90de683878fe1808 [term 0 FOLLOWER]: Starting pre-election with config: opid_index: -1 OBSOLETE_local: false peers { permanent_uuid: "c423a1044beb42cfbe66db89b59eeb39" member_type: VOTER last_known_addr { host: "127.5.184.195" port: 39129 } } peers { permanent_uuid: "e781082851e9411f90de683878fe1808" member_type: VOTER last_known_addr { host: "127.5.184.193" port: 40643 } } peers { permanent_uuid: "ff55ad4b754b431fae1414f4c22fa614" member_type: VOTER last_known_addr { host: "127.5.184.196" port: 32941 } }
I20260601 13:42:06.700577  9632 tablet_service.cc:1917] Received RequestConsensusVote() RPC: tablet_id: "57ac4dc504a540abade8c947ccdb5dd4" candidate_uuid: "ff55ad4b754b431fae1414f4c22fa614" candidate_term: 1 candidate_status { last_received { term: 0 index: 0 } } ignore_live_leader: false dest_uuid: "c423a1044beb42cfbe66db89b59eeb39" is_pre_election: true
I20260601 13:42:06.700700  9761 leader_election.cc:290] T 57ac4dc504a540abade8c947ccdb5dd4 P e781082851e9411f90de683878fe1808 [CANDIDATE]: Term 1 pre-election: Requested pre-vote from peers c423a1044beb42cfbe66db89b59eeb39 (127.5.184.195:39129), ff55ad4b754b431fae1414f4c22fa614 (127.5.184.196:32941)
I20260601 13:42:06.700708  9632 raft_consensus.cc:2468] T 57ac4dc504a540abade8c947ccdb5dd4 P c423a1044beb42cfbe66db89b59eeb39 [term 0 FOLLOWER]: Leader pre-election vote request: Granting yes vote for candidate ff55ad4b754b431fae1414f4c22fa614 in term 0.
I20260601 13:42:06.700713  9481 tablet_service.cc:1917] Received RequestConsensusVote() RPC: tablet_id: "57ac4dc504a540abade8c947ccdb5dd4" candidate_uuid: "ff55ad4b754b431fae1414f4c22fa614" candidate_term: 1 candidate_status { last_received { term: 0 index: 0 } } ignore_live_leader: false dest_uuid: "e781082851e9411f90de683878fe1808" is_pre_election: true
I20260601 13:42:06.700942  9481 raft_consensus.cc:2468] T 57ac4dc504a540abade8c947ccdb5dd4 P e781082851e9411f90de683878fe1808 [term 0 FOLLOWER]: Leader pre-election vote request: Granting yes vote for candidate ff55ad4b754b431fae1414f4c22fa614 in term 0.
I20260601 13:42:06.701213  9670 leader_election.cc:304] T 57ac4dc504a540abade8c947ccdb5dd4 P ff55ad4b754b431fae1414f4c22fa614 [CANDIDATE]: Term 1 pre-election: Election decided. Result: candidate won. Election summary: received 2 responses out of 3 voters: 2 yes votes; 0 no votes. yes voters: c423a1044beb42cfbe66db89b59eeb39, ff55ad4b754b431fae1414f4c22fa614; no voters: 
I20260601 13:42:06.701484  9762 raft_consensus.cc:2804] T 57ac4dc504a540abade8c947ccdb5dd4 P ff55ad4b754b431fae1414f4c22fa614 [term 0 FOLLOWER]: Leader pre-election won for term 1
I20260601 13:42:06.701548  9762 raft_consensus.cc:493] T 57ac4dc504a540abade8c947ccdb5dd4 P ff55ad4b754b431fae1414f4c22fa614 [term 0 FOLLOWER]: Starting leader election (no leader contacted us within the election timeout)
I20260601 13:42:06.701584  9762 raft_consensus.cc:3060] T 57ac4dc504a540abade8c947ccdb5dd4 P ff55ad4b754b431fae1414f4c22fa614 [term 0 FOLLOWER]: Advancing to term 1
I20260601 13:42:06.702723  9762 raft_consensus.cc:515] T 57ac4dc504a540abade8c947ccdb5dd4 P ff55ad4b754b431fae1414f4c22fa614 [term 1 FOLLOWER]: Starting leader election with config: opid_index: -1 OBSOLETE_local: false peers { permanent_uuid: "c423a1044beb42cfbe66db89b59eeb39" member_type: VOTER last_known_addr { host: "127.5.184.195" port: 39129 } } peers { permanent_uuid: "e781082851e9411f90de683878fe1808" member_type: VOTER last_known_addr { host: "127.5.184.193" port: 40643 } } peers { permanent_uuid: "ff55ad4b754b431fae1414f4c22fa614" member_type: VOTER last_known_addr { host: "127.5.184.196" port: 32941 } }
I20260601 13:42:06.703325  9632 tablet_service.cc:1917] Received RequestConsensusVote() RPC: tablet_id: "57ac4dc504a540abade8c947ccdb5dd4" candidate_uuid: "ff55ad4b754b431fae1414f4c22fa614" candidate_term: 1 candidate_status { last_received { term: 0 index: 0 } } ignore_live_leader: false dest_uuid: "c423a1044beb42cfbe66db89b59eeb39"
I20260601 13:42:06.703464  9632 raft_consensus.cc:3060] T 57ac4dc504a540abade8c947ccdb5dd4 P c423a1044beb42cfbe66db89b59eeb39 [term 0 FOLLOWER]: Advancing to term 1
I20260601 13:42:06.703828  9481 tablet_service.cc:1917] Received RequestConsensusVote() RPC: tablet_id: "57ac4dc504a540abade8c947ccdb5dd4" candidate_uuid: "ff55ad4b754b431fae1414f4c22fa614" candidate_term: 1 candidate_status { last_received { term: 0 index: 0 } } ignore_live_leader: false dest_uuid: "e781082851e9411f90de683878fe1808"
I20260601 13:42:06.703930  9481 raft_consensus.cc:3060] T 57ac4dc504a540abade8c947ccdb5dd4 P e781082851e9411f90de683878fe1808 [term 0 FOLLOWER]: Advancing to term 1
I20260601 13:42:06.704203  9631 tablet_service.cc:1917] Received RequestConsensusVote() RPC: tablet_id: "57ac4dc504a540abade8c947ccdb5dd4" candidate_uuid: "e781082851e9411f90de683878fe1808" candidate_term: 1 candidate_status { last_received { term: 0 index: 0 } } ignore_live_leader: false dest_uuid: "c423a1044beb42cfbe66db89b59eeb39" is_pre_election: true
I20260601 13:42:06.704483  9632 raft_consensus.cc:2468] T 57ac4dc504a540abade8c947ccdb5dd4 P c423a1044beb42cfbe66db89b59eeb39 [term 1 FOLLOWER]: Leader election vote request: Granting yes vote for candidate ff55ad4b754b431fae1414f4c22fa614 in term 1.
I20260601 13:42:06.704704  9670 leader_election.cc:304] T 57ac4dc504a540abade8c947ccdb5dd4 P ff55ad4b754b431fae1414f4c22fa614 [CANDIDATE]: Term 1 election: Election decided. Result: candidate won. Election summary: received 2 responses out of 3 voters: 2 yes votes; 0 no votes. yes voters: c423a1044beb42cfbe66db89b59eeb39, ff55ad4b754b431fae1414f4c22fa614; no voters: 
I20260601 13:42:06.704754  9707 tablet_service.cc:1917] Received RequestConsensusVote() RPC: tablet_id: "57ac4dc504a540abade8c947ccdb5dd4" candidate_uuid: "e781082851e9411f90de683878fe1808" candidate_term: 1 candidate_status { last_received { term: 0 index: 0 } } ignore_live_leader: false dest_uuid: "ff55ad4b754b431fae1414f4c22fa614" is_pre_election: true
I20260601 13:42:06.704893  9707 raft_consensus.cc:2393] T 57ac4dc504a540abade8c947ccdb5dd4 P ff55ad4b754b431fae1414f4c22fa614 [term 1 FOLLOWER]: Leader pre-election vote request: Denying vote to candidate e781082851e9411f90de683878fe1808 in current term 1: Already voted for candidate ff55ad4b754b431fae1414f4c22fa614 in this term.
I20260601 13:42:06.704917  9481 raft_consensus.cc:2468] T 57ac4dc504a540abade8c947ccdb5dd4 P e781082851e9411f90de683878fe1808 [term 1 FOLLOWER]: Leader election vote request: Granting yes vote for candidate ff55ad4b754b431fae1414f4c22fa614 in term 1.
I20260601 13:42:06.705062  9767 raft_consensus.cc:2804] T 57ac4dc504a540abade8c947ccdb5dd4 P ff55ad4b754b431fae1414f4c22fa614 [term 1 FOLLOWER]: Leader election won for term 1
I20260601 13:42:06.705093  9762 leader_election.cc:290] T 57ac4dc504a540abade8c947ccdb5dd4 P ff55ad4b754b431fae1414f4c22fa614 [CANDIDATE]: Term 1 election: Requested vote from peers c423a1044beb42cfbe66db89b59eeb39 (127.5.184.195:39129), e781082851e9411f90de683878fe1808 (127.5.184.193:40643)
I20260601 13:42:06.705214  9447 leader_election.cc:304] T 57ac4dc504a540abade8c947ccdb5dd4 P e781082851e9411f90de683878fe1808 [CANDIDATE]: Term 1 pre-election: Election decided. Result: candidate lost. Election summary: received 3 responses out of 3 voters: 1 yes votes; 2 no votes. yes voters: e781082851e9411f90de683878fe1808; no voters: c423a1044beb42cfbe66db89b59eeb39, ff55ad4b754b431fae1414f4c22fa614
I20260601 13:42:06.705400  9761 raft_consensus.cc:2749] T 57ac4dc504a540abade8c947ccdb5dd4 P e781082851e9411f90de683878fe1808 [term 1 FOLLOWER]: Leader pre-election lost for term 1. Reason: could not achieve majority
I20260601 13:42:06.705313  9767 raft_consensus.cc:697] T 57ac4dc504a540abade8c947ccdb5dd4 P ff55ad4b754b431fae1414f4c22fa614 [term 1 LEADER]: Becoming Leader. State: Replica: ff55ad4b754b431fae1414f4c22fa614, State: Running, Role: LEADER
I20260601 13:42:06.705701  9767 consensus_queue.cc:237] T 57ac4dc504a540abade8c947ccdb5dd4 P ff55ad4b754b431fae1414f4c22fa614 [LEADER]: Queue going to LEADER mode. State: All replicated index: 0, Majority replicated index: 0, Committed index: 0, Last appended: 0.0, Last appended by leader: 0, Current term: 1, Majority size: 2, State: 0, Mode: LEADER, active raft config: opid_index: -1 OBSOLETE_local: false peers { permanent_uuid: "c423a1044beb42cfbe66db89b59eeb39" member_type: VOTER last_known_addr { host: "127.5.184.195" port: 39129 } } peers { permanent_uuid: "e781082851e9411f90de683878fe1808" member_type: VOTER last_known_addr { host: "127.5.184.193" port: 40643 } } peers { permanent_uuid: "ff55ad4b754b431fae1414f4c22fa614" member_type: VOTER last_known_addr { host: "127.5.184.196" port: 32941 } }
I20260601 13:42:06.707428  9377 catalog_manager.cc:5696] T 57ac4dc504a540abade8c947ccdb5dd4 P ff55ad4b754b431fae1414f4c22fa614 reported cstate change: term changed from 0 to 1, leader changed from <none> to ff55ad4b754b431fae1414f4c22fa614 (127.5.184.196). New cstate: current_term: 1 leader_uuid: "ff55ad4b754b431fae1414f4c22fa614" committed_config { opid_index: -1 OBSOLETE_local: false peers { permanent_uuid: "c423a1044beb42cfbe66db89b59eeb39" member_type: VOTER last_known_addr { host: "127.5.184.195" port: 39129 } health_report { overall_health: UNKNOWN } } peers { permanent_uuid: "e781082851e9411f90de683878fe1808" member_type: VOTER last_known_addr { host: "127.5.184.193" port: 40643 } health_report { overall_health: UNKNOWN } } peers { permanent_uuid: "ff55ad4b754b431fae1414f4c22fa614" member_type: VOTER last_known_addr { host: "127.5.184.196" port: 32941 } health_report { overall_health: HEALTHY } } }
I20260601 13:42:07.157459  9767 consensus_queue.cc:1048] T 57ac4dc504a540abade8c947ccdb5dd4 P ff55ad4b754b431fae1414f4c22fa614 [LEADER]: Connected to new peer: Peer: permanent_uuid: "c423a1044beb42cfbe66db89b59eeb39" member_type: VOTER last_known_addr { host: "127.5.184.195" port: 39129 }, Status: LMP_MISMATCH, Last received: 0.0, Next index: 1, Last known committed idx: 0, Time since last communication: 0.000s
I20260601 13:42:07.160846  9768 consensus_queue.cc:1048] T 57ac4dc504a540abade8c947ccdb5dd4 P ff55ad4b754b431fae1414f4c22fa614 [LEADER]: Connected to new peer: Peer: permanent_uuid: "e781082851e9411f90de683878fe1808" member_type: VOTER last_known_addr { host: "127.5.184.193" port: 40643 }, Status: LMP_MISMATCH, Last received: 0.0, Next index: 1, Last known committed idx: 0, Time since last communication: 0.000s
I20260601 13:42:07.359748  9432 auto_leader_rebalancer.cc:140] leader rebalance for table test-workload
I20260601 13:42:07.360080  9432 auto_leader_rebalancer.cc:388] table: test-workload, leader rebalance finish, leader transfer count: 0
I20260601 13:42:07.360167  9432 auto_leader_rebalancer.cc:451] All tables' leader rebalancing finished this round
I20260601 13:42:09.360510  9432 auto_leader_rebalancer.cc:140] leader rebalance for table test-workload
I20260601 13:42:09.360867  9432 auto_leader_rebalancer.cc:388] table: test-workload, leader rebalance finish, leader transfer count: 0
I20260601 13:42:09.360952  9432 auto_leader_rebalancer.cc:451] All tables' leader rebalancing finished this round
I20260601 13:42:11.361292  9432 auto_leader_rebalancer.cc:140] leader rebalance for table test-workload
I20260601 13:42:11.361675  9432 auto_leader_rebalancer.cc:388] table: test-workload, leader rebalance finish, leader transfer count: 0
I20260601 13:42:11.361763  9432 auto_leader_rebalancer.cc:451] All tables' leader rebalancing finished this round
I20260601 13:42:13.362062  9432 auto_leader_rebalancer.cc:140] leader rebalance for table test-workload
I20260601 13:42:13.362429  9432 auto_leader_rebalancer.cc:388] table: test-workload, leader rebalance finish, leader transfer count: 0
I20260601 13:42:13.362509  9432 auto_leader_rebalancer.cc:451] All tables' leader rebalancing finished this round
I20260601 13:42:15.362795  9432 auto_leader_rebalancer.cc:140] leader rebalance for table test-workload
I20260601 13:42:15.363143  9432 auto_leader_rebalancer.cc:388] table: test-workload, leader rebalance finish, leader transfer count: 0
I20260601 13:42:15.363231  9432 auto_leader_rebalancer.cc:451] All tables' leader rebalancing finished this round
I20260601 13:42:17.363551  9432 auto_leader_rebalancer.cc:140] leader rebalance for table test-workload
I20260601 13:42:17.363970  9432 auto_leader_rebalancer.cc:388] table: test-workload, leader rebalance finish, leader transfer count: 0
I20260601 13:42:17.364073  9432 auto_leader_rebalancer.cc:451] All tables' leader rebalancing finished this round
I20260601 13:42:17.771373  5859 tablet_server.cc:179] TabletServer@127.5.184.193:0 shutting down...
I20260601 13:42:17.775566  5859 ts_tablet_manager.cc:1507] Shutting down tablet manager...
I20260601 13:42:17.775803  5859 tablet_replica.cc:333] T 57ac4dc504a540abade8c947ccdb5dd4 P e781082851e9411f90de683878fe1808: stopping tablet replica
I20260601 13:42:17.775943  5859 raft_consensus.cc:2243] T 57ac4dc504a540abade8c947ccdb5dd4 P e781082851e9411f90de683878fe1808 [term 1 FOLLOWER]: Raft consensus shutting down.
I20260601 13:42:17.776098  5859 raft_consensus.cc:2272] T 57ac4dc504a540abade8c947ccdb5dd4 P e781082851e9411f90de683878fe1808 [term 1 FOLLOWER]: Raft consensus is shut down!
I20260601 13:42:17.788844  5859 tablet_server.cc:196] TabletServer@127.5.184.193:0 shutdown complete.
I20260601 13:42:17.790897  5859 tablet_server.cc:179] TabletServer@127.5.184.194:0 shutting down...
I20260601 13:42:17.795367  5859 ts_tablet_manager.cc:1507] Shutting down tablet manager...
I20260601 13:42:17.808145  5859 tablet_server.cc:196] TabletServer@127.5.184.194:0 shutdown complete.
I20260601 13:42:17.809943  5859 tablet_server.cc:179] TabletServer@127.5.184.195:0 shutting down...
I20260601 13:42:17.814824  5859 ts_tablet_manager.cc:1507] Shutting down tablet manager...
I20260601 13:42:17.815080  5859 tablet_replica.cc:333] T 57ac4dc504a540abade8c947ccdb5dd4 P c423a1044beb42cfbe66db89b59eeb39: stopping tablet replica
I20260601 13:42:17.815223  5859 raft_consensus.cc:2243] T 57ac4dc504a540abade8c947ccdb5dd4 P c423a1044beb42cfbe66db89b59eeb39 [term 1 FOLLOWER]: Raft consensus shutting down.
I20260601 13:42:17.815380  5859 raft_consensus.cc:2272] T 57ac4dc504a540abade8c947ccdb5dd4 P c423a1044beb42cfbe66db89b59eeb39 [term 1 FOLLOWER]: Raft consensus is shut down!
I20260601 13:42:17.828078  5859 tablet_server.cc:196] TabletServer@127.5.184.195:0 shutdown complete.
I20260601 13:42:17.829967  5859 tablet_server.cc:179] TabletServer@127.5.184.196:0 shutting down...
I20260601 13:42:17.834864  5859 ts_tablet_manager.cc:1507] Shutting down tablet manager...
I20260601 13:42:17.835073  5859 tablet_replica.cc:333] T 57ac4dc504a540abade8c947ccdb5dd4 P ff55ad4b754b431fae1414f4c22fa614: stopping tablet replica
I20260601 13:42:17.835187  5859 raft_consensus.cc:2243] T 57ac4dc504a540abade8c947ccdb5dd4 P ff55ad4b754b431fae1414f4c22fa614 [term 1 LEADER]: Raft consensus shutting down.
I20260601 13:42:17.835418  5859 raft_consensus.cc:2272] T 57ac4dc504a540abade8c947ccdb5dd4 P ff55ad4b754b431fae1414f4c22fa614 [term 1 FOLLOWER]: Raft consensus is shut down!
I20260601 13:42:17.848773  5859 tablet_server.cc:196] TabletServer@127.5.184.196:0 shutdown complete.
I20260601 13:42:17.850831  5859 master.cc:562] Master@127.5.184.254:41775 shutting down...
I20260601 13:42:17.855015  5859 raft_consensus.cc:2243] T 00000000000000000000000000000000 P 89c07ea683f84c63b641acd487d1c917 [term 1 LEADER]: Raft consensus shutting down.
I20260601 13:42:17.855202  5859 raft_consensus.cc:2272] T 00000000000000000000000000000000 P 89c07ea683f84c63b641acd487d1c917 [term 1 FOLLOWER]: Raft consensus is shut down!
I20260601 13:42:17.855274  5859 tablet_replica.cc:333] T 00000000000000000000000000000000 P 89c07ea683f84c63b641acd487d1c917: stopping tablet replica
I20260601 13:42:17.867702  5859 master.cc:584] Master@127.5.184.254:41775 shutdown complete.
[       OK ] AutoRebalancerTest.NoReplicaMovesIfLocationLoadSkewedByOne (12551 ms)
[ RUN      ] AutoRebalancerTest.NoReplicaMovesIfCannotFixPlacementPolicy
I20260601 13:42:17.874630  5859 internal_mini_cluster.cc:156] Creating distributed mini masters. Addrs: 127.5.184.254:35803
I20260601 13:42:17.874986  5859 file_cache.cc:492] Constructed file cache file cache with capacity 419430
W20260601 13:42:17.876641  9781 instance_detector.cc:116] could not retrieve OpenStack instance metadata: Network error: curl error: HTTP response code said error: The requested URL returned error: 404
W20260601 13:42:17.876729  9778 instance_detector.cc:116] could not retrieve AWS instance metadata: Network error: curl error: HTTP response code said error: The requested URL returned error: 404
W20260601 13:42:17.876808  9779 instance_detector.cc:116] could not retrieve Azure instance metadata: Network error: curl error: HTTP response code said error: The requested URL returned error: 404
I20260601 13:42:17.876904  5859 server_base.cc:1061] running on GCE node
I20260601 13:42:17.877111  5859 hybrid_clock.cc:584] initializing the hybrid clock with 'system_unsync' time source
W20260601 13:42:17.877154  5859 system_unsync_time.cc:38] NTP support is disabled. Clock error bounds will not be accurate. This configuration is not suitable for distributed clusters.
I20260601 13:42:17.877192  5859 hybrid_clock.cc:648] HybridClock initialized: now 1780321337877190 us; error 0 us; skew 500 ppm
I20260601 13:42:17.877965  5859 webserver.cc:533] Webserver started at http://127.5.184.254:42983/ using document root <none> and password file <none>
I20260601 13:42:17.878125  5859 fs_manager.cc:362] Metadata directory not provided
I20260601 13:42:17.878187  5859 fs_manager.cc:368] Using write-ahead log directory (fs_wal_dir) as metadata directory
I20260601 13:42:17.878263  5859 server_base.cc:909] This appears to be a new deployment of Kudu; creating new FS layout
I20260601 13:42:17.878755  5859 fs_manager.cc:1068] Generated new instance metadata in path /tmp/dist-test-taskhjbvMV/test-tmp/auto_rebalancer-test.0.AutoRebalancerTest.NoReplicaMovesIfCannotFixPlacementPolicy.1780321249072786-5859-0/minicluster-data/master-0-root/instance:
uuid: "cc85e1a4f62442f1a27fd5335aa6d2f1"
format_stamp: "Formatted at 2026-06-01 13:42:17 on dist-test-slave-8cwg"
I20260601 13:42:17.880271  5859 fs_manager.cc:696] Time spent creating directory manager: real 0.001s	user 0.000s	sys 0.002s
I20260601 13:42:17.881129  9786 log_block_manager.cc:4031] Time spent loading block containers with low live blocks: real 0.000s	user 0.000s	sys 0.000s
I20260601 13:42:17.881388  5859 fs_manager.cc:730] Time spent opening block manager: real 0.001s	user 0.001s	sys 0.000s
I20260601 13:42:17.881448  5859 fs_manager.cc:647] Opened local filesystem: /tmp/dist-test-taskhjbvMV/test-tmp/auto_rebalancer-test.0.AutoRebalancerTest.NoReplicaMovesIfCannotFixPlacementPolicy.1780321249072786-5859-0/minicluster-data/master-0-root
uuid: "cc85e1a4f62442f1a27fd5335aa6d2f1"
format_stamp: "Formatted at 2026-06-01 13:42:17 on dist-test-slave-8cwg"
I20260601 13:42:17.881536  5859 fs_report.cc:389] FS layout report
--------------------
wal directory: /tmp/dist-test-taskhjbvMV/test-tmp/auto_rebalancer-test.0.AutoRebalancerTest.NoReplicaMovesIfCannotFixPlacementPolicy.1780321249072786-5859-0/minicluster-data/master-0-root
metadata directory: /tmp/dist-test-taskhjbvMV/test-tmp/auto_rebalancer-test.0.AutoRebalancerTest.NoReplicaMovesIfCannotFixPlacementPolicy.1780321249072786-5859-0/minicluster-data/master-0-root
1 data directories: /tmp/dist-test-taskhjbvMV/test-tmp/auto_rebalancer-test.0.AutoRebalancerTest.NoReplicaMovesIfCannotFixPlacementPolicy.1780321249072786-5859-0/minicluster-data/master-0-root/data
Total live blocks: 0
Total live bytes: 0
Total live bytes (after alignment): 0
Total number of LBM containers: 0 (0 full)
Did not check for missing blocks
Did not check for orphaned blocks
Total full LBM containers with extra space: 0 (0 repaired)
Total full LBM container extra space in bytes: 0 (0 repaired)
Total incomplete LBM containers: 0 (0 repaired)
Total LBM partial records: 0 (0 repaired)
Total corrupted LBM metadata records in RocksDB: 0 (0 repaired)
I20260601 13:42:17.898520  5859 rpc_server.cc:225] running with OpenSSL 1.1.1  11 Sep 2018
I20260601 13:42:17.898947  5859 kserver.cc:163] Server-wide thread pool size limit: 3276
I20260601 13:42:17.903245  5859 rpc_server.cc:307] RPC server started. Bound to: 127.5.184.254:35803
I20260601 13:42:17.906039  9838 acceptor_pool.cc:272] collecting diagnostics on the listening RPC socket 127.5.184.254:35803 every 8 connection(s)
I20260601 13:42:17.906546  9839 data_dirs.cc:400] Could only allocate 1 dirs of requested 3 for tablet 00000000000000000000000000000000. 1 dirs total, 0 dirs full, 0 dirs failed
I20260601 13:42:17.908371  9839 tablet_bootstrap.cc:492] T 00000000000000000000000000000000 P cc85e1a4f62442f1a27fd5335aa6d2f1: Bootstrap starting.
I20260601 13:42:17.909127  9839 tablet_bootstrap.cc:654] T 00000000000000000000000000000000 P cc85e1a4f62442f1a27fd5335aa6d2f1: Neither blocks nor log segments found. Creating new log.
I20260601 13:42:17.910032  9839 tablet_bootstrap.cc:492] T 00000000000000000000000000000000 P cc85e1a4f62442f1a27fd5335aa6d2f1: No bootstrap required, opened a new log
I20260601 13:42:17.910367  9839 raft_consensus.cc:359] T 00000000000000000000000000000000 P cc85e1a4f62442f1a27fd5335aa6d2f1 [term 0 FOLLOWER]: Replica starting. Triggering 0 pending ops. Active config: opid_index: -1 OBSOLETE_local: true peers { permanent_uuid: "cc85e1a4f62442f1a27fd5335aa6d2f1" member_type: VOTER }
I20260601 13:42:17.910449  9839 raft_consensus.cc:385] T 00000000000000000000000000000000 P cc85e1a4f62442f1a27fd5335aa6d2f1 [term 0 FOLLOWER]: Consensus starting up: Expiring failure detector timer to make a prompt election more likely
I20260601 13:42:17.910471  9839 raft_consensus.cc:740] T 00000000000000000000000000000000 P cc85e1a4f62442f1a27fd5335aa6d2f1 [term 0 FOLLOWER]: Becoming Follower/Learner. State: Replica: cc85e1a4f62442f1a27fd5335aa6d2f1, State: Initialized, Role: FOLLOWER
I20260601 13:42:17.910583  9839 consensus_queue.cc:260] T 00000000000000000000000000000000 P cc85e1a4f62442f1a27fd5335aa6d2f1 [NON_LEADER]: Queue going to NON_LEADER mode. State: All replicated index: 0, Majority replicated index: 0, Committed index: 0, Last appended: 0.0, Last appended by leader: 0, Current term: 0, Majority size: -1, State: 0, Mode: NON_LEADER, active raft config: opid_index: -1 OBSOLETE_local: true peers { permanent_uuid: "cc85e1a4f62442f1a27fd5335aa6d2f1" member_type: VOTER }
I20260601 13:42:17.910637  9839 raft_consensus.cc:399] T 00000000000000000000000000000000 P cc85e1a4f62442f1a27fd5335aa6d2f1 [term 0 FOLLOWER]: Only one voter in the Raft config. Triggering election immediately
I20260601 13:42:17.910658  9839 raft_consensus.cc:493] T 00000000000000000000000000000000 P cc85e1a4f62442f1a27fd5335aa6d2f1 [term 0 FOLLOWER]: Starting leader election (initial election of a single-replica configuration)
I20260601 13:42:17.910686  9839 raft_consensus.cc:3060] T 00000000000000000000000000000000 P cc85e1a4f62442f1a27fd5335aa6d2f1 [term 0 FOLLOWER]: Advancing to term 1
I20260601 13:42:17.911285  9839 raft_consensus.cc:515] T 00000000000000000000000000000000 P cc85e1a4f62442f1a27fd5335aa6d2f1 [term 1 FOLLOWER]: Starting leader election with config: opid_index: -1 OBSOLETE_local: true peers { permanent_uuid: "cc85e1a4f62442f1a27fd5335aa6d2f1" member_type: VOTER }
I20260601 13:42:17.911394  9839 leader_election.cc:304] T 00000000000000000000000000000000 P cc85e1a4f62442f1a27fd5335aa6d2f1 [CANDIDATE]: Term 1 election: Election decided. Result: candidate won. Election summary: received 1 responses out of 1 voters: 1 yes votes; 0 no votes. yes voters: cc85e1a4f62442f1a27fd5335aa6d2f1; no voters: 
I20260601 13:42:17.911525  9839 leader_election.cc:290] T 00000000000000000000000000000000 P cc85e1a4f62442f1a27fd5335aa6d2f1 [CANDIDATE]: Term 1 election: Requested vote from peers 
I20260601 13:42:17.911651  9842 raft_consensus.cc:2804] T 00000000000000000000000000000000 P cc85e1a4f62442f1a27fd5335aa6d2f1 [term 1 FOLLOWER]: Leader election won for term 1
I20260601 13:42:17.911857  9842 raft_consensus.cc:697] T 00000000000000000000000000000000 P cc85e1a4f62442f1a27fd5335aa6d2f1 [term 1 LEADER]: Becoming Leader. State: Replica: cc85e1a4f62442f1a27fd5335aa6d2f1, State: Running, Role: LEADER
I20260601 13:42:17.911981  9842 consensus_queue.cc:237] T 00000000000000000000000000000000 P cc85e1a4f62442f1a27fd5335aa6d2f1 [LEADER]: Queue going to LEADER mode. State: All replicated index: 0, Majority replicated index: 0, Committed index: 0, Last appended: 0.0, Last appended by leader: 0, Current term: 1, Majority size: 1, State: 0, Mode: LEADER, active raft config: opid_index: -1 OBSOLETE_local: true peers { permanent_uuid: "cc85e1a4f62442f1a27fd5335aa6d2f1" member_type: VOTER }
I20260601 13:42:17.912015  9839 sys_catalog.cc:565] T 00000000000000000000000000000000 P cc85e1a4f62442f1a27fd5335aa6d2f1 [sys.catalog]: configured and running, proceeding with master startup.
I20260601 13:42:17.912426  9844 sys_catalog.cc:455] T 00000000000000000000000000000000 P cc85e1a4f62442f1a27fd5335aa6d2f1 [sys.catalog]: SysCatalogTable state changed. Reason: New leader cc85e1a4f62442f1a27fd5335aa6d2f1. Latest consensus state: current_term: 1 leader_uuid: "cc85e1a4f62442f1a27fd5335aa6d2f1" committed_config { opid_index: -1 OBSOLETE_local: true peers { permanent_uuid: "cc85e1a4f62442f1a27fd5335aa6d2f1" member_type: VOTER } }
I20260601 13:42:17.912528  9844 sys_catalog.cc:458] T 00000000000000000000000000000000 P cc85e1a4f62442f1a27fd5335aa6d2f1 [sys.catalog]: This master's current role is: LEADER
I20260601 13:42:17.912813  9846 catalog_manager.cc:1510] Loading table and tablet metadata into memory...
I20260601 13:42:17.912922  9843 sys_catalog.cc:455] T 00000000000000000000000000000000 P cc85e1a4f62442f1a27fd5335aa6d2f1 [sys.catalog]: SysCatalogTable state changed. Reason: RaftConsensus started. Latest consensus state: current_term: 1 leader_uuid: "cc85e1a4f62442f1a27fd5335aa6d2f1" committed_config { opid_index: -1 OBSOLETE_local: true peers { permanent_uuid: "cc85e1a4f62442f1a27fd5335aa6d2f1" member_type: VOTER } }
I20260601 13:42:17.913064  9843 sys_catalog.cc:458] T 00000000000000000000000000000000 P cc85e1a4f62442f1a27fd5335aa6d2f1 [sys.catalog]: This master's current role is: LEADER
I20260601 13:42:17.913771  9846 catalog_manager.cc:1519] Initializing Kudu cluster ID...
I20260601 13:42:17.914016  5859 internal_mini_cluster.cc:184] Waiting to initialize catalog manager on master 0
I20260601 13:42:17.915613  9846 catalog_manager.cc:1382] Generated new cluster ID: eaf6bf4655c443bbbfad6206240a1932
I20260601 13:42:17.915659  9846 catalog_manager.cc:1530] Initializing Kudu internal certificate authority...
I20260601 13:42:17.925699  9846 catalog_manager.cc:1405] Generated new certificate authority record
I20260601 13:42:17.926200  9846 catalog_manager.cc:1539] Loading token signing keys...
I20260601 13:42:17.933724  9846 catalog_manager.cc:6069] T 00000000000000000000000000000000 P cc85e1a4f62442f1a27fd5335aa6d2f1: Generated new TSK 0
I20260601 13:42:17.933889  9846 catalog_manager.cc:1549] Initializing in-progress tserver states...
I20260601 13:42:17.946399  5859 file_cache.cc:492] Constructed file cache file cache with capacity 419430
W20260601 13:42:17.948474  9860 instance_detector.cc:116] could not retrieve AWS instance metadata: Network error: curl error: HTTP response code said error: The requested URL returned error: 404
I20260601 13:42:17.948560  5859 server_base.cc:1061] running on GCE node
W20260601 13:42:17.948638  9861 instance_detector.cc:116] could not retrieve Azure instance metadata: Network error: curl error: HTTP response code said error: The requested URL returned error: 404
W20260601 13:42:17.948590  9863 instance_detector.cc:116] could not retrieve OpenStack instance metadata: Network error: curl error: HTTP response code said error: The requested URL returned error: 404
I20260601 13:42:17.948856  5859 hybrid_clock.cc:584] initializing the hybrid clock with 'system_unsync' time source
W20260601 13:42:17.948925  5859 system_unsync_time.cc:38] NTP support is disabled. Clock error bounds will not be accurate. This configuration is not suitable for distributed clusters.
I20260601 13:42:17.948951  5859 hybrid_clock.cc:648] HybridClock initialized: now 1780321337948950 us; error 0 us; skew 500 ppm
I20260601 13:42:17.949810  5859 webserver.cc:533] Webserver started at http://127.5.184.193:37023/ using document root <none> and password file <none>
I20260601 13:42:17.949981  5859 fs_manager.cc:362] Metadata directory not provided
I20260601 13:42:17.950049  5859 fs_manager.cc:368] Using write-ahead log directory (fs_wal_dir) as metadata directory
I20260601 13:42:17.950127  5859 server_base.cc:909] This appears to be a new deployment of Kudu; creating new FS layout
I20260601 13:42:17.950543  5859 fs_manager.cc:1068] Generated new instance metadata in path /tmp/dist-test-taskhjbvMV/test-tmp/auto_rebalancer-test.0.AutoRebalancerTest.NoReplicaMovesIfCannotFixPlacementPolicy.1780321249072786-5859-0/minicluster-data/ts-0-root/instance:
uuid: "ee32ba70fdf2454d9c4173e145d3bbd6"
format_stamp: "Formatted at 2026-06-01 13:42:17 on dist-test-slave-8cwg"
I20260601 13:42:17.952037  5859 fs_manager.cc:696] Time spent creating directory manager: real 0.001s	user 0.002s	sys 0.000s
I20260601 13:42:17.952915  9868 log_block_manager.cc:4031] Time spent loading block containers with low live blocks: real 0.000s	user 0.000s	sys 0.000s
I20260601 13:42:17.953164  5859 fs_manager.cc:730] Time spent opening block manager: real 0.001s	user 0.001s	sys 0.000s
I20260601 13:42:17.953246  5859 fs_manager.cc:647] Opened local filesystem: /tmp/dist-test-taskhjbvMV/test-tmp/auto_rebalancer-test.0.AutoRebalancerTest.NoReplicaMovesIfCannotFixPlacementPolicy.1780321249072786-5859-0/minicluster-data/ts-0-root
uuid: "ee32ba70fdf2454d9c4173e145d3bbd6"
format_stamp: "Formatted at 2026-06-01 13:42:17 on dist-test-slave-8cwg"
I20260601 13:42:17.953332  5859 fs_report.cc:389] FS layout report
--------------------
wal directory: /tmp/dist-test-taskhjbvMV/test-tmp/auto_rebalancer-test.0.AutoRebalancerTest.NoReplicaMovesIfCannotFixPlacementPolicy.1780321249072786-5859-0/minicluster-data/ts-0-root
metadata directory: /tmp/dist-test-taskhjbvMV/test-tmp/auto_rebalancer-test.0.AutoRebalancerTest.NoReplicaMovesIfCannotFixPlacementPolicy.1780321249072786-5859-0/minicluster-data/ts-0-root
1 data directories: /tmp/dist-test-taskhjbvMV/test-tmp/auto_rebalancer-test.0.AutoRebalancerTest.NoReplicaMovesIfCannotFixPlacementPolicy.1780321249072786-5859-0/minicluster-data/ts-0-root/data
Total live blocks: 0
Total live bytes: 0
Total live bytes (after alignment): 0
Total number of LBM containers: 0 (0 full)
Did not check for missing blocks
Did not check for orphaned blocks
Total full LBM containers with extra space: 0 (0 repaired)
Total full LBM container extra space in bytes: 0 (0 repaired)
Total incomplete LBM containers: 0 (0 repaired)
Total LBM partial records: 0 (0 repaired)
Total corrupted LBM metadata records in RocksDB: 0 (0 repaired)
I20260601 13:42:17.967911  5859 rpc_server.cc:225] running with OpenSSL 1.1.1  11 Sep 2018
I20260601 13:42:17.968281  5859 kserver.cc:163] Server-wide thread pool size limit: 3276
I20260601 13:42:17.968564  5859 txn_system_client.cc:432] TxnSystemClient initialization is disabled...
I20260601 13:42:17.969024  5859 ts_tablet_manager.cc:585] Loaded tablet metadata (0 total tablets, 0 live tablets)
I20260601 13:42:17.969086  5859 ts_tablet_manager.cc:531] Time spent load tablet metadata: real 0.000s	user 0.000s	sys 0.000s
I20260601 13:42:17.969141  5859 ts_tablet_manager.cc:616] Registered 0 tablets
I20260601 13:42:17.969189  5859 ts_tablet_manager.cc:595] Time spent register tablets: real 0.000s	user 0.000s	sys 0.000s
I20260601 13:42:17.973572  5859 rpc_server.cc:307] RPC server started. Bound to: 127.5.184.193:40405
I20260601 13:42:17.973609  9931 acceptor_pool.cc:272] collecting diagnostics on the listening RPC socket 127.5.184.193:40405 every 8 connection(s)
I20260601 13:42:17.974376  5859 file_cache.cc:492] Constructed file cache file cache with capacity 419430
W20260601 13:42:17.976316  9936 instance_detector.cc:116] could not retrieve AWS instance metadata: Network error: curl error: HTTP response code said error: The requested URL returned error: 404
W20260601 13:42:17.976425  9939 instance_detector.cc:116] could not retrieve OpenStack instance metadata: Network error: curl error: HTTP response code said error: The requested URL returned error: 404
W20260601 13:42:17.976316  9937 instance_detector.cc:116] could not retrieve Azure instance metadata: Network error: curl error: HTTP response code said error: The requested URL returned error: 404
I20260601 13:42:17.976678  5859 server_base.cc:1061] running on GCE node
I20260601 13:42:17.976845  5859 hybrid_clock.cc:584] initializing the hybrid clock with 'system_unsync' time source
W20260601 13:42:17.976884  5859 system_unsync_time.cc:38] NTP support is disabled. Clock error bounds will not be accurate. This configuration is not suitable for distributed clusters.
I20260601 13:42:17.976904  5859 hybrid_clock.cc:648] HybridClock initialized: now 1780321337976904 us; error 0 us; skew 500 ppm
I20260601 13:42:17.977773  5859 webserver.cc:533] Webserver started at http://127.5.184.194:36933/ using document root <none> and password file <none>
I20260601 13:42:17.977923  5859 fs_manager.cc:362] Metadata directory not provided
I20260601 13:42:17.977980  5859 fs_manager.cc:368] Using write-ahead log directory (fs_wal_dir) as metadata directory
I20260601 13:42:17.978056  5859 server_base.cc:909] This appears to be a new deployment of Kudu; creating new FS layout
I20260601 13:42:17.978615  5859 fs_manager.cc:1068] Generated new instance metadata in path /tmp/dist-test-taskhjbvMV/test-tmp/auto_rebalancer-test.0.AutoRebalancerTest.NoReplicaMovesIfCannotFixPlacementPolicy.1780321249072786-5859-0/minicluster-data/ts-1-root/instance:
uuid: "c83338a6c05f47a2b5e1954644df13e1"
format_stamp: "Formatted at 2026-06-01 13:42:17 on dist-test-slave-8cwg"
I20260601 13:42:17.979242  9932 heartbeater.cc:344] Connected to a master server at 127.5.184.254:35803
I20260601 13:42:17.979369  9932 heartbeater.cc:461] Registering TS with master...
I20260601 13:42:17.979568  9932 heartbeater.cc:507] Master 127.5.184.254:35803 requested a full tablet report, sending...
I20260601 13:42:17.980233  9803 ts_manager.cc:194] Registered new tserver with Master: ee32ba70fdf2454d9c4173e145d3bbd6 (127.5.184.193:40405)
I20260601 13:42:17.980464  5859 fs_manager.cc:696] Time spent creating directory manager: real 0.002s	user 0.002s	sys 0.000s
I20260601 13:42:17.981017  9803 master_service.cc:502] Signed X509 certificate for tserver {username='slave'} at 127.0.0.1:33072
I20260601 13:42:17.981395  9944 log_block_manager.cc:4031] Time spent loading block containers with low live blocks: real 0.000s	user 0.000s	sys 0.000s
I20260601 13:42:17.981642  5859 fs_manager.cc:730] Time spent opening block manager: real 0.001s	user 0.001s	sys 0.000s
I20260601 13:42:17.981724  5859 fs_manager.cc:647] Opened local filesystem: /tmp/dist-test-taskhjbvMV/test-tmp/auto_rebalancer-test.0.AutoRebalancerTest.NoReplicaMovesIfCannotFixPlacementPolicy.1780321249072786-5859-0/minicluster-data/ts-1-root
uuid: "c83338a6c05f47a2b5e1954644df13e1"
format_stamp: "Formatted at 2026-06-01 13:42:17 on dist-test-slave-8cwg"
I20260601 13:42:17.981791  5859 fs_report.cc:389] FS layout report
--------------------
wal directory: /tmp/dist-test-taskhjbvMV/test-tmp/auto_rebalancer-test.0.AutoRebalancerTest.NoReplicaMovesIfCannotFixPlacementPolicy.1780321249072786-5859-0/minicluster-data/ts-1-root
metadata directory: /tmp/dist-test-taskhjbvMV/test-tmp/auto_rebalancer-test.0.AutoRebalancerTest.NoReplicaMovesIfCannotFixPlacementPolicy.1780321249072786-5859-0/minicluster-data/ts-1-root
1 data directories: /tmp/dist-test-taskhjbvMV/test-tmp/auto_rebalancer-test.0.AutoRebalancerTest.NoReplicaMovesIfCannotFixPlacementPolicy.1780321249072786-5859-0/minicluster-data/ts-1-root/data
Total live blocks: 0
Total live bytes: 0
Total live bytes (after alignment): 0
Total number of LBM containers: 0 (0 full)
Did not check for missing blocks
Did not check for orphaned blocks
Total full LBM containers with extra space: 0 (0 repaired)
