[==========] Running 24 tests from 2 test suites.
[----------] Global test environment set-up.
[----------] 22 tests from AutoRebalancerTest
[ RUN      ] AutoRebalancerTest.OnlyLeaderDoesAutoRebalancing
WARNING: Logging before InitGoogleLogging() is written to STDERR
I20260601 13:22:11.864862 19600 internal_mini_cluster.cc:156] Creating distributed mini masters. Addrs: 127.19.36.62:38665,127.19.36.61:40249,127.19.36.60:46063
I20260601 13:22:11.866168 19600 env_posix.cc:2267] Not raising this process' open files per process limit of 1048576; it is already as high as it can go
I20260601 13:22:11.866804 19600 file_cache.cc:492] Constructed file cache file cache with capacity 419430
W20260601 13:22:11.874642 19605 instance_detector.cc:116] could not retrieve AWS instance metadata: Network error: curl error: HTTP response code said error: The requested URL returned error: 404
I20260601 13:22:11.874826 19600 server_base.cc:1061] running on GCE node
W20260601 13:22:11.874666 19606 instance_detector.cc:116] could not retrieve Azure instance metadata: Network error: curl error: HTTP response code said error: The requested URL returned error: 404
W20260601 13:22:11.875061 19608 instance_detector.cc:116] could not retrieve OpenStack instance metadata: Network error: curl error: HTTP response code said error: The requested URL returned error: 404
I20260601 13:22:11.875677 19600 hybrid_clock.cc:584] initializing the hybrid clock with 'system_unsync' time source
W20260601 13:22:11.875813 19600 system_unsync_time.cc:38] NTP support is disabled. Clock error bounds will not be accurate. This configuration is not suitable for distributed clusters.
I20260601 13:22:11.875864 19600 hybrid_clock.cc:648] HybridClock initialized: now 1780320131875860 us; error 0 us; skew 500 ppm
I20260601 13:22:11.878067 19600 webserver.cc:533] Webserver started at http://127.19.36.62:43331/ using document root <none> and password file <none>
I20260601 13:22:11.878728 19600 fs_manager.cc:362] Metadata directory not provided
I20260601 13:22:11.878801 19600 fs_manager.cc:368] Using write-ahead log directory (fs_wal_dir) as metadata directory
I20260601 13:22:11.879065 19600 server_base.cc:909] This appears to be a new deployment of Kudu; creating new FS layout
I20260601 13:22:11.880822 19600 fs_manager.cc:1068] Generated new instance metadata in path /tmp/dist-test-taskY5ifXr/test-tmp/auto_rebalancer-test.0.AutoRebalancerTest.OnlyLeaderDoesAutoRebalancing.1780320131853188-19600-0/minicluster-data/master-0-root/instance:
uuid: "41ad1e419de54c7d81c9de5023e80fe9"
format_stamp: "Formatted at 2026-06-01 13:22:11 on dist-test-slave-kd8r"
I20260601 13:22:11.885450 19600 fs_manager.cc:696] Time spent creating directory manager: real 0.004s	user 0.006s	sys 0.000s
I20260601 13:22:11.888630 19613 log_block_manager.cc:4031] Time spent loading block containers with low live blocks: real 0.000s	user 0.000s	sys 0.000s
I20260601 13:22:11.890522 19600 fs_manager.cc:730] Time spent opening block manager: real 0.003s	user 0.003s	sys 0.000s
I20260601 13:22:11.890694 19600 fs_manager.cc:647] Opened local filesystem: /tmp/dist-test-taskY5ifXr/test-tmp/auto_rebalancer-test.0.AutoRebalancerTest.OnlyLeaderDoesAutoRebalancing.1780320131853188-19600-0/minicluster-data/master-0-root
uuid: "41ad1e419de54c7d81c9de5023e80fe9"
format_stamp: "Formatted at 2026-06-01 13:22:11 on dist-test-slave-kd8r"
I20260601 13:22:11.890817 19600 fs_report.cc:389] FS layout report
--------------------
wal directory: /tmp/dist-test-taskY5ifXr/test-tmp/auto_rebalancer-test.0.AutoRebalancerTest.OnlyLeaderDoesAutoRebalancing.1780320131853188-19600-0/minicluster-data/master-0-root
metadata directory: /tmp/dist-test-taskY5ifXr/test-tmp/auto_rebalancer-test.0.AutoRebalancerTest.OnlyLeaderDoesAutoRebalancing.1780320131853188-19600-0/minicluster-data/master-0-root
1 data directories: /tmp/dist-test-taskY5ifXr/test-tmp/auto_rebalancer-test.0.AutoRebalancerTest.OnlyLeaderDoesAutoRebalancing.1780320131853188-19600-0/minicluster-data/master-0-root/data
Total live blocks: 0
Total live bytes: 0
Total live bytes (after alignment): 0
Total number of LBM containers: 0 (0 full)
Did not check for missing blocks
Did not check for orphaned blocks
Total full LBM containers with extra space: 0 (0 repaired)
Total full LBM container extra space in bytes: 0 (0 repaired)
Total incomplete LBM containers: 0 (0 repaired)
Total LBM partial records: 0 (0 repaired)
Total corrupted LBM metadata records in RocksDB: 0 (0 repaired)
I20260601 13:22:11.905936 19600 rpc_server.cc:225] running with OpenSSL 1.1.1  11 Sep 2018
I20260601 13:22:11.906548 19600 env_posix.cc:2267] Not raising this process' running threads per effective uid limit of 18446744073709551615; it is already as high as it can go
I20260601 13:22:11.906705 19600 kserver.cc:163] Server-wide thread pool size limit: 3276
I20260601 13:22:11.914268 19600 rpc_server.cc:307] RPC server started. Bound to: 127.19.36.62:38665
I20260601 13:22:11.914276 19665 acceptor_pool.cc:272] collecting diagnostics on the listening RPC socket 127.19.36.62:38665 every 8 connection(s)
I20260601 13:22:11.915596 19600 file_cache.cc:492] Constructed file cache file cache with capacity 419430
W20260601 13:22:11.917441 19669 instance_detector.cc:116] could not retrieve Azure instance metadata: Network error: curl error: HTTP response code said error: The requested URL returned error: 404
W20260601 13:22:11.917449 19671 instance_detector.cc:116] could not retrieve OpenStack instance metadata: Network error: curl error: HTTP response code said error: The requested URL returned error: 404
W20260601 13:22:11.917471 19668 instance_detector.cc:116] could not retrieve AWS instance metadata: Network error: curl error: HTTP response code said error: The requested URL returned error: 404
I20260601 13:22:11.917634 19600 server_base.cc:1061] running on GCE node
I20260601 13:22:11.917909 19666 data_dirs.cc:400] Could only allocate 1 dirs of requested 3 for tablet 00000000000000000000000000000000. 1 dirs total, 0 dirs full, 0 dirs failed
I20260601 13:22:11.917958 19600 hybrid_clock.cc:584] initializing the hybrid clock with 'system_unsync' time source
W20260601 13:22:11.917999 19600 system_unsync_time.cc:38] NTP support is disabled. Clock error bounds will not be accurate. This configuration is not suitable for distributed clusters.
I20260601 13:22:11.918027 19600 hybrid_clock.cc:648] HybridClock initialized: now 1780320131918026 us; error 0 us; skew 500 ppm
I20260601 13:22:11.918949 19600 webserver.cc:533] Webserver started at http://127.19.36.61:36151/ using document root <none> and password file <none>
I20260601 13:22:11.919112 19600 fs_manager.cc:362] Metadata directory not provided
I20260601 13:22:11.919169 19600 fs_manager.cc:368] Using write-ahead log directory (fs_wal_dir) as metadata directory
I20260601 13:22:11.919235 19600 server_base.cc:909] This appears to be a new deployment of Kudu; creating new FS layout
I20260601 13:22:11.919674 19600 fs_manager.cc:1068] Generated new instance metadata in path /tmp/dist-test-taskY5ifXr/test-tmp/auto_rebalancer-test.0.AutoRebalancerTest.OnlyLeaderDoesAutoRebalancing.1780320131853188-19600-0/minicluster-data/master-1-root/instance:
uuid: "585de305126c4377ae50881db90d45a7"
format_stamp: "Formatted at 2026-06-01 13:22:11 on dist-test-slave-kd8r"
I20260601 13:22:11.921485 19600 fs_manager.cc:696] Time spent creating directory manager: real 0.002s	user 0.002s	sys 0.000s
I20260601 13:22:11.922624 19676 log_block_manager.cc:4031] Time spent loading block containers with low live blocks: real 0.000s	user 0.000s	sys 0.000s
I20260601 13:22:11.922899 19600 fs_manager.cc:730] Time spent opening block manager: real 0.001s	user 0.000s	sys 0.001s
I20260601 13:22:11.922966 19600 fs_manager.cc:647] Opened local filesystem: /tmp/dist-test-taskY5ifXr/test-tmp/auto_rebalancer-test.0.AutoRebalancerTest.OnlyLeaderDoesAutoRebalancing.1780320131853188-19600-0/minicluster-data/master-1-root
uuid: "585de305126c4377ae50881db90d45a7"
format_stamp: "Formatted at 2026-06-01 13:22:11 on dist-test-slave-kd8r"
I20260601 13:22:11.923034 19600 fs_report.cc:389] FS layout report
--------------------
wal directory: /tmp/dist-test-taskY5ifXr/test-tmp/auto_rebalancer-test.0.AutoRebalancerTest.OnlyLeaderDoesAutoRebalancing.1780320131853188-19600-0/minicluster-data/master-1-root
metadata directory: /tmp/dist-test-taskY5ifXr/test-tmp/auto_rebalancer-test.0.AutoRebalancerTest.OnlyLeaderDoesAutoRebalancing.1780320131853188-19600-0/minicluster-data/master-1-root
1 data directories: /tmp/dist-test-taskY5ifXr/test-tmp/auto_rebalancer-test.0.AutoRebalancerTest.OnlyLeaderDoesAutoRebalancing.1780320131853188-19600-0/minicluster-data/master-1-root/data
Total live blocks: 0
Total live bytes: 0
Total live bytes (after alignment): 0
Total number of LBM containers: 0 (0 full)
Did not check for missing blocks
Did not check for orphaned blocks
Total full LBM containers with extra space: 0 (0 repaired)
Total full LBM container extra space in bytes: 0 (0 repaired)
Total incomplete LBM containers: 0 (0 repaired)
Total LBM partial records: 0 (0 repaired)
Total corrupted LBM metadata records in RocksDB: 0 (0 repaired)
I20260601 13:22:11.923040 19666 sys_catalog.cc:422] member_type: VOTER last_known_addr { host: "127.19.36.62" port: 38665 } has no permanent_uuid. Determining permanent_uuid...
I20260601 13:22:11.933339 19666 sys_catalog.cc:422] member_type: VOTER last_known_addr { host: "127.19.36.61" port: 40249 } has no permanent_uuid. Determining permanent_uuid...
W20260601 13:22:11.934196 19614 proxy.cc:239] Call had error, refreshing address and retrying: Network error: Client connection negotiation failed: client connection to 127.19.36.61:40249: connect: Connection refused (error 111)
W20260601 13:22:11.935062 19666 consensus_peers.cc:760] Error getting permanent uuid from config peer 127.19.36.61:40249: Network error: Client connection negotiation failed: client connection to 127.19.36.61:40249: connect: Connection refused (error 111)
I20260601 13:22:11.937347 19600 rpc_server.cc:225] running with OpenSSL 1.1.1  11 Sep 2018
I20260601 13:22:11.937752 19600 kserver.cc:163] Server-wide thread pool size limit: 3276
I20260601 13:22:11.942577 19600 rpc_server.cc:307] RPC server started. Bound to: 127.19.36.61:40249
I20260601 13:22:11.942628 19731 acceptor_pool.cc:272] collecting diagnostics on the listening RPC socket 127.19.36.61:40249 every 8 connection(s)
I20260601 13:22:11.943809 19600 file_cache.cc:492] Constructed file cache file cache with capacity 419430
I20260601 13:22:11.943831 19732 data_dirs.cc:400] Could only allocate 1 dirs of requested 3 for tablet 00000000000000000000000000000000. 1 dirs total, 0 dirs full, 0 dirs failed
I20260601 13:22:11.945334 19732 sys_catalog.cc:422] member_type: VOTER last_known_addr { host: "127.19.36.62" port: 38665 } has no permanent_uuid. Determining permanent_uuid...
W20260601 13:22:11.945948 19734 instance_detector.cc:116] could not retrieve AWS instance metadata: Network error: curl error: HTTP response code said error: The requested URL returned error: 404
W20260601 13:22:11.946128 19737 instance_detector.cc:116] could not retrieve OpenStack instance metadata: Network error: curl error: HTTP response code said error: The requested URL returned error: 404
I20260601 13:22:11.946203 19600 server_base.cc:1061] running on GCE node
W20260601 13:22:11.946237 19735 instance_detector.cc:116] could not retrieve Azure instance metadata: Network error: curl error: HTTP response code said error: The requested URL returned error: 404
I20260601 13:22:11.946524 19600 hybrid_clock.cc:584] initializing the hybrid clock with 'system_unsync' time source
W20260601 13:22:11.946581 19600 system_unsync_time.cc:38] NTP support is disabled. Clock error bounds will not be accurate. This configuration is not suitable for distributed clusters.
I20260601 13:22:11.946604 19600 hybrid_clock.cc:648] HybridClock initialized: now 1780320131946603 us; error 0 us; skew 500 ppm
I20260601 13:22:11.947526 19600 webserver.cc:533] Webserver started at http://127.19.36.60:37321/ using document root <none> and password file <none>
I20260601 13:22:11.947712 19600 fs_manager.cc:362] Metadata directory not provided
I20260601 13:22:11.947768 19600 fs_manager.cc:368] Using write-ahead log directory (fs_wal_dir) as metadata directory
I20260601 13:22:11.947840 19600 server_base.cc:909] This appears to be a new deployment of Kudu; creating new FS layout
I20260601 13:22:11.948267 19600 fs_manager.cc:1068] Generated new instance metadata in path /tmp/dist-test-taskY5ifXr/test-tmp/auto_rebalancer-test.0.AutoRebalancerTest.OnlyLeaderDoesAutoRebalancing.1780320131853188-19600-0/minicluster-data/master-2-root/instance:
uuid: "59fb639b2f0546aa8e85f2be42d64d00"
format_stamp: "Formatted at 2026-06-01 13:22:11 on dist-test-slave-kd8r"
I20260601 13:22:11.949999 19600 fs_manager.cc:696] Time spent creating directory manager: real 0.002s	user 0.002s	sys 0.000s
I20260601 13:22:11.950197 19732 sys_catalog.cc:422] member_type: VOTER last_known_addr { host: "127.19.36.61" port: 40249 } has no permanent_uuid. Determining permanent_uuid...
I20260601 13:22:11.951290 19744 log_block_manager.cc:4031] Time spent loading block containers with low live blocks: real 0.000s	user 0.000s	sys 0.000s
I20260601 13:22:11.951546 19600 fs_manager.cc:730] Time spent opening block manager: real 0.001s	user 0.001s	sys 0.000s
I20260601 13:22:11.951613 19600 fs_manager.cc:647] Opened local filesystem: /tmp/dist-test-taskY5ifXr/test-tmp/auto_rebalancer-test.0.AutoRebalancerTest.OnlyLeaderDoesAutoRebalancing.1780320131853188-19600-0/minicluster-data/master-2-root
uuid: "59fb639b2f0546aa8e85f2be42d64d00"
format_stamp: "Formatted at 2026-06-01 13:22:11 on dist-test-slave-kd8r"
I20260601 13:22:11.951681 19600 fs_report.cc:389] FS layout report
--------------------
wal directory: /tmp/dist-test-taskY5ifXr/test-tmp/auto_rebalancer-test.0.AutoRebalancerTest.OnlyLeaderDoesAutoRebalancing.1780320131853188-19600-0/minicluster-data/master-2-root
metadata directory: /tmp/dist-test-taskY5ifXr/test-tmp/auto_rebalancer-test.0.AutoRebalancerTest.OnlyLeaderDoesAutoRebalancing.1780320131853188-19600-0/minicluster-data/master-2-root
1 data directories: /tmp/dist-test-taskY5ifXr/test-tmp/auto_rebalancer-test.0.AutoRebalancerTest.OnlyLeaderDoesAutoRebalancing.1780320131853188-19600-0/minicluster-data/master-2-root/data
Total live blocks: 0
Total live bytes: 0
Total live bytes (after alignment): 0
Total number of LBM containers: 0 (0 full)
Did not check for missing blocks
Did not check for orphaned blocks
Total full LBM containers with extra space: 0 (0 repaired)
Total full LBM container extra space in bytes: 0 (0 repaired)
Total incomplete LBM containers: 0 (0 repaired)
Total LBM partial records: 0 (0 repaired)
Total corrupted LBM metadata records in RocksDB: 0 (0 repaired)
I20260601 13:22:11.954424 19732 sys_catalog.cc:422] member_type: VOTER last_known_addr { host: "127.19.36.60" port: 46063 } has no permanent_uuid. Determining permanent_uuid...
W20260601 13:22:11.955751 19732 consensus_peers.cc:760] Error getting permanent uuid from config peer 127.19.36.60:46063: Network error: Client connection negotiation failed: client connection to 127.19.36.60:46063: connect: Connection refused (error 111)
I20260601 13:22:11.959447 19600 rpc_server.cc:225] running with OpenSSL 1.1.1  11 Sep 2018
I20260601 13:22:11.959928 19600 kserver.cc:163] Server-wide thread pool size limit: 3276
I20260601 13:22:11.965833 19600 rpc_server.cc:307] RPC server started. Bound to: 127.19.36.60:46063
I20260601 13:22:11.965878 19797 acceptor_pool.cc:272] collecting diagnostics on the listening RPC socket 127.19.36.60:46063 every 8 connection(s)
I20260601 13:22:11.966332 19600 internal_mini_cluster.cc:184] Waiting to initialize catalog manager on master 0
I20260601 13:22:11.966799 19798 data_dirs.cc:400] Could only allocate 1 dirs of requested 3 for tablet 00000000000000000000000000000000. 1 dirs total, 0 dirs full, 0 dirs failed
I20260601 13:22:11.967880 19798 sys_catalog.cc:422] member_type: VOTER last_known_addr { host: "127.19.36.62" port: 38665 } has no permanent_uuid. Determining permanent_uuid...
I20260601 13:22:11.972800 19798 sys_catalog.cc:422] member_type: VOTER last_known_addr { host: "127.19.36.61" port: 40249 } has no permanent_uuid. Determining permanent_uuid...
I20260601 13:22:11.976835 19798 sys_catalog.cc:422] member_type: VOTER last_known_addr { host: "127.19.36.60" port: 46063 } has no permanent_uuid. Determining permanent_uuid...
I20260601 13:22:11.984311 19666 consensus_peers.cc:770] Retrying to get permanent uuid for remote peer: member_type: VOTER last_known_addr { host: "127.19.36.61" port: 40249 } attempt: 1
I20260601 13:22:11.985671 19798 tablet_bootstrap.cc:492] T 00000000000000000000000000000000 P 59fb639b2f0546aa8e85f2be42d64d00: Bootstrap starting.
I20260601 13:22:11.988878 19798 tablet_bootstrap.cc:654] T 00000000000000000000000000000000 P 59fb639b2f0546aa8e85f2be42d64d00: Neither blocks nor log segments found. Creating new log.
I20260601 13:22:11.989053 19666 sys_catalog.cc:422] member_type: VOTER last_known_addr { host: "127.19.36.60" port: 46063 } has no permanent_uuid. Determining permanent_uuid...
I20260601 13:22:11.990056 19798 log.cc:826] T 00000000000000000000000000000000 P 59fb639b2f0546aa8e85f2be42d64d00: Log is configured to *not* fsync() on all Append() calls
I20260601 13:22:11.992120 19798 tablet_bootstrap.cc:492] T 00000000000000000000000000000000 P 59fb639b2f0546aa8e85f2be42d64d00: No bootstrap required, opened a new log
I20260601 13:22:11.994917 19666 tablet_bootstrap.cc:492] T 00000000000000000000000000000000 P 41ad1e419de54c7d81c9de5023e80fe9: Bootstrap starting.
I20260601 13:22:11.995507 19798 raft_consensus.cc:359] T 00000000000000000000000000000000 P 59fb639b2f0546aa8e85f2be42d64d00 [term 0 FOLLOWER]: Replica starting. Triggering 0 pending ops. Active config: opid_index: -1 OBSOLETE_local: false peers { permanent_uuid: "41ad1e419de54c7d81c9de5023e80fe9" member_type: VOTER last_known_addr { host: "127.19.36.62" port: 38665 } } peers { permanent_uuid: "585de305126c4377ae50881db90d45a7" member_type: VOTER last_known_addr { host: "127.19.36.61" port: 40249 } } peers { permanent_uuid: "59fb639b2f0546aa8e85f2be42d64d00" member_type: VOTER last_known_addr { host: "127.19.36.60" port: 46063 } }
I20260601 13:22:11.995689 19798 raft_consensus.cc:385] T 00000000000000000000000000000000 P 59fb639b2f0546aa8e85f2be42d64d00 [term 0 FOLLOWER]: Consensus starting up: Expiring failure detector timer to make a prompt election more likely
I20260601 13:22:11.995743 19798 raft_consensus.cc:740] T 00000000000000000000000000000000 P 59fb639b2f0546aa8e85f2be42d64d00 [term 0 FOLLOWER]: Becoming Follower/Learner. State: Replica: 59fb639b2f0546aa8e85f2be42d64d00, State: Initialized, Role: FOLLOWER
I20260601 13:22:11.996114 19666 tablet_bootstrap.cc:654] T 00000000000000000000000000000000 P 41ad1e419de54c7d81c9de5023e80fe9: Neither blocks nor log segments found. Creating new log.
I20260601 13:22:11.996183 19798 consensus_queue.cc:260] T 00000000000000000000000000000000 P 59fb639b2f0546aa8e85f2be42d64d00 [NON_LEADER]: Queue going to NON_LEADER mode. State: All replicated index: 0, Majority replicated index: 0, Committed index: 0, Last appended: 0.0, Last appended by leader: 0, Current term: 0, Majority size: -1, State: 0, Mode: NON_LEADER, active raft config: opid_index: -1 OBSOLETE_local: false peers { permanent_uuid: "41ad1e419de54c7d81c9de5023e80fe9" member_type: VOTER last_known_addr { host: "127.19.36.62" port: 38665 } } peers { permanent_uuid: "585de305126c4377ae50881db90d45a7" member_type: VOTER last_known_addr { host: "127.19.36.61" port: 40249 } } peers { permanent_uuid: "59fb639b2f0546aa8e85f2be42d64d00" member_type: VOTER last_known_addr { host: "127.19.36.60" port: 46063 } }
I20260601 13:22:11.996755 19803 sys_catalog.cc:455] T 00000000000000000000000000000000 P 59fb639b2f0546aa8e85f2be42d64d00 [sys.catalog]: SysCatalogTable state changed. Reason: RaftConsensus started. Latest consensus state: current_term: 0 committed_config { opid_index: -1 OBSOLETE_local: false peers { permanent_uuid: "41ad1e419de54c7d81c9de5023e80fe9" member_type: VOTER last_known_addr { host: "127.19.36.62" port: 38665 } } peers { permanent_uuid: "585de305126c4377ae50881db90d45a7" member_type: VOTER last_known_addr { host: "127.19.36.61" port: 40249 } } peers { permanent_uuid: "59fb639b2f0546aa8e85f2be42d64d00" member_type: VOTER last_known_addr { host: "127.19.36.60" port: 46063 } } }
I20260601 13:22:11.996887 19803 sys_catalog.cc:458] T 00000000000000000000000000000000 P 59fb639b2f0546aa8e85f2be42d64d00 [sys.catalog]: This master's current role is: FOLLOWER
I20260601 13:22:11.997582 19798 sys_catalog.cc:565] T 00000000000000000000000000000000 P 59fb639b2f0546aa8e85f2be42d64d00 [sys.catalog]: configured and running, proceeding with master startup.
I20260601 13:22:11.997943 19666 tablet_bootstrap.cc:492] T 00000000000000000000000000000000 P 41ad1e419de54c7d81c9de5023e80fe9: No bootstrap required, opened a new log
I20260601 13:22:11.998476 19666 raft_consensus.cc:359] T 00000000000000000000000000000000 P 41ad1e419de54c7d81c9de5023e80fe9 [term 0 FOLLOWER]: Replica starting. Triggering 0 pending ops. Active config: opid_index: -1 OBSOLETE_local: false peers { permanent_uuid: "41ad1e419de54c7d81c9de5023e80fe9" member_type: VOTER last_known_addr { host: "127.19.36.62" port: 38665 } } peers { permanent_uuid: "585de305126c4377ae50881db90d45a7" member_type: VOTER last_known_addr { host: "127.19.36.61" port: 40249 } } peers { permanent_uuid: "59fb639b2f0546aa8e85f2be42d64d00" member_type: VOTER last_known_addr { host: "127.19.36.60" port: 46063 } }
I20260601 13:22:11.998667 19666 raft_consensus.cc:385] T 00000000000000000000000000000000 P 41ad1e419de54c7d81c9de5023e80fe9 [term 0 FOLLOWER]: Consensus starting up: Expiring failure detector timer to make a prompt election more likely
I20260601 13:22:11.998723 19666 raft_consensus.cc:740] T 00000000000000000000000000000000 P 41ad1e419de54c7d81c9de5023e80fe9 [term 0 FOLLOWER]: Becoming Follower/Learner. State: Replica: 41ad1e419de54c7d81c9de5023e80fe9, State: Initialized, Role: FOLLOWER
I20260601 13:22:11.998857 19666 consensus_queue.cc:260] T 00000000000000000000000000000000 P 41ad1e419de54c7d81c9de5023e80fe9 [NON_LEADER]: Queue going to NON_LEADER mode. State: All replicated index: 0, Majority replicated index: 0, Committed index: 0, Last appended: 0.0, Last appended by leader: 0, Current term: 0, Majority size: -1, State: 0, Mode: NON_LEADER, active raft config: opid_index: -1 OBSOLETE_local: false peers { permanent_uuid: "41ad1e419de54c7d81c9de5023e80fe9" member_type: VOTER last_known_addr { host: "127.19.36.62" port: 38665 } } peers { permanent_uuid: "585de305126c4377ae50881db90d45a7" member_type: VOTER last_known_addr { host: "127.19.36.61" port: 40249 } } peers { permanent_uuid: "59fb639b2f0546aa8e85f2be42d64d00" member_type: VOTER last_known_addr { host: "127.19.36.60" port: 46063 } }
I20260601 13:22:11.999155 19810 sys_catalog.cc:455] T 00000000000000000000000000000000 P 41ad1e419de54c7d81c9de5023e80fe9 [sys.catalog]: SysCatalogTable state changed. Reason: RaftConsensus started. Latest consensus state: current_term: 0 committed_config { opid_index: -1 OBSOLETE_local: false peers { permanent_uuid: "41ad1e419de54c7d81c9de5023e80fe9" member_type: VOTER last_known_addr { host: "127.19.36.62" port: 38665 } } peers { permanent_uuid: "585de305126c4377ae50881db90d45a7" member_type: VOTER last_known_addr { host: "127.19.36.61" port: 40249 } } peers { permanent_uuid: "59fb639b2f0546aa8e85f2be42d64d00" member_type: VOTER last_known_addr { host: "127.19.36.60" port: 46063 } } }
I20260601 13:22:11.999262 19810 sys_catalog.cc:458] T 00000000000000000000000000000000 P 41ad1e419de54c7d81c9de5023e80fe9 [sys.catalog]: This master's current role is: FOLLOWER
I20260601 13:22:11.999320 19666 sys_catalog.cc:565] T 00000000000000000000000000000000 P 41ad1e419de54c7d81c9de5023e80fe9 [sys.catalog]: configured and running, proceeding with master startup.
I20260601 13:22:12.001143 19600 internal_mini_cluster.cc:184] Waiting to initialize catalog manager on master 1
W20260601 13:22:12.002646 19827 catalog_manager.cc:1593] T 00000000000000000000000000000000 P 41ad1e419de54c7d81c9de5023e80fe9: loading cluster ID for follower catalog manager: Not found: cluster ID entry not found
W20260601 13:22:12.002647 19816 catalog_manager.cc:1593] T 00000000000000000000000000000000 P 59fb639b2f0546aa8e85f2be42d64d00: loading cluster ID for follower catalog manager: Not found: cluster ID entry not found
W20260601 13:22:12.002743 19827 catalog_manager.cc:883] Not found: cluster ID entry not found: failed to prepare follower catalog manager, will retry
W20260601 13:22:12.002784 19816 catalog_manager.cc:883] Not found: cluster ID entry not found: failed to prepare follower catalog manager, will retry
I20260601 13:22:12.007925 19732 consensus_peers.cc:770] Retrying to get permanent uuid for remote peer: member_type: VOTER last_known_addr { host: "127.19.36.60" port: 46063 } attempt: 1
I20260601 13:22:12.016662 19732 tablet_bootstrap.cc:492] T 00000000000000000000000000000000 P 585de305126c4377ae50881db90d45a7: Bootstrap starting.
I20260601 13:22:12.017678 19732 tablet_bootstrap.cc:654] T 00000000000000000000000000000000 P 585de305126c4377ae50881db90d45a7: Neither blocks nor log segments found. Creating new log.
I20260601 13:22:12.019016 19732 tablet_bootstrap.cc:492] T 00000000000000000000000000000000 P 585de305126c4377ae50881db90d45a7: No bootstrap required, opened a new log
I20260601 13:22:12.019474 19732 raft_consensus.cc:359] T 00000000000000000000000000000000 P 585de305126c4377ae50881db90d45a7 [term 0 FOLLOWER]: Replica starting. Triggering 0 pending ops. Active config: opid_index: -1 OBSOLETE_local: false peers { permanent_uuid: "41ad1e419de54c7d81c9de5023e80fe9" member_type: VOTER last_known_addr { host: "127.19.36.62" port: 38665 } } peers { permanent_uuid: "585de305126c4377ae50881db90d45a7" member_type: VOTER last_known_addr { host: "127.19.36.61" port: 40249 } } peers { permanent_uuid: "59fb639b2f0546aa8e85f2be42d64d00" member_type: VOTER last_known_addr { host: "127.19.36.60" port: 46063 } }
I20260601 13:22:12.019578 19732 raft_consensus.cc:385] T 00000000000000000000000000000000 P 585de305126c4377ae50881db90d45a7 [term 0 FOLLOWER]: Consensus starting up: Expiring failure detector timer to make a prompt election more likely
I20260601 13:22:12.019599 19732 raft_consensus.cc:740] T 00000000000000000000000000000000 P 585de305126c4377ae50881db90d45a7 [term 0 FOLLOWER]: Becoming Follower/Learner. State: Replica: 585de305126c4377ae50881db90d45a7, State: Initialized, Role: FOLLOWER
I20260601 13:22:12.019734 19732 consensus_queue.cc:260] T 00000000000000000000000000000000 P 585de305126c4377ae50881db90d45a7 [NON_LEADER]: Queue going to NON_LEADER mode. State: All replicated index: 0, Majority replicated index: 0, Committed index: 0, Last appended: 0.0, Last appended by leader: 0, Current term: 0, Majority size: -1, State: 0, Mode: NON_LEADER, active raft config: opid_index: -1 OBSOLETE_local: false peers { permanent_uuid: "41ad1e419de54c7d81c9de5023e80fe9" member_type: VOTER last_known_addr { host: "127.19.36.62" port: 38665 } } peers { permanent_uuid: "585de305126c4377ae50881db90d45a7" member_type: VOTER last_known_addr { host: "127.19.36.61" port: 40249 } } peers { permanent_uuid: "59fb639b2f0546aa8e85f2be42d64d00" member_type: VOTER last_known_addr { host: "127.19.36.60" port: 46063 } }
I20260601 13:22:12.020063 19830 sys_catalog.cc:455] T 00000000000000000000000000000000 P 585de305126c4377ae50881db90d45a7 [sys.catalog]: SysCatalogTable state changed. Reason: RaftConsensus started. Latest consensus state: current_term: 0 committed_config { opid_index: -1 OBSOLETE_local: false peers { permanent_uuid: "41ad1e419de54c7d81c9de5023e80fe9" member_type: VOTER last_known_addr { host: "127.19.36.62" port: 38665 } } peers { permanent_uuid: "585de305126c4377ae50881db90d45a7" member_type: VOTER last_known_addr { host: "127.19.36.61" port: 40249 } } peers { permanent_uuid: "59fb639b2f0546aa8e85f2be42d64d00" member_type: VOTER last_known_addr { host: "127.19.36.60" port: 46063 } } }
I20260601 13:22:12.020175 19830 sys_catalog.cc:458] T 00000000000000000000000000000000 P 585de305126c4377ae50881db90d45a7 [sys.catalog]: This master's current role is: FOLLOWER
I20260601 13:22:12.020264 19732 sys_catalog.cc:565] T 00000000000000000000000000000000 P 585de305126c4377ae50881db90d45a7 [sys.catalog]: configured and running, proceeding with master startup.
I20260601 13:22:12.022575 19600 internal_mini_cluster.cc:184] Waiting to initialize catalog manager on master 2
W20260601 13:22:12.023540 19841 catalog_manager.cc:1593] T 00000000000000000000000000000000 P 585de305126c4377ae50881db90d45a7: loading cluster ID for follower catalog manager: Not found: cluster ID entry not found
W20260601 13:22:12.023630 19841 catalog_manager.cc:883] Not found: cluster ID entry not found: failed to prepare follower catalog manager, will retry
I20260601 13:22:12.023674 19600 file_cache.cc:492] Constructed file cache file cache with capacity 419430
W20260601 13:22:12.026742 19842 instance_detector.cc:116] could not retrieve AWS instance metadata: Network error: curl error: HTTP response code said error: The requested URL returned error: 404
I20260601 13:22:12.026863 19600 server_base.cc:1061] running on GCE node
W20260601 13:22:12.026907 19843 instance_detector.cc:116] could not retrieve Azure instance metadata: Network error: curl error: HTTP response code said error: The requested URL returned error: 404
W20260601 13:22:12.027035 19845 instance_detector.cc:116] could not retrieve OpenStack instance metadata: Network error: curl error: HTTP response code said error: The requested URL returned error: 404
I20260601 13:22:12.027252 19600 hybrid_clock.cc:584] initializing the hybrid clock with 'system_unsync' time source
W20260601 13:22:12.027302 19600 system_unsync_time.cc:38] NTP support is disabled. Clock error bounds will not be accurate. This configuration is not suitable for distributed clusters.
I20260601 13:22:12.027319 19600 hybrid_clock.cc:648] HybridClock initialized: now 1780320132027319 us; error 0 us; skew 500 ppm
I20260601 13:22:12.028260 19600 webserver.cc:533] Webserver started at http://127.19.36.1:38109/ using document root <none> and password file <none>
I20260601 13:22:12.028416 19600 fs_manager.cc:362] Metadata directory not provided
I20260601 13:22:12.028471 19600 fs_manager.cc:368] Using write-ahead log directory (fs_wal_dir) as metadata directory
I20260601 13:22:12.028649 19600 server_base.cc:909] This appears to be a new deployment of Kudu; creating new FS layout
I20260601 13:22:12.029073 19600 fs_manager.cc:1068] Generated new instance metadata in path /tmp/dist-test-taskY5ifXr/test-tmp/auto_rebalancer-test.0.AutoRebalancerTest.OnlyLeaderDoesAutoRebalancing.1780320131853188-19600-0/minicluster-data/ts-0-root/instance:
uuid: "5bd116c1695f49349b2cc6980475549d"
format_stamp: "Formatted at 2026-06-01 13:22:12 on dist-test-slave-kd8r"
I20260601 13:22:12.030614 19600 fs_manager.cc:696] Time spent creating directory manager: real 0.001s	user 0.000s	sys 0.002s
I20260601 13:22:12.031638 19850 log_block_manager.cc:4031] Time spent loading block containers with low live blocks: real 0.000s	user 0.000s	sys 0.000s
I20260601 13:22:12.031949 19600 fs_manager.cc:730] Time spent opening block manager: real 0.001s	user 0.000s	sys 0.001s
I20260601 13:22:12.032035 19600 fs_manager.cc:647] Opened local filesystem: /tmp/dist-test-taskY5ifXr/test-tmp/auto_rebalancer-test.0.AutoRebalancerTest.OnlyLeaderDoesAutoRebalancing.1780320131853188-19600-0/minicluster-data/ts-0-root
uuid: "5bd116c1695f49349b2cc6980475549d"
format_stamp: "Formatted at 2026-06-01 13:22:12 on dist-test-slave-kd8r"
I20260601 13:22:12.032115 19600 fs_report.cc:389] FS layout report
--------------------
wal directory: /tmp/dist-test-taskY5ifXr/test-tmp/auto_rebalancer-test.0.AutoRebalancerTest.OnlyLeaderDoesAutoRebalancing.1780320131853188-19600-0/minicluster-data/ts-0-root
metadata directory: /tmp/dist-test-taskY5ifXr/test-tmp/auto_rebalancer-test.0.AutoRebalancerTest.OnlyLeaderDoesAutoRebalancing.1780320131853188-19600-0/minicluster-data/ts-0-root
1 data directories: /tmp/dist-test-taskY5ifXr/test-tmp/auto_rebalancer-test.0.AutoRebalancerTest.OnlyLeaderDoesAutoRebalancing.1780320131853188-19600-0/minicluster-data/ts-0-root/data
Total live blocks: 0
Total live bytes: 0
Total live bytes (after alignment): 0
Total number of LBM containers: 0 (0 full)
Did not check for missing blocks
Did not check for orphaned blocks
Total full LBM containers with extra space: 0 (0 repaired)
Total full LBM container extra space in bytes: 0 (0 repaired)
Total incomplete LBM containers: 0 (0 repaired)
Total LBM partial records: 0 (0 repaired)
Total corrupted LBM metadata records in RocksDB: 0 (0 repaired)
I20260601 13:22:12.051566 19600 rpc_server.cc:225] running with OpenSSL 1.1.1  11 Sep 2018
I20260601 13:22:12.052086 19600 kserver.cc:163] Server-wide thread pool size limit: 3276
I20260601 13:22:12.052542 19600 txn_system_client.cc:432] TxnSystemClient initialization is disabled...
I20260601 13:22:12.053684 19600 ts_tablet_manager.cc:585] Loaded tablet metadata (0 total tablets, 0 live tablets)
I20260601 13:22:12.053761 19600 ts_tablet_manager.cc:531] Time spent load tablet metadata: real 0.000s	user 0.000s	sys 0.000s
I20260601 13:22:12.053821 19600 ts_tablet_manager.cc:616] Registered 0 tablets
I20260601 13:22:12.053851 19600 ts_tablet_manager.cc:595] Time spent register tablets: real 0.000s	user 0.000s	sys 0.000s
I20260601 13:22:12.060099 19600 rpc_server.cc:307] RPC server started. Bound to: 127.19.36.1:35687
I20260601 13:22:12.060137 19913 acceptor_pool.cc:272] collecting diagnostics on the listening RPC socket 127.19.36.1:35687 every 8 connection(s)
I20260601 13:22:12.061273 19600 file_cache.cc:492] Constructed file cache file cache with capacity 419430
W20260601 13:22:12.064024 19923 instance_detector.cc:116] could not retrieve OpenStack instance metadata: Network error: curl error: HTTP response code said error: The requested URL returned error: 404
I20260601 13:22:12.064981 19600 server_base.cc:1061] running on GCE node
W20260601 13:22:12.065233 19920 instance_detector.cc:116] could not retrieve AWS instance metadata: Network error: curl error: HTTP response code said error: The requested URL returned error: 404
W20260601 13:22:12.065927 19921 instance_detector.cc:116] could not retrieve Azure instance metadata: Network error: curl error: HTTP response code said error: The requested URL returned error: 404
I20260601 13:22:12.066203 19600 hybrid_clock.cc:584] initializing the hybrid clock with 'system_unsync' time source
W20260601 13:22:12.066251 19600 system_unsync_time.cc:38] NTP support is disabled. Clock error bounds will not be accurate. This configuration is not suitable for distributed clusters.
I20260601 13:22:12.066272 19600 hybrid_clock.cc:648] HybridClock initialized: now 1780320132066271 us; error 0 us; skew 500 ppm
I20260601 13:22:12.067049 19914 heartbeater.cc:344] Connected to a master server at 127.19.36.60:46063
I20260601 13:22:12.067046 19915 heartbeater.cc:344] Connected to a master server at 127.19.36.62:38665
I20260601 13:22:12.067175 19600 webserver.cc:533] Webserver started at http://127.19.36.2:34717/ using document root <none> and password file <none>
I20260601 13:22:12.067214 19914 heartbeater.cc:461] Registering TS with master...
I20260601 13:22:12.067338 19600 fs_manager.cc:362] Metadata directory not provided
I20260601 13:22:12.067399 19600 fs_manager.cc:368] Using write-ahead log directory (fs_wal_dir) as metadata directory
I20260601 13:22:12.067474 19600 server_base.cc:909] This appears to be a new deployment of Kudu; creating new FS layout
I20260601 13:22:12.067842 19600 fs_manager.cc:1068] Generated new instance metadata in path /tmp/dist-test-taskY5ifXr/test-tmp/auto_rebalancer-test.0.AutoRebalancerTest.OnlyLeaderDoesAutoRebalancing.1780320131853188-19600-0/minicluster-data/ts-1-root/instance:
uuid: "dbc0bff60ae840a89835563f2f67b8fa"
format_stamp: "Formatted at 2026-06-01 13:22:12 on dist-test-slave-kd8r"
I20260601 13:22:12.067920 19914 heartbeater.cc:507] Master 127.19.36.60:46063 requested a full tablet report, sending...
I20260601 13:22:12.067214 19915 heartbeater.cc:461] Registering TS with master...
I20260601 13:22:12.068632 19915 heartbeater.cc:507] Master 127.19.36.62:38665 requested a full tablet report, sending...
I20260601 13:22:12.069906 19762 ts_manager.cc:194] Registered new tserver with Master: 5bd116c1695f49349b2cc6980475549d (127.19.36.1:35687)
I20260601 13:22:12.069907 19630 ts_manager.cc:194] Registered new tserver with Master: 5bd116c1695f49349b2cc6980475549d (127.19.36.1:35687)
I20260601 13:22:12.070497 19600 fs_manager.cc:696] Time spent creating directory manager: real 0.002s	user 0.003s	sys 0.000s
I20260601 13:22:12.071131 19916 heartbeater.cc:344] Connected to a master server at 127.19.36.61:40249
I20260601 13:22:12.071211 19916 heartbeater.cc:461] Registering TS with master...
I20260601 13:22:12.071460 19916 heartbeater.cc:507] Master 127.19.36.61:40249 requested a full tablet report, sending...
I20260601 13:22:12.072407 19696 ts_manager.cc:194] Registered new tserver with Master: 5bd116c1695f49349b2cc6980475549d (127.19.36.1:35687)
I20260601 13:22:12.072424 19929 log_block_manager.cc:4031] Time spent loading block containers with low live blocks: real 0.000s	user 0.000s	sys 0.000s
I20260601 13:22:12.073019 19600 fs_manager.cc:730] Time spent opening block manager: real 0.001s	user 0.001s	sys 0.000s
I20260601 13:22:12.073122 19600 fs_manager.cc:647] Opened local filesystem: /tmp/dist-test-taskY5ifXr/test-tmp/auto_rebalancer-test.0.AutoRebalancerTest.OnlyLeaderDoesAutoRebalancing.1780320131853188-19600-0/minicluster-data/ts-1-root
uuid: "dbc0bff60ae840a89835563f2f67b8fa"
format_stamp: "Formatted at 2026-06-01 13:22:12 on dist-test-slave-kd8r"
I20260601 13:22:12.073217 19600 fs_report.cc:389] FS layout report
--------------------
wal directory: /tmp/dist-test-taskY5ifXr/test-tmp/auto_rebalancer-test.0.AutoRebalancerTest.OnlyLeaderDoesAutoRebalancing.1780320131853188-19600-0/minicluster-data/ts-1-root
metadata directory: /tmp/dist-test-taskY5ifXr/test-tmp/auto_rebalancer-test.0.AutoRebalancerTest.OnlyLeaderDoesAutoRebalancing.1780320131853188-19600-0/minicluster-data/ts-1-root
1 data directories: /tmp/dist-test-taskY5ifXr/test-tmp/auto_rebalancer-test.0.AutoRebalancerTest.OnlyLeaderDoesAutoRebalancing.1780320131853188-19600-0/minicluster-data/ts-1-root/data
Total live blocks: 0
Total live bytes: 0
Total live bytes (after alignment): 0
Total number of LBM containers: 0 (0 full)
Did not check for missing blocks
Did not check for orphaned blocks
Total full LBM containers with extra space: 0 (0 repaired)
Total full LBM container extra space in bytes: 0 (0 repaired)
Total incomplete LBM containers: 0 (0 repaired)
Total LBM partial records: 0 (0 repaired)
Total corrupted LBM metadata records in RocksDB: 0 (0 repaired)
I20260601 13:22:12.082703 19600 rpc_server.cc:225] running with OpenSSL 1.1.1  11 Sep 2018
I20260601 13:22:12.083294 19600 kserver.cc:163] Server-wide thread pool size limit: 3276
I20260601 13:22:12.083696 19600 txn_system_client.cc:432] TxnSystemClient initialization is disabled...
I20260601 13:22:12.084303 19600 ts_tablet_manager.cc:585] Loaded tablet metadata (0 total tablets, 0 live tablets)
I20260601 13:22:12.084355 19600 ts_tablet_manager.cc:531] Time spent load tablet metadata: real 0.000s	user 0.000s	sys 0.000s
I20260601 13:22:12.084398 19600 ts_tablet_manager.cc:616] Registered 0 tablets
I20260601 13:22:12.084429 19600 ts_tablet_manager.cc:595] Time spent register tablets: real 0.000s	user 0.000s	sys 0.000s
I20260601 13:22:12.090646 19600 rpc_server.cc:307] RPC server started. Bound to: 127.19.36.2:33887
I20260601 13:22:12.090847 19992 acceptor_pool.cc:272] collecting diagnostics on the listening RPC socket 127.19.36.2:33887 every 8 connection(s)
I20260601 13:22:12.091781 19600 file_cache.cc:492] Constructed file cache file cache with capacity 419430
I20260601 13:22:12.095276 19600 server_base.cc:1061] running on GCE node
W20260601 13:22:12.095674 20000 instance_detector.cc:116] could not retrieve Azure instance metadata: Network error: curl error: HTTP response code said error: The requested URL returned error: 404
W20260601 13:22:12.096493 20003 instance_detector.cc:116] could not retrieve OpenStack instance metadata: Network error: curl error: HTTP response code said error: The requested URL returned error: 404
I20260601 13:22:12.096903 19993 heartbeater.cc:344] Connected to a master server at 127.19.36.60:46063
I20260601 13:22:12.097021 19993 heartbeater.cc:461] Registering TS with master...
W20260601 13:22:12.097153 19999 instance_detector.cc:116] could not retrieve AWS instance metadata: Network error: curl error: HTTP response code said error: The requested URL returned error: 404
I20260601 13:22:12.097283 19993 heartbeater.cc:507] Master 127.19.36.60:46063 requested a full tablet report, sending...
I20260601 13:22:12.097447 19600 hybrid_clock.cc:584] initializing the hybrid clock with 'system_unsync' time source
W20260601 13:22:12.097491 19600 system_unsync_time.cc:38] NTP support is disabled. Clock error bounds will not be accurate. This configuration is not suitable for distributed clusters.
I20260601 13:22:12.097541 19600 hybrid_clock.cc:648] HybridClock initialized: now 1780320132097540 us; error 0 us; skew 500 ppm
I20260601 13:22:12.098392 19762 ts_manager.cc:194] Registered new tserver with Master: dbc0bff60ae840a89835563f2f67b8fa (127.19.36.2:33887)
I20260601 13:22:12.098505 19600 webserver.cc:533] Webserver started at http://127.19.36.3:44029/ using document root <none> and password file <none>
I20260601 13:22:12.098675 19600 fs_manager.cc:362] Metadata directory not provided
I20260601 13:22:12.098729 19600 fs_manager.cc:368] Using write-ahead log directory (fs_wal_dir) as metadata directory
I20260601 13:22:12.098819 19600 server_base.cc:909] This appears to be a new deployment of Kudu; creating new FS layout
I20260601 13:22:12.098877 19994 heartbeater.cc:344] Connected to a master server at 127.19.36.62:38665
I20260601 13:22:12.098965 19994 heartbeater.cc:461] Registering TS with master...
I20260601 13:22:12.099174 19994 heartbeater.cc:507] Master 127.19.36.62:38665 requested a full tablet report, sending...
I20260601 13:22:12.099263 19600 fs_manager.cc:1068] Generated new instance metadata in path /tmp/dist-test-taskY5ifXr/test-tmp/auto_rebalancer-test.0.AutoRebalancerTest.OnlyLeaderDoesAutoRebalancing.1780320131853188-19600-0/minicluster-data/ts-2-root/instance:
uuid: "a968894b8d5049eb8c7a22823f310867"
format_stamp: "Formatted at 2026-06-01 13:22:12 on dist-test-slave-kd8r"
I20260601 13:22:12.099793 19630 ts_manager.cc:194] Registered new tserver with Master: dbc0bff60ae840a89835563f2f67b8fa (127.19.36.2:33887)
I20260601 13:22:12.101343 19600 fs_manager.cc:696] Time spent creating directory manager: real 0.002s	user 0.000s	sys 0.002s
I20260601 13:22:12.102073 19995 heartbeater.cc:344] Connected to a master server at 127.19.36.61:40249
I20260601 13:22:12.102160 19995 heartbeater.cc:461] Registering TS with master...
I20260601 13:22:12.102384 19995 heartbeater.cc:507] Master 127.19.36.61:40249 requested a full tablet report, sending...
I20260601 13:22:12.103164 19696 ts_manager.cc:194] Registered new tserver with Master: dbc0bff60ae840a89835563f2f67b8fa (127.19.36.2:33887)
I20260601 13:22:12.105710 20008 log_block_manager.cc:4031] Time spent loading block containers with low live blocks: real 0.000s	user 0.000s	sys 0.000s
I20260601 13:22:12.106079 19600 fs_manager.cc:730] Time spent opening block manager: real 0.004s	user 0.000s	sys 0.001s
I20260601 13:22:12.106163 19600 fs_manager.cc:647] Opened local filesystem: /tmp/dist-test-taskY5ifXr/test-tmp/auto_rebalancer-test.0.AutoRebalancerTest.OnlyLeaderDoesAutoRebalancing.1780320131853188-19600-0/minicluster-data/ts-2-root
uuid: "a968894b8d5049eb8c7a22823f310867"
format_stamp: "Formatted at 2026-06-01 13:22:12 on dist-test-slave-kd8r"
I20260601 13:22:12.106242 19600 fs_report.cc:389] FS layout report
--------------------
wal directory: /tmp/dist-test-taskY5ifXr/test-tmp/auto_rebalancer-test.0.AutoRebalancerTest.OnlyLeaderDoesAutoRebalancing.1780320131853188-19600-0/minicluster-data/ts-2-root
metadata directory: /tmp/dist-test-taskY5ifXr/test-tmp/auto_rebalancer-test.0.AutoRebalancerTest.OnlyLeaderDoesAutoRebalancing.1780320131853188-19600-0/minicluster-data/ts-2-root
1 data directories: /tmp/dist-test-taskY5ifXr/test-tmp/auto_rebalancer-test.0.AutoRebalancerTest.OnlyLeaderDoesAutoRebalancing.1780320131853188-19600-0/minicluster-data/ts-2-root/data
Total live blocks: 0
Total live bytes: 0
Total live bytes (after alignment): 0
Total number of LBM containers: 0 (0 full)
Did not check for missing blocks
Did not check for orphaned blocks
Total full LBM containers with extra space: 0 (0 repaired)
Total full LBM container extra space in bytes: 0 (0 repaired)
Total incomplete LBM containers: 0 (0 repaired)
Total LBM partial records: 0 (0 repaired)
Total corrupted LBM metadata records in RocksDB: 0 (0 repaired)
I20260601 13:22:12.116544 19600 rpc_server.cc:225] running with OpenSSL 1.1.1  11 Sep 2018
I20260601 13:22:12.117022 19600 kserver.cc:163] Server-wide thread pool size limit: 3276
I20260601 13:22:12.117323 19600 txn_system_client.cc:432] TxnSystemClient initialization is disabled...
I20260601 13:22:12.117864 19600 ts_tablet_manager.cc:585] Loaded tablet metadata (0 total tablets, 0 live tablets)
I20260601 13:22:12.117905 19600 ts_tablet_manager.cc:531] Time spent load tablet metadata: real 0.000s	user 0.000s	sys 0.000s
I20260601 13:22:12.117945 19600 ts_tablet_manager.cc:616] Registered 0 tablets
I20260601 13:22:12.117974 19600 ts_tablet_manager.cc:595] Time spent register tablets: real 0.000s	user 0.000s	sys 0.000s
I20260601 13:22:12.122704 19600 rpc_server.cc:307] RPC server started. Bound to: 127.19.36.3:39803
I20260601 13:22:12.122852 20071 acceptor_pool.cc:272] collecting diagnostics on the listening RPC socket 127.19.36.3:39803 every 8 connection(s)
I20260601 13:22:12.129190 20072 heartbeater.cc:344] Connected to a master server at 127.19.36.60:46063
I20260601 13:22:12.129312 20072 heartbeater.cc:461] Registering TS with master...
I20260601 13:22:12.129575 20074 heartbeater.cc:344] Connected to a master server at 127.19.36.61:40249
I20260601 13:22:12.129586 20072 heartbeater.cc:507] Master 127.19.36.60:46063 requested a full tablet report, sending...
I20260601 13:22:12.129669 20074 heartbeater.cc:461] Registering TS with master...
I20260601 13:22:12.129875 20074 heartbeater.cc:507] Master 127.19.36.61:40249 requested a full tablet report, sending...
I20260601 13:22:12.130426 19762 ts_manager.cc:194] Registered new tserver with Master: a968894b8d5049eb8c7a22823f310867 (127.19.36.3:39803)
I20260601 13:22:12.130473 19696 ts_manager.cc:194] Registered new tserver with Master: a968894b8d5049eb8c7a22823f310867 (127.19.36.3:39803)
I20260601 13:22:12.131300 20073 heartbeater.cc:344] Connected to a master server at 127.19.36.62:38665
I20260601 13:22:12.131389 20073 heartbeater.cc:461] Registering TS with master...
I20260601 13:22:12.131577 20073 heartbeater.cc:507] Master 127.19.36.62:38665 requested a full tablet report, sending...
I20260601 13:22:12.132289 19630 ts_manager.cc:194] Registered new tserver with Master: a968894b8d5049eb8c7a22823f310867 (127.19.36.3:39803)
I20260601 13:22:12.132500 19600 internal_mini_cluster.cc:371] 3 TS(s) registered with all masters after 0.009249668s
W20260601 13:22:12.157953 19619 tablet.cc:2404] T 00000000000000000000000000000000 P 41ad1e419de54c7d81c9de5023e80fe9: Can't schedule compaction. Clean time has not been advanced past its initial value.
I20260601 13:22:12.238840 19803 raft_consensus.cc:493] T 00000000000000000000000000000000 P 59fb639b2f0546aa8e85f2be42d64d00 [term 0 FOLLOWER]: Starting pre-election (no leader contacted us within the election timeout)
I20260601 13:22:12.239051 19803 raft_consensus.cc:515] T 00000000000000000000000000000000 P 59fb639b2f0546aa8e85f2be42d64d00 [term 0 FOLLOWER]: Starting pre-election with config: opid_index: -1 OBSOLETE_local: false peers { permanent_uuid: "41ad1e419de54c7d81c9de5023e80fe9" member_type: VOTER last_known_addr { host: "127.19.36.62" port: 38665 } } peers { permanent_uuid: "585de305126c4377ae50881db90d45a7" member_type: VOTER last_known_addr { host: "127.19.36.61" port: 40249 } } peers { permanent_uuid: "59fb639b2f0546aa8e85f2be42d64d00" member_type: VOTER last_known_addr { host: "127.19.36.60" port: 46063 } }
I20260601 13:22:12.239959 19803 leader_election.cc:290] T 00000000000000000000000000000000 P 59fb639b2f0546aa8e85f2be42d64d00 [CANDIDATE]: Term 1 pre-election: Requested pre-vote from peers 41ad1e419de54c7d81c9de5023e80fe9 (127.19.36.62:38665), 585de305126c4377ae50881db90d45a7 (127.19.36.61:40249)
I20260601 13:22:12.240559 19706 tablet_service.cc:1917] Received RequestConsensusVote() RPC: tablet_id: "00000000000000000000000000000000" candidate_uuid: "59fb639b2f0546aa8e85f2be42d64d00" candidate_term: 1 candidate_status { last_received { term: 0 index: 0 } } ignore_live_leader: false dest_uuid: "585de305126c4377ae50881db90d45a7" is_pre_election: true
I20260601 13:22:12.240576 19640 tablet_service.cc:1917] Received RequestConsensusVote() RPC: tablet_id: "00000000000000000000000000000000" candidate_uuid: "59fb639b2f0546aa8e85f2be42d64d00" candidate_term: 1 candidate_status { last_received { term: 0 index: 0 } } ignore_live_leader: false dest_uuid: "41ad1e419de54c7d81c9de5023e80fe9" is_pre_election: true
