I20260601 13:23:21.202267 19600 fs_manager.cc:362] Metadata directory not provided
I20260601 13:23:21.202319 19600 fs_manager.cc:368] Using write-ahead log directory (fs_wal_dir) as metadata directory
I20260601 13:23:21.202396 19600 server_base.cc:909] This appears to be a new deployment of Kudu; creating new FS layout
I20260601 13:23:21.202514 22334 heartbeater.cc:344] Connected to a master server at 127.19.36.62:45639
I20260601 13:23:21.202613 22334 heartbeater.cc:461] Registering TS with master...
I20260601 13:23:21.202828 22334 heartbeater.cc:507] Master 127.19.36.62:45639 requested a full tablet report, sending...
I20260601 13:23:21.202824 19600 fs_manager.cc:1068] Generated new instance metadata in path /tmp/dist-test-taskY5ifXr/test-tmp/auto_rebalancer-test.0.AutoRebalancerTest.RangeAwareBuildClusterInfoGroupsByRange.1780320131853188-19600-0/minicluster-data/ts-2-root/instance:
uuid: "eb921d0d0735430aa93cd6eaba734c3e"
format_stamp: "Formatted at 2026-06-01 13:23:21 on dist-test-slave-kd8r"
I20260601 13:23:21.203531 22129 ts_manager.cc:194] Registered new tserver with Master: 9b185552cb9c42d78fb2e4bb54a7263f (127.19.36.2:33195)
I20260601 13:23:21.204058 22129 master_service.cc:502] Signed X509 certificate for tserver {username='slave'} at 127.0.0.1:52826
I20260601 13:23:21.204378 19600 fs_manager.cc:696] Time spent creating directory manager: real 0.001s	user 0.001s	sys 0.000s
I20260601 13:23:21.205396 22345 log_block_manager.cc:4031] Time spent loading block containers with low live blocks: real 0.000s	user 0.000s	sys 0.000s
I20260601 13:23:21.205698 19600 fs_manager.cc:730] Time spent opening block manager: real 0.001s	user 0.001s	sys 0.000s
I20260601 13:23:21.205765 19600 fs_manager.cc:647] Opened local filesystem: /tmp/dist-test-taskY5ifXr/test-tmp/auto_rebalancer-test.0.AutoRebalancerTest.RangeAwareBuildClusterInfoGroupsByRange.1780320131853188-19600-0/minicluster-data/ts-2-root
uuid: "eb921d0d0735430aa93cd6eaba734c3e"
format_stamp: "Formatted at 2026-06-01 13:23:21 on dist-test-slave-kd8r"
I20260601 13:23:21.205852 19600 fs_report.cc:389] FS layout report
--------------------
wal directory: /tmp/dist-test-taskY5ifXr/test-tmp/auto_rebalancer-test.0.AutoRebalancerTest.RangeAwareBuildClusterInfoGroupsByRange.1780320131853188-19600-0/minicluster-data/ts-2-root
metadata directory: /tmp/dist-test-taskY5ifXr/test-tmp/auto_rebalancer-test.0.AutoRebalancerTest.RangeAwareBuildClusterInfoGroupsByRange.1780320131853188-19600-0/minicluster-data/ts-2-root
1 data directories: /tmp/dist-test-taskY5ifXr/test-tmp/auto_rebalancer-test.0.AutoRebalancerTest.RangeAwareBuildClusterInfoGroupsByRange.1780320131853188-19600-0/minicluster-data/ts-2-root/data
Total live blocks: 0
Total live bytes: 0
Total live bytes (after alignment): 0
Total number of LBM containers: 0 (0 full)
Did not check for missing blocks
Did not check for orphaned blocks
Total full LBM containers with extra space: 0 (0 repaired)
Total full LBM container extra space in bytes: 0 (0 repaired)
Total incomplete LBM containers: 0 (0 repaired)
Total LBM partial records: 0 (0 repaired)
Total corrupted LBM metadata records in RocksDB: 0 (0 repaired)
I20260601 13:23:21.214592 19600 rpc_server.cc:225] running with OpenSSL 1.1.1  11 Sep 2018
I20260601 13:23:21.215058 19600 kserver.cc:163] Server-wide thread pool size limit: 3276
I20260601 13:23:21.215348 19600 txn_system_client.cc:432] TxnSystemClient initialization is disabled...
I20260601 13:23:21.215806 19600 ts_tablet_manager.cc:585] Loaded tablet metadata (0 total tablets, 0 live tablets)
I20260601 13:23:21.215843 19600 ts_tablet_manager.cc:531] Time spent load tablet metadata: real 0.000s	user 0.000s	sys 0.000s
I20260601 13:23:21.215883 19600 ts_tablet_manager.cc:616] Registered 0 tablets
I20260601 13:23:21.215910 19600 ts_tablet_manager.cc:595] Time spent register tablets: real 0.000s	user 0.000s	sys 0.000s
I20260601 13:23:21.220552 19600 rpc_server.cc:307] RPC server started. Bound to: 127.19.36.3:42951
I20260601 13:23:21.220657 22408 acceptor_pool.cc:272] collecting diagnostics on the listening RPC socket 127.19.36.3:42951 every 8 connection(s)
I20260601 13:23:21.225591 22409 heartbeater.cc:344] Connected to a master server at 127.19.36.62:45639
I20260601 13:23:21.225715 22409 heartbeater.cc:461] Registering TS with master...
I20260601 13:23:21.225939 22409 heartbeater.cc:507] Master 127.19.36.62:45639 requested a full tablet report, sending...
I20260601 13:23:21.226526 22129 ts_manager.cc:194] Registered new tserver with Master: eb921d0d0735430aa93cd6eaba734c3e (127.19.36.3:42951)
I20260601 13:23:21.226856 19600 internal_mini_cluster.cc:371] 3 TS(s) registered with all masters after 0.005903499s
I20260601 13:23:21.227058 22129 master_service.cc:502] Signed X509 certificate for tserver {username='slave'} at 127.0.0.1:52842
I20260601 13:23:22.181236 22258 heartbeater.cc:499] Master 127.19.36.62:45639 was elected leader, sending a full tablet report...
I20260601 13:23:22.205034 22334 heartbeater.cc:499] Master 127.19.36.62:45639 was elected leader, sending a full tablet report...
I20260601 13:23:22.227973 22409 heartbeater.cc:499] Master 127.19.36.62:45639 was elected leader, sending a full tablet report...
I20260601 13:23:22.263434 22129 catalog_manager.cc:2282] Servicing CreateTable request from {username='slave'} at 127.0.0.1:52844:
name: "range_aware_auto_rebalancer_test"
schema {
  columns {
    name: "key"
    type: INT32
    is_key: true
    is_nullable: false
    encoding: AUTO_ENCODING
    compression: DEFAULT_COMPRESSION
    cfile_block_size: 0
    immutable: false
  }
}
num_replicas: 3
split_rows_range_bounds {
  rows: "\006\001\000\000\000\000\007\001\n\000\000\000\006\001\n\000\000\000\007\001\024\000\000\000""\006\001\000\000\000\000\007\001\n\000\000\000\006\001\n\000\000\000\007\001\024\000\000\000"
  indirect_data: """"
}
partition_schema {
  hash_schema {
    columns {
      name: "key"
    }
    num_buckets: 2
    seed: 0
  }
  range_schema {
    columns {
      name: "key"
    }
  }
}
W20260601 13:23:22.264305 22129 catalog_manager.cc:7076] The number of live tablet servers is not enough to re-replicate a tablet replica of the newly created table range_aware_auto_rebalancer_test in case of a server failure: 4 tablet servers would be needed, 3 are available. Consider bringing up more tablet servers.
I20260601 13:23:22.275745 22373 tablet_service.cc:1511] Processing CreateTablet for tablet 2a5b583e4f1a4fb2bb1b5bdf8f525fe0 (DEFAULT_TABLE table=range_aware_auto_rebalancer_test [id=0090f5cc726f462abe937a37f6fd1ff6]), partition=HASH (key) PARTITION 0, RANGE (key) PARTITION 0 <= VALUES < 10
I20260601 13:23:22.275856 22372 tablet_service.cc:1511] Processing CreateTablet for tablet 88291693bb0c47949e15d4251770fa0c (DEFAULT_TABLE table=range_aware_auto_rebalancer_test [id=0090f5cc726f462abe937a37f6fd1ff6]), partition=HASH (key) PARTITION 0, RANGE (key) PARTITION 10 <= VALUES < 20
I20260601 13:23:22.276151 22373 data_dirs.cc:400] Could only allocate 1 dirs of requested 3 for tablet 2a5b583e4f1a4fb2bb1b5bdf8f525fe0. 1 dirs total, 0 dirs full, 0 dirs failed
I20260601 13:23:22.276363 22371 tablet_service.cc:1511] Processing CreateTablet for tablet d05d0ec7296f4ae787c8bd5d15795f61 (DEFAULT_TABLE table=range_aware_auto_rebalancer_test [id=0090f5cc726f462abe937a37f6fd1ff6]), partition=HASH (key) PARTITION 1, RANGE (key) PARTITION 0 <= VALUES < 10
I20260601 13:23:22.276630 22371 data_dirs.cc:400] Could only allocate 1 dirs of requested 3 for tablet d05d0ec7296f4ae787c8bd5d15795f61. 1 dirs total, 0 dirs full, 0 dirs failed
I20260601 13:23:22.277577 22298 tablet_service.cc:1511] Processing CreateTablet for tablet 2a5b583e4f1a4fb2bb1b5bdf8f525fe0 (DEFAULT_TABLE table=range_aware_auto_rebalancer_test [id=0090f5cc726f462abe937a37f6fd1ff6]), partition=HASH (key) PARTITION 0, RANGE (key) PARTITION 0 <= VALUES < 10
I20260601 13:23:22.277797 22370 tablet_service.cc:1511] Processing CreateTablet for tablet 56fe36dac887481d944c99a42300298e (DEFAULT_TABLE table=range_aware_auto_rebalancer_test [id=0090f5cc726f462abe937a37f6fd1ff6]), partition=HASH (key) PARTITION 1, RANGE (key) PARTITION 10 <= VALUES < 20
I20260601 13:23:22.277916 22298 data_dirs.cc:400] Could only allocate 1 dirs of requested 3 for tablet 2a5b583e4f1a4fb2bb1b5bdf8f525fe0. 1 dirs total, 0 dirs full, 0 dirs failed
I20260601 13:23:22.277994 22370 data_dirs.cc:400] Could only allocate 1 dirs of requested 3 for tablet 56fe36dac887481d944c99a42300298e. 1 dirs total, 0 dirs full, 0 dirs failed
I20260601 13:23:22.278805 22429 tablet_bootstrap.cc:492] T 2a5b583e4f1a4fb2bb1b5bdf8f525fe0 P eb921d0d0735430aa93cd6eaba734c3e: Bootstrap starting.
I20260601 13:23:22.280030 22429 tablet_bootstrap.cc:654] T 2a5b583e4f1a4fb2bb1b5bdf8f525fe0 P eb921d0d0735430aa93cd6eaba734c3e: Neither blocks nor log segments found. Creating new log.
I20260601 13:23:22.280467 22297 tablet_service.cc:1511] Processing CreateTablet for tablet 88291693bb0c47949e15d4251770fa0c (DEFAULT_TABLE table=range_aware_auto_rebalancer_test [id=0090f5cc726f462abe937a37f6fd1ff6]), partition=HASH (key) PARTITION 0, RANGE (key) PARTITION 10 <= VALUES < 20
I20260601 13:23:22.280745 22297 data_dirs.cc:400] Could only allocate 1 dirs of requested 3 for tablet 88291693bb0c47949e15d4251770fa0c. 1 dirs total, 0 dirs full, 0 dirs failed
I20260601 13:23:22.281883 22429 tablet_bootstrap.cc:492] T 2a5b583e4f1a4fb2bb1b5bdf8f525fe0 P eb921d0d0735430aa93cd6eaba734c3e: No bootstrap required, opened a new log
I20260601 13:23:22.282042 22429 ts_tablet_manager.cc:1403] T 2a5b583e4f1a4fb2bb1b5bdf8f525fe0 P eb921d0d0735430aa93cd6eaba734c3e: Time spent bootstrapping tablet: real 0.003s	user 0.002s	sys 0.001s
I20260601 13:23:22.282117 22295 tablet_service.cc:1511] Processing CreateTablet for tablet 56fe36dac887481d944c99a42300298e (DEFAULT_TABLE table=range_aware_auto_rebalancer_test [id=0090f5cc726f462abe937a37f6fd1ff6]), partition=HASH (key) PARTITION 1, RANGE (key) PARTITION 10 <= VALUES < 20
I20260601 13:23:22.282641 22295 data_dirs.cc:400] Could only allocate 1 dirs of requested 3 for tablet 56fe36dac887481d944c99a42300298e. 1 dirs total, 0 dirs full, 0 dirs failed
I20260601 13:23:22.282903 22429 raft_consensus.cc:359] T 2a5b583e4f1a4fb2bb1b5bdf8f525fe0 P eb921d0d0735430aa93cd6eaba734c3e [term 0 FOLLOWER]: Replica starting. Triggering 0 pending ops. Active config: opid_index: -1 OBSOLETE_local: false peers { permanent_uuid: "dcb6c3ed33524473aeed00e475995d3c" member_type: VOTER last_known_addr { host: "127.19.36.1" port: 40373 } } peers { permanent_uuid: "eb921d0d0735430aa93cd6eaba734c3e" member_type: VOTER last_known_addr { host: "127.19.36.3" port: 42951 } } peers { permanent_uuid: "9b185552cb9c42d78fb2e4bb54a7263f" member_type: VOTER last_known_addr { host: "127.19.36.2" port: 33195 } }
I20260601 13:23:22.283066 22429 raft_consensus.cc:385] T 2a5b583e4f1a4fb2bb1b5bdf8f525fe0 P eb921d0d0735430aa93cd6eaba734c3e [term 0 FOLLOWER]: Consensus starting up: Expiring failure detector timer to make a prompt election more likely
I20260601 13:23:22.283152 22429 raft_consensus.cc:740] T 2a5b583e4f1a4fb2bb1b5bdf8f525fe0 P eb921d0d0735430aa93cd6eaba734c3e [term 0 FOLLOWER]: Becoming Follower/Learner. State: Replica: eb921d0d0735430aa93cd6eaba734c3e, State: Initialized, Role: FOLLOWER
I20260601 13:23:22.283349 22429 consensus_queue.cc:260] T 2a5b583e4f1a4fb2bb1b5bdf8f525fe0 P eb921d0d0735430aa93cd6eaba734c3e [NON_LEADER]: Queue going to NON_LEADER mode. State: All replicated index: 0, Majority replicated index: 0, Committed index: 0, Last appended: 0.0, Last appended by leader: 0, Current term: 0, Majority size: -1, State: 0, Mode: NON_LEADER, active raft config: opid_index: -1 OBSOLETE_local: false peers { permanent_uuid: "dcb6c3ed33524473aeed00e475995d3c" member_type: VOTER last_known_addr { host: "127.19.36.1" port: 40373 } } peers { permanent_uuid: "eb921d0d0735430aa93cd6eaba734c3e" member_type: VOTER last_known_addr { host: "127.19.36.3" port: 42951 } } peers { permanent_uuid: "9b185552cb9c42d78fb2e4bb54a7263f" member_type: VOTER last_known_addr { host: "127.19.36.2" port: 33195 } }
I20260601 13:23:22.283691 22429 ts_tablet_manager.cc:1434] T 2a5b583e4f1a4fb2bb1b5bdf8f525fe0 P eb921d0d0735430aa93cd6eaba734c3e: Time spent starting tablet: real 0.002s	user 0.000s	sys 0.001s
I20260601 13:23:22.283859 22429 tablet_bootstrap.cc:492] T 56fe36dac887481d944c99a42300298e P eb921d0d0735430aa93cd6eaba734c3e: Bootstrap starting.
I20260601 13:23:22.284725 22429 tablet_bootstrap.cc:654] T 56fe36dac887481d944c99a42300298e P eb921d0d0735430aa93cd6eaba734c3e: Neither blocks nor log segments found. Creating new log.
I20260601 13:23:22.284789 22296 tablet_service.cc:1511] Processing CreateTablet for tablet d05d0ec7296f4ae787c8bd5d15795f61 (DEFAULT_TABLE table=range_aware_auto_rebalancer_test [id=0090f5cc726f462abe937a37f6fd1ff6]), partition=HASH (key) PARTITION 1, RANGE (key) PARTITION 0 <= VALUES < 10
I20260601 13:23:22.285046 22296 data_dirs.cc:400] Could only allocate 1 dirs of requested 3 for tablet d05d0ec7296f4ae787c8bd5d15795f61. 1 dirs total, 0 dirs full, 0 dirs failed
I20260601 13:23:22.286248 22429 tablet_bootstrap.cc:492] T 56fe36dac887481d944c99a42300298e P eb921d0d0735430aa93cd6eaba734c3e: No bootstrap required, opened a new log
I20260601 13:23:22.286418 22429 ts_tablet_manager.cc:1403] T 56fe36dac887481d944c99a42300298e P eb921d0d0735430aa93cd6eaba734c3e: Time spent bootstrapping tablet: real 0.003s	user 0.001s	sys 0.001s
I20260601 13:23:22.286549 22222 tablet_service.cc:1511] Processing CreateTablet for tablet 2a5b583e4f1a4fb2bb1b5bdf8f525fe0 (DEFAULT_TABLE table=range_aware_auto_rebalancer_test [id=0090f5cc726f462abe937a37f6fd1ff6]), partition=HASH (key) PARTITION 0, RANGE (key) PARTITION 0 <= VALUES < 10
I20260601 13:23:22.286829 22222 data_dirs.cc:400] Could only allocate 1 dirs of requested 3 for tablet 2a5b583e4f1a4fb2bb1b5bdf8f525fe0. 1 dirs total, 0 dirs full, 0 dirs failed
I20260601 13:23:22.286882 22429 raft_consensus.cc:359] T 56fe36dac887481d944c99a42300298e P eb921d0d0735430aa93cd6eaba734c3e [term 0 FOLLOWER]: Replica starting. Triggering 0 pending ops. Active config: opid_index: -1 OBSOLETE_local: false peers { permanent_uuid: "dcb6c3ed33524473aeed00e475995d3c" member_type: VOTER last_known_addr { host: "127.19.36.1" port: 40373 } } peers { permanent_uuid: "9b185552cb9c42d78fb2e4bb54a7263f" member_type: VOTER last_known_addr { host: "127.19.36.2" port: 33195 } } peers { permanent_uuid: "eb921d0d0735430aa93cd6eaba734c3e" member_type: VOTER last_known_addr { host: "127.19.36.3" port: 42951 } }
I20260601 13:23:22.286981 22429 raft_consensus.cc:385] T 56fe36dac887481d944c99a42300298e P eb921d0d0735430aa93cd6eaba734c3e [term 0 FOLLOWER]: Consensus starting up: Expiring failure detector timer to make a prompt election more likely
I20260601 13:23:22.287019 22429 raft_consensus.cc:740] T 56fe36dac887481d944c99a42300298e P eb921d0d0735430aa93cd6eaba734c3e [term 0 FOLLOWER]: Becoming Follower/Learner. State: Replica: eb921d0d0735430aa93cd6eaba734c3e, State: Initialized, Role: FOLLOWER
I20260601 13:23:22.287145 22429 consensus_queue.cc:260] T 56fe36dac887481d944c99a42300298e P eb921d0d0735430aa93cd6eaba734c3e [NON_LEADER]: Queue going to NON_LEADER mode. State: All replicated index: 0, Majority replicated index: 0, Committed index: 0, Last appended: 0.0, Last appended by leader: 0, Current term: 0, Majority size: -1, State: 0, Mode: NON_LEADER, active raft config: opid_index: -1 OBSOLETE_local: false peers { permanent_uuid: "dcb6c3ed33524473aeed00e475995d3c" member_type: VOTER last_known_addr { host: "127.19.36.1" port: 40373 } } peers { permanent_uuid: "9b185552cb9c42d78fb2e4bb54a7263f" member_type: VOTER last_known_addr { host: "127.19.36.2" port: 33195 } } peers { permanent_uuid: "eb921d0d0735430aa93cd6eaba734c3e" member_type: VOTER last_known_addr { host: "127.19.36.3" port: 42951 } }
I20260601 13:23:22.287603 22429 ts_tablet_manager.cc:1434] T 56fe36dac887481d944c99a42300298e P eb921d0d0735430aa93cd6eaba734c3e: Time spent starting tablet: real 0.001s	user 0.001s	sys 0.000s
I20260601 13:23:22.286255 22430 tablet_bootstrap.cc:492] T 2a5b583e4f1a4fb2bb1b5bdf8f525fe0 P 9b185552cb9c42d78fb2e4bb54a7263f: Bootstrap starting.
I20260601 13:23:22.288839 22430 tablet_bootstrap.cc:654] T 2a5b583e4f1a4fb2bb1b5bdf8f525fe0 P 9b185552cb9c42d78fb2e4bb54a7263f: Neither blocks nor log segments found. Creating new log.
I20260601 13:23:22.289188 22434 tablet_bootstrap.cc:492] T 2a5b583e4f1a4fb2bb1b5bdf8f525fe0 P dcb6c3ed33524473aeed00e475995d3c: Bootstrap starting.
I20260601 13:23:22.289394 22221 tablet_service.cc:1511] Processing CreateTablet for tablet 88291693bb0c47949e15d4251770fa0c (DEFAULT_TABLE table=range_aware_auto_rebalancer_test [id=0090f5cc726f462abe937a37f6fd1ff6]), partition=HASH (key) PARTITION 0, RANGE (key) PARTITION 10 <= VALUES < 20
I20260601 13:23:22.289659 22221 data_dirs.cc:400] Could only allocate 1 dirs of requested 3 for tablet 88291693bb0c47949e15d4251770fa0c. 1 dirs total, 0 dirs full, 0 dirs failed
I20260601 13:23:22.290025 22430 tablet_bootstrap.cc:492] T 2a5b583e4f1a4fb2bb1b5bdf8f525fe0 P 9b185552cb9c42d78fb2e4bb54a7263f: No bootstrap required, opened a new log
I20260601 13:23:22.290113 22430 ts_tablet_manager.cc:1403] T 2a5b583e4f1a4fb2bb1b5bdf8f525fe0 P 9b185552cb9c42d78fb2e4bb54a7263f: Time spent bootstrapping tablet: real 0.004s	user 0.002s	sys 0.000s
I20260601 13:23:22.290302 22434 tablet_bootstrap.cc:654] T 2a5b583e4f1a4fb2bb1b5bdf8f525fe0 P dcb6c3ed33524473aeed00e475995d3c: Neither blocks nor log segments found. Creating new log.
I20260601 13:23:22.290571 22430 raft_consensus.cc:359] T 2a5b583e4f1a4fb2bb1b5bdf8f525fe0 P 9b185552cb9c42d78fb2e4bb54a7263f [term 0 FOLLOWER]: Replica starting. Triggering 0 pending ops. Active config: opid_index: -1 OBSOLETE_local: false peers { permanent_uuid: "dcb6c3ed33524473aeed00e475995d3c" member_type: VOTER last_known_addr { host: "127.19.36.1" port: 40373 } } peers { permanent_uuid: "eb921d0d0735430aa93cd6eaba734c3e" member_type: VOTER last_known_addr { host: "127.19.36.3" port: 42951 } } peers { permanent_uuid: "9b185552cb9c42d78fb2e4bb54a7263f" member_type: VOTER last_known_addr { host: "127.19.36.2" port: 33195 } }
I20260601 13:23:22.290688 22430 raft_consensus.cc:385] T 2a5b583e4f1a4fb2bb1b5bdf8f525fe0 P 9b185552cb9c42d78fb2e4bb54a7263f [term 0 FOLLOWER]: Consensus starting up: Expiring failure detector timer to make a prompt election more likely
I20260601 13:23:22.290720 22430 raft_consensus.cc:740] T 2a5b583e4f1a4fb2bb1b5bdf8f525fe0 P 9b185552cb9c42d78fb2e4bb54a7263f [term 0 FOLLOWER]: Becoming Follower/Learner. State: Replica: 9b185552cb9c42d78fb2e4bb54a7263f, State: Initialized, Role: FOLLOWER
I20260601 13:23:22.290853 22430 consensus_queue.cc:260] T 2a5b583e4f1a4fb2bb1b5bdf8f525fe0 P 9b185552cb9c42d78fb2e4bb54a7263f [NON_LEADER]: Queue going to NON_LEADER mode. State: All replicated index: 0, Majority replicated index: 0, Committed index: 0, Last appended: 0.0, Last appended by leader: 0, Current term: 0, Majority size: -1, State: 0, Mode: NON_LEADER, active raft config: opid_index: -1 OBSOLETE_local: false peers { permanent_uuid: "dcb6c3ed33524473aeed00e475995d3c" member_type: VOTER last_known_addr { host: "127.19.36.1" port: 40373 } } peers { permanent_uuid: "eb921d0d0735430aa93cd6eaba734c3e" member_type: VOTER last_known_addr { host: "127.19.36.3" port: 42951 } } peers { permanent_uuid: "9b185552cb9c42d78fb2e4bb54a7263f" member_type: VOTER last_known_addr { host: "127.19.36.2" port: 33195 } }
I20260601 13:23:22.291194 22430 ts_tablet_manager.cc:1434] T 2a5b583e4f1a4fb2bb1b5bdf8f525fe0 P 9b185552cb9c42d78fb2e4bb54a7263f: Time spent starting tablet: real 0.001s	user 0.001s	sys 0.000s
I20260601 13:23:22.291280 22434 tablet_bootstrap.cc:492] T 2a5b583e4f1a4fb2bb1b5bdf8f525fe0 P dcb6c3ed33524473aeed00e475995d3c: No bootstrap required, opened a new log
I20260601 13:23:22.291355 22434 ts_tablet_manager.cc:1403] T 2a5b583e4f1a4fb2bb1b5bdf8f525fe0 P dcb6c3ed33524473aeed00e475995d3c: Time spent bootstrapping tablet: real 0.002s	user 0.000s	sys 0.002s
I20260601 13:23:22.291622 22430 tablet_bootstrap.cc:492] T 88291693bb0c47949e15d4251770fa0c P 9b185552cb9c42d78fb2e4bb54a7263f: Bootstrap starting.
I20260601 13:23:22.291706 22434 raft_consensus.cc:359] T 2a5b583e4f1a4fb2bb1b5bdf8f525fe0 P dcb6c3ed33524473aeed00e475995d3c [term 0 FOLLOWER]: Replica starting. Triggering 0 pending ops. Active config: opid_index: -1 OBSOLETE_local: false peers { permanent_uuid: "dcb6c3ed33524473aeed00e475995d3c" member_type: VOTER last_known_addr { host: "127.19.36.1" port: 40373 } } peers { permanent_uuid: "eb921d0d0735430aa93cd6eaba734c3e" member_type: VOTER last_known_addr { host: "127.19.36.3" port: 42951 } } peers { permanent_uuid: "9b185552cb9c42d78fb2e4bb54a7263f" member_type: VOTER last_known_addr { host: "127.19.36.2" port: 33195 } }
I20260601 13:23:22.291796 22434 raft_consensus.cc:385] T 2a5b583e4f1a4fb2bb1b5bdf8f525fe0 P dcb6c3ed33524473aeed00e475995d3c [term 0 FOLLOWER]: Consensus starting up: Expiring failure detector timer to make a prompt election more likely
I20260601 13:23:22.291828 22434 raft_consensus.cc:740] T 2a5b583e4f1a4fb2bb1b5bdf8f525fe0 P dcb6c3ed33524473aeed00e475995d3c [term 0 FOLLOWER]: Becoming Follower/Learner. State: Replica: dcb6c3ed33524473aeed00e475995d3c, State: Initialized, Role: FOLLOWER
I20260601 13:23:22.291833 22220 tablet_service.cc:1511] Processing CreateTablet for tablet d05d0ec7296f4ae787c8bd5d15795f61 (DEFAULT_TABLE table=range_aware_auto_rebalancer_test [id=0090f5cc726f462abe937a37f6fd1ff6]), partition=HASH (key) PARTITION 1, RANGE (key) PARTITION 0 <= VALUES < 10
I20260601 13:23:22.291955 22434 consensus_queue.cc:260] T 2a5b583e4f1a4fb2bb1b5bdf8f525fe0 P dcb6c3ed33524473aeed00e475995d3c [NON_LEADER]: Queue going to NON_LEADER mode. State: All replicated index: 0, Majority replicated index: 0, Committed index: 0, Last appended: 0.0, Last appended by leader: 0, Current term: 0, Majority size: -1, State: 0, Mode: NON_LEADER, active raft config: opid_index: -1 OBSOLETE_local: false peers { permanent_uuid: "dcb6c3ed33524473aeed00e475995d3c" member_type: VOTER last_known_addr { host: "127.19.36.1" port: 40373 } } peers { permanent_uuid: "eb921d0d0735430aa93cd6eaba734c3e" member_type: VOTER last_known_addr { host: "127.19.36.3" port: 42951 } } peers { permanent_uuid: "9b185552cb9c42d78fb2e4bb54a7263f" member_type: VOTER last_known_addr { host: "127.19.36.2" port: 33195 } }
I20260601 13:23:22.292012 22219 tablet_service.cc:1511] Processing CreateTablet for tablet 56fe36dac887481d944c99a42300298e (DEFAULT_TABLE table=range_aware_auto_rebalancer_test [id=0090f5cc726f462abe937a37f6fd1ff6]), partition=HASH (key) PARTITION 1, RANGE (key) PARTITION 10 <= VALUES < 20
I20260601 13:23:22.292116 22220 data_dirs.cc:400] Could only allocate 1 dirs of requested 3 for tablet d05d0ec7296f4ae787c8bd5d15795f61. 1 dirs total, 0 dirs full, 0 dirs failed
I20260601 13:23:22.292245 22219 data_dirs.cc:400] Could only allocate 1 dirs of requested 3 for tablet 56fe36dac887481d944c99a42300298e. 1 dirs total, 0 dirs full, 0 dirs failed
I20260601 13:23:22.292308 22434 ts_tablet_manager.cc:1434] T 2a5b583e4f1a4fb2bb1b5bdf8f525fe0 P dcb6c3ed33524473aeed00e475995d3c: Time spent starting tablet: real 0.001s	user 0.000s	sys 0.001s
I20260601 13:23:22.292474 22434 tablet_bootstrap.cc:492] T 88291693bb0c47949e15d4251770fa0c P dcb6c3ed33524473aeed00e475995d3c: Bootstrap starting.
I20260601 13:23:22.292586 22430 tablet_bootstrap.cc:654] T 88291693bb0c47949e15d4251770fa0c P 9b185552cb9c42d78fb2e4bb54a7263f: Neither blocks nor log segments found. Creating new log.
I20260601 13:23:22.293382 22434 tablet_bootstrap.cc:654] T 88291693bb0c47949e15d4251770fa0c P dcb6c3ed33524473aeed00e475995d3c: Neither blocks nor log segments found. Creating new log.
I20260601 13:23:22.293666 22372 data_dirs.cc:400] Could only allocate 1 dirs of requested 3 for tablet 88291693bb0c47949e15d4251770fa0c. 1 dirs total, 0 dirs full, 0 dirs failed
I20260601 13:23:22.294806 22430 tablet_bootstrap.cc:492] T 88291693bb0c47949e15d4251770fa0c P 9b185552cb9c42d78fb2e4bb54a7263f: No bootstrap required, opened a new log
I20260601 13:23:22.294845 22434 tablet_bootstrap.cc:492] T 88291693bb0c47949e15d4251770fa0c P dcb6c3ed33524473aeed00e475995d3c: No bootstrap required, opened a new log
I20260601 13:23:22.294888 22430 ts_tablet_manager.cc:1403] T 88291693bb0c47949e15d4251770fa0c P 9b185552cb9c42d78fb2e4bb54a7263f: Time spent bootstrapping tablet: real 0.003s	user 0.002s	sys 0.000s
I20260601 13:23:22.294921 22434 ts_tablet_manager.cc:1403] T 88291693bb0c47949e15d4251770fa0c P dcb6c3ed33524473aeed00e475995d3c: Time spent bootstrapping tablet: real 0.002s	user 0.000s	sys 0.002s
I20260601 13:23:22.295336 22434 raft_consensus.cc:359] T 88291693bb0c47949e15d4251770fa0c P dcb6c3ed33524473aeed00e475995d3c [term 0 FOLLOWER]: Replica starting. Triggering 0 pending ops. Active config: opid_index: -1 OBSOLETE_local: false peers { permanent_uuid: "dcb6c3ed33524473aeed00e475995d3c" member_type: VOTER last_known_addr { host: "127.19.36.1" port: 40373 } } peers { permanent_uuid: "9b185552cb9c42d78fb2e4bb54a7263f" member_type: VOTER last_known_addr { host: "127.19.36.2" port: 33195 } } peers { permanent_uuid: "eb921d0d0735430aa93cd6eaba734c3e" member_type: VOTER last_known_addr { host: "127.19.36.3" port: 42951 } }
I20260601 13:23:22.295452 22434 raft_consensus.cc:385] T 88291693bb0c47949e15d4251770fa0c P dcb6c3ed33524473aeed00e475995d3c [term 0 FOLLOWER]: Consensus starting up: Expiring failure detector timer to make a prompt election more likely
I20260601 13:23:22.295482 22434 raft_consensus.cc:740] T 88291693bb0c47949e15d4251770fa0c P dcb6c3ed33524473aeed00e475995d3c [term 0 FOLLOWER]: Becoming Follower/Learner. State: Replica: dcb6c3ed33524473aeed00e475995d3c, State: Initialized, Role: FOLLOWER
I20260601 13:23:22.295555 22429 tablet_bootstrap.cc:492] T 88291693bb0c47949e15d4251770fa0c P eb921d0d0735430aa93cd6eaba734c3e: Bootstrap starting.
I20260601 13:23:22.295624 22434 consensus_queue.cc:260] T 88291693bb0c47949e15d4251770fa0c P dcb6c3ed33524473aeed00e475995d3c [NON_LEADER]: Queue going to NON_LEADER mode. State: All replicated index: 0, Majority replicated index: 0, Committed index: 0, Last appended: 0.0, Last appended by leader: 0, Current term: 0, Majority size: -1, State: 0, Mode: NON_LEADER, active raft config: opid_index: -1 OBSOLETE_local: false peers { permanent_uuid: "dcb6c3ed33524473aeed00e475995d3c" member_type: VOTER last_known_addr { host: "127.19.36.1" port: 40373 } } peers { permanent_uuid: "9b185552cb9c42d78fb2e4bb54a7263f" member_type: VOTER last_known_addr { host: "127.19.36.2" port: 33195 } } peers { permanent_uuid: "eb921d0d0735430aa93cd6eaba734c3e" member_type: VOTER last_known_addr { host: "127.19.36.3" port: 42951 } }
I20260601 13:23:22.295994 22434 ts_tablet_manager.cc:1434] T 88291693bb0c47949e15d4251770fa0c P dcb6c3ed33524473aeed00e475995d3c: Time spent starting tablet: real 0.001s	user 0.000s	sys 0.001s
I20260601 13:23:22.296154 22434 tablet_bootstrap.cc:492] T d05d0ec7296f4ae787c8bd5d15795f61 P dcb6c3ed33524473aeed00e475995d3c: Bootstrap starting.
I20260601 13:23:22.296572 22429 tablet_bootstrap.cc:654] T 88291693bb0c47949e15d4251770fa0c P eb921d0d0735430aa93cd6eaba734c3e: Neither blocks nor log segments found. Creating new log.
I20260601 13:23:22.297112 22434 tablet_bootstrap.cc:654] T d05d0ec7296f4ae787c8bd5d15795f61 P dcb6c3ed33524473aeed00e475995d3c: Neither blocks nor log segments found. Creating new log.
I20260601 13:23:22.295322 22430 raft_consensus.cc:359] T 88291693bb0c47949e15d4251770fa0c P 9b185552cb9c42d78fb2e4bb54a7263f [term 0 FOLLOWER]: Replica starting. Triggering 0 pending ops. Active config: opid_index: -1 OBSOLETE_local: false peers { permanent_uuid: "dcb6c3ed33524473aeed00e475995d3c" member_type: VOTER last_known_addr { host: "127.19.36.1" port: 40373 } } peers { permanent_uuid: "9b185552cb9c42d78fb2e4bb54a7263f" member_type: VOTER last_known_addr { host: "127.19.36.2" port: 33195 } } peers { permanent_uuid: "eb921d0d0735430aa93cd6eaba734c3e" member_type: VOTER last_known_addr { host: "127.19.36.3" port: 42951 } }
I20260601 13:23:22.297772 22430 raft_consensus.cc:385] T 88291693bb0c47949e15d4251770fa0c P 9b185552cb9c42d78fb2e4bb54a7263f [term 0 FOLLOWER]: Consensus starting up: Expiring failure detector timer to make a prompt election more likely
I20260601 13:23:22.297833 22430 raft_consensus.cc:740] T 88291693bb0c47949e15d4251770fa0c P 9b185552cb9c42d78fb2e4bb54a7263f [term 0 FOLLOWER]: Becoming Follower/Learner. State: Replica: 9b185552cb9c42d78fb2e4bb54a7263f, State: Initialized, Role: FOLLOWER
I20260601 13:23:22.297976 22430 consensus_queue.cc:260] T 88291693bb0c47949e15d4251770fa0c P 9b185552cb9c42d78fb2e4bb54a7263f [NON_LEADER]: Queue going to NON_LEADER mode. State: All replicated index: 0, Majority replicated index: 0, Committed index: 0, Last appended: 0.0, Last appended by leader: 0, Current term: 0, Majority size: -1, State: 0, Mode: NON_LEADER, active raft config: opid_index: -1 OBSOLETE_local: false peers { permanent_uuid: "dcb6c3ed33524473aeed00e475995d3c" member_type: VOTER last_known_addr { host: "127.19.36.1" port: 40373 } } peers { permanent_uuid: "9b185552cb9c42d78fb2e4bb54a7263f" member_type: VOTER last_known_addr { host: "127.19.36.2" port: 33195 } } peers { permanent_uuid: "eb921d0d0735430aa93cd6eaba734c3e" member_type: VOTER last_known_addr { host: "127.19.36.3" port: 42951 } }
I20260601 13:23:22.298424 22430 ts_tablet_manager.cc:1434] T 88291693bb0c47949e15d4251770fa0c P 9b185552cb9c42d78fb2e4bb54a7263f: Time spent starting tablet: real 0.003s	user 0.001s	sys 0.000s
I20260601 13:23:22.298501 22434 tablet_bootstrap.cc:492] T d05d0ec7296f4ae787c8bd5d15795f61 P dcb6c3ed33524473aeed00e475995d3c: No bootstrap required, opened a new log
I20260601 13:23:22.298632 22434 ts_tablet_manager.cc:1403] T d05d0ec7296f4ae787c8bd5d15795f61 P dcb6c3ed33524473aeed00e475995d3c: Time spent bootstrapping tablet: real 0.003s	user 0.002s	sys 0.000s
I20260601 13:23:22.298808 22430 tablet_bootstrap.cc:492] T 56fe36dac887481d944c99a42300298e P 9b185552cb9c42d78fb2e4bb54a7263f: Bootstrap starting.
I20260601 13:23:22.299067 22434 raft_consensus.cc:359] T d05d0ec7296f4ae787c8bd5d15795f61 P dcb6c3ed33524473aeed00e475995d3c [term 0 FOLLOWER]: Replica starting. Triggering 0 pending ops. Active config: opid_index: -1 OBSOLETE_local: false peers { permanent_uuid: "dcb6c3ed33524473aeed00e475995d3c" member_type: VOTER last_known_addr { host: "127.19.36.1" port: 40373 } } peers { permanent_uuid: "9b185552cb9c42d78fb2e4bb54a7263f" member_type: VOTER last_known_addr { host: "127.19.36.2" port: 33195 } } peers { permanent_uuid: "eb921d0d0735430aa93cd6eaba734c3e" member_type: VOTER last_known_addr { host: "127.19.36.3" port: 42951 } }
I20260601 13:23:22.299254 22434 raft_consensus.cc:385] T d05d0ec7296f4ae787c8bd5d15795f61 P dcb6c3ed33524473aeed00e475995d3c [term 0 FOLLOWER]: Consensus starting up: Expiring failure detector timer to make a prompt election more likely
I20260601 13:23:22.299340 22434 raft_consensus.cc:740] T d05d0ec7296f4ae787c8bd5d15795f61 P dcb6c3ed33524473aeed00e475995d3c [term 0 FOLLOWER]: Becoming Follower/Learner. State: Replica: dcb6c3ed33524473aeed00e475995d3c, State: Initialized, Role: FOLLOWER
I20260601 13:23:22.299513 22434 consensus_queue.cc:260] T d05d0ec7296f4ae787c8bd5d15795f61 P dcb6c3ed33524473aeed00e475995d3c [NON_LEADER]: Queue going to NON_LEADER mode. State: All replicated index: 0, Majority replicated index: 0, Committed index: 0, Last appended: 0.0, Last appended by leader: 0, Current term: 0, Majority size: -1, State: 0, Mode: NON_LEADER, active raft config: opid_index: -1 OBSOLETE_local: false peers { permanent_uuid: "dcb6c3ed33524473aeed00e475995d3c" member_type: VOTER last_known_addr { host: "127.19.36.1" port: 40373 } } peers { permanent_uuid: "9b185552cb9c42d78fb2e4bb54a7263f" member_type: VOTER last_known_addr { host: "127.19.36.2" port: 33195 } } peers { permanent_uuid: "eb921d0d0735430aa93cd6eaba734c3e" member_type: VOTER last_known_addr { host: "127.19.36.3" port: 42951 } }
I20260601 13:23:22.299834 22434 ts_tablet_manager.cc:1434] T d05d0ec7296f4ae787c8bd5d15795f61 P dcb6c3ed33524473aeed00e475995d3c: Time spent starting tablet: real 0.001s	user 0.001s	sys 0.000s
I20260601 13:23:22.300040 22434 tablet_bootstrap.cc:492] T 56fe36dac887481d944c99a42300298e P dcb6c3ed33524473aeed00e475995d3c: Bootstrap starting.
I20260601 13:23:22.300048 22430 tablet_bootstrap.cc:654] T 56fe36dac887481d944c99a42300298e P 9b185552cb9c42d78fb2e4bb54a7263f: Neither blocks nor log segments found. Creating new log.
I20260601 13:23:22.301064 22434 tablet_bootstrap.cc:654] T 56fe36dac887481d944c99a42300298e P dcb6c3ed33524473aeed00e475995d3c: Neither blocks nor log segments found. Creating new log.
I20260601 13:23:22.301191 22430 tablet_bootstrap.cc:492] T 56fe36dac887481d944c99a42300298e P 9b185552cb9c42d78fb2e4bb54a7263f: No bootstrap required, opened a new log
I20260601 13:23:22.301297 22430 ts_tablet_manager.cc:1403] T 56fe36dac887481d944c99a42300298e P 9b185552cb9c42d78fb2e4bb54a7263f: Time spent bootstrapping tablet: real 0.003s	user 0.002s	sys 0.000s
I20260601 13:23:22.301764 22430 raft_consensus.cc:359] T 56fe36dac887481d944c99a42300298e P 9b185552cb9c42d78fb2e4bb54a7263f [term 0 FOLLOWER]: Replica starting. Triggering 0 pending ops. Active config: opid_index: -1 OBSOLETE_local: false peers { permanent_uuid: "dcb6c3ed33524473aeed00e475995d3c" member_type: VOTER last_known_addr { host: "127.19.36.1" port: 40373 } } peers { permanent_uuid: "9b185552cb9c42d78fb2e4bb54a7263f" member_type: VOTER last_known_addr { host: "127.19.36.2" port: 33195 } } peers { permanent_uuid: "eb921d0d0735430aa93cd6eaba734c3e" member_type: VOTER last_known_addr { host: "127.19.36.3" port: 42951 } }
I20260601 13:23:22.301990 22430 raft_consensus.cc:385] T 56fe36dac887481d944c99a42300298e P 9b185552cb9c42d78fb2e4bb54a7263f [term 0 FOLLOWER]: Consensus starting up: Expiring failure detector timer to make a prompt election more likely
I20260601 13:23:22.302049 22430 raft_consensus.cc:740] T 56fe36dac887481d944c99a42300298e P 9b185552cb9c42d78fb2e4bb54a7263f [term 0 FOLLOWER]: Becoming Follower/Learner. State: Replica: 9b185552cb9c42d78fb2e4bb54a7263f, State: Initialized, Role: FOLLOWER
I20260601 13:23:22.302340 22430 consensus_queue.cc:260] T 56fe36dac887481d944c99a42300298e P 9b185552cb9c42d78fb2e4bb54a7263f [NON_LEADER]: Queue going to NON_LEADER mode. State: All replicated index: 0, Majority replicated index: 0, Committed index: 0, Last appended: 0.0, Last appended by leader: 0, Current term: 0, Majority size: -1, State: 0, Mode: NON_LEADER, active raft config: opid_index: -1 OBSOLETE_local: false peers { permanent_uuid: "dcb6c3ed33524473aeed00e475995d3c" member_type: VOTER last_known_addr { host: "127.19.36.1" port: 40373 } } peers { permanent_uuid: "9b185552cb9c42d78fb2e4bb54a7263f" member_type: VOTER last_known_addr { host: "127.19.36.2" port: 33195 } } peers { permanent_uuid: "eb921d0d0735430aa93cd6eaba734c3e" member_type: VOTER last_known_addr { host: "127.19.36.3" port: 42951 } }
I20260601 13:23:22.302742 22429 tablet_bootstrap.cc:492] T 88291693bb0c47949e15d4251770fa0c P eb921d0d0735430aa93cd6eaba734c3e: No bootstrap required, opened a new log
I20260601 13:23:22.302842 22430 ts_tablet_manager.cc:1434] T 56fe36dac887481d944c99a42300298e P 9b185552cb9c42d78fb2e4bb54a7263f: Time spent starting tablet: real 0.001s	user 0.001s	sys 0.000s
I20260601 13:23:22.302835 22429 ts_tablet_manager.cc:1403] T 88291693bb0c47949e15d4251770fa0c P eb921d0d0735430aa93cd6eaba734c3e: Time spent bootstrapping tablet: real 0.007s	user 0.001s	sys 0.001s
I20260601 13:23:22.303296 22430 tablet_bootstrap.cc:492] T d05d0ec7296f4ae787c8bd5d15795f61 P 9b185552cb9c42d78fb2e4bb54a7263f: Bootstrap starting.
I20260601 13:23:22.303540 22429 raft_consensus.cc:359] T 88291693bb0c47949e15d4251770fa0c P eb921d0d0735430aa93cd6eaba734c3e [term 0 FOLLOWER]: Replica starting. Triggering 0 pending ops. Active config: opid_index: -1 OBSOLETE_local: false peers { permanent_uuid: "dcb6c3ed33524473aeed00e475995d3c" member_type: VOTER last_known_addr { host: "127.19.36.1" port: 40373 } } peers { permanent_uuid: "9b185552cb9c42d78fb2e4bb54a7263f" member_type: VOTER last_known_addr { host: "127.19.36.2" port: 33195 } } peers { permanent_uuid: "eb921d0d0735430aa93cd6eaba734c3e" member_type: VOTER last_known_addr { host: "127.19.36.3" port: 42951 } }
I20260601 13:23:22.303875 22429 raft_consensus.cc:385] T 88291693bb0c47949e15d4251770fa0c P eb921d0d0735430aa93cd6eaba734c3e [term 0 FOLLOWER]: Consensus starting up: Expiring failure detector timer to make a prompt election more likely
I20260601 13:23:22.303932 22429 raft_consensus.cc:740] T 88291693bb0c47949e15d4251770fa0c P eb921d0d0735430aa93cd6eaba734c3e [term 0 FOLLOWER]: Becoming Follower/Learner. State: Replica: eb921d0d0735430aa93cd6eaba734c3e, State: Initialized, Role: FOLLOWER
I20260601 13:23:22.304774 22429 consensus_queue.cc:260] T 88291693bb0c47949e15d4251770fa0c P eb921d0d0735430aa93cd6eaba734c3e [NON_LEADER]: Queue going to NON_LEADER mode. State: All replicated index: 0, Majority replicated index: 0, Committed index: 0, Last appended: 0.0, Last appended by leader: 0, Current term: 0, Majority size: -1, State: 0, Mode: NON_LEADER, active raft config: opid_index: -1 OBSOLETE_local: false peers { permanent_uuid: "dcb6c3ed33524473aeed00e475995d3c" member_type: VOTER last_known_addr { host: "127.19.36.1" port: 40373 } } peers { permanent_uuid: "9b185552cb9c42d78fb2e4bb54a7263f" member_type: VOTER last_known_addr { host: "127.19.36.2" port: 33195 } } peers { permanent_uuid: "eb921d0d0735430aa93cd6eaba734c3e" member_type: VOTER last_known_addr { host: "127.19.36.3" port: 42951 } }
I20260601 13:23:22.305266 22429 ts_tablet_manager.cc:1434] T 88291693bb0c47949e15d4251770fa0c P eb921d0d0735430aa93cd6eaba734c3e: Time spent starting tablet: real 0.002s	user 0.000s	sys 0.000s
I20260601 13:23:22.306059 22430 tablet_bootstrap.cc:654] T d05d0ec7296f4ae787c8bd5d15795f61 P 9b185552cb9c42d78fb2e4bb54a7263f: Neither blocks nor log segments found. Creating new log.
I20260601 13:23:22.306172 22434 tablet_bootstrap.cc:492] T 56fe36dac887481d944c99a42300298e P dcb6c3ed33524473aeed00e475995d3c: No bootstrap required, opened a new log
I20260601 13:23:22.306284 22434 ts_tablet_manager.cc:1403] T 56fe36dac887481d944c99a42300298e P dcb6c3ed33524473aeed00e475995d3c: Time spent bootstrapping tablet: real 0.006s	user 0.002s	sys 0.000s
I20260601 13:23:22.306391 22429 tablet_bootstrap.cc:492] T d05d0ec7296f4ae787c8bd5d15795f61 P eb921d0d0735430aa93cd6eaba734c3e: Bootstrap starting.
I20260601 13:23:22.307057 22434 raft_consensus.cc:359] T 56fe36dac887481d944c99a42300298e P dcb6c3ed33524473aeed00e475995d3c [term 0 FOLLOWER]: Replica starting. Triggering 0 pending ops. Active config: opid_index: -1 OBSOLETE_local: false peers { permanent_uuid: "dcb6c3ed33524473aeed00e475995d3c" member_type: VOTER last_known_addr { host: "127.19.36.1" port: 40373 } } peers { permanent_uuid: "9b185552cb9c42d78fb2e4bb54a7263f" member_type: VOTER last_known_addr { host: "127.19.36.2" port: 33195 } } peers { permanent_uuid: "eb921d0d0735430aa93cd6eaba734c3e" member_type: VOTER last_known_addr { host: "127.19.36.3" port: 42951 } }
I20260601 13:23:22.307199 22434 raft_consensus.cc:385] T 56fe36dac887481d944c99a42300298e P dcb6c3ed33524473aeed00e475995d3c [term 0 FOLLOWER]: Consensus starting up: Expiring failure detector timer to make a prompt election more likely
I20260601 13:23:22.307238 22434 raft_consensus.cc:740] T 56fe36dac887481d944c99a42300298e P dcb6c3ed33524473aeed00e475995d3c [term 0 FOLLOWER]: Becoming Follower/Learner. State: Replica: dcb6c3ed33524473aeed00e475995d3c, State: Initialized, Role: FOLLOWER
I20260601 13:23:22.307369 22434 consensus_queue.cc:260] T 56fe36dac887481d944c99a42300298e P dcb6c3ed33524473aeed00e475995d3c [NON_LEADER]: Queue going to NON_LEADER mode. State: All replicated index: 0, Majority replicated index: 0, Committed index: 0, Last appended: 0.0, Last appended by leader: 0, Current term: 0, Majority size: -1, State: 0, Mode: NON_LEADER, active raft config: opid_index: -1 OBSOLETE_local: false peers { permanent_uuid: "dcb6c3ed33524473aeed00e475995d3c" member_type: VOTER last_known_addr { host: "127.19.36.1" port: 40373 } } peers { permanent_uuid: "9b185552cb9c42d78fb2e4bb54a7263f" member_type: VOTER last_known_addr { host: "127.19.36.2" port: 33195 } } peers { permanent_uuid: "eb921d0d0735430aa93cd6eaba734c3e" member_type: VOTER last_known_addr { host: "127.19.36.3" port: 42951 } }
I20260601 13:23:22.307713 22434 ts_tablet_manager.cc:1434] T 56fe36dac887481d944c99a42300298e P dcb6c3ed33524473aeed00e475995d3c: Time spent starting tablet: real 0.001s	user 0.002s	sys 0.000s
I20260601 13:23:22.308802 22429 tablet_bootstrap.cc:654] T d05d0ec7296f4ae787c8bd5d15795f61 P eb921d0d0735430aa93cd6eaba734c3e: Neither blocks nor log segments found. Creating new log.
I20260601 13:23:22.309736 22430 tablet_bootstrap.cc:492] T d05d0ec7296f4ae787c8bd5d15795f61 P 9b185552cb9c42d78fb2e4bb54a7263f: No bootstrap required, opened a new log
I20260601 13:23:22.309826 22430 ts_tablet_manager.cc:1403] T d05d0ec7296f4ae787c8bd5d15795f61 P 9b185552cb9c42d78fb2e4bb54a7263f: Time spent bootstrapping tablet: real 0.007s	user 0.004s	sys 0.000s
I20260601 13:23:22.309993 22429 tablet_bootstrap.cc:492] T d05d0ec7296f4ae787c8bd5d15795f61 P eb921d0d0735430aa93cd6eaba734c3e: No bootstrap required, opened a new log
I20260601 13:23:22.310078 22429 ts_tablet_manager.cc:1403] T d05d0ec7296f4ae787c8bd5d15795f61 P eb921d0d0735430aa93cd6eaba734c3e: Time spent bootstrapping tablet: real 0.004s	user 0.000s	sys 0.002s
I20260601 13:23:22.310277 22430 raft_consensus.cc:359] T d05d0ec7296f4ae787c8bd5d15795f61 P 9b185552cb9c42d78fb2e4bb54a7263f [term 0 FOLLOWER]: Replica starting. Triggering 0 pending ops. Active config: opid_index: -1 OBSOLETE_local: false peers { permanent_uuid: "dcb6c3ed33524473aeed00e475995d3c" member_type: VOTER last_known_addr { host: "127.19.36.1" port: 40373 } } peers { permanent_uuid: "9b185552cb9c42d78fb2e4bb54a7263f" member_type: VOTER last_known_addr { host: "127.19.36.2" port: 33195 } } peers { permanent_uuid: "eb921d0d0735430aa93cd6eaba734c3e" member_type: VOTER last_known_addr { host: "127.19.36.3" port: 42951 } }
I20260601 13:23:22.310371 22430 raft_consensus.cc:385] T d05d0ec7296f4ae787c8bd5d15795f61 P 9b185552cb9c42d78fb2e4bb54a7263f [term 0 FOLLOWER]: Consensus starting up: Expiring failure detector timer to make a prompt election more likely
I20260601 13:23:22.310400 22430 raft_consensus.cc:740] T d05d0ec7296f4ae787c8bd5d15795f61 P 9b185552cb9c42d78fb2e4bb54a7263f [term 0 FOLLOWER]: Becoming Follower/Learner. State: Replica: 9b185552cb9c42d78fb2e4bb54a7263f, State: Initialized, Role: FOLLOWER
I20260601 13:23:22.310451 22429 raft_consensus.cc:359] T d05d0ec7296f4ae787c8bd5d15795f61 P eb921d0d0735430aa93cd6eaba734c3e [term 0 FOLLOWER]: Replica starting. Triggering 0 pending ops. Active config: opid_index: -1 OBSOLETE_local: false peers { permanent_uuid: "dcb6c3ed33524473aeed00e475995d3c" member_type: VOTER last_known_addr { host: "127.19.36.1" port: 40373 } } peers { permanent_uuid: "9b185552cb9c42d78fb2e4bb54a7263f" member_type: VOTER last_known_addr { host: "127.19.36.2" port: 33195 } } peers { permanent_uuid: "eb921d0d0735430aa93cd6eaba734c3e" member_type: VOTER last_known_addr { host: "127.19.36.3" port: 42951 } }
I20260601 13:23:22.310514 22430 consensus_queue.cc:260] T d05d0ec7296f4ae787c8bd5d15795f61 P 9b185552cb9c42d78fb2e4bb54a7263f [NON_LEADER]: Queue going to NON_LEADER mode. State: All replicated index: 0, Majority replicated index: 0, Committed index: 0, Last appended: 0.0, Last appended by leader: 0, Current term: 0, Majority size: -1, State: 0, Mode: NON_LEADER, active raft config: opid_index: -1 OBSOLETE_local: false peers { permanent_uuid: "dcb6c3ed33524473aeed00e475995d3c" member_type: VOTER last_known_addr { host: "127.19.36.1" port: 40373 } } peers { permanent_uuid: "9b185552cb9c42d78fb2e4bb54a7263f" member_type: VOTER last_known_addr { host: "127.19.36.2" port: 33195 } } peers { permanent_uuid: "eb921d0d0735430aa93cd6eaba734c3e" member_type: VOTER last_known_addr { host: "127.19.36.3" port: 42951 } }
I20260601 13:23:22.310556 22429 raft_consensus.cc:385] T d05d0ec7296f4ae787c8bd5d15795f61 P eb921d0d0735430aa93cd6eaba734c3e [term 0 FOLLOWER]: Consensus starting up: Expiring failure detector timer to make a prompt election more likely
I20260601 13:23:22.310598 22429 raft_consensus.cc:740] T d05d0ec7296f4ae787c8bd5d15795f61 P eb921d0d0735430aa93cd6eaba734c3e [term 0 FOLLOWER]: Becoming Follower/Learner. State: Replica: eb921d0d0735430aa93cd6eaba734c3e, State: Initialized, Role: FOLLOWER
I20260601 13:23:22.310751 22429 consensus_queue.cc:260] T d05d0ec7296f4ae787c8bd5d15795f61 P eb921d0d0735430aa93cd6eaba734c3e [NON_LEADER]: Queue going to NON_LEADER mode. State: All replicated index: 0, Majority replicated index: 0, Committed index: 0, Last appended: 0.0, Last appended by leader: 0, Current term: 0, Majority size: -1, State: 0, Mode: NON_LEADER, active raft config: opid_index: -1 OBSOLETE_local: false peers { permanent_uuid: "dcb6c3ed33524473aeed00e475995d3c" member_type: VOTER last_known_addr { host: "127.19.36.1" port: 40373 } } peers { permanent_uuid: "9b185552cb9c42d78fb2e4bb54a7263f" member_type: VOTER last_known_addr { host: "127.19.36.2" port: 33195 } } peers { permanent_uuid: "eb921d0d0735430aa93cd6eaba734c3e" member_type: VOTER last_known_addr { host: "127.19.36.3" port: 42951 } }
I20260601 13:23:22.310863 22430 ts_tablet_manager.cc:1434] T d05d0ec7296f4ae787c8bd5d15795f61 P 9b185552cb9c42d78fb2e4bb54a7263f: Time spent starting tablet: real 0.001s	user 0.000s	sys 0.000s
I20260601 13:23:22.311019 22429 ts_tablet_manager.cc:1434] T d05d0ec7296f4ae787c8bd5d15795f61 P eb921d0d0735430aa93cd6eaba734c3e: Time spent starting tablet: real 0.001s	user 0.000s	sys 0.001s
I20260601 13:23:22.398728 22437 raft_consensus.cc:493] T 88291693bb0c47949e15d4251770fa0c P 9b185552cb9c42d78fb2e4bb54a7263f [term 0 FOLLOWER]: Starting pre-election (no leader contacted us within the election timeout)
I20260601 13:23:22.398926 22437 raft_consensus.cc:515] T 88291693bb0c47949e15d4251770fa0c P 9b185552cb9c42d78fb2e4bb54a7263f [term 0 FOLLOWER]: Starting pre-election with config: opid_index: -1 OBSOLETE_local: false peers { permanent_uuid: "dcb6c3ed33524473aeed00e475995d3c" member_type: VOTER last_known_addr { host: "127.19.36.1" port: 40373 } } peers { permanent_uuid: "9b185552cb9c42d78fb2e4bb54a7263f" member_type: VOTER last_known_addr { host: "127.19.36.2" port: 33195 } } peers { permanent_uuid: "eb921d0d0735430aa93cd6eaba734c3e" member_type: VOTER last_known_addr { host: "127.19.36.3" port: 42951 } }
I20260601 13:23:22.399500 22437 leader_election.cc:290] T 88291693bb0c47949e15d4251770fa0c P 9b185552cb9c42d78fb2e4bb54a7263f [CANDIDATE]: Term 1 pre-election: Requested pre-vote from peers dcb6c3ed33524473aeed00e475995d3c (127.19.36.1:40373), eb921d0d0735430aa93cd6eaba734c3e (127.19.36.3:42951)
I20260601 13:23:22.403369 22232 tablet_service.cc:1917] Received RequestConsensusVote() RPC: tablet_id: "88291693bb0c47949e15d4251770fa0c" candidate_uuid: "9b185552cb9c42d78fb2e4bb54a7263f" candidate_term: 1 candidate_status { last_received { term: 0 index: 0 } } ignore_live_leader: false dest_uuid: "dcb6c3ed33524473aeed00e475995d3c" is_pre_election: true
I20260601 13:23:22.403434 22383 tablet_service.cc:1917] Received RequestConsensusVote() RPC: tablet_id: "88291693bb0c47949e15d4251770fa0c" candidate_uuid: "9b185552cb9c42d78fb2e4bb54a7263f" candidate_term: 1 candidate_status { last_received { term: 0 index: 0 } } ignore_live_leader: false dest_uuid: "eb921d0d0735430aa93cd6eaba734c3e" is_pre_election: true
I20260601 13:23:22.403558 22383 raft_consensus.cc:2468] T 88291693bb0c47949e15d4251770fa0c P eb921d0d0735430aa93cd6eaba734c3e [term 0 FOLLOWER]: Leader pre-election vote request: Granting yes vote for candidate 9b185552cb9c42d78fb2e4bb54a7263f in term 0.
I20260601 13:23:22.403558 22232 raft_consensus.cc:2468] T 88291693bb0c47949e15d4251770fa0c P dcb6c3ed33524473aeed00e475995d3c [term 0 FOLLOWER]: Leader pre-election vote request: Granting yes vote for candidate 9b185552cb9c42d78fb2e4bb54a7263f in term 0.
I20260601 13:23:22.403883 22274 leader_election.cc:304] T 88291693bb0c47949e15d4251770fa0c P 9b185552cb9c42d78fb2e4bb54a7263f [CANDIDATE]: Term 1 pre-election: Election decided. Result: candidate won. Election summary: received 2 responses out of 3 voters: 2 yes votes; 0 no votes. yes voters: 9b185552cb9c42d78fb2e4bb54a7263f, eb921d0d0735430aa93cd6eaba734c3e; no voters: 
I20260601 13:23:22.404088 22437 raft_consensus.cc:2804] T 88291693bb0c47949e15d4251770fa0c P 9b185552cb9c42d78fb2e4bb54a7263f [term 0 FOLLOWER]: Leader pre-election won for term 1
I20260601 13:23:22.404152 22437 raft_consensus.cc:493] T 88291693bb0c47949e15d4251770fa0c P 9b185552cb9c42d78fb2e4bb54a7263f [term 0 FOLLOWER]: Starting leader election (no leader contacted us within the election timeout)
I20260601 13:23:22.404197 22437 raft_consensus.cc:3060] T 88291693bb0c47949e15d4251770fa0c P 9b185552cb9c42d78fb2e4bb54a7263f [term 0 FOLLOWER]: Advancing to term 1
I20260601 13:23:22.405071 22437 raft_consensus.cc:515] T 88291693bb0c47949e15d4251770fa0c P 9b185552cb9c42d78fb2e4bb54a7263f [term 1 FOLLOWER]: Starting leader election with config: opid_index: -1 OBSOLETE_local: false peers { permanent_uuid: "dcb6c3ed33524473aeed00e475995d3c" member_type: VOTER last_known_addr { host: "127.19.36.1" port: 40373 } } peers { permanent_uuid: "9b185552cb9c42d78fb2e4bb54a7263f" member_type: VOTER last_known_addr { host: "127.19.36.2" port: 33195 } } peers { permanent_uuid: "eb921d0d0735430aa93cd6eaba734c3e" member_type: VOTER last_known_addr { host: "127.19.36.3" port: 42951 } }
