I20260601 13:23:28.326910 22823 consensus_queue.cc:1048] T 07d84292d2074628ab5bdb8a0156cdb4 P dc1675f071f34a548036bb42df1f5777 [LEADER]: Connected to new peer: Peer: permanent_uuid: "170100e6dfe84c6e9352f3eaed241118" member_type: VOTER last_known_addr { host: "127.19.36.1" port: 40795 }, Status: LMP_MISMATCH, Last received: 0.0, Next index: 4, Last known committed idx: 3, Time since last communication: 0.000s
I20260601 13:23:28.330283 22878 raft_consensus.cc:1275] T 07d84292d2074628ab5bdb8a0156cdb4 P 77990e9c73714320b7523e87c50164d0 [term 3 FOLLOWER]: Refusing update from remote peer dc1675f071f34a548036bb42df1f5777: Log matching property violated. Preceding OpId in replica: term: 2 index: 3. Preceding OpId from leader: term: 3 index: 4. (index mismatch)
I20260601 13:23:28.330708 23075 consensus_queue.cc:1048] T 07d84292d2074628ab5bdb8a0156cdb4 P dc1675f071f34a548036bb42df1f5777 [LEADER]: Connected to new peer: Peer: permanent_uuid: "77990e9c73714320b7523e87c50164d0" member_type: VOTER last_known_addr { host: "127.19.36.4" port: 39797 } attrs { replace: true }, Status: LMP_MISMATCH, Last received: 0.0, Next index: 4, Last known committed idx: 3, Time since last communication: 0.000s
I20260601 13:23:28.404066 22739 raft_consensus.cc:1217] T 9e948ffc706e4b6495fec5a720a47b67 P dc1675f071f34a548036bb42df1f5777 [term 1 LEARNER]: Deduplicated request from leader. Original: 1.1->[1.2-1.2]   Dedup: 1.2->[]
I20260601 13:23:28.433527 22878 raft_consensus.cc:1217] T 257351be4f364b8cb87e6434812b6301 P 77990e9c73714320b7523e87c50164d0 [term 1 LEARNER]: Deduplicated request from leader. Original: 1.1->[1.2-1.2]   Dedup: 1.2->[]
I20260601 13:23:28.646384 22539 auto_leader_rebalancer.cc:140] leader rebalance for table range_aware_rebalance_new_range
I20260601 13:23:28.651575 23080 ts_tablet_manager.cc:933] T 07d84292d2074628ab5bdb8a0156cdb4 P eba0c51095a14e80b16c60365f4366f0: Initiating tablet copy from peer dc1675f071f34a548036bb42df1f5777 (127.19.36.3:35313)
I20260601 13:23:28.652046 23080 tablet_copy_client.cc:323] T 07d84292d2074628ab5bdb8a0156cdb4 P eba0c51095a14e80b16c60365f4366f0: tablet copy: Beginning tablet copy session from remote peer at address 127.19.36.3:35313
I20260601 13:23:28.652554 22748 tablet_copy_service.cc:140] P dc1675f071f34a548036bb42df1f5777: Received BeginTabletCopySession request for tablet 07d84292d2074628ab5bdb8a0156cdb4 from peer eba0c51095a14e80b16c60365f4366f0 ({username='slave'} at 127.0.0.1:48624)
I20260601 13:23:28.652689 22748 tablet_copy_service.cc:161] P dc1675f071f34a548036bb42df1f5777: Beginning new tablet copy session on tablet 07d84292d2074628ab5bdb8a0156cdb4 from peer eba0c51095a14e80b16c60365f4366f0 at {username='slave'} at 127.0.0.1:48624: session id = eba0c51095a14e80b16c60365f4366f0-07d84292d2074628ab5bdb8a0156cdb4
I20260601 13:23:28.653748 22748 tablet_copy_source_session.cc:215] T 07d84292d2074628ab5bdb8a0156cdb4 P dc1675f071f34a548036bb42df1f5777: Tablet Copy: opened 0 blocks and 1 log segments
I20260601 13:23:28.654580 23080 data_dirs.cc:400] Could only allocate 1 dirs of requested 3 for tablet 07d84292d2074628ab5bdb8a0156cdb4. 1 dirs total, 0 dirs full, 0 dirs failed
I20260601 13:23:28.656486 22664 tablet_service.cc:2072] Received LeaderStepDown RPC: tablet_id: "bec00de9f70d47e7a6052d02246605f1"
dest_uuid: "eba0c51095a14e80b16c60365f4366f0"
mode: GRACEFUL
new_leader_uuid: "77990e9c73714320b7523e87c50164d0"
 from {username='slave'} at 127.0.0.1:46420
I20260601 13:23:28.656626 22664 raft_consensus.cc:606] T bec00de9f70d47e7a6052d02246605f1 P eba0c51095a14e80b16c60365f4366f0 [term 1 LEADER]: Received request to transfer leadership to TS 77990e9c73714320b7523e87c50164d0
I20260601 13:23:28.657294 23080 tablet_copy_client.cc:806] T 07d84292d2074628ab5bdb8a0156cdb4 P eba0c51095a14e80b16c60365f4366f0: tablet copy: Starting download of 0 data blocks...
I20260601 13:23:28.657334 22739 tablet_service.cc:2072] Received LeaderStepDown RPC: tablet_id: "c54a662eac794280a6c303020235e0fc"
dest_uuid: "dc1675f071f34a548036bb42df1f5777"
mode: GRACEFUL
new_leader_uuid: "77990e9c73714320b7523e87c50164d0"
 from {username='slave'} at 127.0.0.1:48634
I20260601 13:23:28.657455 22739 raft_consensus.cc:606] T c54a662eac794280a6c303020235e0fc P dc1675f071f34a548036bb42df1f5777 [term 1 LEADER]: Received request to transfer leadership to TS 77990e9c73714320b7523e87c50164d0
I20260601 13:23:28.657459 23080 tablet_copy_client.cc:670] T 07d84292d2074628ab5bdb8a0156cdb4 P eba0c51095a14e80b16c60365f4366f0: tablet copy: Starting download of 1 WAL segments...
I20260601 13:23:28.657778 22539 auto_leader_rebalancer.cc:388] table: range_aware_rebalance_new_range, leader rebalance finish, leader transfer count: 2
I20260601 13:23:28.657922 22539 auto_leader_rebalancer.cc:451] All tables' leader rebalancing finished this round
I20260601 13:23:28.658684 23080 tablet_copy_client.cc:538] T 07d84292d2074628ab5bdb8a0156cdb4 P eba0c51095a14e80b16c60365f4366f0: tablet copy: Tablet Copy complete. Replacing tablet superblock.
I20260601 13:23:28.660105 23080 tablet_bootstrap.cc:492] T 07d84292d2074628ab5bdb8a0156cdb4 P eba0c51095a14e80b16c60365f4366f0: Bootstrap starting.
I20260601 13:23:28.664717 23080 tablet_bootstrap.cc:492] T 07d84292d2074628ab5bdb8a0156cdb4 P eba0c51095a14e80b16c60365f4366f0: Bootstrap replayed 1/1 log segments. Stats: ops{read=4 overwritten=0 applied=4 ignored=0} inserts{seen=0 ignored=0} mutations{seen=0 ignored=0} orphaned_commits=0. Pending: 0 replicates
I20260601 13:23:28.664994 23080 tablet_bootstrap.cc:492] T 07d84292d2074628ab5bdb8a0156cdb4 P eba0c51095a14e80b16c60365f4366f0: Bootstrap complete.
I20260601 13:23:28.665180 23080 ts_tablet_manager.cc:1403] T 07d84292d2074628ab5bdb8a0156cdb4 P eba0c51095a14e80b16c60365f4366f0: Time spent bootstrapping tablet: real 0.005s	user 0.004s	sys 0.000s
I20260601 13:23:28.665899 23080 raft_consensus.cc:359] T 07d84292d2074628ab5bdb8a0156cdb4 P eba0c51095a14e80b16c60365f4366f0 [term 3 LEARNER]: Replica starting. Triggering 0 pending ops. Active config: opid_index: 3 OBSOLETE_local: false peers { permanent_uuid: "dc1675f071f34a548036bb42df1f5777" member_type: VOTER last_known_addr { host: "127.19.36.3" port: 35313 } } peers { permanent_uuid: "77990e9c73714320b7523e87c50164d0" member_type: VOTER last_known_addr { host: "127.19.36.4" port: 39797 } attrs { replace: true } } peers { permanent_uuid: "170100e6dfe84c6e9352f3eaed241118" member_type: VOTER last_known_addr { host: "127.19.36.1" port: 40795 } } peers { permanent_uuid: "eba0c51095a14e80b16c60365f4366f0" member_type: NON_VOTER last_known_addr { host: "127.19.36.2" port: 43741 } attrs { promote: true } }
I20260601 13:23:28.666047 23080 raft_consensus.cc:740] T 07d84292d2074628ab5bdb8a0156cdb4 P eba0c51095a14e80b16c60365f4366f0 [term 3 LEARNER]: Becoming Follower/Learner. State: Replica: eba0c51095a14e80b16c60365f4366f0, State: Initialized, Role: LEARNER
I20260601 13:23:28.666149 23080 consensus_queue.cc:260] T 07d84292d2074628ab5bdb8a0156cdb4 P eba0c51095a14e80b16c60365f4366f0 [NON_LEADER]: Queue going to NON_LEADER mode. State: All replicated index: 0, Majority replicated index: 0, Committed index: 4, Last appended: 3.4, Last appended by leader: 4, Current term: 0, Majority size: -1, State: 0, Mode: NON_LEADER, active raft config: opid_index: 3 OBSOLETE_local: false peers { permanent_uuid: "dc1675f071f34a548036bb42df1f5777" member_type: VOTER last_known_addr { host: "127.19.36.3" port: 35313 } } peers { permanent_uuid: "77990e9c73714320b7523e87c50164d0" member_type: VOTER last_known_addr { host: "127.19.36.4" port: 39797 } attrs { replace: true } } peers { permanent_uuid: "170100e6dfe84c6e9352f3eaed241118" member_type: VOTER last_known_addr { host: "127.19.36.1" port: 40795 } } peers { permanent_uuid: "eba0c51095a14e80b16c60365f4366f0" member_type: NON_VOTER last_known_addr { host: "127.19.36.2" port: 43741 } attrs { promote: true } }
I20260601 13:23:28.666451 23080 ts_tablet_manager.cc:1434] T 07d84292d2074628ab5bdb8a0156cdb4 P eba0c51095a14e80b16c60365f4366f0: Time spent starting tablet: real 0.001s	user 0.000s	sys 0.002s
I20260601 13:23:28.667073 22748 tablet_copy_service.cc:342] P dc1675f071f34a548036bb42df1f5777: Request end of tablet copy session eba0c51095a14e80b16c60365f4366f0-07d84292d2074628ab5bdb8a0156cdb4 received from {username='slave'} at 127.0.0.1:48624
I20260601 13:23:28.667167 22748 tablet_copy_service.cc:434] P dc1675f071f34a548036bb42df1f5777: ending tablet copy session eba0c51095a14e80b16c60365f4366f0-07d84292d2074628ab5bdb8a0156cdb4 on tablet 07d84292d2074628ab5bdb8a0156cdb4 with peer eba0c51095a14e80b16c60365f4366f0
I20260601 13:23:28.786898 23062 raft_consensus.cc:993] T bec00de9f70d47e7a6052d02246605f1 P eba0c51095a14e80b16c60365f4366f0: : Instructing follower 77990e9c73714320b7523e87c50164d0 to start an election
I20260601 13:23:28.787029 23062 raft_consensus.cc:1081] T bec00de9f70d47e7a6052d02246605f1 P eba0c51095a14e80b16c60365f4366f0 [term 1 LEADER]: Signalling peer 77990e9c73714320b7523e87c50164d0 to start an election
I20260601 13:23:28.787532 22879 tablet_service.cc:2044] Received Run Leader Election RPC: tablet_id: "bec00de9f70d47e7a6052d02246605f1"
dest_uuid: "77990e9c73714320b7523e87c50164d0"
 from {username='slave'} at 127.0.0.1:51294
I20260601 13:23:28.787703 22879 raft_consensus.cc:493] T bec00de9f70d47e7a6052d02246605f1 P 77990e9c73714320b7523e87c50164d0 [term 1 FOLLOWER]: Starting forced leader election (received explicit request)
I20260601 13:23:28.787771 22879 raft_consensus.cc:3060] T bec00de9f70d47e7a6052d02246605f1 P 77990e9c73714320b7523e87c50164d0 [term 1 FOLLOWER]: Advancing to term 2
I20260601 13:23:28.788843 22879 raft_consensus.cc:515] T bec00de9f70d47e7a6052d02246605f1 P 77990e9c73714320b7523e87c50164d0 [term 2 FOLLOWER]: Starting forced leader election with config: opid_index: -1 OBSOLETE_local: false peers { permanent_uuid: "77990e9c73714320b7523e87c50164d0" member_type: VOTER last_known_addr { host: "127.19.36.4" port: 39797 } } peers { permanent_uuid: "170100e6dfe84c6e9352f3eaed241118" member_type: VOTER last_known_addr { host: "127.19.36.1" port: 40795 } } peers { permanent_uuid: "eba0c51095a14e80b16c60365f4366f0" member_type: VOTER last_known_addr { host: "127.19.36.2" port: 43741 } }
I20260601 13:23:28.789319 22879 leader_election.cc:290] T bec00de9f70d47e7a6052d02246605f1 P 77990e9c73714320b7523e87c50164d0 [CANDIDATE]: Term 2 election: Requested vote from peers 170100e6dfe84c6e9352f3eaed241118 (127.19.36.1:40795), eba0c51095a14e80b16c60365f4366f0 (127.19.36.2:43741)
I20260601 13:23:28.789714 22587 tablet_service.cc:1917] Received RequestConsensusVote() RPC: tablet_id: "bec00de9f70d47e7a6052d02246605f1" candidate_uuid: "77990e9c73714320b7523e87c50164d0" candidate_term: 2 candidate_status { last_received { term: 1 index: 1 } } ignore_live_leader: true dest_uuid: "170100e6dfe84c6e9352f3eaed241118"
I20260601 13:23:28.789726 22664 tablet_service.cc:1917] Received RequestConsensusVote() RPC: tablet_id: "bec00de9f70d47e7a6052d02246605f1" candidate_uuid: "77990e9c73714320b7523e87c50164d0" candidate_term: 2 candidate_status { last_received { term: 1 index: 1 } } ignore_live_leader: true dest_uuid: "eba0c51095a14e80b16c60365f4366f0"
I20260601 13:23:28.789850 22587 raft_consensus.cc:3060] T bec00de9f70d47e7a6052d02246605f1 P 170100e6dfe84c6e9352f3eaed241118 [term 1 FOLLOWER]: Advancing to term 2
I20260601 13:23:28.789908 22664 raft_consensus.cc:3055] T bec00de9f70d47e7a6052d02246605f1 P eba0c51095a14e80b16c60365f4366f0 [term 1 LEADER]: Stepping down as leader of term 1
I20260601 13:23:28.789949 22664 raft_consensus.cc:740] T bec00de9f70d47e7a6052d02246605f1 P eba0c51095a14e80b16c60365f4366f0 [term 1 LEADER]: Becoming Follower/Learner. State: Replica: eba0c51095a14e80b16c60365f4366f0, State: Running, Role: LEADER
I20260601 13:23:28.790107 22664 consensus_queue.cc:260] T bec00de9f70d47e7a6052d02246605f1 P eba0c51095a14e80b16c60365f4366f0 [NON_LEADER]: Queue going to NON_LEADER mode. State: All replicated index: 0, Majority replicated index: 1, Committed index: 1, Last appended: 1.1, Last appended by leader: 1, Current term: 1, Majority size: -1, State: 0, Mode: NON_LEADER, active raft config: opid_index: -1 OBSOLETE_local: false peers { permanent_uuid: "77990e9c73714320b7523e87c50164d0" member_type: VOTER last_known_addr { host: "127.19.36.4" port: 39797 } } peers { permanent_uuid: "170100e6dfe84c6e9352f3eaed241118" member_type: VOTER last_known_addr { host: "127.19.36.1" port: 40795 } } peers { permanent_uuid: "eba0c51095a14e80b16c60365f4366f0" member_type: VOTER last_known_addr { host: "127.19.36.2" port: 43741 } }
I20260601 13:23:28.790266 22664 raft_consensus.cc:3060] T bec00de9f70d47e7a6052d02246605f1 P eba0c51095a14e80b16c60365f4366f0 [term 1 FOLLOWER]: Advancing to term 2
I20260601 13:23:28.790864 22587 raft_consensus.cc:2468] T bec00de9f70d47e7a6052d02246605f1 P 170100e6dfe84c6e9352f3eaed241118 [term 2 FOLLOWER]: Leader election vote request: Granting yes vote for candidate 77990e9c73714320b7523e87c50164d0 in term 2.
I20260601 13:23:28.791123 22664 raft_consensus.cc:2468] T bec00de9f70d47e7a6052d02246605f1 P eba0c51095a14e80b16c60365f4366f0 [term 2 FOLLOWER]: Leader election vote request: Granting yes vote for candidate 77990e9c73714320b7523e87c50164d0 in term 2.
I20260601 13:23:28.791249 22844 leader_election.cc:304] T bec00de9f70d47e7a6052d02246605f1 P 77990e9c73714320b7523e87c50164d0 [CANDIDATE]: Term 2 election: Election decided. Result: candidate won. Election summary: received 2 responses out of 3 voters: 2 yes votes; 0 no votes. yes voters: 170100e6dfe84c6e9352f3eaed241118, 77990e9c73714320b7523e87c50164d0; no voters: 
I20260601 13:23:28.791425 22994 raft_consensus.cc:2804] T bec00de9f70d47e7a6052d02246605f1 P 77990e9c73714320b7523e87c50164d0 [term 2 FOLLOWER]: Leader election won for term 2
I20260601 13:23:28.791597 22994 raft_consensus.cc:697] T bec00de9f70d47e7a6052d02246605f1 P 77990e9c73714320b7523e87c50164d0 [term 2 LEADER]: Becoming Leader. State: Replica: 77990e9c73714320b7523e87c50164d0, State: Running, Role: LEADER
I20260601 13:23:28.791750 22994 consensus_queue.cc:237] T bec00de9f70d47e7a6052d02246605f1 P 77990e9c73714320b7523e87c50164d0 [LEADER]: Queue going to LEADER mode. State: All replicated index: 0, Majority replicated index: 1, Committed index: 1, Last appended: 1.1, Last appended by leader: 1, Current term: 2, Majority size: 2, State: 0, Mode: LEADER, active raft config: opid_index: -1 OBSOLETE_local: false peers { permanent_uuid: "77990e9c73714320b7523e87c50164d0" member_type: VOTER last_known_addr { host: "127.19.36.4" port: 39797 } } peers { permanent_uuid: "170100e6dfe84c6e9352f3eaed241118" member_type: VOTER last_known_addr { host: "127.19.36.1" port: 40795 } } peers { permanent_uuid: "eba0c51095a14e80b16c60365f4366f0" member_type: VOTER last_known_addr { host: "127.19.36.2" port: 43741 } }
I20260601 13:23:28.793591 22483 catalog_manager.cc:5696] T bec00de9f70d47e7a6052d02246605f1 P 77990e9c73714320b7523e87c50164d0 reported cstate change: term changed from 1 to 2, leader changed from eba0c51095a14e80b16c60365f4366f0 (127.19.36.2) to 77990e9c73714320b7523e87c50164d0 (127.19.36.4). New cstate: current_term: 2 leader_uuid: "77990e9c73714320b7523e87c50164d0" committed_config { opid_index: -1 OBSOLETE_local: false peers { permanent_uuid: "77990e9c73714320b7523e87c50164d0" member_type: VOTER last_known_addr { host: "127.19.36.4" port: 39797 } health_report { overall_health: HEALTHY } } peers { permanent_uuid: "170100e6dfe84c6e9352f3eaed241118" member_type: VOTER last_known_addr { host: "127.19.36.1" port: 40795 } health_report { overall_health: UNKNOWN } } peers { permanent_uuid: "eba0c51095a14e80b16c60365f4366f0" member_type: VOTER last_known_addr { host: "127.19.36.2" port: 43741 } health_report { overall_health: UNKNOWN } } }
I20260601 13:23:28.819226 23051 raft_consensus.cc:1064] T 24f999a257874e9c8ccf6a2b7ecae3bb P 170100e6dfe84c6e9352f3eaed241118: attempting to promote NON_VOTER 77990e9c73714320b7523e87c50164d0 to VOTER
I20260601 13:23:28.819655 23051 consensus_queue.cc:237] T 24f999a257874e9c8ccf6a2b7ecae3bb P 170100e6dfe84c6e9352f3eaed241118 [LEADER]: Queue going to LEADER mode. State: All replicated index: 0, Majority replicated index: 3, Committed index: 3, Last appended: 2.3, Last appended by leader: 1, Current term: 2, Majority size: 3, State: 0, Mode: LEADER, active raft config: opid_index: 4 OBSOLETE_local: false peers { permanent_uuid: "170100e6dfe84c6e9352f3eaed241118" member_type: VOTER last_known_addr { host: "127.19.36.1" port: 40795 } } peers { permanent_uuid: "eba0c51095a14e80b16c60365f4366f0" member_type: VOTER last_known_addr { host: "127.19.36.2" port: 43741 } attrs { replace: true } } peers { permanent_uuid: "dc1675f071f34a548036bb42df1f5777" member_type: VOTER last_known_addr { host: "127.19.36.3" port: 35313 } } peers { permanent_uuid: "77990e9c73714320b7523e87c50164d0" member_type: VOTER last_known_addr { host: "127.19.36.4" port: 39797 } attrs { promote: false } }
I20260601 13:23:28.821283 22664 raft_consensus.cc:1275] T 24f999a257874e9c8ccf6a2b7ecae3bb P eba0c51095a14e80b16c60365f4366f0 [term 2 FOLLOWER]: Refusing update from remote peer 170100e6dfe84c6e9352f3eaed241118: Log matching property violated. Preceding OpId in replica: term: 2 index: 3. Preceding OpId from leader: term: 2 index: 4. (index mismatch)
I20260601 13:23:28.821307 22739 raft_consensus.cc:1275] T 24f999a257874e9c8ccf6a2b7ecae3bb P dc1675f071f34a548036bb42df1f5777 [term 2 FOLLOWER]: Refusing update from remote peer 170100e6dfe84c6e9352f3eaed241118: Log matching property violated. Preceding OpId in replica: term: 2 index: 3. Preceding OpId from leader: term: 2 index: 4. (index mismatch)
I20260601 13:23:28.821283 22879 raft_consensus.cc:1275] T 24f999a257874e9c8ccf6a2b7ecae3bb P 77990e9c73714320b7523e87c50164d0 [term 2 LEARNER]: Refusing update from remote peer 170100e6dfe84c6e9352f3eaed241118: Log matching property violated. Preceding OpId in replica: term: 2 index: 3. Preceding OpId from leader: term: 2 index: 4. (index mismatch)
I20260601 13:23:28.821753 22795 consensus_queue.cc:1048] T 24f999a257874e9c8ccf6a2b7ecae3bb P 170100e6dfe84c6e9352f3eaed241118 [LEADER]: Connected to new peer: Peer: permanent_uuid: "eba0c51095a14e80b16c60365f4366f0" member_type: VOTER last_known_addr { host: "127.19.36.2" port: 43741 } attrs { replace: true }, Status: LMP_MISMATCH, Last received: 0.0, Next index: 4, Last known committed idx: 3, Time since last communication: 0.000s
I20260601 13:23:28.821956 23091 consensus_queue.cc:1048] T 24f999a257874e9c8ccf6a2b7ecae3bb P 170100e6dfe84c6e9352f3eaed241118 [LEADER]: Connected to new peer: Peer: permanent_uuid: "77990e9c73714320b7523e87c50164d0" member_type: VOTER last_known_addr { host: "127.19.36.4" port: 39797 } attrs { promote: false }, Status: LMP_MISMATCH, Last received: 0.0, Next index: 4, Last known committed idx: 3, Time since last communication: 0.000s
I20260601 13:23:28.822229 23072 consensus_queue.cc:1048] T 24f999a257874e9c8ccf6a2b7ecae3bb P 170100e6dfe84c6e9352f3eaed241118 [LEADER]: Connected to new peer: Peer: permanent_uuid: "dc1675f071f34a548036bb42df1f5777" member_type: VOTER last_known_addr { host: "127.19.36.3" port: 35313 }, Status: LMP_MISMATCH, Last received: 0.0, Next index: 4, Last known committed idx: 3, Time since last communication: 0.000s
I20260601 13:23:28.825393 23091 raft_consensus.cc:2955] T 24f999a257874e9c8ccf6a2b7ecae3bb P 170100e6dfe84c6e9352f3eaed241118 [term 2 LEADER]: Committing config change with OpId 2.4: config changed from index 3 to 4, 77990e9c73714320b7523e87c50164d0 (127.19.36.4) changed from NON_VOTER to VOTER. New config: { opid_index: 4 OBSOLETE_local: false peers { permanent_uuid: "170100e6dfe84c6e9352f3eaed241118" member_type: VOTER last_known_addr { host: "127.19.36.1" port: 40795 } } peers { permanent_uuid: "eba0c51095a14e80b16c60365f4366f0" member_type: VOTER last_known_addr { host: "127.19.36.2" port: 43741 } attrs { replace: true } } peers { permanent_uuid: "dc1675f071f34a548036bb42df1f5777" member_type: VOTER last_known_addr { host: "127.19.36.3" port: 35313 } } peers { permanent_uuid: "77990e9c73714320b7523e87c50164d0" member_type: VOTER last_known_addr { host: "127.19.36.4" port: 39797 } attrs { promote: false } } }
I20260601 13:23:28.825898 22739 raft_consensus.cc:2955] T 24f999a257874e9c8ccf6a2b7ecae3bb P dc1675f071f34a548036bb42df1f5777 [term 2 FOLLOWER]: Committing config change with OpId 2.4: config changed from index 3 to 4, 77990e9c73714320b7523e87c50164d0 (127.19.36.4) changed from NON_VOTER to VOTER. New config: { opid_index: 4 OBSOLETE_local: false peers { permanent_uuid: "170100e6dfe84c6e9352f3eaed241118" member_type: VOTER last_known_addr { host: "127.19.36.1" port: 40795 } } peers { permanent_uuid: "eba0c51095a14e80b16c60365f4366f0" member_type: VOTER last_known_addr { host: "127.19.36.2" port: 43741 } attrs { replace: true } } peers { permanent_uuid: "dc1675f071f34a548036bb42df1f5777" member_type: VOTER last_known_addr { host: "127.19.36.3" port: 35313 } } peers { permanent_uuid: "77990e9c73714320b7523e87c50164d0" member_type: VOTER last_known_addr { host: "127.19.36.4" port: 39797 } attrs { promote: false } } }
I20260601 13:23:28.825898 22664 raft_consensus.cc:2955] T 24f999a257874e9c8ccf6a2b7ecae3bb P eba0c51095a14e80b16c60365f4366f0 [term 2 FOLLOWER]: Committing config change with OpId 2.4: config changed from index 3 to 4, 77990e9c73714320b7523e87c50164d0 (127.19.36.4) changed from NON_VOTER to VOTER. New config: { opid_index: 4 OBSOLETE_local: false peers { permanent_uuid: "170100e6dfe84c6e9352f3eaed241118" member_type: VOTER last_known_addr { host: "127.19.36.1" port: 40795 } } peers { permanent_uuid: "eba0c51095a14e80b16c60365f4366f0" member_type: VOTER last_known_addr { host: "127.19.36.2" port: 43741 } attrs { replace: true } } peers { permanent_uuid: "dc1675f071f34a548036bb42df1f5777" member_type: VOTER last_known_addr { host: "127.19.36.3" port: 35313 } } peers { permanent_uuid: "77990e9c73714320b7523e87c50164d0" member_type: VOTER last_known_addr { host: "127.19.36.4" port: 39797 } attrs { promote: false } } }
I20260601 13:23:28.828262 22483 catalog_manager.cc:5696] T 24f999a257874e9c8ccf6a2b7ecae3bb P eba0c51095a14e80b16c60365f4366f0 reported cstate change: config changed from index 3 to 4, 77990e9c73714320b7523e87c50164d0 (127.19.36.4) changed from NON_VOTER to VOTER. New cstate: current_term: 2 leader_uuid: "170100e6dfe84c6e9352f3eaed241118" committed_config { opid_index: 4 OBSOLETE_local: false peers { permanent_uuid: "170100e6dfe84c6e9352f3eaed241118" member_type: VOTER last_known_addr { host: "127.19.36.1" port: 40795 } } peers { permanent_uuid: "eba0c51095a14e80b16c60365f4366f0" member_type: VOTER last_known_addr { host: "127.19.36.2" port: 43741 } attrs { replace: true } } peers { permanent_uuid: "dc1675f071f34a548036bb42df1f5777" member_type: VOTER last_known_addr { host: "127.19.36.3" port: 35313 } } peers { permanent_uuid: "77990e9c73714320b7523e87c50164d0" member_type: VOTER last_known_addr { host: "127.19.36.4" port: 39797 } attrs { promote: false } } }
I20260601 13:23:28.829355 22879 raft_consensus.cc:2955] T 24f999a257874e9c8ccf6a2b7ecae3bb P 77990e9c73714320b7523e87c50164d0 [term 2 FOLLOWER]: Committing config change with OpId 2.4: config changed from index 3 to 4, 77990e9c73714320b7523e87c50164d0 (127.19.36.4) changed from NON_VOTER to VOTER. New config: { opid_index: 4 OBSOLETE_local: false peers { permanent_uuid: "170100e6dfe84c6e9352f3eaed241118" member_type: VOTER last_known_addr { host: "127.19.36.1" port: 40795 } } peers { permanent_uuid: "eba0c51095a14e80b16c60365f4366f0" member_type: VOTER last_known_addr { host: "127.19.36.2" port: 43741 } attrs { replace: true } } peers { permanent_uuid: "dc1675f071f34a548036bb42df1f5777" member_type: VOTER last_known_addr { host: "127.19.36.3" port: 35313 } } peers { permanent_uuid: "77990e9c73714320b7523e87c50164d0" member_type: VOTER last_known_addr { host: "127.19.36.4" port: 39797 } attrs { promote: false } } }
I20260601 13:23:28.832743 22587 consensus_queue.cc:237] T 24f999a257874e9c8ccf6a2b7ecae3bb P 170100e6dfe84c6e9352f3eaed241118 [LEADER]: Queue going to LEADER mode. State: All replicated index: 0, Majority replicated index: 4, Committed index: 4, Last appended: 2.4, Last appended by leader: 1, Current term: 2, Majority size: 2, State: 0, Mode: LEADER, active raft config: opid_index: 5 OBSOLETE_local: false peers { permanent_uuid: "170100e6dfe84c6e9352f3eaed241118" member_type: VOTER last_known_addr { host: "127.19.36.1" port: 40795 } } peers { permanent_uuid: "dc1675f071f34a548036bb42df1f5777" member_type: VOTER last_known_addr { host: "127.19.36.3" port: 35313 } } peers { permanent_uuid: "77990e9c73714320b7523e87c50164d0" member_type: VOTER last_known_addr { host: "127.19.36.4" port: 39797 } attrs { promote: false } }
I20260601 13:23:28.834020 22739 raft_consensus.cc:1275] T 24f999a257874e9c8ccf6a2b7ecae3bb P dc1675f071f34a548036bb42df1f5777 [term 2 FOLLOWER]: Refusing update from remote peer 170100e6dfe84c6e9352f3eaed241118: Log matching property violated. Preceding OpId in replica: term: 2 index: 4. Preceding OpId from leader: term: 2 index: 5. (index mismatch)
I20260601 13:23:28.834373 23051 consensus_queue.cc:1048] T 24f999a257874e9c8ccf6a2b7ecae3bb P 170100e6dfe84c6e9352f3eaed241118 [LEADER]: Connected to new peer: Peer: permanent_uuid: "dc1675f071f34a548036bb42df1f5777" member_type: VOTER last_known_addr { host: "127.19.36.3" port: 35313 }, Status: LMP_MISMATCH, Last received: 0.0, Next index: 5, Last known committed idx: 4, Time since last communication: 0.000s
I20260601 13:23:28.834489 22879 raft_consensus.cc:1275] T 24f999a257874e9c8ccf6a2b7ecae3bb P 77990e9c73714320b7523e87c50164d0 [term 2 FOLLOWER]: Refusing update from remote peer 170100e6dfe84c6e9352f3eaed241118: Log matching property violated. Preceding OpId in replica: term: 2 index: 4. Preceding OpId from leader: term: 2 index: 5. (index mismatch)
I20260601 13:23:28.834905 23051 consensus_queue.cc:1048] T 24f999a257874e9c8ccf6a2b7ecae3bb P 170100e6dfe84c6e9352f3eaed241118 [LEADER]: Connected to new peer: Peer: permanent_uuid: "77990e9c73714320b7523e87c50164d0" member_type: VOTER last_known_addr { host: "127.19.36.4" port: 39797 } attrs { promote: false }, Status: LMP_MISMATCH, Last received: 0.0, Next index: 5, Last known committed idx: 4, Time since last communication: 0.000s
I20260601 13:23:28.836665 22795 raft_consensus.cc:2955] T 24f999a257874e9c8ccf6a2b7ecae3bb P 170100e6dfe84c6e9352f3eaed241118 [term 2 LEADER]: Committing config change with OpId 2.5: config changed from index 4 to 5, VOTER eba0c51095a14e80b16c60365f4366f0 (127.19.36.2) evicted. New config: { opid_index: 5 OBSOLETE_local: false peers { permanent_uuid: "170100e6dfe84c6e9352f3eaed241118" member_type: VOTER last_known_addr { host: "127.19.36.1" port: 40795 } } peers { permanent_uuid: "dc1675f071f34a548036bb42df1f5777" member_type: VOTER last_known_addr { host: "127.19.36.3" port: 35313 } } peers { permanent_uuid: "77990e9c73714320b7523e87c50164d0" member_type: VOTER last_known_addr { host: "127.19.36.4" port: 39797 } attrs { promote: false } } }
I20260601 13:23:28.837401 22879 raft_consensus.cc:2955] T 24f999a257874e9c8ccf6a2b7ecae3bb P 77990e9c73714320b7523e87c50164d0 [term 2 FOLLOWER]: Committing config change with OpId 2.5: config changed from index 4 to 5, VOTER eba0c51095a14e80b16c60365f4366f0 (127.19.36.2) evicted. New config: { opid_index: 5 OBSOLETE_local: false peers { permanent_uuid: "170100e6dfe84c6e9352f3eaed241118" member_type: VOTER last_known_addr { host: "127.19.36.1" port: 40795 } } peers { permanent_uuid: "dc1675f071f34a548036bb42df1f5777" member_type: VOTER last_known_addr { host: "127.19.36.3" port: 35313 } } peers { permanent_uuid: "77990e9c73714320b7523e87c50164d0" member_type: VOTER last_known_addr { host: "127.19.36.4" port: 39797 } attrs { promote: false } } }
I20260601 13:23:28.837776 22739 raft_consensus.cc:2955] T 24f999a257874e9c8ccf6a2b7ecae3bb P dc1675f071f34a548036bb42df1f5777 [term 2 FOLLOWER]: Committing config change with OpId 2.5: config changed from index 4 to 5, VOTER eba0c51095a14e80b16c60365f4366f0 (127.19.36.2) evicted. New config: { opid_index: 5 OBSOLETE_local: false peers { permanent_uuid: "170100e6dfe84c6e9352f3eaed241118" member_type: VOTER last_known_addr { host: "127.19.36.1" port: 40795 } } peers { permanent_uuid: "dc1675f071f34a548036bb42df1f5777" member_type: VOTER last_known_addr { host: "127.19.36.3" port: 35313 } } peers { permanent_uuid: "77990e9c73714320b7523e87c50164d0" member_type: VOTER last_known_addr { host: "127.19.36.4" port: 39797 } attrs { promote: false } } }
I20260601 13:23:28.839453 22471 catalog_manager.cc:5209] ChangeConfig:REMOVE_PEER RPC for tablet 24f999a257874e9c8ccf6a2b7ecae3bb with cas_config_opid_index 4: ChangeConfig:REMOVE_PEER succeeded (attempt 1)
I20260601 13:23:28.840512 22485 catalog_manager.cc:5696] T 24f999a257874e9c8ccf6a2b7ecae3bb P dc1675f071f34a548036bb42df1f5777 reported cstate change: config changed from index 4 to 5, VOTER eba0c51095a14e80b16c60365f4366f0 (127.19.36.2) evicted. New cstate: current_term: 2 leader_uuid: "170100e6dfe84c6e9352f3eaed241118" committed_config { opid_index: 5 OBSOLETE_local: false peers { permanent_uuid: "170100e6dfe84c6e9352f3eaed241118" member_type: VOTER last_known_addr { host: "127.19.36.1" port: 40795 } } peers { permanent_uuid: "dc1675f071f34a548036bb42df1f5777" member_type: VOTER last_known_addr { host: "127.19.36.3" port: 35313 } } peers { permanent_uuid: "77990e9c73714320b7523e87c50164d0" member_type: VOTER last_known_addr { host: "127.19.36.4" port: 39797 } attrs { promote: false } } }
I20260601 13:23:28.843304 22650 tablet_service.cc:1558] Processing DeleteTablet for tablet 24f999a257874e9c8ccf6a2b7ecae3bb with delete_type TABLET_DATA_TOMBSTONED (TS eba0c51095a14e80b16c60365f4366f0 not found in new config with opid_index 5) from {username='slave'} at 127.0.0.1:46386
I20260601 13:23:28.843698 23095 tablet_replica.cc:333] T 24f999a257874e9c8ccf6a2b7ecae3bb P eba0c51095a14e80b16c60365f4366f0: stopping tablet replica
I20260601 13:23:28.843847 23095 raft_consensus.cc:2243] T 24f999a257874e9c8ccf6a2b7ecae3bb P eba0c51095a14e80b16c60365f4366f0 [term 2 FOLLOWER]: Raft consensus shutting down.
I20260601 13:23:28.843994 23095 raft_consensus.cc:2272] T 24f999a257874e9c8ccf6a2b7ecae3bb P eba0c51095a14e80b16c60365f4366f0 [term 2 FOLLOWER]: Raft consensus is shut down!
I20260601 13:23:28.844519 23095 ts_tablet_manager.cc:1916] T 24f999a257874e9c8ccf6a2b7ecae3bb P eba0c51095a14e80b16c60365f4366f0: Deleting tablet data with delete state TABLET_DATA_TOMBSTONED
I20260601 13:23:28.846472 23095 ts_tablet_manager.cc:1929] T 24f999a257874e9c8ccf6a2b7ecae3bb P eba0c51095a14e80b16c60365f4366f0: tablet deleted with delete type TABLET_DATA_TOMBSTONED: last-logged OpId 2.4
I20260601 13:23:28.846544 23095 log.cc:1199] T 24f999a257874e9c8ccf6a2b7ecae3bb P eba0c51095a14e80b16c60365f4366f0: Deleting WAL directory at /tmp/dist-test-taskY5ifXr/test-tmp/auto_rebalancer-test.0.AutoRebalancerTest.RangeAwareRebalancesNewRangeReplicas.1780320131853188-19600-0/minicluster-data/ts-1-root/wals/24f999a257874e9c8ccf6a2b7ecae3bb
I20260601 13:23:28.847127 22469 catalog_manager.cc:5027] TS eba0c51095a14e80b16c60365f4366f0 (127.19.36.2:43741): tablet 24f999a257874e9c8ccf6a2b7ecae3bb (table range_aware_rebalance_new_range [id=fa91eb95b1e84da1b88085f5435b3539]) successfully deleted
I20260601 13:23:28.901139 23091 raft_consensus.cc:1064] T 9e948ffc706e4b6495fec5a720a47b67 P 170100e6dfe84c6e9352f3eaed241118: attempting to promote NON_VOTER dc1675f071f34a548036bb42df1f5777 to VOTER
I20260601 13:23:28.901680 23091 consensus_queue.cc:237] T 9e948ffc706e4b6495fec5a720a47b67 P 170100e6dfe84c6e9352f3eaed241118 [LEADER]: Queue going to LEADER mode. State: All replicated index: 0, Majority replicated index: 2, Committed index: 2, Last appended: 1.2, Last appended by leader: 0, Current term: 1, Majority size: 3, State: 0, Mode: LEADER, active raft config: opid_index: 3 OBSOLETE_local: false peers { permanent_uuid: "170100e6dfe84c6e9352f3eaed241118" member_type: VOTER last_known_addr { host: "127.19.36.1" port: 40795 } } peers { permanent_uuid: "77990e9c73714320b7523e87c50164d0" member_type: VOTER last_known_addr { host: "127.19.36.4" port: 39797 } attrs { replace: true } } peers { permanent_uuid: "eba0c51095a14e80b16c60365f4366f0" member_type: VOTER last_known_addr { host: "127.19.36.2" port: 43741 } } peers { permanent_uuid: "dc1675f071f34a548036bb42df1f5777" member_type: VOTER last_known_addr { host: "127.19.36.3" port: 35313 } attrs { promote: false } }
I20260601 13:23:28.903403 22739 raft_consensus.cc:1275] T 9e948ffc706e4b6495fec5a720a47b67 P dc1675f071f34a548036bb42df1f5777 [term 1 LEARNER]: Refusing update from remote peer 170100e6dfe84c6e9352f3eaed241118: Log matching property violated. Preceding OpId in replica: term: 1 index: 2. Preceding OpId from leader: term: 1 index: 3. (index mismatch)
I20260601 13:23:28.903393 22879 raft_consensus.cc:1275] T 9e948ffc706e4b6495fec5a720a47b67 P 77990e9c73714320b7523e87c50164d0 [term 1 FOLLOWER]: Refusing update from remote peer 170100e6dfe84c6e9352f3eaed241118: Log matching property violated. Preceding OpId in replica: term: 1 index: 2. Preceding OpId from leader: term: 1 index: 3. (index mismatch)
I20260601 13:23:28.903393 22664 raft_consensus.cc:1275] T 9e948ffc706e4b6495fec5a720a47b67 P eba0c51095a14e80b16c60365f4366f0 [term 1 FOLLOWER]: Refusing update from remote peer 170100e6dfe84c6e9352f3eaed241118: Log matching property violated. Preceding OpId in replica: term: 1 index: 2. Preceding OpId from leader: term: 1 index: 3. (index mismatch)
I20260601 13:23:28.904021 23072 consensus_queue.cc:1048] T 9e948ffc706e4b6495fec5a720a47b67 P 170100e6dfe84c6e9352f3eaed241118 [LEADER]: Connected to new peer: Peer: permanent_uuid: "77990e9c73714320b7523e87c50164d0" member_type: VOTER last_known_addr { host: "127.19.36.4" port: 39797 } attrs { replace: true }, Status: LMP_MISMATCH, Last received: 0.0, Next index: 3, Last known committed idx: 2, Time since last communication: 0.000s
I20260601 13:23:28.904376 23072 consensus_queue.cc:1048] T 9e948ffc706e4b6495fec5a720a47b67 P 170100e6dfe84c6e9352f3eaed241118 [LEADER]: Connected to new peer: Peer: permanent_uuid: "dc1675f071f34a548036bb42df1f5777" member_type: VOTER last_known_addr { host: "127.19.36.3" port: 35313 } attrs { promote: false }, Status: LMP_MISMATCH, Last received: 0.0, Next index: 3, Last known committed idx: 2, Time since last communication: 0.000s
I20260601 13:23:28.904590 23091 consensus_queue.cc:1048] T 9e948ffc706e4b6495fec5a720a47b67 P 170100e6dfe84c6e9352f3eaed241118 [LEADER]: Connected to new peer: Peer: permanent_uuid: "eba0c51095a14e80b16c60365f4366f0" member_type: VOTER last_known_addr { host: "127.19.36.2" port: 43741 }, Status: LMP_MISMATCH, Last received: 0.0, Next index: 3, Last known committed idx: 2, Time since last communication: 0.000s
I20260601 13:23:28.905145 23091 raft_consensus.cc:1064] T 257351be4f364b8cb87e6434812b6301 P 170100e6dfe84c6e9352f3eaed241118: attempting to promote NON_VOTER 77990e9c73714320b7523e87c50164d0 to VOTER
I20260601 13:23:28.905557 23091 consensus_queue.cc:237] T 257351be4f364b8cb87e6434812b6301 P 170100e6dfe84c6e9352f3eaed241118 [LEADER]: Queue going to LEADER mode. State: All replicated index: 0, Majority replicated index: 2, Committed index: 2, Last appended: 1.2, Last appended by leader: 0, Current term: 1, Majority size: 3, State: 0, Mode: LEADER, active raft config: opid_index: 3 OBSOLETE_local: false peers { permanent_uuid: "170100e6dfe84c6e9352f3eaed241118" member_type: VOTER last_known_addr { host: "127.19.36.1" port: 40795 } } peers { permanent_uuid: "eba0c51095a14e80b16c60365f4366f0" member_type: VOTER last_known_addr { host: "127.19.36.2" port: 43741 } } peers { permanent_uuid: "dc1675f071f34a548036bb42df1f5777" member_type: VOTER last_known_addr { host: "127.19.36.3" port: 35313 } attrs { replace: true } } peers { permanent_uuid: "77990e9c73714320b7523e87c50164d0" member_type: VOTER last_known_addr { host: "127.19.36.4" port: 39797 } attrs { promote: false } }
I20260601 13:23:28.906805 22879 raft_consensus.cc:1275] T 257351be4f364b8cb87e6434812b6301 P 77990e9c73714320b7523e87c50164d0 [term 1 LEARNER]: Refusing update from remote peer 170100e6dfe84c6e9352f3eaed241118: Log matching property violated. Preceding OpId in replica: term: 1 index: 2. Preceding OpId from leader: term: 1 index: 3. (index mismatch)
I20260601 13:23:28.906855 22795 raft_consensus.cc:2955] T 9e948ffc706e4b6495fec5a720a47b67 P 170100e6dfe84c6e9352f3eaed241118 [term 1 LEADER]: Committing config change with OpId 1.3: config changed from index 2 to 3, dc1675f071f34a548036bb42df1f5777 (127.19.36.3) changed from NON_VOTER to VOTER. New config: { opid_index: 3 OBSOLETE_local: false peers { permanent_uuid: "170100e6dfe84c6e9352f3eaed241118" member_type: VOTER last_known_addr { host: "127.19.36.1" port: 40795 } } peers { permanent_uuid: "77990e9c73714320b7523e87c50164d0" member_type: VOTER last_known_addr { host: "127.19.36.4" port: 39797 } attrs { replace: true } } peers { permanent_uuid: "eba0c51095a14e80b16c60365f4366f0" member_type: VOTER last_known_addr { host: "127.19.36.2" port: 43741 } } peers { permanent_uuid: "dc1675f071f34a548036bb42df1f5777" member_type: VOTER last_known_addr { host: "127.19.36.3" port: 35313 } attrs { promote: false } } }
I20260601 13:23:28.907313 22738 raft_consensus.cc:1275] T 257351be4f364b8cb87e6434812b6301 P dc1675f071f34a548036bb42df1f5777 [term 1 FOLLOWER]: Refusing update from remote peer 170100e6dfe84c6e9352f3eaed241118: Log matching property violated. Preceding OpId in replica: term: 1 index: 2. Preceding OpId from leader: term: 1 index: 3. (index mismatch)
I20260601 13:23:28.907631 22664 raft_consensus.cc:1275] T 257351be4f364b8cb87e6434812b6301 P eba0c51095a14e80b16c60365f4366f0 [term 1 FOLLOWER]: Refusing update from remote peer 170100e6dfe84c6e9352f3eaed241118: Log matching property violated. Preceding OpId in replica: term: 1 index: 2. Preceding OpId from leader: term: 1 index: 3. (index mismatch)
I20260601 13:23:28.907305 23091 consensus_queue.cc:1048] T 257351be4f364b8cb87e6434812b6301 P 170100e6dfe84c6e9352f3eaed241118 [LEADER]: Connected to new peer: Peer: permanent_uuid: "77990e9c73714320b7523e87c50164d0" member_type: VOTER last_known_addr { host: "127.19.36.4" port: 39797 } attrs { promote: false }, Status: LMP_MISMATCH, Last received: 0.0, Next index: 3, Last known committed idx: 2, Time since last communication: 0.000s
I20260601 13:23:28.907827 23072 consensus_queue.cc:1048] T 257351be4f364b8cb87e6434812b6301 P 170100e6dfe84c6e9352f3eaed241118 [LEADER]: Connected to new peer: Peer: permanent_uuid: "dc1675f071f34a548036bb42df1f5777" member_type: VOTER last_known_addr { host: "127.19.36.3" port: 35313 } attrs { replace: true }, Status: LMP_MISMATCH, Last received: 0.0, Next index: 3, Last known committed idx: 2, Time since last communication: 0.000s
I20260601 13:23:28.909075 23051 consensus_queue.cc:1048] T 257351be4f364b8cb87e6434812b6301 P 170100e6dfe84c6e9352f3eaed241118 [LEADER]: Connected to new peer: Peer: permanent_uuid: "eba0c51095a14e80b16c60365f4366f0" member_type: VOTER last_known_addr { host: "127.19.36.2" port: 43741 }, Status: LMP_MISMATCH, Last received: 0.0, Next index: 3, Last known committed idx: 2, Time since last communication: 0.000s
I20260601 13:23:28.909029 22664 raft_consensus.cc:2955] T 9e948ffc706e4b6495fec5a720a47b67 P eba0c51095a14e80b16c60365f4366f0 [term 1 FOLLOWER]: Committing config change with OpId 1.3: config changed from index 2 to 3, dc1675f071f34a548036bb42df1f5777 (127.19.36.3) changed from NON_VOTER to VOTER. New config: { opid_index: 3 OBSOLETE_local: false peers { permanent_uuid: "170100e6dfe84c6e9352f3eaed241118" member_type: VOTER last_known_addr { host: "127.19.36.1" port: 40795 } } peers { permanent_uuid: "77990e9c73714320b7523e87c50164d0" member_type: VOTER last_known_addr { host: "127.19.36.4" port: 39797 } attrs { replace: true } } peers { permanent_uuid: "eba0c51095a14e80b16c60365f4366f0" member_type: VOTER last_known_addr { host: "127.19.36.2" port: 43741 } } peers { permanent_uuid: "dc1675f071f34a548036bb42df1f5777" member_type: VOTER last_known_addr { host: "127.19.36.3" port: 35313 } attrs { promote: false } } }
I20260601 13:23:28.909876 22483 catalog_manager.cc:5696] T 9e948ffc706e4b6495fec5a720a47b67 P 170100e6dfe84c6e9352f3eaed241118 reported cstate change: config changed from index 2 to 3, dc1675f071f34a548036bb42df1f5777 (127.19.36.3) changed from NON_VOTER to VOTER. New cstate: current_term: 1 leader_uuid: "170100e6dfe84c6e9352f3eaed241118" committed_config { opid_index: 3 OBSOLETE_local: false peers { permanent_uuid: "170100e6dfe84c6e9352f3eaed241118" member_type: VOTER last_known_addr { host: "127.19.36.1" port: 40795 } health_report { overall_health: HEALTHY } } peers { permanent_uuid: "77990e9c73714320b7523e87c50164d0" member_type: VOTER last_known_addr { host: "127.19.36.4" port: 39797 } attrs { replace: true } health_report { overall_health: HEALTHY } } peers { permanent_uuid: "eba0c51095a14e80b16c60365f4366f0" member_type: VOTER last_known_addr { host: "127.19.36.2" port: 43741 } health_report { overall_health: HEALTHY } } peers { permanent_uuid: "dc1675f071f34a548036bb42df1f5777" member_type: VOTER last_known_addr { host: "127.19.36.3" port: 35313 } attrs { promote: false } health_report { overall_health: UNKNOWN } } }
I20260601 13:23:28.910581 22879 raft_consensus.cc:2955] T 9e948ffc706e4b6495fec5a720a47b67 P 77990e9c73714320b7523e87c50164d0 [term 1 FOLLOWER]: Committing config change with OpId 1.3: config changed from index 2 to 3, dc1675f071f34a548036bb42df1f5777 (127.19.36.3) changed from NON_VOTER to VOTER. New config: { opid_index: 3 OBSOLETE_local: false peers { permanent_uuid: "170100e6dfe84c6e9352f3eaed241118" member_type: VOTER last_known_addr { host: "127.19.36.1" port: 40795 } } peers { permanent_uuid: "77990e9c73714320b7523e87c50164d0" member_type: VOTER last_known_addr { host: "127.19.36.4" port: 39797 } attrs { replace: true } } peers { permanent_uuid: "eba0c51095a14e80b16c60365f4366f0" member_type: VOTER last_known_addr { host: "127.19.36.2" port: 43741 } } peers { permanent_uuid: "dc1675f071f34a548036bb42df1f5777" member_type: VOTER last_known_addr { host: "127.19.36.3" port: 35313 } attrs { promote: false } } }
I20260601 13:23:28.913290 22738 raft_consensus.cc:2955] T 9e948ffc706e4b6495fec5a720a47b67 P dc1675f071f34a548036bb42df1f5777 [term 1 FOLLOWER]: Committing config change with OpId 1.3: config changed from index 2 to 3, dc1675f071f34a548036bb42df1f5777 (127.19.36.3) changed from NON_VOTER to VOTER. New config: { opid_index: 3 OBSOLETE_local: false peers { permanent_uuid: "170100e6dfe84c6e9352f3eaed241118" member_type: VOTER last_known_addr { host: "127.19.36.1" port: 40795 } } peers { permanent_uuid: "77990e9c73714320b7523e87c50164d0" member_type: VOTER last_known_addr { host: "127.19.36.4" port: 39797 } attrs { replace: true } } peers { permanent_uuid: "eba0c51095a14e80b16c60365f4366f0" member_type: VOTER last_known_addr { host: "127.19.36.2" port: 43741 } } peers { permanent_uuid: "dc1675f071f34a548036bb42df1f5777" member_type: VOTER last_known_addr { host: "127.19.36.3" port: 35313 } attrs { promote: false } } }
I20260601 13:23:28.913625 23072 raft_consensus.cc:2955] T 257351be4f364b8cb87e6434812b6301 P 170100e6dfe84c6e9352f3eaed241118 [term 1 LEADER]: Committing config change with OpId 1.3: config changed from index 2 to 3, 77990e9c73714320b7523e87c50164d0 (127.19.36.4) changed from NON_VOTER to VOTER. New config: { opid_index: 3 OBSOLETE_local: false peers { permanent_uuid: "170100e6dfe84c6e9352f3eaed241118" member_type: VOTER last_known_addr { host: "127.19.36.1" port: 40795 } } peers { permanent_uuid: "eba0c51095a14e80b16c60365f4366f0" member_type: VOTER last_known_addr { host: "127.19.36.2" port: 43741 } } peers { permanent_uuid: "dc1675f071f34a548036bb42df1f5777" member_type: VOTER last_known_addr { host: "127.19.36.3" port: 35313 } attrs { replace: true } } peers { permanent_uuid: "77990e9c73714320b7523e87c50164d0" member_type: VOTER last_known_addr { host: "127.19.36.4" port: 39797 } attrs { promote: false } } }
I20260601 13:23:28.914058 22663 raft_consensus.cc:2955] T 257351be4f364b8cb87e6434812b6301 P eba0c51095a14e80b16c60365f4366f0 [term 1 FOLLOWER]: Committing config change with OpId 1.3: config changed from index 2 to 3, 77990e9c73714320b7523e87c50164d0 (127.19.36.4) changed from NON_VOTER to VOTER. New config: { opid_index: 3 OBSOLETE_local: false peers { permanent_uuid: "170100e6dfe84c6e9352f3eaed241118" member_type: VOTER last_known_addr { host: "127.19.36.1" port: 40795 } } peers { permanent_uuid: "eba0c51095a14e80b16c60365f4366f0" member_type: VOTER last_known_addr { host: "127.19.36.2" port: 43741 } } peers { permanent_uuid: "dc1675f071f34a548036bb42df1f5777" member_type: VOTER last_known_addr { host: "127.19.36.3" port: 35313 } attrs { replace: true } } peers { permanent_uuid: "77990e9c73714320b7523e87c50164d0" member_type: VOTER last_known_addr { host: "127.19.36.4" port: 39797 } attrs { promote: false } } }
I20260601 13:23:28.914609 22587 consensus_queue.cc:237] T 9e948ffc706e4b6495fec5a720a47b67 P 170100e6dfe84c6e9352f3eaed241118 [LEADER]: Queue going to LEADER mode. State: All replicated index: 0, Majority replicated index: 3, Committed index: 3, Last appended: 1.3, Last appended by leader: 0, Current term: 1, Majority size: 2, State: 0, Mode: LEADER, active raft config: opid_index: 4 OBSOLETE_local: false peers { permanent_uuid: "170100e6dfe84c6e9352f3eaed241118" member_type: VOTER last_known_addr { host: "127.19.36.1" port: 40795 } } peers { permanent_uuid: "eba0c51095a14e80b16c60365f4366f0" member_type: VOTER last_known_addr { host: "127.19.36.2" port: 43741 } } peers { permanent_uuid: "dc1675f071f34a548036bb42df1f5777" member_type: VOTER last_known_addr { host: "127.19.36.3" port: 35313 } attrs { promote: false } }
I20260601 13:23:28.915469 22878 raft_consensus.cc:2955] T 257351be4f364b8cb87e6434812b6301 P 77990e9c73714320b7523e87c50164d0 [term 1 FOLLOWER]: Committing config change with OpId 1.3: config changed from index 2 to 3, 77990e9c73714320b7523e87c50164d0 (127.19.36.4) changed from NON_VOTER to VOTER. New config: { opid_index: 3 OBSOLETE_local: false peers { permanent_uuid: "170100e6dfe84c6e9352f3eaed241118" member_type: VOTER last_known_addr { host: "127.19.36.1" port: 40795 } } peers { permanent_uuid: "eba0c51095a14e80b16c60365f4366f0" member_type: VOTER last_known_addr { host: "127.19.36.2" port: 43741 } } peers { permanent_uuid: "dc1675f071f34a548036bb42df1f5777" member_type: VOTER last_known_addr { host: "127.19.36.3" port: 35313 } attrs { replace: true } } peers { permanent_uuid: "77990e9c73714320b7523e87c50164d0" member_type: VOTER last_known_addr { host: "127.19.36.4" port: 39797 } attrs { promote: false } } }
I20260601 13:23:28.916819 22663 raft_consensus.cc:1275] T 9e948ffc706e4b6495fec5a720a47b67 P eba0c51095a14e80b16c60365f4366f0 [term 1 FOLLOWER]: Refusing update from remote peer 170100e6dfe84c6e9352f3eaed241118: Log matching property violated. Preceding OpId in replica: term: 1 index: 3. Preceding OpId from leader: term: 1 index: 4. (index mismatch)
I20260601 13:23:28.917289 22795 consensus_queue.cc:1048] T 9e948ffc706e4b6495fec5a720a47b67 P 170100e6dfe84c6e9352f3eaed241118 [LEADER]: Connected to new peer: Peer: permanent_uuid: "eba0c51095a14e80b16c60365f4366f0" member_type: VOTER last_known_addr { host: "127.19.36.2" port: 43741 }, Status: LMP_MISMATCH, Last received: 0.0, Next index: 4, Last known committed idx: 3, Time since last communication: 0.000s
I20260601 13:23:28.917543 22738 raft_consensus.cc:1275] T 9e948ffc706e4b6495fec5a720a47b67 P dc1675f071f34a548036bb42df1f5777 [term 1 FOLLOWER]: Refusing update from remote peer 170100e6dfe84c6e9352f3eaed241118: Log matching property violated. Preceding OpId in replica: term: 1 index: 3. Preceding OpId from leader: term: 1 index: 4. (index mismatch)
I20260601 13:23:28.917351 22484 catalog_manager.cc:5696] T 257351be4f364b8cb87e6434812b6301 P eba0c51095a14e80b16c60365f4366f0 reported cstate change: config changed from index 2 to 3, 77990e9c73714320b7523e87c50164d0 (127.19.36.4) changed from NON_VOTER to VOTER. New cstate: current_term: 1 leader_uuid: "170100e6dfe84c6e9352f3eaed241118" committed_config { opid_index: 3 OBSOLETE_local: false peers { permanent_uuid: "170100e6dfe84c6e9352f3eaed241118" member_type: VOTER last_known_addr { host: "127.19.36.1" port: 40795 } } peers { permanent_uuid: "eba0c51095a14e80b16c60365f4366f0" member_type: VOTER last_known_addr { host: "127.19.36.2" port: 43741 } } peers { permanent_uuid: "dc1675f071f34a548036bb42df1f5777" member_type: VOTER last_known_addr { host: "127.19.36.3" port: 35313 } attrs { replace: true } } peers { permanent_uuid: "77990e9c73714320b7523e87c50164d0" member_type: VOTER last_known_addr { host: "127.19.36.4" port: 39797 } attrs { promote: false } } }
I20260601 13:23:28.918223 22795 consensus_queue.cc:1048] T 9e948ffc706e4b6495fec5a720a47b67 P 170100e6dfe84c6e9352f3eaed241118 [LEADER]: Connected to new peer: Peer: permanent_uuid: "dc1675f071f34a548036bb42df1f5777" member_type: VOTER last_known_addr { host: "127.19.36.3" port: 35313 } attrs { promote: false }, Status: LMP_MISMATCH, Last received: 0.0, Next index: 4, Last known committed idx: 3, Time since last communication: 0.000s
