I20260601 13:42:35.777812 10677 raft_consensus.cc:2955] T 5bc738e0bea448a7adaced74b3b24aec P a9b529094c4c4ec1b27ffe780cb3c47b [term 1 FOLLOWER]: Committing config change with OpId 1.28: config changed from index 27 to 28, VOTER 8f33892dd6a249f7897ae50be4838bd6 (127.5.139.193) evicted. New config: { opid_index: 28 OBSOLETE_local: false peers { permanent_uuid: "e444aca7332b43278281e9dea46d5ae7" member_type: VOTER last_known_addr { host: "127.5.139.194" port: 33169 } } peers { permanent_uuid: "f6435701c55948a287a2ec8f6555becd" member_type: VOTER last_known_addr { host: "127.5.139.195" port: 40299 } } peers { permanent_uuid: "a9b529094c4c4ec1b27ffe780cb3c47b" member_type: VOTER last_known_addr { host: "127.5.139.198" port: 39869 } attrs { promote: false } } }
I20260601 13:42:35.781253 10118 tablet_service.cc:1558] Processing DeleteTablet for tablet 5bc738e0bea448a7adaced74b3b24aec with delete_type TABLET_DATA_TOMBSTONED (TS 8f33892dd6a249f7897ae50be4838bd6 not found in new config with opid_index 28) from {username='slave'} at 127.0.0.1:50534
I20260601 13:42:35.781705 10778 tablet_replica.cc:333] T 5bc738e0bea448a7adaced74b3b24aec P 8f33892dd6a249f7897ae50be4838bd6: stopping tablet replica
I20260601 13:42:35.781868 10778 raft_consensus.cc:2243] T 5bc738e0bea448a7adaced74b3b24aec P 8f33892dd6a249f7897ae50be4838bd6 [term 1 FOLLOWER]: Raft consensus shutting down.
I20260601 13:42:35.782286 10271 tablet_service.cc:1558] Processing DeleteTablet for tablet fe7344639dc64ba9857cd9ca16a7d66a with delete_type TABLET_DATA_TOMBSTONED (TS f6435701c55948a287a2ec8f6555becd not found in new config with opid_index 27) from {username='slave'} at 127.0.0.1:43606
I20260601 13:42:35.782658 10778 raft_consensus.cc:2272] T 5bc738e0bea448a7adaced74b3b24aec P 8f33892dd6a249f7897ae50be4838bd6 [term 1 FOLLOWER]: Raft consensus is shut down!
I20260601 13:42:35.783424 10778 ts_tablet_manager.cc:1916] T 5bc738e0bea448a7adaced74b3b24aec P 8f33892dd6a249f7897ae50be4838bd6: Deleting tablet data with delete state TABLET_DATA_TOMBSTONED
I20260601 13:42:35.783839 10779 tablet_replica.cc:333] T fe7344639dc64ba9857cd9ca16a7d66a P f6435701c55948a287a2ec8f6555becd: stopping tablet replica
I20260601 13:42:35.783967 10779 raft_consensus.cc:2243] T fe7344639dc64ba9857cd9ca16a7d66a P f6435701c55948a287a2ec8f6555becd [term 1 FOLLOWER]: Raft consensus shutting down.
I20260601 13:42:35.784200 10779 raft_consensus.cc:2272] T fe7344639dc64ba9857cd9ca16a7d66a P f6435701c55948a287a2ec8f6555becd [term 1 FOLLOWER]: Raft consensus is shut down!
I20260601 13:42:35.785171 10779 ts_tablet_manager.cc:1916] T fe7344639dc64ba9857cd9ca16a7d66a P f6435701c55948a287a2ec8f6555becd: Deleting tablet data with delete state TABLET_DATA_TOMBSTONED
I20260601 13:42:35.785983 10778 ts_tablet_manager.cc:1929] T 5bc738e0bea448a7adaced74b3b24aec P 8f33892dd6a249f7897ae50be4838bd6: tablet deleted with delete type TABLET_DATA_TOMBSTONED: last-logged OpId 1.27
I20260601 13:42:35.786146 10778 log.cc:1199] T 5bc738e0bea448a7adaced74b3b24aec P 8f33892dd6a249f7897ae50be4838bd6: Deleting WAL directory at /tmp/dist-test-task8469nj/test-tmp/auto_rebalancer-test.0.AutoRebalancerTest.TestMaxMovesPerServer.1780321246414632-5679-0/minicluster-data/ts-0-root/wals/5bc738e0bea448a7adaced74b3b24aec
I20260601 13:42:35.786753 10017 catalog_manager.cc:5027] TS 8f33892dd6a249f7897ae50be4838bd6 (127.5.139.193:39643): tablet 5bc738e0bea448a7adaced74b3b24aec (table test-workload [id=9d854724a17149629b896869fc0a1fd7]) successfully deleted
I20260601 13:42:35.787272 10779 ts_tablet_manager.cc:1929] T fe7344639dc64ba9857cd9ca16a7d66a P f6435701c55948a287a2ec8f6555becd: tablet deleted with delete type TABLET_DATA_TOMBSTONED: last-logged OpId 1.26
I20260601 13:42:35.787365 10779 log.cc:1199] T fe7344639dc64ba9857cd9ca16a7d66a P f6435701c55948a287a2ec8f6555becd: Deleting WAL directory at /tmp/dist-test-task8469nj/test-tmp/auto_rebalancer-test.0.AutoRebalancerTest.TestMaxMovesPerServer.1780321246414632-5679-0/minicluster-data/ts-2-root/wals/fe7344639dc64ba9857cd9ca16a7d66a
I20260601 13:42:35.787899 10015 catalog_manager.cc:5027] TS f6435701c55948a287a2ec8f6555becd (127.5.139.195:40299): tablet fe7344639dc64ba9857cd9ca16a7d66a (table test-workload [id=9d854724a17149629b896869fc0a1fd7]) successfully deleted
I20260601 13:42:36.025408 10761 raft_consensus.cc:1064] T e6e4712f3f9c4560a16beedda8d62e33 P e444aca7332b43278281e9dea46d5ae7: attempting to promote NON_VOTER a9b529094c4c4ec1b27ffe780cb3c47b to VOTER
I20260601 13:42:36.025974 10761 consensus_queue.cc:237] T e6e4712f3f9c4560a16beedda8d62e33 P e444aca7332b43278281e9dea46d5ae7 [LEADER]: Queue going to LEADER mode. State: All replicated index: 0, Majority replicated index: 26, Committed index: 26, Last appended: 1.26, Last appended by leader: 0, Current term: 1, Majority size: 3, State: 0, Mode: LEADER, active raft config: opid_index: 27 OBSOLETE_local: false peers { permanent_uuid: "8f33892dd6a249f7897ae50be4838bd6" member_type: VOTER last_known_addr { host: "127.5.139.193" port: 39643 } attrs { replace: true } } peers { permanent_uuid: "e444aca7332b43278281e9dea46d5ae7" member_type: VOTER last_known_addr { host: "127.5.139.194" port: 33169 } } peers { permanent_uuid: "f6435701c55948a287a2ec8f6555becd" member_type: VOTER last_known_addr { host: "127.5.139.195" port: 40299 } } peers { permanent_uuid: "a9b529094c4c4ec1b27ffe780cb3c47b" member_type: VOTER last_known_addr { host: "127.5.139.198" port: 39869 } attrs { promote: false } }
I20260601 13:42:36.027487 10281 raft_consensus.cc:1275] T e6e4712f3f9c4560a16beedda8d62e33 P f6435701c55948a287a2ec8f6555becd [term 1 FOLLOWER]: Refusing update from remote peer e444aca7332b43278281e9dea46d5ae7: Log matching property violated. Preceding OpId in replica: term: 1 index: 26. Preceding OpId from leader: term: 1 index: 27. (index mismatch)
I20260601 13:42:36.027503 10677 raft_consensus.cc:1275] T e6e4712f3f9c4560a16beedda8d62e33 P a9b529094c4c4ec1b27ffe780cb3c47b [term 1 LEARNER]: Refusing update from remote peer e444aca7332b43278281e9dea46d5ae7: Log matching property violated. Preceding OpId in replica: term: 1 index: 26. Preceding OpId from leader: term: 1 index: 27. (index mismatch)
I20260601 13:42:36.027788 10128 raft_consensus.cc:1275] T e6e4712f3f9c4560a16beedda8d62e33 P 8f33892dd6a249f7897ae50be4838bd6 [term 1 FOLLOWER]: Refusing update from remote peer e444aca7332b43278281e9dea46d5ae7: Log matching property violated. Preceding OpId in replica: term: 1 index: 26. Preceding OpId from leader: term: 1 index: 27. (index mismatch)
I20260601 13:42:36.027953 10764 consensus_queue.cc:1048] T e6e4712f3f9c4560a16beedda8d62e33 P e444aca7332b43278281e9dea46d5ae7 [LEADER]: Connected to new peer: Peer: permanent_uuid: "a9b529094c4c4ec1b27ffe780cb3c47b" member_type: VOTER last_known_addr { host: "127.5.139.198" port: 39869 } attrs { promote: false }, Status: LMP_MISMATCH, Last received: 0.0, Next index: 27, Last known committed idx: 26, Time since last communication: 0.000s
I20260601 13:42:36.028290 10764 consensus_queue.cc:1048] T e6e4712f3f9c4560a16beedda8d62e33 P e444aca7332b43278281e9dea46d5ae7 [LEADER]: Connected to new peer: Peer: permanent_uuid: "8f33892dd6a249f7897ae50be4838bd6" member_type: VOTER last_known_addr { host: "127.5.139.193" port: 39643 } attrs { replace: true }, Status: LMP_MISMATCH, Last received: 0.0, Next index: 27, Last known committed idx: 26, Time since last communication: 0.000s
I20260601 13:42:36.028805 10747 consensus_queue.cc:1048] T e6e4712f3f9c4560a16beedda8d62e33 P e444aca7332b43278281e9dea46d5ae7 [LEADER]: Connected to new peer: Peer: permanent_uuid: "f6435701c55948a287a2ec8f6555becd" member_type: VOTER last_known_addr { host: "127.5.139.195" port: 40299 }, Status: LMP_MISMATCH, Last received: 0.0, Next index: 27, Last known committed idx: 26, Time since last communication: 0.000s
I20260601 13:42:36.030692 10746 raft_consensus.cc:1064] T 38866fcbd6f64a76b8657b01894ac3dc P 8f33892dd6a249f7897ae50be4838bd6: attempting to promote NON_VOTER 402341508c474de4a7caf1ee16ae15a7 to VOTER
I20260601 13:42:36.031154 10746 consensus_queue.cc:237] T 38866fcbd6f64a76b8657b01894ac3dc P 8f33892dd6a249f7897ae50be4838bd6 [LEADER]: Queue going to LEADER mode. State: All replicated index: 0, Majority replicated index: 25, Committed index: 25, Last appended: 1.25, Last appended by leader: 0, Current term: 1, Majority size: 3, State: 0, Mode: LEADER, active raft config: opid_index: 26 OBSOLETE_local: false peers { permanent_uuid: "8f33892dd6a249f7897ae50be4838bd6" member_type: VOTER last_known_addr { host: "127.5.139.193" port: 39643 } } peers { permanent_uuid: "e444aca7332b43278281e9dea46d5ae7" member_type: VOTER last_known_addr { host: "127.5.139.194" port: 33169 } } peers { permanent_uuid: "f6435701c55948a287a2ec8f6555becd" member_type: VOTER last_known_addr { host: "127.5.139.195" port: 40299 } attrs { replace: true } } peers { permanent_uuid: "402341508c474de4a7caf1ee16ae15a7" member_type: VOTER last_known_addr { host: "127.5.139.197" port: 44769 } attrs { promote: false } }
I20260601 13:42:36.031312 10747 raft_consensus.cc:2955] T e6e4712f3f9c4560a16beedda8d62e33 P e444aca7332b43278281e9dea46d5ae7 [term 1 LEADER]: Committing config change with OpId 1.27: config changed from index 26 to 27, a9b529094c4c4ec1b27ffe780cb3c47b (127.5.139.198) changed from NON_VOTER to VOTER. New config: { opid_index: 27 OBSOLETE_local: false peers { permanent_uuid: "8f33892dd6a249f7897ae50be4838bd6" member_type: VOTER last_known_addr { host: "127.5.139.193" port: 39643 } attrs { replace: true } } peers { permanent_uuid: "e444aca7332b43278281e9dea46d5ae7" member_type: VOTER last_known_addr { host: "127.5.139.194" port: 33169 } } peers { permanent_uuid: "f6435701c55948a287a2ec8f6555becd" member_type: VOTER last_known_addr { host: "127.5.139.195" port: 40299 } } peers { permanent_uuid: "a9b529094c4c4ec1b27ffe780cb3c47b" member_type: VOTER last_known_addr { host: "127.5.139.198" port: 39869 } attrs { promote: false } } }
I20260601 13:42:36.032733 10602 raft_consensus.cc:1275] T 38866fcbd6f64a76b8657b01894ac3dc P 402341508c474de4a7caf1ee16ae15a7 [term 1 LEARNER]: Refusing update from remote peer 8f33892dd6a249f7897ae50be4838bd6: Log matching property violated. Preceding OpId in replica: term: 1 index: 25. Preceding OpId from leader: term: 1 index: 26. (index mismatch)
I20260601 13:42:36.033171 10776 consensus_queue.cc:1048] T 38866fcbd6f64a76b8657b01894ac3dc P 8f33892dd6a249f7897ae50be4838bd6 [LEADER]: Connected to new peer: Peer: permanent_uuid: "402341508c474de4a7caf1ee16ae15a7" member_type: VOTER last_known_addr { host: "127.5.139.197" port: 44769 } attrs { promote: false }, Status: LMP_MISMATCH, Last received: 0.0, Next index: 26, Last known committed idx: 25, Time since last communication: 0.000s
I20260601 13:42:36.033283 10677 raft_consensus.cc:2955] T e6e4712f3f9c4560a16beedda8d62e33 P a9b529094c4c4ec1b27ffe780cb3c47b [term 1 FOLLOWER]: Committing config change with OpId 1.27: config changed from index 26 to 27, a9b529094c4c4ec1b27ffe780cb3c47b (127.5.139.198) changed from NON_VOTER to VOTER. New config: { opid_index: 27 OBSOLETE_local: false peers { permanent_uuid: "8f33892dd6a249f7897ae50be4838bd6" member_type: VOTER last_known_addr { host: "127.5.139.193" port: 39643 } attrs { replace: true } } peers { permanent_uuid: "e444aca7332b43278281e9dea46d5ae7" member_type: VOTER last_known_addr { host: "127.5.139.194" port: 33169 } } peers { permanent_uuid: "f6435701c55948a287a2ec8f6555becd" member_type: VOTER last_known_addr { host: "127.5.139.195" port: 40299 } } peers { permanent_uuid: "a9b529094c4c4ec1b27ffe780cb3c47b" member_type: VOTER last_known_addr { host: "127.5.139.198" port: 39869 } attrs { promote: false } } }
I20260601 13:42:36.033833 10281 raft_consensus.cc:1275] T 38866fcbd6f64a76b8657b01894ac3dc P f6435701c55948a287a2ec8f6555becd [term 1 FOLLOWER]: Refusing update from remote peer 8f33892dd6a249f7897ae50be4838bd6: Log matching property violated. Preceding OpId in replica: term: 1 index: 25. Preceding OpId from leader: term: 1 index: 26. (index mismatch)
I20260601 13:42:36.034468 10281 raft_consensus.cc:2955] T e6e4712f3f9c4560a16beedda8d62e33 P f6435701c55948a287a2ec8f6555becd [term 1 FOLLOWER]: Committing config change with OpId 1.27: config changed from index 26 to 27, a9b529094c4c4ec1b27ffe780cb3c47b (127.5.139.198) changed from NON_VOTER to VOTER. New config: { opid_index: 27 OBSOLETE_local: false peers { permanent_uuid: "8f33892dd6a249f7897ae50be4838bd6" member_type: VOTER last_known_addr { host: "127.5.139.193" port: 39643 } attrs { replace: true } } peers { permanent_uuid: "e444aca7332b43278281e9dea46d5ae7" member_type: VOTER last_known_addr { host: "127.5.139.194" port: 33169 } } peers { permanent_uuid: "f6435701c55948a287a2ec8f6555becd" member_type: VOTER last_known_addr { host: "127.5.139.195" port: 40299 } } peers { permanent_uuid: "a9b529094c4c4ec1b27ffe780cb3c47b" member_type: VOTER last_known_addr { host: "127.5.139.198" port: 39869 } attrs { promote: false } } }
I20260601 13:42:36.034615 10205 raft_consensus.cc:1275] T 38866fcbd6f64a76b8657b01894ac3dc P e444aca7332b43278281e9dea46d5ae7 [term 1 FOLLOWER]: Refusing update from remote peer 8f33892dd6a249f7897ae50be4838bd6: Log matching property violated. Preceding OpId in replica: term: 1 index: 25. Preceding OpId from leader: term: 1 index: 26. (index mismatch)
I20260601 13:42:36.035807 10028 catalog_manager.cc:5696] T e6e4712f3f9c4560a16beedda8d62e33 P e444aca7332b43278281e9dea46d5ae7 reported cstate change: config changed from index 26 to 27, a9b529094c4c4ec1b27ffe780cb3c47b (127.5.139.198) changed from NON_VOTER to VOTER. New cstate: current_term: 1 leader_uuid: "e444aca7332b43278281e9dea46d5ae7" committed_config { opid_index: 27 OBSOLETE_local: false peers { permanent_uuid: "8f33892dd6a249f7897ae50be4838bd6" member_type: VOTER last_known_addr { host: "127.5.139.193" port: 39643 } attrs { replace: true } health_report { overall_health: HEALTHY } } peers { permanent_uuid: "e444aca7332b43278281e9dea46d5ae7" member_type: VOTER last_known_addr { host: "127.5.139.194" port: 33169 } health_report { overall_health: HEALTHY } } peers { permanent_uuid: "f6435701c55948a287a2ec8f6555becd" member_type: VOTER last_known_addr { host: "127.5.139.195" port: 40299 } health_report { overall_health: HEALTHY } } peers { permanent_uuid: "a9b529094c4c4ec1b27ffe780cb3c47b" member_type: VOTER last_known_addr { host: "127.5.139.198" port: 39869 } attrs { promote: false } health_report { overall_health: HEALTHY } } }
I20260601 13:42:36.035861 10128 raft_consensus.cc:2955] T e6e4712f3f9c4560a16beedda8d62e33 P 8f33892dd6a249f7897ae50be4838bd6 [term 1 FOLLOWER]: Committing config change with OpId 1.27: config changed from index 26 to 27, a9b529094c4c4ec1b27ffe780cb3c47b (127.5.139.198) changed from NON_VOTER to VOTER. New config: { opid_index: 27 OBSOLETE_local: false peers { permanent_uuid: "8f33892dd6a249f7897ae50be4838bd6" member_type: VOTER last_known_addr { host: "127.5.139.193" port: 39643 } attrs { replace: true } } peers { permanent_uuid: "e444aca7332b43278281e9dea46d5ae7" member_type: VOTER last_known_addr { host: "127.5.139.194" port: 33169 } } peers { permanent_uuid: "f6435701c55948a287a2ec8f6555becd" member_type: VOTER last_known_addr { host: "127.5.139.195" port: 40299 } } peers { permanent_uuid: "a9b529094c4c4ec1b27ffe780cb3c47b" member_type: VOTER last_known_addr { host: "127.5.139.198" port: 39869 } attrs { promote: false } } }
I20260601 13:42:36.036186 10786 consensus_queue.cc:1048] T 38866fcbd6f64a76b8657b01894ac3dc P 8f33892dd6a249f7897ae50be4838bd6 [LEADER]: Connected to new peer: Peer: permanent_uuid: "f6435701c55948a287a2ec8f6555becd" member_type: VOTER last_known_addr { host: "127.5.139.195" port: 40299 } attrs { replace: true }, Status: LMP_MISMATCH, Last received: 0.0, Next index: 26, Last known committed idx: 25, Time since last communication: 0.000s
I20260601 13:42:36.036346 10746 consensus_queue.cc:1048] T 38866fcbd6f64a76b8657b01894ac3dc P 8f33892dd6a249f7897ae50be4838bd6 [LEADER]: Connected to new peer: Peer: permanent_uuid: "e444aca7332b43278281e9dea46d5ae7" member_type: VOTER last_known_addr { host: "127.5.139.194" port: 33169 }, Status: LMP_MISMATCH, Last received: 0.0, Next index: 26, Last known committed idx: 25, Time since last communication: 0.000s
I20260601 13:42:36.039745 10786 raft_consensus.cc:2955] T 38866fcbd6f64a76b8657b01894ac3dc P 8f33892dd6a249f7897ae50be4838bd6 [term 1 LEADER]: Committing config change with OpId 1.26: config changed from index 25 to 26, 402341508c474de4a7caf1ee16ae15a7 (127.5.139.197) changed from NON_VOTER to VOTER. New config: { opid_index: 26 OBSOLETE_local: false peers { permanent_uuid: "8f33892dd6a249f7897ae50be4838bd6" member_type: VOTER last_known_addr { host: "127.5.139.193" port: 39643 } } peers { permanent_uuid: "e444aca7332b43278281e9dea46d5ae7" member_type: VOTER last_known_addr { host: "127.5.139.194" port: 33169 } } peers { permanent_uuid: "f6435701c55948a287a2ec8f6555becd" member_type: VOTER last_known_addr { host: "127.5.139.195" port: 40299 } attrs { replace: true } } peers { permanent_uuid: "402341508c474de4a7caf1ee16ae15a7" member_type: VOTER last_known_addr { host: "127.5.139.197" port: 44769 } attrs { promote: false } } }
I20260601 13:42:36.040684 10205 raft_consensus.cc:2955] T 38866fcbd6f64a76b8657b01894ac3dc P e444aca7332b43278281e9dea46d5ae7 [term 1 FOLLOWER]: Committing config change with OpId 1.26: config changed from index 25 to 26, 402341508c474de4a7caf1ee16ae15a7 (127.5.139.197) changed from NON_VOTER to VOTER. New config: { opid_index: 26 OBSOLETE_local: false peers { permanent_uuid: "8f33892dd6a249f7897ae50be4838bd6" member_type: VOTER last_known_addr { host: "127.5.139.193" port: 39643 } } peers { permanent_uuid: "e444aca7332b43278281e9dea46d5ae7" member_type: VOTER last_known_addr { host: "127.5.139.194" port: 33169 } } peers { permanent_uuid: "f6435701c55948a287a2ec8f6555becd" member_type: VOTER last_known_addr { host: "127.5.139.195" port: 40299 } attrs { replace: true } } peers { permanent_uuid: "402341508c474de4a7caf1ee16ae15a7" member_type: VOTER last_known_addr { host: "127.5.139.197" port: 44769 } attrs { promote: false } } }
I20260601 13:42:36.041767 10207 consensus_queue.cc:237] T e6e4712f3f9c4560a16beedda8d62e33 P e444aca7332b43278281e9dea46d5ae7 [LEADER]: Queue going to LEADER mode. State: All replicated index: 0, Majority replicated index: 27, Committed index: 27, Last appended: 1.27, Last appended by leader: 0, Current term: 1, Majority size: 2, State: 0, Mode: LEADER, active raft config: opid_index: 28 OBSOLETE_local: false peers { permanent_uuid: "e444aca7332b43278281e9dea46d5ae7" member_type: VOTER last_known_addr { host: "127.5.139.194" port: 33169 } } peers { permanent_uuid: "f6435701c55948a287a2ec8f6555becd" member_type: VOTER last_known_addr { host: "127.5.139.195" port: 40299 } } peers { permanent_uuid: "a9b529094c4c4ec1b27ffe780cb3c47b" member_type: VOTER last_known_addr { host: "127.5.139.198" port: 39869 } attrs { promote: false } }
I20260601 13:42:36.043358 10281 raft_consensus.cc:2955] T 38866fcbd6f64a76b8657b01894ac3dc P f6435701c55948a287a2ec8f6555becd [term 1 FOLLOWER]: Committing config change with OpId 1.26: config changed from index 25 to 26, 402341508c474de4a7caf1ee16ae15a7 (127.5.139.197) changed from NON_VOTER to VOTER. New config: { opid_index: 26 OBSOLETE_local: false peers { permanent_uuid: "8f33892dd6a249f7897ae50be4838bd6" member_type: VOTER last_known_addr { host: "127.5.139.193" port: 39643 } } peers { permanent_uuid: "e444aca7332b43278281e9dea46d5ae7" member_type: VOTER last_known_addr { host: "127.5.139.194" port: 33169 } } peers { permanent_uuid: "f6435701c55948a287a2ec8f6555becd" member_type: VOTER last_known_addr { host: "127.5.139.195" port: 40299 } attrs { replace: true } } peers { permanent_uuid: "402341508c474de4a7caf1ee16ae15a7" member_type: VOTER last_known_addr { host: "127.5.139.197" port: 44769 } attrs { promote: false } } }
I20260601 13:42:36.046512 10031 catalog_manager.cc:5696] T 38866fcbd6f64a76b8657b01894ac3dc P f6435701c55948a287a2ec8f6555becd reported cstate change: config changed from index 25 to 26, 402341508c474de4a7caf1ee16ae15a7 (127.5.139.197) changed from NON_VOTER to VOTER. New cstate: current_term: 1 leader_uuid: "8f33892dd6a249f7897ae50be4838bd6" committed_config { opid_index: 26 OBSOLETE_local: false peers { permanent_uuid: "8f33892dd6a249f7897ae50be4838bd6" member_type: VOTER last_known_addr { host: "127.5.139.193" port: 39643 } } peers { permanent_uuid: "e444aca7332b43278281e9dea46d5ae7" member_type: VOTER last_known_addr { host: "127.5.139.194" port: 33169 } } peers { permanent_uuid: "f6435701c55948a287a2ec8f6555becd" member_type: VOTER last_known_addr { host: "127.5.139.195" port: 40299 } attrs { replace: true } } peers { permanent_uuid: "402341508c474de4a7caf1ee16ae15a7" member_type: VOTER last_known_addr { host: "127.5.139.197" port: 44769 } attrs { promote: false } } }
I20260601 13:42:36.046689 10281 raft_consensus.cc:1275] T e6e4712f3f9c4560a16beedda8d62e33 P f6435701c55948a287a2ec8f6555becd [term 1 FOLLOWER]: Refusing update from remote peer e444aca7332b43278281e9dea46d5ae7: Log matching property violated. Preceding OpId in replica: term: 1 index: 27. Preceding OpId from leader: term: 1 index: 28. (index mismatch)
I20260601 13:42:36.047070 10602 raft_consensus.cc:2955] T 38866fcbd6f64a76b8657b01894ac3dc P 402341508c474de4a7caf1ee16ae15a7 [term 1 FOLLOWER]: Committing config change with OpId 1.26: config changed from index 25 to 26, 402341508c474de4a7caf1ee16ae15a7 (127.5.139.197) changed from NON_VOTER to VOTER. New config: { opid_index: 26 OBSOLETE_local: false peers { permanent_uuid: "8f33892dd6a249f7897ae50be4838bd6" member_type: VOTER last_known_addr { host: "127.5.139.193" port: 39643 } } peers { permanent_uuid: "e444aca7332b43278281e9dea46d5ae7" member_type: VOTER last_known_addr { host: "127.5.139.194" port: 33169 } } peers { permanent_uuid: "f6435701c55948a287a2ec8f6555becd" member_type: VOTER last_known_addr { host: "127.5.139.195" port: 40299 } attrs { replace: true } } peers { permanent_uuid: "402341508c474de4a7caf1ee16ae15a7" member_type: VOTER last_known_addr { host: "127.5.139.197" port: 44769 } attrs { promote: false } } }
I20260601 13:42:36.047333 10677 raft_consensus.cc:1275] T e6e4712f3f9c4560a16beedda8d62e33 P a9b529094c4c4ec1b27ffe780cb3c47b [term 1 FOLLOWER]: Refusing update from remote peer e444aca7332b43278281e9dea46d5ae7: Log matching property violated. Preceding OpId in replica: term: 1 index: 27. Preceding OpId from leader: term: 1 index: 28. (index mismatch)
I20260601 13:42:36.047659 10762 consensus_queue.cc:1048] T e6e4712f3f9c4560a16beedda8d62e33 P e444aca7332b43278281e9dea46d5ae7 [LEADER]: Connected to new peer: Peer: permanent_uuid: "f6435701c55948a287a2ec8f6555becd" member_type: VOTER last_known_addr { host: "127.5.139.195" port: 40299 }, Status: LMP_MISMATCH, Last received: 0.0, Next index: 28, Last known committed idx: 27, Time since last communication: 0.000s
I20260601 13:42:36.048163 10762 consensus_queue.cc:1048] T e6e4712f3f9c4560a16beedda8d62e33 P e444aca7332b43278281e9dea46d5ae7 [LEADER]: Connected to new peer: Peer: permanent_uuid: "a9b529094c4c4ec1b27ffe780cb3c47b" member_type: VOTER last_known_addr { host: "127.5.139.198" port: 39869 } attrs { promote: false }, Status: LMP_MISMATCH, Last received: 0.0, Next index: 28, Last known committed idx: 27, Time since last communication: 0.000s
I20260601 13:42:36.050011 10761 raft_consensus.cc:2955] T e6e4712f3f9c4560a16beedda8d62e33 P e444aca7332b43278281e9dea46d5ae7 [term 1 LEADER]: Committing config change with OpId 1.28: config changed from index 27 to 28, VOTER 8f33892dd6a249f7897ae50be4838bd6 (127.5.139.193) evicted. New config: { opid_index: 28 OBSOLETE_local: false peers { permanent_uuid: "e444aca7332b43278281e9dea46d5ae7" member_type: VOTER last_known_addr { host: "127.5.139.194" port: 33169 } } peers { permanent_uuid: "f6435701c55948a287a2ec8f6555becd" member_type: VOTER last_known_addr { host: "127.5.139.195" port: 40299 } } peers { permanent_uuid: "a9b529094c4c4ec1b27ffe780cb3c47b" member_type: VOTER last_known_addr { host: "127.5.139.198" port: 39869 } attrs { promote: false } } }
I20260601 13:42:36.050436 10281 raft_consensus.cc:2955] T e6e4712f3f9c4560a16beedda8d62e33 P f6435701c55948a287a2ec8f6555becd [term 1 FOLLOWER]: Committing config change with OpId 1.28: config changed from index 27 to 28, VOTER 8f33892dd6a249f7897ae50be4838bd6 (127.5.139.193) evicted. New config: { opid_index: 28 OBSOLETE_local: false peers { permanent_uuid: "e444aca7332b43278281e9dea46d5ae7" member_type: VOTER last_known_addr { host: "127.5.139.194" port: 33169 } } peers { permanent_uuid: "f6435701c55948a287a2ec8f6555becd" member_type: VOTER last_known_addr { host: "127.5.139.195" port: 40299 } } peers { permanent_uuid: "a9b529094c4c4ec1b27ffe780cb3c47b" member_type: VOTER last_known_addr { host: "127.5.139.198" port: 39869 } attrs { promote: false } } }
I20260601 13:42:36.051671 10015 catalog_manager.cc:5209] ChangeConfig:REMOVE_PEER RPC for tablet e6e4712f3f9c4560a16beedda8d62e33 with cas_config_opid_index 27: ChangeConfig:REMOVE_PEER succeeded (attempt 1)
I20260601 13:42:36.053721 10028 catalog_manager.cc:5696] T e6e4712f3f9c4560a16beedda8d62e33 P e444aca7332b43278281e9dea46d5ae7 reported cstate change: config changed from index 27 to 28, VOTER 8f33892dd6a249f7897ae50be4838bd6 (127.5.139.193) evicted. New cstate: current_term: 1 leader_uuid: "e444aca7332b43278281e9dea46d5ae7" committed_config { opid_index: 28 OBSOLETE_local: false peers { permanent_uuid: "e444aca7332b43278281e9dea46d5ae7" member_type: VOTER last_known_addr { host: "127.5.139.194" port: 33169 } health_report { overall_health: HEALTHY } } peers { permanent_uuid: "f6435701c55948a287a2ec8f6555becd" member_type: VOTER last_known_addr { host: "127.5.139.195" port: 40299 } health_report { overall_health: HEALTHY } } peers { permanent_uuid: "a9b529094c4c4ec1b27ffe780cb3c47b" member_type: VOTER last_known_addr { host: "127.5.139.198" port: 39869 } attrs { promote: false } health_report { overall_health: UNKNOWN } } }
I20260601 13:42:36.054234 10128 consensus_queue.cc:237] T 38866fcbd6f64a76b8657b01894ac3dc P 8f33892dd6a249f7897ae50be4838bd6 [LEADER]: Queue going to LEADER mode. State: All replicated index: 0, Majority replicated index: 26, Committed index: 26, Last appended: 1.26, Last appended by leader: 0, Current term: 1, Majority size: 2, State: 0, Mode: LEADER, active raft config: opid_index: 27 OBSOLETE_local: false peers { permanent_uuid: "8f33892dd6a249f7897ae50be4838bd6" member_type: VOTER last_known_addr { host: "127.5.139.193" port: 39643 } } peers { permanent_uuid: "e444aca7332b43278281e9dea46d5ae7" member_type: VOTER last_known_addr { host: "127.5.139.194" port: 33169 } } peers { permanent_uuid: "402341508c474de4a7caf1ee16ae15a7" member_type: VOTER last_known_addr { host: "127.5.139.197" port: 44769 } attrs { promote: false } }
I20260601 13:42:36.054469 10677 raft_consensus.cc:2955] T e6e4712f3f9c4560a16beedda8d62e33 P a9b529094c4c4ec1b27ffe780cb3c47b [term 1 FOLLOWER]: Committing config change with OpId 1.28: config changed from index 27 to 28, VOTER 8f33892dd6a249f7897ae50be4838bd6 (127.5.139.193) evicted. New config: { opid_index: 28 OBSOLETE_local: false peers { permanent_uuid: "e444aca7332b43278281e9dea46d5ae7" member_type: VOTER last_known_addr { host: "127.5.139.194" port: 33169 } } peers { permanent_uuid: "f6435701c55948a287a2ec8f6555becd" member_type: VOTER last_known_addr { host: "127.5.139.195" port: 40299 } } peers { permanent_uuid: "a9b529094c4c4ec1b27ffe780cb3c47b" member_type: VOTER last_known_addr { host: "127.5.139.198" port: 39869 } attrs { promote: false } } }
I20260601 13:42:36.055370 10602 raft_consensus.cc:1275] T 38866fcbd6f64a76b8657b01894ac3dc P 402341508c474de4a7caf1ee16ae15a7 [term 1 FOLLOWER]: Refusing update from remote peer 8f33892dd6a249f7897ae50be4838bd6: Log matching property violated. Preceding OpId in replica: term: 1 index: 26. Preceding OpId from leader: term: 1 index: 27. (index mismatch)
I20260601 13:42:36.055416 10207 raft_consensus.cc:1275] T 38866fcbd6f64a76b8657b01894ac3dc P e444aca7332b43278281e9dea46d5ae7 [term 1 FOLLOWER]: Refusing update from remote peer 8f33892dd6a249f7897ae50be4838bd6: Log matching property violated. Preceding OpId in replica: term: 1 index: 26. Preceding OpId from leader: term: 1 index: 27. (index mismatch)
I20260601 13:42:36.055784 10746 consensus_queue.cc:1048] T 38866fcbd6f64a76b8657b01894ac3dc P 8f33892dd6a249f7897ae50be4838bd6 [LEADER]: Connected to new peer: Peer: permanent_uuid: "e444aca7332b43278281e9dea46d5ae7" member_type: VOTER last_known_addr { host: "127.5.139.194" port: 33169 }, Status: LMP_MISMATCH, Last received: 0.0, Next index: 27, Last known committed idx: 26, Time since last communication: 0.000s
I20260601 13:42:36.056109 10746 consensus_queue.cc:1048] T 38866fcbd6f64a76b8657b01894ac3dc P 8f33892dd6a249f7897ae50be4838bd6 [LEADER]: Connected to new peer: Peer: permanent_uuid: "402341508c474de4a7caf1ee16ae15a7" member_type: VOTER last_known_addr { host: "127.5.139.197" port: 44769 } attrs { promote: false }, Status: LMP_MISMATCH, Last received: 0.0, Next index: 27, Last known committed idx: 26, Time since last communication: 0.000s
I20260601 13:42:36.058808 10118 tablet_service.cc:1558] Processing DeleteTablet for tablet e6e4712f3f9c4560a16beedda8d62e33 with delete_type TABLET_DATA_TOMBSTONED (TS 8f33892dd6a249f7897ae50be4838bd6 not found in new config with opid_index 28) from {username='slave'} at 127.0.0.1:50534
I20260601 13:42:36.059019 10778 tablet_replica.cc:333] T e6e4712f3f9c4560a16beedda8d62e33 P 8f33892dd6a249f7897ae50be4838bd6: stopping tablet replica
I20260601 13:42:36.059180 10778 raft_consensus.cc:2243] T e6e4712f3f9c4560a16beedda8d62e33 P 8f33892dd6a249f7897ae50be4838bd6 [term 1 FOLLOWER]: Raft consensus shutting down.
I20260601 13:42:36.059356 10778 raft_consensus.cc:2272] T e6e4712f3f9c4560a16beedda8d62e33 P 8f33892dd6a249f7897ae50be4838bd6 [term 1 FOLLOWER]: Raft consensus is shut down!
I20260601 13:42:36.059598 10776 raft_consensus.cc:2955] T 38866fcbd6f64a76b8657b01894ac3dc P 8f33892dd6a249f7897ae50be4838bd6 [term 1 LEADER]: Committing config change with OpId 1.27: config changed from index 26 to 27, VOTER f6435701c55948a287a2ec8f6555becd (127.5.139.195) evicted. New config: { opid_index: 27 OBSOLETE_local: false peers { permanent_uuid: "8f33892dd6a249f7897ae50be4838bd6" member_type: VOTER last_known_addr { host: "127.5.139.193" port: 39643 } } peers { permanent_uuid: "e444aca7332b43278281e9dea46d5ae7" member_type: VOTER last_known_addr { host: "127.5.139.194" port: 33169 } } peers { permanent_uuid: "402341508c474de4a7caf1ee16ae15a7" member_type: VOTER last_known_addr { host: "127.5.139.197" port: 44769 } attrs { promote: false } } }
I20260601 13:42:36.060729 10778 ts_tablet_manager.cc:1916] T e6e4712f3f9c4560a16beedda8d62e33 P 8f33892dd6a249f7897ae50be4838bd6: Deleting tablet data with delete state TABLET_DATA_TOMBSTONED
I20260601 13:42:36.061219 10017 catalog_manager.cc:5209] ChangeConfig:REMOVE_PEER RPC for tablet 38866fcbd6f64a76b8657b01894ac3dc with cas_config_opid_index 26: ChangeConfig:REMOVE_PEER succeeded (attempt 1)
I20260601 13:42:36.062039 10028 catalog_manager.cc:5696] T 38866fcbd6f64a76b8657b01894ac3dc P 8f33892dd6a249f7897ae50be4838bd6 reported cstate change: config changed from index 26 to 27, VOTER f6435701c55948a287a2ec8f6555becd (127.5.139.195) evicted. New cstate: current_term: 1 leader_uuid: "8f33892dd6a249f7897ae50be4838bd6" committed_config { opid_index: 27 OBSOLETE_local: false peers { permanent_uuid: "8f33892dd6a249f7897ae50be4838bd6" member_type: VOTER last_known_addr { host: "127.5.139.193" port: 39643 } health_report { overall_health: HEALTHY } } peers { permanent_uuid: "e444aca7332b43278281e9dea46d5ae7" member_type: VOTER last_known_addr { host: "127.5.139.194" port: 33169 } health_report { overall_health: UNKNOWN } } peers { permanent_uuid: "402341508c474de4a7caf1ee16ae15a7" member_type: VOTER last_known_addr { host: "127.5.139.197" port: 44769 } attrs { promote: false } health_report { overall_health: UNKNOWN } } }
I20260601 13:42:36.062228 10602 raft_consensus.cc:2955] T 38866fcbd6f64a76b8657b01894ac3dc P 402341508c474de4a7caf1ee16ae15a7 [term 1 FOLLOWER]: Committing config change with OpId 1.27: config changed from index 26 to 27, VOTER f6435701c55948a287a2ec8f6555becd (127.5.139.195) evicted. New config: { opid_index: 27 OBSOLETE_local: false peers { permanent_uuid: "8f33892dd6a249f7897ae50be4838bd6" member_type: VOTER last_known_addr { host: "127.5.139.193" port: 39643 } } peers { permanent_uuid: "e444aca7332b43278281e9dea46d5ae7" member_type: VOTER last_known_addr { host: "127.5.139.194" port: 33169 } } peers { permanent_uuid: "402341508c474de4a7caf1ee16ae15a7" member_type: VOTER last_known_addr { host: "127.5.139.197" port: 44769 } attrs { promote: false } } }
I20260601 13:42:36.063040 10778 ts_tablet_manager.cc:1929] T e6e4712f3f9c4560a16beedda8d62e33 P 8f33892dd6a249f7897ae50be4838bd6: tablet deleted with delete type TABLET_DATA_TOMBSTONED: last-logged OpId 1.27
I20260601 13:42:36.063117 10778 log.cc:1199] T e6e4712f3f9c4560a16beedda8d62e33 P 8f33892dd6a249f7897ae50be4838bd6: Deleting WAL directory at /tmp/dist-test-task8469nj/test-tmp/auto_rebalancer-test.0.AutoRebalancerTest.TestMaxMovesPerServer.1780321246414632-5679-0/minicluster-data/ts-0-root/wals/e6e4712f3f9c4560a16beedda8d62e33
I20260601 13:42:36.063705 10017 catalog_manager.cc:5027] TS 8f33892dd6a249f7897ae50be4838bd6 (127.5.139.193:39643): tablet e6e4712f3f9c4560a16beedda8d62e33 (table test-workload [id=9d854724a17149629b896869fc0a1fd7]) successfully deleted
I20260601 13:42:36.064762 10271 tablet_service.cc:1558] Processing DeleteTablet for tablet 38866fcbd6f64a76b8657b01894ac3dc with delete_type TABLET_DATA_TOMBSTONED (TS f6435701c55948a287a2ec8f6555becd not found in new config with opid_index 27) from {username='slave'} at 127.0.0.1:43606
I20260601 13:42:36.064963 10779 tablet_replica.cc:333] T 38866fcbd6f64a76b8657b01894ac3dc P f6435701c55948a287a2ec8f6555becd: stopping tablet replica
I20260601 13:42:36.065137 10779 raft_consensus.cc:2243] T 38866fcbd6f64a76b8657b01894ac3dc P f6435701c55948a287a2ec8f6555becd [term 1 FOLLOWER]: Raft consensus shutting down.
I20260601 13:42:36.065287 10779 raft_consensus.cc:2272] T 38866fcbd6f64a76b8657b01894ac3dc P f6435701c55948a287a2ec8f6555becd [term 1 FOLLOWER]: Raft consensus is shut down!
I20260601 13:42:36.065979 10779 ts_tablet_manager.cc:1916] T 38866fcbd6f64a76b8657b01894ac3dc P f6435701c55948a287a2ec8f6555becd: Deleting tablet data with delete state TABLET_DATA_TOMBSTONED
I20260601 13:42:36.067114 10207 raft_consensus.cc:2955] T 38866fcbd6f64a76b8657b01894ac3dc P e444aca7332b43278281e9dea46d5ae7 [term 1 FOLLOWER]: Committing config change with OpId 1.27: config changed from index 26 to 27, VOTER f6435701c55948a287a2ec8f6555becd (127.5.139.195) evicted. New config: { opid_index: 27 OBSOLETE_local: false peers { permanent_uuid: "8f33892dd6a249f7897ae50be4838bd6" member_type: VOTER last_known_addr { host: "127.5.139.193" port: 39643 } } peers { permanent_uuid: "e444aca7332b43278281e9dea46d5ae7" member_type: VOTER last_known_addr { host: "127.5.139.194" port: 33169 } } peers { permanent_uuid: "402341508c474de4a7caf1ee16ae15a7" member_type: VOTER last_known_addr { host: "127.5.139.197" port: 44769 } attrs { promote: false } } }
I20260601 13:42:36.068091 10779 ts_tablet_manager.cc:1929] T 38866fcbd6f64a76b8657b01894ac3dc P f6435701c55948a287a2ec8f6555becd: tablet deleted with delete type TABLET_DATA_TOMBSTONED: last-logged OpId 1.26
I20260601 13:42:36.068157 10779 log.cc:1199] T 38866fcbd6f64a76b8657b01894ac3dc P f6435701c55948a287a2ec8f6555becd: Deleting WAL directory at /tmp/dist-test-task8469nj/test-tmp/auto_rebalancer-test.0.AutoRebalancerTest.TestMaxMovesPerServer.1780321246414632-5679-0/minicluster-data/ts-2-root/wals/38866fcbd6f64a76b8657b01894ac3dc
I20260601 13:42:36.068667 10015 catalog_manager.cc:5027] TS f6435701c55948a287a2ec8f6555becd (127.5.139.195:40299): tablet 38866fcbd6f64a76b8657b01894ac3dc (table test-workload [id=9d854724a17149629b896869fc0a1fd7]) successfully deleted
I20260601 13:42:36.100786 10776 raft_consensus.cc:1064] T 59661d0975c34b9dbb55e8ffa8f75d07 P 8f33892dd6a249f7897ae50be4838bd6: attempting to promote NON_VOTER 0929aec9e7bc4c7aae29368c4560aa2e to VOTER
I20260601 13:42:36.101009 10751 raft_consensus.cc:1064] T 508110e17e384244be84b0acdbd3050b P f6435701c55948a287a2ec8f6555becd: attempting to promote NON_VOTER 0929aec9e7bc4c7aae29368c4560aa2e to VOTER
I20260601 13:42:36.101264 10776 consensus_queue.cc:237] T 59661d0975c34b9dbb55e8ffa8f75d07 P 8f33892dd6a249f7897ae50be4838bd6 [LEADER]: Queue going to LEADER mode. State: All replicated index: 0, Majority replicated index: 25, Committed index: 25, Last appended: 1.25, Last appended by leader: 0, Current term: 1, Majority size: 3, State: 0, Mode: LEADER, active raft config: opid_index: 26 OBSOLETE_local: false peers { permanent_uuid: "8f33892dd6a249f7897ae50be4838bd6" member_type: VOTER last_known_addr { host: "127.5.139.193" port: 39643 } } peers { permanent_uuid: "e444aca7332b43278281e9dea46d5ae7" member_type: VOTER last_known_addr { host: "127.5.139.194" port: 33169 } attrs { replace: true } } peers { permanent_uuid: "f6435701c55948a287a2ec8f6555becd" member_type: VOTER last_known_addr { host: "127.5.139.195" port: 40299 } } peers { permanent_uuid: "0929aec9e7bc4c7aae29368c4560aa2e" member_type: VOTER last_known_addr { host: "127.5.139.196" port: 44229 } attrs { promote: false } }
I20260601 13:42:36.101348 10751 consensus_queue.cc:237] T 508110e17e384244be84b0acdbd3050b P f6435701c55948a287a2ec8f6555becd [LEADER]: Queue going to LEADER mode. State: All replicated index: 0, Majority replicated index: 26, Committed index: 26, Last appended: 1.26, Last appended by leader: 0, Current term: 1, Majority size: 3, State: 0, Mode: LEADER, active raft config: opid_index: 27 OBSOLETE_local: false peers { permanent_uuid: "8f33892dd6a249f7897ae50be4838bd6" member_type: VOTER last_known_addr { host: "127.5.139.193" port: 39643 } } peers { permanent_uuid: "e444aca7332b43278281e9dea46d5ae7" member_type: VOTER last_known_addr { host: "127.5.139.194" port: 33169 } attrs { replace: true } } peers { permanent_uuid: "f6435701c55948a287a2ec8f6555becd" member_type: VOTER last_known_addr { host: "127.5.139.195" port: 40299 } } peers { permanent_uuid: "0929aec9e7bc4c7aae29368c4560aa2e" member_type: VOTER last_known_addr { host: "127.5.139.196" port: 44229 } attrs { promote: false } }
I20260601 13:42:36.102725 10525 raft_consensus.cc:1275] T 59661d0975c34b9dbb55e8ffa8f75d07 P 0929aec9e7bc4c7aae29368c4560aa2e [term 1 LEARNER]: Refusing update from remote peer 8f33892dd6a249f7897ae50be4838bd6: Log matching property violated. Preceding OpId in replica: term: 1 index: 25. Preceding OpId from leader: term: 1 index: 26. (index mismatch)
I20260601 13:42:36.103057 10128 raft_consensus.cc:1275] T 508110e17e384244be84b0acdbd3050b P 8f33892dd6a249f7897ae50be4838bd6 [term 1 FOLLOWER]: Refusing update from remote peer f6435701c55948a287a2ec8f6555becd: Log matching property violated. Preceding OpId in replica: term: 1 index: 26. Preceding OpId from leader: term: 1 index: 27. (index mismatch)
I20260601 13:42:36.103125 10281 raft_consensus.cc:1275] T 59661d0975c34b9dbb55e8ffa8f75d07 P f6435701c55948a287a2ec8f6555becd [term 1 FOLLOWER]: Refusing update from remote peer 8f33892dd6a249f7897ae50be4838bd6: Log matching property violated. Preceding OpId in replica: term: 1 index: 25. Preceding OpId from leader: term: 1 index: 26. (index mismatch)
I20260601 13:42:36.103439 10790 consensus_queue.cc:1048] T 508110e17e384244be84b0acdbd3050b P f6435701c55948a287a2ec8f6555becd [LEADER]: Connected to new peer: Peer: permanent_uuid: "8f33892dd6a249f7897ae50be4838bd6" member_type: VOTER last_known_addr { host: "127.5.139.193" port: 39643 }, Status: LMP_MISMATCH, Last received: 0.0, Next index: 27, Last known committed idx: 26, Time since last communication: 0.000s
I20260601 13:42:36.103513 10746 consensus_queue.cc:1048] T 59661d0975c34b9dbb55e8ffa8f75d07 P 8f33892dd6a249f7897ae50be4838bd6 [LEADER]: Connected to new peer: Peer: permanent_uuid: "f6435701c55948a287a2ec8f6555becd" member_type: VOTER last_known_addr { host: "127.5.139.195" port: 40299 }, Status: LMP_MISMATCH, Last received: 0.0, Next index: 26, Last known committed idx: 25, Time since last communication: 0.000s
I20260601 13:42:36.103572 10525 raft_consensus.cc:1275] T 508110e17e384244be84b0acdbd3050b P 0929aec9e7bc4c7aae29368c4560aa2e [term 1 LEARNER]: Refusing update from remote peer f6435701c55948a287a2ec8f6555becd: Log matching property violated. Preceding OpId in replica: term: 1 index: 26. Preceding OpId from leader: term: 1 index: 27. (index mismatch)
I20260601 13:42:36.103932 10207 raft_consensus.cc:1275] T 508110e17e384244be84b0acdbd3050b P e444aca7332b43278281e9dea46d5ae7 [term 1 FOLLOWER]: Refusing update from remote peer f6435701c55948a287a2ec8f6555becd: Log matching property violated. Preceding OpId in replica: term: 1 index: 26. Preceding OpId from leader: term: 1 index: 27. (index mismatch)
I20260601 13:42:36.104116 10790 consensus_queue.cc:1048] T 508110e17e384244be84b0acdbd3050b P f6435701c55948a287a2ec8f6555becd [LEADER]: Connected to new peer: Peer: permanent_uuid: "0929aec9e7bc4c7aae29368c4560aa2e" member_type: VOTER last_known_addr { host: "127.5.139.196" port: 44229 } attrs { promote: false }, Status: LMP_MISMATCH, Last received: 0.0, Next index: 27, Last known committed idx: 26, Time since last communication: 0.000s
I20260601 13:42:36.104642 10776 consensus_queue.cc:1048] T 59661d0975c34b9dbb55e8ffa8f75d07 P 8f33892dd6a249f7897ae50be4838bd6 [LEADER]: Connected to new peer: Peer: permanent_uuid: "0929aec9e7bc4c7aae29368c4560aa2e" member_type: VOTER last_known_addr { host: "127.5.139.196" port: 44229 } attrs { promote: false }, Status: LMP_MISMATCH, Last received: 0.0, Next index: 26, Last known committed idx: 25, Time since last communication: 0.000s
I20260601 13:42:36.105489 10207 raft_consensus.cc:1275] T 59661d0975c34b9dbb55e8ffa8f75d07 P e444aca7332b43278281e9dea46d5ae7 [term 1 FOLLOWER]: Refusing update from remote peer 8f33892dd6a249f7897ae50be4838bd6: Log matching property violated. Preceding OpId in replica: term: 1 index: 25. Preceding OpId from leader: term: 1 index: 26. (index mismatch)
I20260601 13:42:36.105567 10793 consensus_queue.cc:1048] T 508110e17e384244be84b0acdbd3050b P f6435701c55948a287a2ec8f6555becd [LEADER]: Connected to new peer: Peer: permanent_uuid: "e444aca7332b43278281e9dea46d5ae7" member_type: VOTER last_known_addr { host: "127.5.139.194" port: 33169 } attrs { replace: true }, Status: LMP_MISMATCH, Last received: 0.0, Next index: 27, Last known committed idx: 26, Time since last communication: 0.000s
I20260601 13:42:36.105826 10746 consensus_queue.cc:1048] T 59661d0975c34b9dbb55e8ffa8f75d07 P 8f33892dd6a249f7897ae50be4838bd6 [LEADER]: Connected to new peer: Peer: permanent_uuid: "e444aca7332b43278281e9dea46d5ae7" member_type: VOTER last_known_addr { host: "127.5.139.194" port: 33169 } attrs { replace: true }, Status: LMP_MISMATCH, Last received: 0.0, Next index: 26, Last known committed idx: 25, Time since last communication: 0.000s
I20260601 13:42:36.108292 10776 raft_consensus.cc:2955] T 59661d0975c34b9dbb55e8ffa8f75d07 P 8f33892dd6a249f7897ae50be4838bd6 [term 1 LEADER]: Committing config change with OpId 1.26: config changed from index 25 to 26, 0929aec9e7bc4c7aae29368c4560aa2e (127.5.139.196) changed from NON_VOTER to VOTER. New config: { opid_index: 26 OBSOLETE_local: false peers { permanent_uuid: "8f33892dd6a249f7897ae50be4838bd6" member_type: VOTER last_known_addr { host: "127.5.139.193" port: 39643 } } peers { permanent_uuid: "e444aca7332b43278281e9dea46d5ae7" member_type: VOTER last_known_addr { host: "127.5.139.194" port: 33169 } attrs { replace: true } } peers { permanent_uuid: "f6435701c55948a287a2ec8f6555becd" member_type: VOTER last_known_addr { host: "127.5.139.195" port: 40299 } } peers { permanent_uuid: "0929aec9e7bc4c7aae29368c4560aa2e" member_type: VOTER last_known_addr { host: "127.5.139.196" port: 44229 } attrs { promote: false } } }
I20260601 13:42:36.108717 10526 raft_consensus.cc:2955] T 508110e17e384244be84b0acdbd3050b P 0929aec9e7bc4c7aae29368c4560aa2e [term 1 FOLLOWER]: Committing config change with OpId 1.27: config changed from index 26 to 27, 0929aec9e7bc4c7aae29368c4560aa2e (127.5.139.196) changed from NON_VOTER to VOTER. New config: { opid_index: 27 OBSOLETE_local: false peers { permanent_uuid: "8f33892dd6a249f7897ae50be4838bd6" member_type: VOTER last_known_addr { host: "127.5.139.193" port: 39643 } } peers { permanent_uuid: "e444aca7332b43278281e9dea46d5ae7" member_type: VOTER last_known_addr { host: "127.5.139.194" port: 33169 } attrs { replace: true } } peers { permanent_uuid: "f6435701c55948a287a2ec8f6555becd" member_type: VOTER last_known_addr { host: "127.5.139.195" port: 40299 } } peers { permanent_uuid: "0929aec9e7bc4c7aae29368c4560aa2e" member_type: VOTER last_known_addr { host: "127.5.139.196" port: 44229 } attrs { promote: false } } }
I20260601 13:42:36.109522 10205 raft_consensus.cc:2955] T 508110e17e384244be84b0acdbd3050b P e444aca7332b43278281e9dea46d5ae7 [term 1 FOLLOWER]: Committing config change with OpId 1.27: config changed from index 26 to 27, 0929aec9e7bc4c7aae29368c4560aa2e (127.5.139.196) changed from NON_VOTER to VOTER. New config: { opid_index: 27 OBSOLETE_local: false peers { permanent_uuid: "8f33892dd6a249f7897ae50be4838bd6" member_type: VOTER last_known_addr { host: "127.5.139.193" port: 39643 } } peers { permanent_uuid: "e444aca7332b43278281e9dea46d5ae7" member_type: VOTER last_known_addr { host: "127.5.139.194" port: 33169 } attrs { replace: true } } peers { permanent_uuid: "f6435701c55948a287a2ec8f6555becd" member_type: VOTER last_known_addr { host: "127.5.139.195" port: 40299 } } peers { permanent_uuid: "0929aec9e7bc4c7aae29368c4560aa2e" member_type: VOTER last_known_addr { host: "127.5.139.196" port: 44229 } attrs { promote: false } } }
I20260601 13:42:36.110669 10207 raft_consensus.cc:2955] T 59661d0975c34b9dbb55e8ffa8f75d07 P e444aca7332b43278281e9dea46d5ae7 [term 1 FOLLOWER]: Committing config change with OpId 1.26: config changed from index 25 to 26, 0929aec9e7bc4c7aae29368c4560aa2e (127.5.139.196) changed from NON_VOTER to VOTER. New config: { opid_index: 26 OBSOLETE_local: false peers { permanent_uuid: "8f33892dd6a249f7897ae50be4838bd6" member_type: VOTER last_known_addr { host: "127.5.139.193" port: 39643 } } peers { permanent_uuid: "e444aca7332b43278281e9dea46d5ae7" member_type: VOTER last_known_addr { host: "127.5.139.194" port: 33169 } attrs { replace: true } } peers { permanent_uuid: "f6435701c55948a287a2ec8f6555becd" member_type: VOTER last_known_addr { host: "127.5.139.195" port: 40299 } } peers { permanent_uuid: "0929aec9e7bc4c7aae29368c4560aa2e" member_type: VOTER last_known_addr { host: "127.5.139.196" port: 44229 } attrs { promote: false } } }
I20260601 13:42:36.111793 10793 raft_consensus.cc:2955] T 508110e17e384244be84b0acdbd3050b P f6435701c55948a287a2ec8f6555becd [term 1 LEADER]: Committing config change with OpId 1.27: config changed from index 26 to 27, 0929aec9e7bc4c7aae29368c4560aa2e (127.5.139.196) changed from NON_VOTER to VOTER. New config: { opid_index: 27 OBSOLETE_local: false peers { permanent_uuid: "8f33892dd6a249f7897ae50be4838bd6" member_type: VOTER last_known_addr { host: "127.5.139.193" port: 39643 } } peers { permanent_uuid: "e444aca7332b43278281e9dea46d5ae7" member_type: VOTER last_known_addr { host: "127.5.139.194" port: 33169 } attrs { replace: true } } peers { permanent_uuid: "f6435701c55948a287a2ec8f6555becd" member_type: VOTER last_known_addr { host: "127.5.139.195" port: 40299 } } peers { permanent_uuid: "0929aec9e7bc4c7aae29368c4560aa2e" member_type: VOTER last_known_addr { host: "127.5.139.196" port: 44229 } attrs { promote: false } } }
I20260601 13:42:36.111840 10028 catalog_manager.cc:5696] T 508110e17e384244be84b0acdbd3050b P 0929aec9e7bc4c7aae29368c4560aa2e reported cstate change: config changed from index 26 to 27, 0929aec9e7bc4c7aae29368c4560aa2e (127.5.139.196) changed from NON_VOTER to VOTER. New cstate: current_term: 1 leader_uuid: "f6435701c55948a287a2ec8f6555becd" committed_config { opid_index: 27 OBSOLETE_local: false peers { permanent_uuid: "8f33892dd6a249f7897ae50be4838bd6" member_type: VOTER last_known_addr { host: "127.5.139.193" port: 39643 } } peers { permanent_uuid: "e444aca7332b43278281e9dea46d5ae7" member_type: VOTER last_known_addr { host: "127.5.139.194" port: 33169 } attrs { replace: true } } peers { permanent_uuid: "f6435701c55948a287a2ec8f6555becd" member_type: VOTER last_known_addr { host: "127.5.139.195" port: 40299 } } peers { permanent_uuid: "0929aec9e7bc4c7aae29368c4560aa2e" member_type: VOTER last_known_addr { host: "127.5.139.196" port: 44229 } attrs { promote: false } } }
