I20260601 13:41:02.659657 16121 leader_election.cc:304] T cd35cf89554d4a0f856443d4356f1478 P 245eda51129b48b3a80caf454ce1e598 [CANDIDATE]: Term 1 election: Election decided. Result: candidate won. Election summary: received 2 responses out of 3 voters: 2 yes votes; 0 no votes. yes voters: 245eda51129b48b3a80caf454ce1e598, e94665cd253848dcae90774848102c97; no voters: 
I20260601 13:41:02.659884 16363 raft_consensus.cc:2804] T cd35cf89554d4a0f856443d4356f1478 P 245eda51129b48b3a80caf454ce1e598 [term 1 FOLLOWER]: Leader election won for term 1
I20260601 13:41:02.660063 16363 raft_consensus.cc:697] T cd35cf89554d4a0f856443d4356f1478 P 245eda51129b48b3a80caf454ce1e598 [term 1 LEADER]: Becoming Leader. State: Replica: 245eda51129b48b3a80caf454ce1e598, State: Running, Role: LEADER
I20260601 13:41:02.660269 16363 consensus_queue.cc:237] T cd35cf89554d4a0f856443d4356f1478 P 245eda51129b48b3a80caf454ce1e598 [LEADER]: Queue going to LEADER mode. State: All replicated index: 0, Majority replicated index: 0, Committed index: 0, Last appended: 0.0, Last appended by leader: 0, Current term: 1, Majority size: 2, State: 0, Mode: LEADER, active raft config: opid_index: -1 OBSOLETE_local: false peers { permanent_uuid: "245eda51129b48b3a80caf454ce1e598" member_type: VOTER last_known_addr { host: "127.14.11.129" port: 46095 } } peers { permanent_uuid: "9af1889d2935499390ee12ef1c7b2e8d" member_type: VOTER last_known_addr { host: "127.14.11.130" port: 35767 } } peers { permanent_uuid: "e94665cd253848dcae90774848102c97" member_type: VOTER last_known_addr { host: "127.14.11.131" port: 33527 } }
I20260601 13:41:02.662523 16054 catalog_manager.cc:5696] T cd35cf89554d4a0f856443d4356f1478 P 245eda51129b48b3a80caf454ce1e598 reported cstate change: term changed from 0 to 1, leader changed from <none> to 245eda51129b48b3a80caf454ce1e598 (127.14.11.129). New cstate: current_term: 1 leader_uuid: "245eda51129b48b3a80caf454ce1e598" committed_config { opid_index: -1 OBSOLETE_local: false peers { permanent_uuid: "245eda51129b48b3a80caf454ce1e598" member_type: VOTER last_known_addr { host: "127.14.11.129" port: 46095 } health_report { overall_health: HEALTHY } } peers { permanent_uuid: "9af1889d2935499390ee12ef1c7b2e8d" member_type: VOTER last_known_addr { host: "127.14.11.130" port: 35767 } health_report { overall_health: UNKNOWN } } peers { permanent_uuid: "e94665cd253848dcae90774848102c97" member_type: VOTER last_known_addr { host: "127.14.11.131" port: 33527 } health_report { overall_health: UNKNOWN } } }
I20260601 13:41:02.900002 16360 raft_consensus.cc:493] T b28658f608b7495a97f84bc6e352cf6d P e94665cd253848dcae90774848102c97 [term 0 FOLLOWER]: Starting pre-election (no leader contacted us within the election timeout)
I20260601 13:41:02.900213 16360 raft_consensus.cc:515] T b28658f608b7495a97f84bc6e352cf6d P e94665cd253848dcae90774848102c97 [term 0 FOLLOWER]: Starting pre-election with config: opid_index: -1 OBSOLETE_local: false peers { permanent_uuid: "245eda51129b48b3a80caf454ce1e598" member_type: VOTER last_known_addr { host: "127.14.11.129" port: 46095 } } peers { permanent_uuid: "9af1889d2935499390ee12ef1c7b2e8d" member_type: VOTER last_known_addr { host: "127.14.11.130" port: 35767 } } peers { permanent_uuid: "e94665cd253848dcae90774848102c97" member_type: VOTER last_known_addr { host: "127.14.11.131" port: 33527 } }
I20260601 13:41:02.900758 16360 leader_election.cc:290] T b28658f608b7495a97f84bc6e352cf6d P e94665cd253848dcae90774848102c97 [CANDIDATE]: Term 1 pre-election: Requested pre-vote from peers 245eda51129b48b3a80caf454ce1e598 (127.14.11.129:46095), 9af1889d2935499390ee12ef1c7b2e8d (127.14.11.130:35767)
I20260601 13:41:02.905435 16157 tablet_service.cc:1917] Received RequestConsensusVote() RPC: tablet_id: "b28658f608b7495a97f84bc6e352cf6d" candidate_uuid: "e94665cd253848dcae90774848102c97" candidate_term: 1 candidate_status { last_received { term: 0 index: 0 } } ignore_live_leader: false dest_uuid: "245eda51129b48b3a80caf454ce1e598" is_pre_election: true
I20260601 13:41:02.905501 16233 tablet_service.cc:1917] Received RequestConsensusVote() RPC: tablet_id: "b28658f608b7495a97f84bc6e352cf6d" candidate_uuid: "e94665cd253848dcae90774848102c97" candidate_term: 1 candidate_status { last_received { term: 0 index: 0 } } ignore_live_leader: false dest_uuid: "9af1889d2935499390ee12ef1c7b2e8d" is_pre_election: true
I20260601 13:41:02.905601 16157 raft_consensus.cc:2468] T b28658f608b7495a97f84bc6e352cf6d P 245eda51129b48b3a80caf454ce1e598 [term 0 FOLLOWER]: Leader pre-election vote request: Granting yes vote for candidate e94665cd253848dcae90774848102c97 in term 0.
I20260601 13:41:02.905781 16233 raft_consensus.cc:2468] T b28658f608b7495a97f84bc6e352cf6d P 9af1889d2935499390ee12ef1c7b2e8d [term 0 FOLLOWER]: Leader pre-election vote request: Granting yes vote for candidate e94665cd253848dcae90774848102c97 in term 0.
I20260601 13:41:02.906044 16274 leader_election.cc:304] T b28658f608b7495a97f84bc6e352cf6d P e94665cd253848dcae90774848102c97 [CANDIDATE]: Term 1 pre-election: Election decided. Result: candidate won. Election summary: received 2 responses out of 3 voters: 2 yes votes; 0 no votes. yes voters: 245eda51129b48b3a80caf454ce1e598, e94665cd253848dcae90774848102c97; no voters: 
I20260601 13:41:02.906239 16360 raft_consensus.cc:2804] T b28658f608b7495a97f84bc6e352cf6d P e94665cd253848dcae90774848102c97 [term 0 FOLLOWER]: Leader pre-election won for term 1
I20260601 13:41:02.906308 16360 raft_consensus.cc:493] T b28658f608b7495a97f84bc6e352cf6d P e94665cd253848dcae90774848102c97 [term 0 FOLLOWER]: Starting leader election (no leader contacted us within the election timeout)
I20260601 13:41:02.906353 16360 raft_consensus.cc:3060] T b28658f608b7495a97f84bc6e352cf6d P e94665cd253848dcae90774848102c97 [term 0 FOLLOWER]: Advancing to term 1
I20260601 13:41:02.907282 16360 raft_consensus.cc:515] T b28658f608b7495a97f84bc6e352cf6d P e94665cd253848dcae90774848102c97 [term 1 FOLLOWER]: Starting leader election with config: opid_index: -1 OBSOLETE_local: false peers { permanent_uuid: "245eda51129b48b3a80caf454ce1e598" member_type: VOTER last_known_addr { host: "127.14.11.129" port: 46095 } } peers { permanent_uuid: "9af1889d2935499390ee12ef1c7b2e8d" member_type: VOTER last_known_addr { host: "127.14.11.130" port: 35767 } } peers { permanent_uuid: "e94665cd253848dcae90774848102c97" member_type: VOTER last_known_addr { host: "127.14.11.131" port: 33527 } }
I20260601 13:41:02.907642 16360 leader_election.cc:290] T b28658f608b7495a97f84bc6e352cf6d P e94665cd253848dcae90774848102c97 [CANDIDATE]: Term 1 election: Requested vote from peers 245eda51129b48b3a80caf454ce1e598 (127.14.11.129:46095), 9af1889d2935499390ee12ef1c7b2e8d (127.14.11.130:35767)
I20260601 13:41:02.908003 16157 tablet_service.cc:1917] Received RequestConsensusVote() RPC: tablet_id: "b28658f608b7495a97f84bc6e352cf6d" candidate_uuid: "e94665cd253848dcae90774848102c97" candidate_term: 1 candidate_status { last_received { term: 0 index: 0 } } ignore_live_leader: false dest_uuid: "245eda51129b48b3a80caf454ce1e598"
I20260601 13:41:02.908113 16157 raft_consensus.cc:3060] T b28658f608b7495a97f84bc6e352cf6d P 245eda51129b48b3a80caf454ce1e598 [term 0 FOLLOWER]: Advancing to term 1
I20260601 13:41:02.908161 16233 tablet_service.cc:1917] Received RequestConsensusVote() RPC: tablet_id: "b28658f608b7495a97f84bc6e352cf6d" candidate_uuid: "e94665cd253848dcae90774848102c97" candidate_term: 1 candidate_status { last_received { term: 0 index: 0 } } ignore_live_leader: false dest_uuid: "9af1889d2935499390ee12ef1c7b2e8d"
I20260601 13:41:02.908362 16233 raft_consensus.cc:3060] T b28658f608b7495a97f84bc6e352cf6d P 9af1889d2935499390ee12ef1c7b2e8d [term 0 FOLLOWER]: Advancing to term 1
I20260601 13:41:02.909175 16157 raft_consensus.cc:2468] T b28658f608b7495a97f84bc6e352cf6d P 245eda51129b48b3a80caf454ce1e598 [term 1 FOLLOWER]: Leader election vote request: Granting yes vote for candidate e94665cd253848dcae90774848102c97 in term 1.
I20260601 13:41:02.909505 16274 leader_election.cc:304] T b28658f608b7495a97f84bc6e352cf6d P e94665cd253848dcae90774848102c97 [CANDIDATE]: Term 1 election: Election decided. Result: candidate won. Election summary: received 2 responses out of 3 voters: 2 yes votes; 0 no votes. yes voters: 245eda51129b48b3a80caf454ce1e598, e94665cd253848dcae90774848102c97; no voters: 
I20260601 13:41:02.909572 16233 raft_consensus.cc:2468] T b28658f608b7495a97f84bc6e352cf6d P 9af1889d2935499390ee12ef1c7b2e8d [term 1 FOLLOWER]: Leader election vote request: Granting yes vote for candidate e94665cd253848dcae90774848102c97 in term 1.
I20260601 13:41:02.909722 16360 raft_consensus.cc:2804] T b28658f608b7495a97f84bc6e352cf6d P e94665cd253848dcae90774848102c97 [term 1 FOLLOWER]: Leader election won for term 1
I20260601 13:41:02.909996 16360 raft_consensus.cc:697] T b28658f608b7495a97f84bc6e352cf6d P e94665cd253848dcae90774848102c97 [term 1 LEADER]: Becoming Leader. State: Replica: e94665cd253848dcae90774848102c97, State: Running, Role: LEADER
I20260601 13:41:02.910187 16360 consensus_queue.cc:237] T b28658f608b7495a97f84bc6e352cf6d P e94665cd253848dcae90774848102c97 [LEADER]: Queue going to LEADER mode. State: All replicated index: 0, Majority replicated index: 0, Committed index: 0, Last appended: 0.0, Last appended by leader: 0, Current term: 1, Majority size: 2, State: 0, Mode: LEADER, active raft config: opid_index: -1 OBSOLETE_local: false peers { permanent_uuid: "245eda51129b48b3a80caf454ce1e598" member_type: VOTER last_known_addr { host: "127.14.11.129" port: 46095 } } peers { permanent_uuid: "9af1889d2935499390ee12ef1c7b2e8d" member_type: VOTER last_known_addr { host: "127.14.11.130" port: 35767 } } peers { permanent_uuid: "e94665cd253848dcae90774848102c97" member_type: VOTER last_known_addr { host: "127.14.11.131" port: 33527 } }
I20260601 13:41:02.911765 16054 catalog_manager.cc:5696] T b28658f608b7495a97f84bc6e352cf6d P e94665cd253848dcae90774848102c97 reported cstate change: term changed from 0 to 1, leader changed from <none> to e94665cd253848dcae90774848102c97 (127.14.11.131). New cstate: current_term: 1 leader_uuid: "e94665cd253848dcae90774848102c97" committed_config { opid_index: -1 OBSOLETE_local: false peers { permanent_uuid: "245eda51129b48b3a80caf454ce1e598" member_type: VOTER last_known_addr { host: "127.14.11.129" port: 46095 } health_report { overall_health: UNKNOWN } } peers { permanent_uuid: "9af1889d2935499390ee12ef1c7b2e8d" member_type: VOTER last_known_addr { host: "127.14.11.130" port: 35767 } health_report { overall_health: UNKNOWN } } peers { permanent_uuid: "e94665cd253848dcae90774848102c97" member_type: VOTER last_known_addr { host: "127.14.11.131" port: 33527 } health_report { overall_health: HEALTHY } } }
I20260601 13:41:03.112219 16363 consensus_queue.cc:1048] T cd35cf89554d4a0f856443d4356f1478 P 245eda51129b48b3a80caf454ce1e598 [LEADER]: Connected to new peer: Peer: permanent_uuid: "9af1889d2935499390ee12ef1c7b2e8d" member_type: VOTER last_known_addr { host: "127.14.11.130" port: 35767 }, Status: LMP_MISMATCH, Last received: 0.0, Next index: 1, Last known committed idx: 0, Time since last communication: 0.000s
I20260601 13:41:03.116026 16363 consensus_queue.cc:1048] T cd35cf89554d4a0f856443d4356f1478 P 245eda51129b48b3a80caf454ce1e598 [LEADER]: Connected to new peer: Peer: permanent_uuid: "e94665cd253848dcae90774848102c97" member_type: VOTER last_known_addr { host: "127.14.11.131" port: 33527 }, Status: LMP_MISMATCH, Last received: 0.0, Next index: 1, Last known committed idx: 0, Time since last communication: 0.000s
I20260601 13:41:03.303938 16108 auto_leader_rebalancer.cc:140] leader rebalance for table test-workload
I20260601 13:41:03.304502 16108 auto_leader_rebalancer.cc:388] table: test-workload, leader rebalance finish, leader transfer count: 0
I20260601 13:41:03.304574 16108 auto_leader_rebalancer.cc:451] All tables' leader rebalancing finished this round
I20260601 13:41:03.379390 16360 consensus_queue.cc:1048] T b28658f608b7495a97f84bc6e352cf6d P e94665cd253848dcae90774848102c97 [LEADER]: Connected to new peer: Peer: permanent_uuid: "9af1889d2935499390ee12ef1c7b2e8d" member_type: VOTER last_known_addr { host: "127.14.11.130" port: 35767 }, Status: LMP_MISMATCH, Last received: 0.0, Next index: 1, Last known committed idx: 0, Time since last communication: 0.000s
I20260601 13:41:03.382634 16372 consensus_queue.cc:1048] T b28658f608b7495a97f84bc6e352cf6d P e94665cd253848dcae90774848102c97 [LEADER]: Connected to new peer: Peer: permanent_uuid: "245eda51129b48b3a80caf454ce1e598" member_type: VOTER last_known_addr { host: "127.14.11.129" port: 46095 }, Status: LMP_MISMATCH, Last received: 0.0, Next index: 1, Last known committed idx: 0, Time since last communication: 0.000s
I20260601 13:41:05.305004 16108 auto_leader_rebalancer.cc:140] leader rebalance for table test-workload
I20260601 13:41:05.305583 16108 auto_leader_rebalancer.cc:388] table: test-workload, leader rebalance finish, leader transfer count: 0
I20260601 13:41:05.305655 16108 auto_leader_rebalancer.cc:451] All tables' leader rebalancing finished this round
I20260601 13:41:07.306092 16108 auto_leader_rebalancer.cc:140] leader rebalance for table test-workload
I20260601 13:41:07.306708 16108 auto_leader_rebalancer.cc:388] table: test-workload, leader rebalance finish, leader transfer count: 0
I20260601 13:41:07.306782 16108 auto_leader_rebalancer.cc:451] All tables' leader rebalancing finished this round
I20260601 13:41:09.307307 16108 auto_leader_rebalancer.cc:140] leader rebalance for table test-workload
I20260601 13:41:09.307910 16108 auto_leader_rebalancer.cc:388] table: test-workload, leader rebalance finish, leader transfer count: 0
I20260601 13:41:09.307984 16108 auto_leader_rebalancer.cc:451] All tables' leader rebalancing finished this round
I20260601 13:41:11.308331 16108 auto_leader_rebalancer.cc:140] leader rebalance for table test-workload
I20260601 13:41:11.308844 16108 auto_leader_rebalancer.cc:388] table: test-workload, leader rebalance finish, leader transfer count: 0
I20260601 13:41:11.308923 16108 auto_leader_rebalancer.cc:451] All tables' leader rebalancing finished this round
I20260601 13:41:13.309301 16108 auto_leader_rebalancer.cc:140] leader rebalance for table test-workload
I20260601 13:41:13.309846 16108 auto_leader_rebalancer.cc:388] table: test-workload, leader rebalance finish, leader transfer count: 0
I20260601 13:41:13.309911 16108 auto_leader_rebalancer.cc:451] All tables' leader rebalancing finished this round
I20260601 13:41:13.990348 14382 file_cache.cc:492] Constructed file cache file cache with capacity 419430
W20260601 13:41:13.993011 16387 instance_detector.cc:116] could not retrieve Azure instance metadata: Network error: curl error: HTTP response code said error: The requested URL returned error: 404
W20260601 13:41:13.993134 16389 instance_detector.cc:116] could not retrieve OpenStack instance metadata: Network error: curl error: HTTP response code said error: The requested URL returned error: 404
W20260601 13:41:13.993155 16386 instance_detector.cc:116] could not retrieve AWS instance metadata: Network error: curl error: HTTP response code said error: The requested URL returned error: 404
I20260601 13:41:13.993680 14382 server_base.cc:1061] running on GCE node
I20260601 13:41:13.993952 14382 hybrid_clock.cc:584] initializing the hybrid clock with 'system_unsync' time source
W20260601 13:41:13.994035 14382 system_unsync_time.cc:38] NTP support is disabled. Clock error bounds will not be accurate. This configuration is not suitable for distributed clusters.
I20260601 13:41:13.994073 14382 hybrid_clock.cc:648] HybridClock initialized: now 1780321273994072 us; error 0 us; skew 500 ppm
I20260601 13:41:13.995569 14382 webserver.cc:533] Webserver started at http://127.14.11.132:36613/ using document root <none> and password file <none>
I20260601 13:41:13.995777 14382 fs_manager.cc:362] Metadata directory not provided
I20260601 13:41:13.995857 14382 fs_manager.cc:368] Using write-ahead log directory (fs_wal_dir) as metadata directory
I20260601 13:41:13.995949 14382 server_base.cc:909] This appears to be a new deployment of Kudu; creating new FS layout
I20260601 13:41:13.996448 14382 fs_manager.cc:1068] Generated new instance metadata in path /tmp/dist-test-task4ya9JH/test-tmp/auto_rebalancer-test.0.AutoRebalancerTest.MovesScheduledIfAddTserver.1780321244553871-14382-0/minicluster-data/ts-3-root/instance:
uuid: "b21b1238585247f798f89c08cd1f8bea"
format_stamp: "Formatted at 2026-06-01 13:41:13 on dist-test-slave-fxk0"
I20260601 13:41:13.998262 14382 fs_manager.cc:696] Time spent creating directory manager: real 0.002s	user 0.002s	sys 0.000s
I20260601 13:41:13.999553 16394 log_block_manager.cc:4031] Time spent loading block containers with low live blocks: real 0.000s	user 0.000s	sys 0.000s
I20260601 13:41:13.999955 14382 fs_manager.cc:730] Time spent opening block manager: real 0.001s	user 0.001s	sys 0.000s
I20260601 13:41:14.000059 14382 fs_manager.cc:647] Opened local filesystem: /tmp/dist-test-task4ya9JH/test-tmp/auto_rebalancer-test.0.AutoRebalancerTest.MovesScheduledIfAddTserver.1780321244553871-14382-0/minicluster-data/ts-3-root
uuid: "b21b1238585247f798f89c08cd1f8bea"
format_stamp: "Formatted at 2026-06-01 13:41:13 on dist-test-slave-fxk0"
I20260601 13:41:14.000164 14382 fs_report.cc:389] FS layout report
--------------------
wal directory: /tmp/dist-test-task4ya9JH/test-tmp/auto_rebalancer-test.0.AutoRebalancerTest.MovesScheduledIfAddTserver.1780321244553871-14382-0/minicluster-data/ts-3-root
metadata directory: /tmp/dist-test-task4ya9JH/test-tmp/auto_rebalancer-test.0.AutoRebalancerTest.MovesScheduledIfAddTserver.1780321244553871-14382-0/minicluster-data/ts-3-root
1 data directories: /tmp/dist-test-task4ya9JH/test-tmp/auto_rebalancer-test.0.AutoRebalancerTest.MovesScheduledIfAddTserver.1780321244553871-14382-0/minicluster-data/ts-3-root/data
Total live blocks: 0
Total live bytes: 0
Total live bytes (after alignment): 0
Total number of LBM containers: 0 (0 full)
Did not check for missing blocks
Did not check for orphaned blocks
Total full LBM containers with extra space: 0 (0 repaired)
Total full LBM container extra space in bytes: 0 (0 repaired)
Total incomplete LBM containers: 0 (0 repaired)
Total LBM partial records: 0 (0 repaired)
Total corrupted LBM metadata records in RocksDB: 0 (0 repaired)
I20260601 13:41:14.010514 14382 rpc_server.cc:225] running with OpenSSL 1.1.1  11 Sep 2018
I20260601 13:41:14.011096 14382 kserver.cc:163] Server-wide thread pool size limit: 3276
I20260601 13:41:14.011552 14382 txn_system_client.cc:432] TxnSystemClient initialization is disabled...
I20260601 13:41:14.012168 14382 ts_tablet_manager.cc:585] Loaded tablet metadata (0 total tablets, 0 live tablets)
I20260601 13:41:14.012245 14382 ts_tablet_manager.cc:531] Time spent load tablet metadata: real 0.000s	user 0.000s	sys 0.000s
I20260601 13:41:14.012307 14382 ts_tablet_manager.cc:616] Registered 0 tablets
I20260601 13:41:14.012364 14382 ts_tablet_manager.cc:595] Time spent register tablets: real 0.000s	user 0.000s	sys 0.000s
I20260601 13:41:14.018422 14382 rpc_server.cc:307] RPC server started. Bound to: 127.14.11.132:36071
I20260601 13:41:14.018489 16457 acceptor_pool.cc:272] collecting diagnostics on the listening RPC socket 127.14.11.132:36071 every 8 connection(s)
I20260601 13:41:14.024371 16458 heartbeater.cc:344] Connected to a master server at 127.14.11.190:46215
I20260601 13:41:14.024554 16458 heartbeater.cc:461] Registering TS with master...
I20260601 13:41:14.024868 16458 heartbeater.cc:507] Master 127.14.11.190:46215 requested a full tablet report, sending...
I20260601 13:41:14.025681 16054 ts_manager.cc:194] Registered new tserver with Master: b21b1238585247f798f89c08cd1f8bea (127.14.11.132:36071)
I20260601 13:41:14.026338 16054 master_service.cc:502] Signed X509 certificate for tserver {username='slave'} at 127.0.0.1:33462
I20260601 13:41:14.321969 16157 consensus_queue.cc:237] T cd35cf89554d4a0f856443d4356f1478 P 245eda51129b48b3a80caf454ce1e598 [LEADER]: Queue going to LEADER mode. State: All replicated index: 0, Majority replicated index: 1, Committed index: 1, Last appended: 1.1, Last appended by leader: 0, Current term: 1, Majority size: 2, State: 0, Mode: LEADER, active raft config: opid_index: 2 OBSOLETE_local: false peers { permanent_uuid: "245eda51129b48b3a80caf454ce1e598" member_type: VOTER last_known_addr { host: "127.14.11.129" port: 46095 } } peers { permanent_uuid: "9af1889d2935499390ee12ef1c7b2e8d" member_type: VOTER last_known_addr { host: "127.14.11.130" port: 35767 } } peers { permanent_uuid: "e94665cd253848dcae90774848102c97" member_type: VOTER last_known_addr { host: "127.14.11.131" port: 33527 } attrs { replace: true } } peers { permanent_uuid: "b21b1238585247f798f89c08cd1f8bea" member_type: NON_VOTER last_known_addr { host: "127.14.11.132" port: 36071 } attrs { promote: true } }
I20260601 13:41:14.323984 16233 raft_consensus.cc:1275] T cd35cf89554d4a0f856443d4356f1478 P 9af1889d2935499390ee12ef1c7b2e8d [term 1 FOLLOWER]: Refusing update from remote peer 245eda51129b48b3a80caf454ce1e598: Log matching property violated. Preceding OpId in replica: term: 1 index: 1. Preceding OpId from leader: term: 1 index: 2. (index mismatch)
I20260601 13:41:14.324548 16308 raft_consensus.cc:1275] T cd35cf89554d4a0f856443d4356f1478 P e94665cd253848dcae90774848102c97 [term 1 FOLLOWER]: Refusing update from remote peer 245eda51129b48b3a80caf454ce1e598: Log matching property violated. Preceding OpId in replica: term: 1 index: 1. Preceding OpId from leader: term: 1 index: 2. (index mismatch)
I20260601 13:41:14.324518 16465 consensus_queue.cc:1048] T cd35cf89554d4a0f856443d4356f1478 P 245eda51129b48b3a80caf454ce1e598 [LEADER]: Connected to new peer: Peer: permanent_uuid: "9af1889d2935499390ee12ef1c7b2e8d" member_type: VOTER last_known_addr { host: "127.14.11.130" port: 35767 }, Status: LMP_MISMATCH, Last received: 0.0, Next index: 2, Last known committed idx: 1, Time since last communication: 0.000s
I20260601 13:41:14.325016 16466 consensus_queue.cc:1048] T cd35cf89554d4a0f856443d4356f1478 P 245eda51129b48b3a80caf454ce1e598 [LEADER]: Connected to new peer: Peer: permanent_uuid: "e94665cd253848dcae90774848102c97" member_type: VOTER last_known_addr { host: "127.14.11.131" port: 33527 } attrs { replace: true }, Status: LMP_MISMATCH, Last received: 0.0, Next index: 2, Last known committed idx: 1, Time since last communication: 0.000s
I20260601 13:41:14.326774 16465 raft_consensus.cc:2955] T cd35cf89554d4a0f856443d4356f1478 P 245eda51129b48b3a80caf454ce1e598 [term 1 LEADER]: Committing config change with OpId 1.2: config changed from index -1 to 2, NON_VOTER b21b1238585247f798f89c08cd1f8bea (127.14.11.132) added. New config: { opid_index: 2 OBSOLETE_local: false peers { permanent_uuid: "245eda51129b48b3a80caf454ce1e598" member_type: VOTER last_known_addr { host: "127.14.11.129" port: 46095 } } peers { permanent_uuid: "9af1889d2935499390ee12ef1c7b2e8d" member_type: VOTER last_known_addr { host: "127.14.11.130" port: 35767 } } peers { permanent_uuid: "e94665cd253848dcae90774848102c97" member_type: VOTER last_known_addr { host: "127.14.11.131" port: 33527 } attrs { replace: true } } peers { permanent_uuid: "b21b1238585247f798f89c08cd1f8bea" member_type: NON_VOTER last_known_addr { host: "127.14.11.132" port: 36071 } attrs { promote: true } } }
I20260601 13:41:14.327344 16233 raft_consensus.cc:2955] T cd35cf89554d4a0f856443d4356f1478 P 9af1889d2935499390ee12ef1c7b2e8d [term 1 FOLLOWER]: Committing config change with OpId 1.2: config changed from index -1 to 2, NON_VOTER b21b1238585247f798f89c08cd1f8bea (127.14.11.132) added. New config: { opid_index: 2 OBSOLETE_local: false peers { permanent_uuid: "245eda51129b48b3a80caf454ce1e598" member_type: VOTER last_known_addr { host: "127.14.11.129" port: 46095 } } peers { permanent_uuid: "9af1889d2935499390ee12ef1c7b2e8d" member_type: VOTER last_known_addr { host: "127.14.11.130" port: 35767 } } peers { permanent_uuid: "e94665cd253848dcae90774848102c97" member_type: VOTER last_known_addr { host: "127.14.11.131" port: 33527 } attrs { replace: true } } peers { permanent_uuid: "b21b1238585247f798f89c08cd1f8bea" member_type: NON_VOTER last_known_addr { host: "127.14.11.132" port: 36071 } attrs { promote: true } } }
W20260601 13:41:14.329593 16121 consensus_peers.cc:597] T cd35cf89554d4a0f856443d4356f1478 P 245eda51129b48b3a80caf454ce1e598 -> Peer b21b1238585247f798f89c08cd1f8bea (127.14.11.132:36071): Couldn't send request to peer b21b1238585247f798f89c08cd1f8bea. Error code: TABLET_NOT_FOUND (6). Status: Not found: Tablet not found: cd35cf89554d4a0f856443d4356f1478. This is attempt 1: this message will repeat every 5th retry.
I20260601 13:41:14.329768 16308 raft_consensus.cc:2955] T cd35cf89554d4a0f856443d4356f1478 P e94665cd253848dcae90774848102c97 [term 1 FOLLOWER]: Committing config change with OpId 1.2: config changed from index -1 to 2, NON_VOTER b21b1238585247f798f89c08cd1f8bea (127.14.11.132) added. New config: { opid_index: 2 OBSOLETE_local: false peers { permanent_uuid: "245eda51129b48b3a80caf454ce1e598" member_type: VOTER last_known_addr { host: "127.14.11.129" port: 46095 } } peers { permanent_uuid: "9af1889d2935499390ee12ef1c7b2e8d" member_type: VOTER last_known_addr { host: "127.14.11.130" port: 35767 } } peers { permanent_uuid: "e94665cd253848dcae90774848102c97" member_type: VOTER last_known_addr { host: "127.14.11.131" port: 33527 } attrs { replace: true } } peers { permanent_uuid: "b21b1238585247f798f89c08cd1f8bea" member_type: NON_VOTER last_known_addr { host: "127.14.11.132" port: 36071 } attrs { promote: true } } }
I20260601 13:41:14.329738 16054 catalog_manager.cc:5696] T cd35cf89554d4a0f856443d4356f1478 P 245eda51129b48b3a80caf454ce1e598 reported cstate change: config changed from index -1 to 2, NON_VOTER b21b1238585247f798f89c08cd1f8bea (127.14.11.132) added. New cstate: current_term: 1 leader_uuid: "245eda51129b48b3a80caf454ce1e598" committed_config { opid_index: 2 OBSOLETE_local: false peers { permanent_uuid: "245eda51129b48b3a80caf454ce1e598" member_type: VOTER last_known_addr { host: "127.14.11.129" port: 46095 } health_report { overall_health: HEALTHY } } peers { permanent_uuid: "9af1889d2935499390ee12ef1c7b2e8d" member_type: VOTER last_known_addr { host: "127.14.11.130" port: 35767 } health_report { overall_health: HEALTHY } } peers { permanent_uuid: "e94665cd253848dcae90774848102c97" member_type: VOTER last_known_addr { host: "127.14.11.131" port: 33527 } attrs { replace: true } health_report { overall_health: HEALTHY } } peers { permanent_uuid: "b21b1238585247f798f89c08cd1f8bea" member_type: NON_VOTER last_known_addr { host: "127.14.11.132" port: 36071 } attrs { promote: true } health_report { overall_health: UNKNOWN } } }
I20260601 13:41:14.809725 16476 ts_tablet_manager.cc:933] T cd35cf89554d4a0f856443d4356f1478 P b21b1238585247f798f89c08cd1f8bea: Initiating tablet copy from peer 245eda51129b48b3a80caf454ce1e598 (127.14.11.129:46095)
I20260601 13:41:14.810230 16476 tablet_copy_client.cc:323] T cd35cf89554d4a0f856443d4356f1478 P b21b1238585247f798f89c08cd1f8bea: tablet copy: Beginning tablet copy session from remote peer at address 127.14.11.129:46095
I20260601 13:41:14.814743 16167 tablet_copy_service.cc:140] P 245eda51129b48b3a80caf454ce1e598: Received BeginTabletCopySession request for tablet cd35cf89554d4a0f856443d4356f1478 from peer b21b1238585247f798f89c08cd1f8bea ({username='slave'} at 127.0.0.1:51994)
I20260601 13:41:14.814965 16167 tablet_copy_service.cc:161] P 245eda51129b48b3a80caf454ce1e598: Beginning new tablet copy session on tablet cd35cf89554d4a0f856443d4356f1478 from peer b21b1238585247f798f89c08cd1f8bea at {username='slave'} at 127.0.0.1:51994: session id = b21b1238585247f798f89c08cd1f8bea-cd35cf89554d4a0f856443d4356f1478
I20260601 13:41:14.816008 16167 tablet_copy_source_session.cc:215] T cd35cf89554d4a0f856443d4356f1478 P 245eda51129b48b3a80caf454ce1e598: Tablet Copy: opened 0 blocks and 1 log segments
I20260601 13:41:14.817076 16476 data_dirs.cc:400] Could only allocate 1 dirs of requested 3 for tablet cd35cf89554d4a0f856443d4356f1478. 1 dirs total, 0 dirs full, 0 dirs failed
I20260601 13:41:14.819376 16476 tablet_copy_client.cc:806] T cd35cf89554d4a0f856443d4356f1478 P b21b1238585247f798f89c08cd1f8bea: tablet copy: Starting download of 0 data blocks...
I20260601 13:41:14.819582 16476 tablet_copy_client.cc:670] T cd35cf89554d4a0f856443d4356f1478 P b21b1238585247f798f89c08cd1f8bea: tablet copy: Starting download of 1 WAL segments...
I20260601 13:41:14.821076 16476 tablet_copy_client.cc:538] T cd35cf89554d4a0f856443d4356f1478 P b21b1238585247f798f89c08cd1f8bea: tablet copy: Tablet Copy complete. Replacing tablet superblock.
I20260601 13:41:14.822446 16476 tablet_bootstrap.cc:492] T cd35cf89554d4a0f856443d4356f1478 P b21b1238585247f798f89c08cd1f8bea: Bootstrap starting.
I20260601 13:41:14.826546 16476 tablet_bootstrap.cc:492] T cd35cf89554d4a0f856443d4356f1478 P b21b1238585247f798f89c08cd1f8bea: Bootstrap replayed 1/1 log segments. Stats: ops{read=2 overwritten=0 applied=2 ignored=0} inserts{seen=0 ignored=0} mutations{seen=0 ignored=0} orphaned_commits=0. Pending: 0 replicates
I20260601 13:41:14.826848 16476 tablet_bootstrap.cc:492] T cd35cf89554d4a0f856443d4356f1478 P b21b1238585247f798f89c08cd1f8bea: Bootstrap complete.
I20260601 13:41:14.827059 16476 ts_tablet_manager.cc:1403] T cd35cf89554d4a0f856443d4356f1478 P b21b1238585247f798f89c08cd1f8bea: Time spent bootstrapping tablet: real 0.005s	user 0.004s	sys 0.000s
I20260601 13:41:14.827620 16476 raft_consensus.cc:359] T cd35cf89554d4a0f856443d4356f1478 P b21b1238585247f798f89c08cd1f8bea [term 1 LEARNER]: Replica starting. Triggering 0 pending ops. Active config: opid_index: 2 OBSOLETE_local: false peers { permanent_uuid: "245eda51129b48b3a80caf454ce1e598" member_type: VOTER last_known_addr { host: "127.14.11.129" port: 46095 } } peers { permanent_uuid: "9af1889d2935499390ee12ef1c7b2e8d" member_type: VOTER last_known_addr { host: "127.14.11.130" port: 35767 } } peers { permanent_uuid: "e94665cd253848dcae90774848102c97" member_type: VOTER last_known_addr { host: "127.14.11.131" port: 33527 } attrs { replace: true } } peers { permanent_uuid: "b21b1238585247f798f89c08cd1f8bea" member_type: NON_VOTER last_known_addr { host: "127.14.11.132" port: 36071 } attrs { promote: true } }
I20260601 13:41:14.827751 16476 raft_consensus.cc:740] T cd35cf89554d4a0f856443d4356f1478 P b21b1238585247f798f89c08cd1f8bea [term 1 LEARNER]: Becoming Follower/Learner. State: Replica: b21b1238585247f798f89c08cd1f8bea, State: Initialized, Role: LEARNER
I20260601 13:41:14.827893 16476 consensus_queue.cc:260] T cd35cf89554d4a0f856443d4356f1478 P b21b1238585247f798f89c08cd1f8bea [NON_LEADER]: Queue going to NON_LEADER mode. State: All replicated index: 0, Majority replicated index: 0, Committed index: 2, Last appended: 1.2, Last appended by leader: 2, Current term: 0, Majority size: -1, State: 0, Mode: NON_LEADER, active raft config: opid_index: 2 OBSOLETE_local: false peers { permanent_uuid: "245eda51129b48b3a80caf454ce1e598" member_type: VOTER last_known_addr { host: "127.14.11.129" port: 46095 } } peers { permanent_uuid: "9af1889d2935499390ee12ef1c7b2e8d" member_type: VOTER last_known_addr { host: "127.14.11.130" port: 35767 } } peers { permanent_uuid: "e94665cd253848dcae90774848102c97" member_type: VOTER last_known_addr { host: "127.14.11.131" port: 33527 } attrs { replace: true } } peers { permanent_uuid: "b21b1238585247f798f89c08cd1f8bea" member_type: NON_VOTER last_known_addr { host: "127.14.11.132" port: 36071 } attrs { promote: true } }
I20260601 13:41:14.828419 16458 heartbeater.cc:499] Master 127.14.11.190:46215 was elected leader, sending a full tablet report...
I20260601 13:41:14.828872 16476 ts_tablet_manager.cc:1434] T cd35cf89554d4a0f856443d4356f1478 P b21b1238585247f798f89c08cd1f8bea: Time spent starting tablet: real 0.002s	user 0.000s	sys 0.003s
I20260601 13:41:14.829487 16167 tablet_copy_service.cc:342] P 245eda51129b48b3a80caf454ce1e598: Request end of tablet copy session b21b1238585247f798f89c08cd1f8bea-cd35cf89554d4a0f856443d4356f1478 received from {username='slave'} at 127.0.0.1:51994
I20260601 13:41:14.829583 16167 tablet_copy_service.cc:434] P 245eda51129b48b3a80caf454ce1e598: ending tablet copy session b21b1238585247f798f89c08cd1f8bea-cd35cf89554d4a0f856443d4356f1478 on tablet cd35cf89554d4a0f856443d4356f1478 with peer b21b1238585247f798f89c08cd1f8bea
I20260601 13:41:15.217417 16432 raft_consensus.cc:1217] T cd35cf89554d4a0f856443d4356f1478 P b21b1238585247f798f89c08cd1f8bea [term 1 LEARNER]: Deduplicated request from leader. Original: 1.1->[1.2-1.2]   Dedup: 1.2->[]
I20260601 13:41:15.310237 16108 auto_leader_rebalancer.cc:140] leader rebalance for table test-workload
I20260601 13:41:15.310853 16108 auto_leader_rebalancer.cc:388] table: test-workload, leader rebalance finish, leader transfer count: 0
I20260601 13:41:15.310938 16108 auto_leader_rebalancer.cc:451] All tables' leader rebalancing finished this round
I20260601 13:41:15.594688 16482 raft_consensus.cc:1064] T cd35cf89554d4a0f856443d4356f1478 P 245eda51129b48b3a80caf454ce1e598: attempting to promote NON_VOTER b21b1238585247f798f89c08cd1f8bea to VOTER
I20260601 13:41:15.595419 16482 consensus_queue.cc:237] T cd35cf89554d4a0f856443d4356f1478 P 245eda51129b48b3a80caf454ce1e598 [LEADER]: Queue going to LEADER mode. State: All replicated index: 0, Majority replicated index: 2, Committed index: 2, Last appended: 1.2, Last appended by leader: 0, Current term: 1, Majority size: 3, State: 0, Mode: LEADER, active raft config: opid_index: 3 OBSOLETE_local: false peers { permanent_uuid: "245eda51129b48b3a80caf454ce1e598" member_type: VOTER last_known_addr { host: "127.14.11.129" port: 46095 } } peers { permanent_uuid: "9af1889d2935499390ee12ef1c7b2e8d" member_type: VOTER last_known_addr { host: "127.14.11.130" port: 35767 } } peers { permanent_uuid: "e94665cd253848dcae90774848102c97" member_type: VOTER last_known_addr { host: "127.14.11.131" port: 33527 } attrs { replace: true } } peers { permanent_uuid: "b21b1238585247f798f89c08cd1f8bea" member_type: VOTER last_known_addr { host: "127.14.11.132" port: 36071 } attrs { promote: false } }
I20260601 13:41:15.597304 16308 raft_consensus.cc:1275] T cd35cf89554d4a0f856443d4356f1478 P e94665cd253848dcae90774848102c97 [term 1 FOLLOWER]: Refusing update from remote peer 245eda51129b48b3a80caf454ce1e598: Log matching property violated. Preceding OpId in replica: term: 1 index: 2. Preceding OpId from leader: term: 1 index: 3. (index mismatch)
I20260601 13:41:15.597319 16432 raft_consensus.cc:1275] T cd35cf89554d4a0f856443d4356f1478 P b21b1238585247f798f89c08cd1f8bea [term 1 LEARNER]: Refusing update from remote peer 245eda51129b48b3a80caf454ce1e598: Log matching property violated. Preceding OpId in replica: term: 1 index: 2. Preceding OpId from leader: term: 1 index: 3. (index mismatch)
I20260601 13:41:15.597857 16481 consensus_queue.cc:1048] T cd35cf89554d4a0f856443d4356f1478 P 245eda51129b48b3a80caf454ce1e598 [LEADER]: Connected to new peer: Peer: permanent_uuid: "e94665cd253848dcae90774848102c97" member_type: VOTER last_known_addr { host: "127.14.11.131" port: 33527 } attrs { replace: true }, Status: LMP_MISMATCH, Last received: 0.0, Next index: 3, Last known committed idx: 2, Time since last communication: 0.000s
I20260601 13:41:15.598178 16233 raft_consensus.cc:1275] T cd35cf89554d4a0f856443d4356f1478 P 9af1889d2935499390ee12ef1c7b2e8d [term 1 FOLLOWER]: Refusing update from remote peer 245eda51129b48b3a80caf454ce1e598: Log matching property violated. Preceding OpId in replica: term: 1 index: 2. Preceding OpId from leader: term: 1 index: 3. (index mismatch)
I20260601 13:41:15.598299 16466 consensus_queue.cc:1048] T cd35cf89554d4a0f856443d4356f1478 P 245eda51129b48b3a80caf454ce1e598 [LEADER]: Connected to new peer: Peer: permanent_uuid: "b21b1238585247f798f89c08cd1f8bea" member_type: VOTER last_known_addr { host: "127.14.11.132" port: 36071 } attrs { promote: false }, Status: LMP_MISMATCH, Last received: 0.0, Next index: 3, Last known committed idx: 2, Time since last communication: 0.000s
I20260601 13:41:15.598606 16482 consensus_queue.cc:1048] T cd35cf89554d4a0f856443d4356f1478 P 245eda51129b48b3a80caf454ce1e598 [LEADER]: Connected to new peer: Peer: permanent_uuid: "9af1889d2935499390ee12ef1c7b2e8d" member_type: VOTER last_known_addr { host: "127.14.11.130" port: 35767 }, Status: LMP_MISMATCH, Last received: 0.0, Next index: 3, Last known committed idx: 2, Time since last communication: 0.000s
I20260601 13:41:15.600874 16466 raft_consensus.cc:2955] T cd35cf89554d4a0f856443d4356f1478 P 245eda51129b48b3a80caf454ce1e598 [term 1 LEADER]: Committing config change with OpId 1.3: config changed from index 2 to 3, b21b1238585247f798f89c08cd1f8bea (127.14.11.132) changed from NON_VOTER to VOTER. New config: { opid_index: 3 OBSOLETE_local: false peers { permanent_uuid: "245eda51129b48b3a80caf454ce1e598" member_type: VOTER last_known_addr { host: "127.14.11.129" port: 46095 } } peers { permanent_uuid: "9af1889d2935499390ee12ef1c7b2e8d" member_type: VOTER last_known_addr { host: "127.14.11.130" port: 35767 } } peers { permanent_uuid: "e94665cd253848dcae90774848102c97" member_type: VOTER last_known_addr { host: "127.14.11.131" port: 33527 } attrs { replace: true } } peers { permanent_uuid: "b21b1238585247f798f89c08cd1f8bea" member_type: VOTER last_known_addr { host: "127.14.11.132" port: 36071 } attrs { promote: false } } }
I20260601 13:41:15.601390 16308 raft_consensus.cc:2955] T cd35cf89554d4a0f856443d4356f1478 P e94665cd253848dcae90774848102c97 [term 1 FOLLOWER]: Committing config change with OpId 1.3: config changed from index 2 to 3, b21b1238585247f798f89c08cd1f8bea (127.14.11.132) changed from NON_VOTER to VOTER. New config: { opid_index: 3 OBSOLETE_local: false peers { permanent_uuid: "245eda51129b48b3a80caf454ce1e598" member_type: VOTER last_known_addr { host: "127.14.11.129" port: 46095 } } peers { permanent_uuid: "9af1889d2935499390ee12ef1c7b2e8d" member_type: VOTER last_known_addr { host: "127.14.11.130" port: 35767 } } peers { permanent_uuid: "e94665cd253848dcae90774848102c97" member_type: VOTER last_known_addr { host: "127.14.11.131" port: 33527 } attrs { replace: true } } peers { permanent_uuid: "b21b1238585247f798f89c08cd1f8bea" member_type: VOTER last_known_addr { host: "127.14.11.132" port: 36071 } attrs { promote: false } } }
I20260601 13:41:15.601569 16432 raft_consensus.cc:2955] T cd35cf89554d4a0f856443d4356f1478 P b21b1238585247f798f89c08cd1f8bea [term 1 FOLLOWER]: Committing config change with OpId 1.3: config changed from index 2 to 3, b21b1238585247f798f89c08cd1f8bea (127.14.11.132) changed from NON_VOTER to VOTER. New config: { opid_index: 3 OBSOLETE_local: false peers { permanent_uuid: "245eda51129b48b3a80caf454ce1e598" member_type: VOTER last_known_addr { host: "127.14.11.129" port: 46095 } } peers { permanent_uuid: "9af1889d2935499390ee12ef1c7b2e8d" member_type: VOTER last_known_addr { host: "127.14.11.130" port: 35767 } } peers { permanent_uuid: "e94665cd253848dcae90774848102c97" member_type: VOTER last_known_addr { host: "127.14.11.131" port: 33527 } attrs { replace: true } } peers { permanent_uuid: "b21b1238585247f798f89c08cd1f8bea" member_type: VOTER last_known_addr { host: "127.14.11.132" port: 36071 } attrs { promote: false } } }
I20260601 13:41:15.604487 16233 raft_consensus.cc:2955] T cd35cf89554d4a0f856443d4356f1478 P 9af1889d2935499390ee12ef1c7b2e8d [term 1 FOLLOWER]: Committing config change with OpId 1.3: config changed from index 2 to 3, b21b1238585247f798f89c08cd1f8bea (127.14.11.132) changed from NON_VOTER to VOTER. New config: { opid_index: 3 OBSOLETE_local: false peers { permanent_uuid: "245eda51129b48b3a80caf454ce1e598" member_type: VOTER last_known_addr { host: "127.14.11.129" port: 46095 } } peers { permanent_uuid: "9af1889d2935499390ee12ef1c7b2e8d" member_type: VOTER last_known_addr { host: "127.14.11.130" port: 35767 } } peers { permanent_uuid: "e94665cd253848dcae90774848102c97" member_type: VOTER last_known_addr { host: "127.14.11.131" port: 33527 } attrs { replace: true } } peers { permanent_uuid: "b21b1238585247f798f89c08cd1f8bea" member_type: VOTER last_known_addr { host: "127.14.11.132" port: 36071 } attrs { promote: false } } }
I20260601 13:41:15.605185 16052 catalog_manager.cc:5696] T cd35cf89554d4a0f856443d4356f1478 P b21b1238585247f798f89c08cd1f8bea reported cstate change: config changed from index 2 to 3, b21b1238585247f798f89c08cd1f8bea (127.14.11.132) changed from NON_VOTER to VOTER. New cstate: current_term: 1 leader_uuid: "245eda51129b48b3a80caf454ce1e598" committed_config { opid_index: 3 OBSOLETE_local: false peers { permanent_uuid: "245eda51129b48b3a80caf454ce1e598" member_type: VOTER last_known_addr { host: "127.14.11.129" port: 46095 } } peers { permanent_uuid: "9af1889d2935499390ee12ef1c7b2e8d" member_type: VOTER last_known_addr { host: "127.14.11.130" port: 35767 } } peers { permanent_uuid: "e94665cd253848dcae90774848102c97" member_type: VOTER last_known_addr { host: "127.14.11.131" port: 33527 } attrs { replace: true } } peers { permanent_uuid: "b21b1238585247f798f89c08cd1f8bea" member_type: VOTER last_known_addr { host: "127.14.11.132" port: 36071 } attrs { promote: false } } }
I20260601 13:41:15.612278 16157 consensus_queue.cc:237] T cd35cf89554d4a0f856443d4356f1478 P 245eda51129b48b3a80caf454ce1e598 [LEADER]: Queue going to LEADER mode. State: All replicated index: 0, Majority replicated index: 3, Committed index: 3, Last appended: 1.3, Last appended by leader: 0, Current term: 1, Majority size: 2, State: 0, Mode: LEADER, active raft config: opid_index: 4 OBSOLETE_local: false peers { permanent_uuid: "245eda51129b48b3a80caf454ce1e598" member_type: VOTER last_known_addr { host: "127.14.11.129" port: 46095 } } peers { permanent_uuid: "9af1889d2935499390ee12ef1c7b2e8d" member_type: VOTER last_known_addr { host: "127.14.11.130" port: 35767 } } peers { permanent_uuid: "b21b1238585247f798f89c08cd1f8bea" member_type: VOTER last_known_addr { host: "127.14.11.132" port: 36071 } attrs { promote: false } }
I20260601 13:41:15.613798 16432 raft_consensus.cc:1275] T cd35cf89554d4a0f856443d4356f1478 P b21b1238585247f798f89c08cd1f8bea [term 1 FOLLOWER]: Refusing update from remote peer 245eda51129b48b3a80caf454ce1e598: Log matching property violated. Preceding OpId in replica: term: 1 index: 3. Preceding OpId from leader: term: 1 index: 4. (index mismatch)
I20260601 13:41:15.614151 16233 raft_consensus.cc:1275] T cd35cf89554d4a0f856443d4356f1478 P 9af1889d2935499390ee12ef1c7b2e8d [term 1 FOLLOWER]: Refusing update from remote peer 245eda51129b48b3a80caf454ce1e598: Log matching property violated. Preceding OpId in replica: term: 1 index: 3. Preceding OpId from leader: term: 1 index: 4. (index mismatch)
I20260601 13:41:15.614254 16487 consensus_queue.cc:1048] T cd35cf89554d4a0f856443d4356f1478 P 245eda51129b48b3a80caf454ce1e598 [LEADER]: Connected to new peer: Peer: permanent_uuid: "b21b1238585247f798f89c08cd1f8bea" member_type: VOTER last_known_addr { host: "127.14.11.132" port: 36071 } attrs { promote: false }, Status: LMP_MISMATCH, Last received: 0.0, Next index: 4, Last known committed idx: 3, Time since last communication: 0.000s
I20260601 13:41:15.614548 16482 consensus_queue.cc:1048] T cd35cf89554d4a0f856443d4356f1478 P 245eda51129b48b3a80caf454ce1e598 [LEADER]: Connected to new peer: Peer: permanent_uuid: "9af1889d2935499390ee12ef1c7b2e8d" member_type: VOTER last_known_addr { host: "127.14.11.130" port: 35767 }, Status: LMP_MISMATCH, Last received: 0.0, Next index: 4, Last known committed idx: 3, Time since last communication: 0.000s
I20260601 13:41:15.616079 16466 raft_consensus.cc:2955] T cd35cf89554d4a0f856443d4356f1478 P 245eda51129b48b3a80caf454ce1e598 [term 1 LEADER]: Committing config change with OpId 1.4: config changed from index 3 to 4, VOTER e94665cd253848dcae90774848102c97 (127.14.11.131) evicted. New config: { opid_index: 4 OBSOLETE_local: false peers { permanent_uuid: "245eda51129b48b3a80caf454ce1e598" member_type: VOTER last_known_addr { host: "127.14.11.129" port: 46095 } } peers { permanent_uuid: "9af1889d2935499390ee12ef1c7b2e8d" member_type: VOTER last_known_addr { host: "127.14.11.130" port: 35767 } } peers { permanent_uuid: "b21b1238585247f798f89c08cd1f8bea" member_type: VOTER last_known_addr { host: "127.14.11.132" port: 36071 } attrs { promote: false } } }
I20260601 13:41:15.616523 16233 raft_consensus.cc:2955] T cd35cf89554d4a0f856443d4356f1478 P 9af1889d2935499390ee12ef1c7b2e8d [term 1 FOLLOWER]: Committing config change with OpId 1.4: config changed from index 3 to 4, VOTER e94665cd253848dcae90774848102c97 (127.14.11.131) evicted. New config: { opid_index: 4 OBSOLETE_local: false peers { permanent_uuid: "245eda51129b48b3a80caf454ce1e598" member_type: VOTER last_known_addr { host: "127.14.11.129" port: 46095 } } peers { permanent_uuid: "9af1889d2935499390ee12ef1c7b2e8d" member_type: VOTER last_known_addr { host: "127.14.11.130" port: 35767 } } peers { permanent_uuid: "b21b1238585247f798f89c08cd1f8bea" member_type: VOTER last_known_addr { host: "127.14.11.132" port: 36071 } attrs { promote: false } } }
I20260601 13:41:15.616511 16432 raft_consensus.cc:2955] T cd35cf89554d4a0f856443d4356f1478 P b21b1238585247f798f89c08cd1f8bea [term 1 FOLLOWER]: Committing config change with OpId 1.4: config changed from index 3 to 4, VOTER e94665cd253848dcae90774848102c97 (127.14.11.131) evicted. New config: { opid_index: 4 OBSOLETE_local: false peers { permanent_uuid: "245eda51129b48b3a80caf454ce1e598" member_type: VOTER last_known_addr { host: "127.14.11.129" port: 46095 } } peers { permanent_uuid: "9af1889d2935499390ee12ef1c7b2e8d" member_type: VOTER last_known_addr { host: "127.14.11.130" port: 35767 } } peers { permanent_uuid: "b21b1238585247f798f89c08cd1f8bea" member_type: VOTER last_known_addr { host: "127.14.11.132" port: 36071 } attrs { promote: false } } }
I20260601 13:41:15.619374 16051 catalog_manager.cc:5696] T cd35cf89554d4a0f856443d4356f1478 P b21b1238585247f798f89c08cd1f8bea reported cstate change: config changed from index 3 to 4, VOTER e94665cd253848dcae90774848102c97 (127.14.11.131) evicted. New cstate: current_term: 1 leader_uuid: "245eda51129b48b3a80caf454ce1e598" committed_config { opid_index: 4 OBSOLETE_local: false peers { permanent_uuid: "245eda51129b48b3a80caf454ce1e598" member_type: VOTER last_known_addr { host: "127.14.11.129" port: 46095 } } peers { permanent_uuid: "9af1889d2935499390ee12ef1c7b2e8d" member_type: VOTER last_known_addr { host: "127.14.11.130" port: 35767 } } peers { permanent_uuid: "b21b1238585247f798f89c08cd1f8bea" member_type: VOTER last_known_addr { host: "127.14.11.132" port: 36071 } attrs { promote: false } } }
I20260601 13:41:15.619405 16041 catalog_manager.cc:5209] ChangeConfig:REMOVE_PEER RPC for tablet cd35cf89554d4a0f856443d4356f1478 with cas_config_opid_index 3: ChangeConfig:REMOVE_PEER succeeded (attempt 1)
I20260601 13:41:15.623728 16297 tablet_service.cc:1558] Processing DeleteTablet for tablet cd35cf89554d4a0f856443d4356f1478 with delete_type TABLET_DATA_TOMBSTONED (TS e94665cd253848dcae90774848102c97 not found in new config with opid_index 4) from {username='slave'} at 127.0.0.1:45806
I20260601 13:41:15.624388 16493 tablet_replica.cc:333] T cd35cf89554d4a0f856443d4356f1478 P e94665cd253848dcae90774848102c97: stopping tablet replica
I20260601 13:41:15.624610 16493 raft_consensus.cc:2243] T cd35cf89554d4a0f856443d4356f1478 P e94665cd253848dcae90774848102c97 [term 1 FOLLOWER]: Raft consensus shutting down.
I20260601 13:41:15.624835 16493 raft_consensus.cc:2272] T cd35cf89554d4a0f856443d4356f1478 P e94665cd253848dcae90774848102c97 [term 1 FOLLOWER]: Raft consensus is shut down!
I20260601 13:41:15.625550 16493 ts_tablet_manager.cc:1916] T cd35cf89554d4a0f856443d4356f1478 P e94665cd253848dcae90774848102c97: Deleting tablet data with delete state TABLET_DATA_TOMBSTONED
I20260601 13:41:15.628851 16493 ts_tablet_manager.cc:1929] T cd35cf89554d4a0f856443d4356f1478 P e94665cd253848dcae90774848102c97: tablet deleted with delete type TABLET_DATA_TOMBSTONED: last-logged OpId 1.3
I20260601 13:41:15.629041 16493 log.cc:1199] T cd35cf89554d4a0f856443d4356f1478 P e94665cd253848dcae90774848102c97: Deleting WAL directory at /tmp/dist-test-task4ya9JH/test-tmp/auto_rebalancer-test.0.AutoRebalancerTest.MovesScheduledIfAddTserver.1780321244553871-14382-0/minicluster-data/ts-2-root/wals/cd35cf89554d4a0f856443d4356f1478
I20260601 13:41:15.629948 16039 catalog_manager.cc:5027] TS e94665cd253848dcae90774848102c97 (127.14.11.131:33527): tablet cd35cf89554d4a0f856443d4356f1478 (table test-workload [id=7dd1954539bc47a9826009818b3e2be1]) successfully deleted
I20260601 13:41:17.311435 16108 auto_leader_rebalancer.cc:140] leader rebalance for table test-workload
I20260601 13:41:17.311931 16108 auto_leader_rebalancer.cc:388] table: test-workload, leader rebalance finish, leader transfer count: 0
I20260601 13:41:17.312001 16108 auto_leader_rebalancer.cc:451] All tables' leader rebalancing finished this round
I20260601 13:41:19.312350 16108 auto_leader_rebalancer.cc:140] leader rebalance for table test-workload
I20260601 13:41:19.312772 16108 auto_leader_rebalancer.cc:388] table: test-workload, leader rebalance finish, leader transfer count: 0
I20260601 13:41:19.312842 16108 auto_leader_rebalancer.cc:451] All tables' leader rebalancing finished this round
I20260601 13:41:21.313354 16108 auto_leader_rebalancer.cc:140] leader rebalance for table test-workload
I20260601 13:41:21.313833 16108 auto_leader_rebalancer.cc:388] table: test-workload, leader rebalance finish, leader transfer count: 0
I20260601 13:41:21.313898 16108 auto_leader_rebalancer.cc:451] All tables' leader rebalancing finished this round
