I20260601 13:42:29.393543 16793 leader_election.cc:304] T c0af40b357b348feaa46669105d038a1 P 7d751ce897c545bea9ea3f0c09f5bc87 [CANDIDATE]: Term 1 election: Election decided. Result: candidate lost. Election summary: received 3 responses out of 3 voters: 1 yes votes; 2 no votes. yes voters: 7d751ce897c545bea9ea3f0c09f5bc87; no voters: 5be83b3fa42946acb65c46a862c6535b, a00c561be5074e52846308d61b23780a
I20260601 13:42:29.393718 17038 raft_consensus.cc:2749] T c0af40b357b348feaa46669105d038a1 P 7d751ce897c545bea9ea3f0c09f5bc87 [term 1 FOLLOWER]: Leader election lost for term 1. Reason: could not achieve majority
I20260601 13:42:29.394099 16979 raft_consensus.cc:2468] T c0af40b357b348feaa46669105d038a1 P 5be83b3fa42946acb65c46a862c6535b [term 1 FOLLOWER]: Leader election vote request: Granting yes vote for candidate a00c561be5074e52846308d61b23780a in term 1.
I20260601 13:42:29.394405 16869 leader_election.cc:304] T c0af40b357b348feaa46669105d038a1 P a00c561be5074e52846308d61b23780a [CANDIDATE]: Term 1 election: Election decided. Result: candidate won. Election summary: received 3 responses out of 3 voters: 2 yes votes; 1 no votes. yes voters: 5be83b3fa42946acb65c46a862c6535b, a00c561be5074e52846308d61b23780a; no voters: 7d751ce897c545bea9ea3f0c09f5bc87
I20260601 13:42:29.394590 17030 raft_consensus.cc:2804] T c0af40b357b348feaa46669105d038a1 P a00c561be5074e52846308d61b23780a [term 1 FOLLOWER]: Leader election won for term 1
I20260601 13:42:29.394692 17030 raft_consensus.cc:697] T c0af40b357b348feaa46669105d038a1 P a00c561be5074e52846308d61b23780a [term 1 LEADER]: Becoming Leader. State: Replica: a00c561be5074e52846308d61b23780a, State: Running, Role: LEADER
I20260601 13:42:29.394797 17030 consensus_queue.cc:237] T c0af40b357b348feaa46669105d038a1 P a00c561be5074e52846308d61b23780a [LEADER]: Queue going to LEADER mode. State: All replicated index: 0, Majority replicated index: 0, Committed index: 0, Last appended: 0.0, Last appended by leader: 0, Current term: 1, Majority size: 2, State: 0, Mode: LEADER, active raft config: opid_index: -1 OBSOLETE_local: false peers { permanent_uuid: "7d751ce897c545bea9ea3f0c09f5bc87" member_type: VOTER last_known_addr { host: "127.12.30.65" port: 38883 } } peers { permanent_uuid: "a00c561be5074e52846308d61b23780a" member_type: VOTER last_known_addr { host: "127.12.30.66" port: 43003 } } peers { permanent_uuid: "5be83b3fa42946acb65c46a862c6535b" member_type: VOTER last_known_addr { host: "127.12.30.67" port: 46103 } }
I20260601 13:42:29.397225 16726 catalog_manager.cc:5696] T c0af40b357b348feaa46669105d038a1 P a00c561be5074e52846308d61b23780a reported cstate change: term changed from 0 to 1, leader changed from <none> to a00c561be5074e52846308d61b23780a (127.12.30.66). New cstate: current_term: 1 leader_uuid: "a00c561be5074e52846308d61b23780a" committed_config { opid_index: -1 OBSOLETE_local: false peers { permanent_uuid: "7d751ce897c545bea9ea3f0c09f5bc87" member_type: VOTER last_known_addr { host: "127.12.30.65" port: 38883 } health_report { overall_health: UNKNOWN } } peers { permanent_uuid: "a00c561be5074e52846308d61b23780a" member_type: VOTER last_known_addr { host: "127.12.30.66" port: 43003 } health_report { overall_health: HEALTHY } } peers { permanent_uuid: "5be83b3fa42946acb65c46a862c6535b" member_type: VOTER last_known_addr { host: "127.12.30.67" port: 46103 } health_report { overall_health: UNKNOWN } } }
I20260601 13:42:29.408542 17030 raft_consensus.cc:493] T e79ca5dcde014090bc6f1df28936aeff P a00c561be5074e52846308d61b23780a [term 0 FOLLOWER]: Starting pre-election (no leader contacted us within the election timeout)
I20260601 13:42:29.408720 17030 raft_consensus.cc:515] T e79ca5dcde014090bc6f1df28936aeff P a00c561be5074e52846308d61b23780a [term 0 FOLLOWER]: Starting pre-election with config: opid_index: -1 OBSOLETE_local: false peers { permanent_uuid: "7d751ce897c545bea9ea3f0c09f5bc87" member_type: VOTER last_known_addr { host: "127.12.30.65" port: 38883 } } peers { permanent_uuid: "a00c561be5074e52846308d61b23780a" member_type: VOTER last_known_addr { host: "127.12.30.66" port: 43003 } } peers { permanent_uuid: "5be83b3fa42946acb65c46a862c6535b" member_type: VOTER last_known_addr { host: "127.12.30.67" port: 46103 } }
I20260601 13:42:29.409246 17030 leader_election.cc:290] T e79ca5dcde014090bc6f1df28936aeff P a00c561be5074e52846308d61b23780a [CANDIDATE]: Term 1 pre-election: Requested pre-vote from peers 7d751ce897c545bea9ea3f0c09f5bc87 (127.12.30.65:38883), 5be83b3fa42946acb65c46a862c6535b (127.12.30.67:46103)
I20260601 13:42:29.409689 16979 tablet_service.cc:1917] Received RequestConsensusVote() RPC: tablet_id: "e79ca5dcde014090bc6f1df28936aeff" candidate_uuid: "a00c561be5074e52846308d61b23780a" candidate_term: 1 candidate_status { last_received { term: 0 index: 0 } } ignore_live_leader: false dest_uuid: "5be83b3fa42946acb65c46a862c6535b" is_pre_election: true
I20260601 13:42:29.409689 16829 tablet_service.cc:1917] Received RequestConsensusVote() RPC: tablet_id: "e79ca5dcde014090bc6f1df28936aeff" candidate_uuid: "a00c561be5074e52846308d61b23780a" candidate_term: 1 candidate_status { last_received { term: 0 index: 0 } } ignore_live_leader: false dest_uuid: "7d751ce897c545bea9ea3f0c09f5bc87" is_pre_election: true
I20260601 13:42:29.409899 16979 raft_consensus.cc:2393] T e79ca5dcde014090bc6f1df28936aeff P 5be83b3fa42946acb65c46a862c6535b [term 1 FOLLOWER]: Leader pre-election vote request: Denying vote to candidate a00c561be5074e52846308d61b23780a in current term 1: Already voted for candidate 7d751ce897c545bea9ea3f0c09f5bc87 in this term.
I20260601 13:42:29.410133 16869 leader_election.cc:304] T e79ca5dcde014090bc6f1df28936aeff P a00c561be5074e52846308d61b23780a [CANDIDATE]: Term 1 pre-election: Election decided. Result: candidate lost. Election summary: received 3 responses out of 3 voters: 1 yes votes; 2 no votes. yes voters: a00c561be5074e52846308d61b23780a; no voters: 5be83b3fa42946acb65c46a862c6535b, 7d751ce897c545bea9ea3f0c09f5bc87
I20260601 13:42:29.410315 17030 raft_consensus.cc:3060] T e79ca5dcde014090bc6f1df28936aeff P a00c561be5074e52846308d61b23780a [term 0 FOLLOWER]: Advancing to term 1
I20260601 13:42:29.411176 17030 raft_consensus.cc:2749] T e79ca5dcde014090bc6f1df28936aeff P a00c561be5074e52846308d61b23780a [term 1 FOLLOWER]: Leader pre-election lost for term 1. Reason: could not achieve majority
I20260601 13:42:29.445180 17075 raft_consensus.cc:493] T d696377f4b554ad3ad9cbe8babb3e4b6 P 5be83b3fa42946acb65c46a862c6535b [term 0 FOLLOWER]: Starting pre-election (no leader contacted us within the election timeout)
I20260601 13:42:29.445393 17075 raft_consensus.cc:515] T d696377f4b554ad3ad9cbe8babb3e4b6 P 5be83b3fa42946acb65c46a862c6535b [term 0 FOLLOWER]: Starting pre-election with config: opid_index: -1 OBSOLETE_local: false peers { permanent_uuid: "7d751ce897c545bea9ea3f0c09f5bc87" member_type: VOTER last_known_addr { host: "127.12.30.65" port: 38883 } } peers { permanent_uuid: "a00c561be5074e52846308d61b23780a" member_type: VOTER last_known_addr { host: "127.12.30.66" port: 43003 } } peers { permanent_uuid: "5be83b3fa42946acb65c46a862c6535b" member_type: VOTER last_known_addr { host: "127.12.30.67" port: 46103 } }
I20260601 13:42:29.445870 17075 leader_election.cc:290] T d696377f4b554ad3ad9cbe8babb3e4b6 P 5be83b3fa42946acb65c46a862c6535b [CANDIDATE]: Term 1 pre-election: Requested pre-vote from peers 7d751ce897c545bea9ea3f0c09f5bc87 (127.12.30.65:38883), a00c561be5074e52846308d61b23780a (127.12.30.66:43003)
I20260601 13:42:29.446336 16905 tablet_service.cc:1917] Received RequestConsensusVote() RPC: tablet_id: "d696377f4b554ad3ad9cbe8babb3e4b6" candidate_uuid: "5be83b3fa42946acb65c46a862c6535b" candidate_term: 1 candidate_status { last_received { term: 0 index: 0 } } ignore_live_leader: false dest_uuid: "a00c561be5074e52846308d61b23780a" is_pre_election: true
I20260601 13:42:29.446345 16829 tablet_service.cc:1917] Received RequestConsensusVote() RPC: tablet_id: "d696377f4b554ad3ad9cbe8babb3e4b6" candidate_uuid: "5be83b3fa42946acb65c46a862c6535b" candidate_term: 1 candidate_status { last_received { term: 0 index: 0 } } ignore_live_leader: false dest_uuid: "7d751ce897c545bea9ea3f0c09f5bc87" is_pre_election: true
I20260601 13:42:29.446487 16905 raft_consensus.cc:2468] T d696377f4b554ad3ad9cbe8babb3e4b6 P a00c561be5074e52846308d61b23780a [term 0 FOLLOWER]: Leader pre-election vote request: Granting yes vote for candidate 5be83b3fa42946acb65c46a862c6535b in term 0.
I20260601 13:42:29.446529 16829 raft_consensus.cc:2468] T d696377f4b554ad3ad9cbe8babb3e4b6 P 7d751ce897c545bea9ea3f0c09f5bc87 [term 0 FOLLOWER]: Leader pre-election vote request: Granting yes vote for candidate 5be83b3fa42946acb65c46a862c6535b in term 0.
I20260601 13:42:29.446828 16943 leader_election.cc:304] T d696377f4b554ad3ad9cbe8babb3e4b6 P 5be83b3fa42946acb65c46a862c6535b [CANDIDATE]: Term 1 pre-election: Election decided. Result: candidate won. Election summary: received 2 responses out of 3 voters: 2 yes votes; 0 no votes. yes voters: 5be83b3fa42946acb65c46a862c6535b, a00c561be5074e52846308d61b23780a; no voters: 
I20260601 13:42:29.447000 17075 raft_consensus.cc:2804] T d696377f4b554ad3ad9cbe8babb3e4b6 P 5be83b3fa42946acb65c46a862c6535b [term 0 FOLLOWER]: Leader pre-election won for term 1
I20260601 13:42:29.447062 17075 raft_consensus.cc:493] T d696377f4b554ad3ad9cbe8babb3e4b6 P 5be83b3fa42946acb65c46a862c6535b [term 0 FOLLOWER]: Starting leader election (no leader contacted us within the election timeout)
I20260601 13:42:29.447113 17075 raft_consensus.cc:3060] T d696377f4b554ad3ad9cbe8babb3e4b6 P 5be83b3fa42946acb65c46a862c6535b [term 0 FOLLOWER]: Advancing to term 1
I20260601 13:42:29.448017 17075 raft_consensus.cc:515] T d696377f4b554ad3ad9cbe8babb3e4b6 P 5be83b3fa42946acb65c46a862c6535b [term 1 FOLLOWER]: Starting leader election with config: opid_index: -1 OBSOLETE_local: false peers { permanent_uuid: "7d751ce897c545bea9ea3f0c09f5bc87" member_type: VOTER last_known_addr { host: "127.12.30.65" port: 38883 } } peers { permanent_uuid: "a00c561be5074e52846308d61b23780a" member_type: VOTER last_known_addr { host: "127.12.30.66" port: 43003 } } peers { permanent_uuid: "5be83b3fa42946acb65c46a862c6535b" member_type: VOTER last_known_addr { host: "127.12.30.67" port: 46103 } }
I20260601 13:42:29.448428 17075 leader_election.cc:290] T d696377f4b554ad3ad9cbe8babb3e4b6 P 5be83b3fa42946acb65c46a862c6535b [CANDIDATE]: Term 1 election: Requested vote from peers 7d751ce897c545bea9ea3f0c09f5bc87 (127.12.30.65:38883), a00c561be5074e52846308d61b23780a (127.12.30.66:43003)
I20260601 13:42:29.448776 16829 tablet_service.cc:1917] Received RequestConsensusVote() RPC: tablet_id: "d696377f4b554ad3ad9cbe8babb3e4b6" candidate_uuid: "5be83b3fa42946acb65c46a862c6535b" candidate_term: 1 candidate_status { last_received { term: 0 index: 0 } } ignore_live_leader: false dest_uuid: "7d751ce897c545bea9ea3f0c09f5bc87"
I20260601 13:42:29.448776 16905 tablet_service.cc:1917] Received RequestConsensusVote() RPC: tablet_id: "d696377f4b554ad3ad9cbe8babb3e4b6" candidate_uuid: "5be83b3fa42946acb65c46a862c6535b" candidate_term: 1 candidate_status { last_received { term: 0 index: 0 } } ignore_live_leader: false dest_uuid: "a00c561be5074e52846308d61b23780a"
I20260601 13:42:29.448925 16905 raft_consensus.cc:3060] T d696377f4b554ad3ad9cbe8babb3e4b6 P a00c561be5074e52846308d61b23780a [term 0 FOLLOWER]: Advancing to term 1
I20260601 13:42:29.448925 16829 raft_consensus.cc:3060] T d696377f4b554ad3ad9cbe8babb3e4b6 P 7d751ce897c545bea9ea3f0c09f5bc87 [term 0 FOLLOWER]: Advancing to term 1
I20260601 13:42:29.449853 16829 raft_consensus.cc:2468] T d696377f4b554ad3ad9cbe8babb3e4b6 P 7d751ce897c545bea9ea3f0c09f5bc87 [term 1 FOLLOWER]: Leader election vote request: Granting yes vote for candidate 5be83b3fa42946acb65c46a862c6535b in term 1.
I20260601 13:42:29.449853 16905 raft_consensus.cc:2468] T d696377f4b554ad3ad9cbe8babb3e4b6 P a00c561be5074e52846308d61b23780a [term 1 FOLLOWER]: Leader election vote request: Granting yes vote for candidate 5be83b3fa42946acb65c46a862c6535b in term 1.
I20260601 13:42:29.450322 16943 leader_election.cc:304] T d696377f4b554ad3ad9cbe8babb3e4b6 P 5be83b3fa42946acb65c46a862c6535b [CANDIDATE]: Term 1 election: Election decided. Result: candidate won. Election summary: received 2 responses out of 3 voters: 2 yes votes; 0 no votes. yes voters: 5be83b3fa42946acb65c46a862c6535b, a00c561be5074e52846308d61b23780a; no voters: 
I20260601 13:42:29.450657 17075 raft_consensus.cc:2804] T d696377f4b554ad3ad9cbe8babb3e4b6 P 5be83b3fa42946acb65c46a862c6535b [term 1 FOLLOWER]: Leader election won for term 1
I20260601 13:42:29.450801 17075 raft_consensus.cc:697] T d696377f4b554ad3ad9cbe8babb3e4b6 P 5be83b3fa42946acb65c46a862c6535b [term 1 LEADER]: Becoming Leader. State: Replica: 5be83b3fa42946acb65c46a862c6535b, State: Running, Role: LEADER
I20260601 13:42:29.450985 17075 consensus_queue.cc:237] T d696377f4b554ad3ad9cbe8babb3e4b6 P 5be83b3fa42946acb65c46a862c6535b [LEADER]: Queue going to LEADER mode. State: All replicated index: 0, Majority replicated index: 0, Committed index: 0, Last appended: 0.0, Last appended by leader: 0, Current term: 1, Majority size: 2, State: 0, Mode: LEADER, active raft config: opid_index: -1 OBSOLETE_local: false peers { permanent_uuid: "7d751ce897c545bea9ea3f0c09f5bc87" member_type: VOTER last_known_addr { host: "127.12.30.65" port: 38883 } } peers { permanent_uuid: "a00c561be5074e52846308d61b23780a" member_type: VOTER last_known_addr { host: "127.12.30.66" port: 43003 } } peers { permanent_uuid: "5be83b3fa42946acb65c46a862c6535b" member_type: VOTER last_known_addr { host: "127.12.30.67" port: 46103 } }
I20260601 13:42:29.453421 16726 catalog_manager.cc:5696] T d696377f4b554ad3ad9cbe8babb3e4b6 P 5be83b3fa42946acb65c46a862c6535b reported cstate change: term changed from 0 to 1, leader changed from <none> to 5be83b3fa42946acb65c46a862c6535b (127.12.30.67). New cstate: current_term: 1 leader_uuid: "5be83b3fa42946acb65c46a862c6535b" committed_config { opid_index: -1 OBSOLETE_local: false peers { permanent_uuid: "7d751ce897c545bea9ea3f0c09f5bc87" member_type: VOTER last_known_addr { host: "127.12.30.65" port: 38883 } health_report { overall_health: UNKNOWN } } peers { permanent_uuid: "a00c561be5074e52846308d61b23780a" member_type: VOTER last_known_addr { host: "127.12.30.66" port: 43003 } health_report { overall_health: UNKNOWN } } peers { permanent_uuid: "5be83b3fa42946acb65c46a862c6535b" member_type: VOTER last_known_addr { host: "127.12.30.67" port: 46103 } health_report { overall_health: HEALTHY } } }
I20260601 13:42:29.541200 17030 consensus_queue.cc:1048] T d3ab91e9b2364522942174c6e733654e P a00c561be5074e52846308d61b23780a [LEADER]: Connected to new peer: Peer: permanent_uuid: "7d751ce897c545bea9ea3f0c09f5bc87" member_type: VOTER last_known_addr { host: "127.12.30.65" port: 38883 }, Status: LMP_MISMATCH, Last received: 0.0, Next index: 1, Last known committed idx: 0, Time since last communication: 0.000s
I20260601 13:42:29.547143 17032 consensus_queue.cc:1048] T d3ab91e9b2364522942174c6e733654e P a00c561be5074e52846308d61b23780a [LEADER]: Connected to new peer: Peer: permanent_uuid: "5be83b3fa42946acb65c46a862c6535b" member_type: VOTER last_known_addr { host: "127.12.30.67" port: 46103 }, Status: LMP_MISMATCH, Last received: 0.0, Next index: 1, Last known committed idx: 0, Time since last communication: 0.000s
I20260601 13:42:29.567385 16829 raft_consensus.cc:1275] T d696377f4b554ad3ad9cbe8babb3e4b6 P 7d751ce897c545bea9ea3f0c09f5bc87 [term 1 FOLLOWER]: Refusing update from remote peer 5be83b3fa42946acb65c46a862c6535b: Log matching property violated. Preceding OpId in replica: term: 0 index: 0. Preceding OpId from leader: term: 1 index: 2. (index mismatch)
I20260601 13:42:29.567837 17039 consensus_queue.cc:1048] T d696377f4b554ad3ad9cbe8babb3e4b6 P 5be83b3fa42946acb65c46a862c6535b [LEADER]: Connected to new peer: Peer: permanent_uuid: "7d751ce897c545bea9ea3f0c09f5bc87" member_type: VOTER last_known_addr { host: "127.12.30.65" port: 38883 }, Status: LMP_MISMATCH, Last received: 0.0, Next index: 1, Last known committed idx: 0, Time since last communication: 0.000s
I20260601 13:42:29.569339 16828 raft_consensus.cc:1275] T d30ceeeb26f0413f99d7df31f5090bac P 7d751ce897c545bea9ea3f0c09f5bc87 [term 1 FOLLOWER]: Refusing update from remote peer a00c561be5074e52846308d61b23780a: Log matching property violated. Preceding OpId in replica: term: 0 index: 0. Preceding OpId from leader: term: 1 index: 2. (index mismatch)
I20260601 13:42:29.569658 16827 raft_consensus.cc:1275] T c0af40b357b348feaa46669105d038a1 P 7d751ce897c545bea9ea3f0c09f5bc87 [term 1 FOLLOWER]: Refusing update from remote peer a00c561be5074e52846308d61b23780a: Log matching property violated. Preceding OpId in replica: term: 0 index: 0. Preceding OpId from leader: term: 1 index: 2. (index mismatch)
I20260601 13:42:29.569931 16905 raft_consensus.cc:1275] T d696377f4b554ad3ad9cbe8babb3e4b6 P a00c561be5074e52846308d61b23780a [term 1 FOLLOWER]: Refusing update from remote peer 5be83b3fa42946acb65c46a862c6535b: Log matching property violated. Preceding OpId in replica: term: 0 index: 0. Preceding OpId from leader: term: 1 index: 2. (index mismatch)
I20260601 13:42:29.570720 16980 raft_consensus.cc:1275] T c0af40b357b348feaa46669105d038a1 P 5be83b3fa42946acb65c46a862c6535b [term 1 FOLLOWER]: Refusing update from remote peer a00c561be5074e52846308d61b23780a: Log matching property violated. Preceding OpId in replica: term: 0 index: 0. Preceding OpId from leader: term: 1 index: 2. (index mismatch)
I20260601 13:42:29.571089 16979 raft_consensus.cc:1275] T d30ceeeb26f0413f99d7df31f5090bac P 5be83b3fa42946acb65c46a862c6535b [term 1 FOLLOWER]: Refusing update from remote peer a00c561be5074e52846308d61b23780a: Log matching property violated. Preceding OpId in replica: term: 0 index: 0. Preceding OpId from leader: term: 1 index: 2. (index mismatch)
I20260601 13:42:29.571239 17039 consensus_queue.cc:1048] T d696377f4b554ad3ad9cbe8babb3e4b6 P 5be83b3fa42946acb65c46a862c6535b [LEADER]: Connected to new peer: Peer: permanent_uuid: "a00c561be5074e52846308d61b23780a" member_type: VOTER last_known_addr { host: "127.12.30.66" port: 43003 }, Status: LMP_MISMATCH, Last received: 0.0, Next index: 1, Last known committed idx: 0, Time since last communication: 0.000s
I20260601 13:42:29.571427 17038 consensus_queue.cc:1048] T e79ca5dcde014090bc6f1df28936aeff P 7d751ce897c545bea9ea3f0c09f5bc87 [LEADER]: Connected to new peer: Peer: permanent_uuid: "5be83b3fa42946acb65c46a862c6535b" member_type: VOTER last_known_addr { host: "127.12.30.67" port: 46103 }, Status: LMP_MISMATCH, Last received: 0.0, Next index: 1, Last known committed idx: 0, Time since last communication: 0.000s
I20260601 13:42:29.574851 17032 consensus_queue.cc:1048] T c0af40b357b348feaa46669105d038a1 P a00c561be5074e52846308d61b23780a [LEADER]: Connected to new peer: Peer: permanent_uuid: "5be83b3fa42946acb65c46a862c6535b" member_type: VOTER last_known_addr { host: "127.12.30.67" port: 46103 }, Status: LMP_MISMATCH, Last received: 0.0, Next index: 1, Last known committed idx: 0, Time since last communication: 0.000s
I20260601 13:42:29.574872 16979 raft_consensus.cc:1275] T 5f19e42ec7c44d36b5fa2b530ff5cf27 P 5be83b3fa42946acb65c46a862c6535b [term 1 FOLLOWER]: Refusing update from remote peer a00c561be5074e52846308d61b23780a: Log matching property violated. Preceding OpId in replica: term: 0 index: 0. Preceding OpId from leader: term: 1 index: 3. (index mismatch)
I20260601 13:42:29.575115 16903 raft_consensus.cc:1275] T 6435269bff3344af829d2430e576656a P a00c561be5074e52846308d61b23780a [term 1 FOLLOWER]: Refusing update from remote peer 5be83b3fa42946acb65c46a862c6535b: Log matching property violated. Preceding OpId in replica: term: 0 index: 0. Preceding OpId from leader: term: 1 index: 2. (index mismatch)
I20260601 13:42:29.575196 17032 consensus_queue.cc:1048] T d30ceeeb26f0413f99d7df31f5090bac P a00c561be5074e52846308d61b23780a [LEADER]: Connected to new peer: Peer: permanent_uuid: "5be83b3fa42946acb65c46a862c6535b" member_type: VOTER last_known_addr { host: "127.12.30.67" port: 46103 }, Status: LMP_MISMATCH, Last received: 0.0, Next index: 1, Last known committed idx: 0, Time since last communication: 0.000s
I20260601 13:42:29.575459 16902 raft_consensus.cc:1275] T cbd65d53f67745f5b079ba69fc3a8fea P a00c561be5074e52846308d61b23780a [term 1 FOLLOWER]: Refusing update from remote peer 5be83b3fa42946acb65c46a862c6535b: Log matching property violated. Preceding OpId in replica: term: 0 index: 0. Preceding OpId from leader: term: 1 index: 2. (index mismatch)
I20260601 13:42:29.574935 16904 raft_consensus.cc:1275] T f4ac85b34fae4b4a95823386bf4ca1ed P a00c561be5074e52846308d61b23780a [term 1 FOLLOWER]: Refusing update from remote peer 5be83b3fa42946acb65c46a862c6535b: Log matching property violated. Preceding OpId in replica: term: 0 index: 0. Preceding OpId from leader: term: 1 index: 2. (index mismatch)
I20260601 13:42:29.575723 16979 raft_consensus.cc:1275] T 44fc7f6c97b14dcf90a64422370a2405 P 5be83b3fa42946acb65c46a862c6535b [term 1 FOLLOWER]: Refusing update from remote peer a00c561be5074e52846308d61b23780a: Log matching property violated. Preceding OpId in replica: term: 0 index: 0. Preceding OpId from leader: term: 1 index: 3. (index mismatch)
I20260601 13:42:29.575810 17032 consensus_queue.cc:1048] T 5f19e42ec7c44d36b5fa2b530ff5cf27 P a00c561be5074e52846308d61b23780a [LEADER]: Connected to new peer: Peer: permanent_uuid: "5be83b3fa42946acb65c46a862c6535b" member_type: VOTER last_known_addr { host: "127.12.30.67" port: 46103 }, Status: LMP_MISMATCH, Last received: 0.0, Next index: 1, Last known committed idx: 0, Time since last communication: 0.000s
I20260601 13:42:29.576736 16827 raft_consensus.cc:1275] T f4ac85b34fae4b4a95823386bf4ca1ed P 7d751ce897c545bea9ea3f0c09f5bc87 [term 1 FOLLOWER]: Refusing update from remote peer 5be83b3fa42946acb65c46a862c6535b: Log matching property violated. Preceding OpId in replica: term: 0 index: 0. Preceding OpId from leader: term: 1 index: 2. (index mismatch)
I20260601 13:42:29.576887 16826 raft_consensus.cc:1275] T cbd65d53f67745f5b079ba69fc3a8fea P 7d751ce897c545bea9ea3f0c09f5bc87 [term 1 FOLLOWER]: Refusing update from remote peer 5be83b3fa42946acb65c46a862c6535b: Log matching property violated. Preceding OpId in replica: term: 0 index: 0. Preceding OpId from leader: term: 1 index: 2. (index mismatch)
I20260601 13:42:29.577176 16825 raft_consensus.cc:1275] T d65e8e788a674c369ea16b73d59306a3 P 7d751ce897c545bea9ea3f0c09f5bc87 [term 1 FOLLOWER]: Refusing update from remote peer 5be83b3fa42946acb65c46a862c6535b: Log matching property violated. Preceding OpId in replica: term: 0 index: 0. Preceding OpId from leader: term: 1 index: 2. (index mismatch)
I20260601 13:42:29.578017 16823 raft_consensus.cc:1275] T 44fc7f6c97b14dcf90a64422370a2405 P 7d751ce897c545bea9ea3f0c09f5bc87 [term 1 FOLLOWER]: Refusing update from remote peer a00c561be5074e52846308d61b23780a: Log matching property violated. Preceding OpId in replica: term: 0 index: 0. Preceding OpId from leader: term: 1 index: 3. (index mismatch)
I20260601 13:42:29.578132 16828 raft_consensus.cc:1275] T 6435269bff3344af829d2430e576656a P 7d751ce897c545bea9ea3f0c09f5bc87 [term 1 FOLLOWER]: Refusing update from remote peer 5be83b3fa42946acb65c46a862c6535b: Log matching property violated. Preceding OpId in replica: term: 0 index: 0. Preceding OpId from leader: term: 1 index: 2. (index mismatch)
I20260601 13:42:29.578327 17039 consensus_queue.cc:1048] T f4ac85b34fae4b4a95823386bf4ca1ed P 5be83b3fa42946acb65c46a862c6535b [LEADER]: Connected to new peer: Peer: permanent_uuid: "7d751ce897c545bea9ea3f0c09f5bc87" member_type: VOTER last_known_addr { host: "127.12.30.65" port: 38883 }, Status: LMP_MISMATCH, Last received: 0.0, Next index: 1, Last known committed idx: 0, Time since last communication: 0.000s
I20260601 13:42:29.578513 17030 consensus_queue.cc:1048] T d30ceeeb26f0413f99d7df31f5090bac P a00c561be5074e52846308d61b23780a [LEADER]: Connected to new peer: Peer: permanent_uuid: "7d751ce897c545bea9ea3f0c09f5bc87" member_type: VOTER last_known_addr { host: "127.12.30.65" port: 38883 }, Status: LMP_MISMATCH, Last received: 0.0, Next index: 1, Last known committed idx: 0, Time since last communication: 0.000s
I20260601 13:42:29.578555 17075 consensus_queue.cc:1048] T cbd65d53f67745f5b079ba69fc3a8fea P 5be83b3fa42946acb65c46a862c6535b [LEADER]: Connected to new peer: Peer: permanent_uuid: "7d751ce897c545bea9ea3f0c09f5bc87" member_type: VOTER last_known_addr { host: "127.12.30.65" port: 38883 }, Status: LMP_MISMATCH, Last received: 0.0, Next index: 1, Last known committed idx: 0, Time since last communication: 0.000s
I20260601 13:42:29.578788 17030 consensus_queue.cc:1048] T c0af40b357b348feaa46669105d038a1 P a00c561be5074e52846308d61b23780a [LEADER]: Connected to new peer: Peer: permanent_uuid: "7d751ce897c545bea9ea3f0c09f5bc87" member_type: VOTER last_known_addr { host: "127.12.30.65" port: 38883 }, Status: LMP_MISMATCH, Last received: 0.0, Next index: 1, Last known committed idx: 0, Time since last communication: 0.000s
I20260601 13:42:29.579015 17030 consensus_queue.cc:1048] T 44fc7f6c97b14dcf90a64422370a2405 P a00c561be5074e52846308d61b23780a [LEADER]: Connected to new peer: Peer: permanent_uuid: "5be83b3fa42946acb65c46a862c6535b" member_type: VOTER last_known_addr { host: "127.12.30.67" port: 46103 }, Status: LMP_MISMATCH, Last received: 0.0, Next index: 1, Last known committed idx: 0, Time since last communication: 0.000s
I20260601 13:42:29.579290 17039 consensus_queue.cc:1048] T d65e8e788a674c369ea16b73d59306a3 P 5be83b3fa42946acb65c46a862c6535b [LEADER]: Connected to new peer: Peer: permanent_uuid: "7d751ce897c545bea9ea3f0c09f5bc87" member_type: VOTER last_known_addr { host: "127.12.30.65" port: 38883 }, Status: LMP_MISMATCH, Last received: 0.0, Next index: 1, Last known committed idx: 0, Time since last communication: 0.000s
I20260601 13:42:29.579365 16975 raft_consensus.cc:1275] T 68369a74094f413abf4629967467c208 P 5be83b3fa42946acb65c46a862c6535b [term 1 FOLLOWER]: Refusing update from remote peer 7d751ce897c545bea9ea3f0c09f5bc87: Log matching property violated. Preceding OpId in replica: term: 0 index: 0. Preceding OpId from leader: term: 1 index: 2. (index mismatch)
I20260601 13:42:29.579566 17039 consensus_queue.cc:1048] T 6435269bff3344af829d2430e576656a P 5be83b3fa42946acb65c46a862c6535b [LEADER]: Connected to new peer: Peer: permanent_uuid: "7d751ce897c545bea9ea3f0c09f5bc87" member_type: VOTER last_known_addr { host: "127.12.30.65" port: 38883 }, Status: LMP_MISMATCH, Last received: 0.0, Next index: 1, Last known committed idx: 0, Time since last communication: 0.000s
I20260601 13:42:29.578523 16904 raft_consensus.cc:1275] T 68369a74094f413abf4629967467c208 P a00c561be5074e52846308d61b23780a [term 1 FOLLOWER]: Refusing update from remote peer 7d751ce897c545bea9ea3f0c09f5bc87: Log matching property violated. Preceding OpId in replica: term: 0 index: 0. Preceding OpId from leader: term: 1 index: 2. (index mismatch)
I20260601 13:42:29.580505 16827 raft_consensus.cc:1275] T 5f19e42ec7c44d36b5fa2b530ff5cf27 P 7d751ce897c545bea9ea3f0c09f5bc87 [term 1 FOLLOWER]: Refusing update from remote peer a00c561be5074e52846308d61b23780a: Log matching property violated. Preceding OpId in replica: term: 0 index: 0. Preceding OpId from leader: term: 1 index: 3. (index mismatch)
I20260601 13:42:29.581868 17069 consensus_queue.cc:1048] T 68369a74094f413abf4629967467c208 P 7d751ce897c545bea9ea3f0c09f5bc87 [LEADER]: Connected to new peer: Peer: permanent_uuid: "5be83b3fa42946acb65c46a862c6535b" member_type: VOTER last_known_addr { host: "127.12.30.67" port: 46103 }, Status: LMP_MISMATCH, Last received: 0.0, Next index: 1, Last known committed idx: 0, Time since last communication: 0.000s
I20260601 13:42:29.585163 16904 raft_consensus.cc:1275] T d65e8e788a674c369ea16b73d59306a3 P a00c561be5074e52846308d61b23780a [term 1 FOLLOWER]: Refusing update from remote peer 5be83b3fa42946acb65c46a862c6535b: Log matching property violated. Preceding OpId in replica: term: 0 index: 0. Preceding OpId from leader: term: 1 index: 2. (index mismatch)
I20260601 13:42:29.585520 17030 consensus_queue.cc:1048] T 44fc7f6c97b14dcf90a64422370a2405 P a00c561be5074e52846308d61b23780a [LEADER]: Connected to new peer: Peer: permanent_uuid: "7d751ce897c545bea9ea3f0c09f5bc87" member_type: VOTER last_known_addr { host: "127.12.30.65" port: 38883 }, Status: LMP_MISMATCH, Last received: 0.0, Next index: 1, Last known committed idx: 0, Time since last communication: 0.000s
I20260601 13:42:29.586159 17038 consensus_queue.cc:1048] T 68369a74094f413abf4629967467c208 P 7d751ce897c545bea9ea3f0c09f5bc87 [LEADER]: Connected to new peer: Peer: permanent_uuid: "a00c561be5074e52846308d61b23780a" member_type: VOTER last_known_addr { host: "127.12.30.66" port: 43003 }, Status: LMP_MISMATCH, Last received: 0.0, Next index: 1, Last known committed idx: 0, Time since last communication: 0.000s
I20260601 13:42:29.591635 16904 raft_consensus.cc:1275] T e79ca5dcde014090bc6f1df28936aeff P a00c561be5074e52846308d61b23780a [term 1 FOLLOWER]: Refusing update from remote peer 7d751ce897c545bea9ea3f0c09f5bc87: Log matching property violated. Preceding OpId in replica: term: 0 index: 0. Preceding OpId from leader: term: 1 index: 2. (index mismatch)
I20260601 13:42:29.591800 17075 consensus_queue.cc:1048] T 6435269bff3344af829d2430e576656a P 5be83b3fa42946acb65c46a862c6535b [LEADER]: Connected to new peer: Peer: permanent_uuid: "a00c561be5074e52846308d61b23780a" member_type: VOTER last_known_addr { host: "127.12.30.66" port: 43003 }, Status: LMP_MISMATCH, Last received: 0.0, Next index: 1, Last known committed idx: 0, Time since last communication: 0.000s
I20260601 13:42:29.592072 17075 consensus_queue.cc:1048] T cbd65d53f67745f5b079ba69fc3a8fea P 5be83b3fa42946acb65c46a862c6535b [LEADER]: Connected to new peer: Peer: permanent_uuid: "a00c561be5074e52846308d61b23780a" member_type: VOTER last_known_addr { host: "127.12.30.66" port: 43003 }, Status: LMP_MISMATCH, Last received: 0.0, Next index: 1, Last known committed idx: 0, Time since last communication: 0.000s
I20260601 13:42:29.592324 17075 consensus_queue.cc:1048] T f4ac85b34fae4b4a95823386bf4ca1ed P 5be83b3fa42946acb65c46a862c6535b [LEADER]: Connected to new peer: Peer: permanent_uuid: "a00c561be5074e52846308d61b23780a" member_type: VOTER last_known_addr { host: "127.12.30.66" port: 43003 }, Status: LMP_MISMATCH, Last received: 0.0, Next index: 1, Last known committed idx: 0, Time since last communication: 0.000s
I20260601 13:42:29.592546 17075 consensus_queue.cc:1048] T d65e8e788a674c369ea16b73d59306a3 P 5be83b3fa42946acb65c46a862c6535b [LEADER]: Connected to new peer: Peer: permanent_uuid: "a00c561be5074e52846308d61b23780a" member_type: VOTER last_known_addr { host: "127.12.30.66" port: 43003 }, Status: LMP_MISMATCH, Last received: 0.0, Next index: 1, Last known committed idx: 0, Time since last communication: 0.000s
I20260601 13:42:29.596895 17119 consensus_queue.cc:1048] T 5f19e42ec7c44d36b5fa2b530ff5cf27 P a00c561be5074e52846308d61b23780a [LEADER]: Connected to new peer: Peer: permanent_uuid: "7d751ce897c545bea9ea3f0c09f5bc87" member_type: VOTER last_known_addr { host: "127.12.30.65" port: 38883 }, Status: LMP_MISMATCH, Last received: 0.0, Next index: 1, Last known committed idx: 0, Time since last communication: 0.000s
I20260601 13:42:29.597699 17069 consensus_queue.cc:1048] T e79ca5dcde014090bc6f1df28936aeff P 7d751ce897c545bea9ea3f0c09f5bc87 [LEADER]: Connected to new peer: Peer: permanent_uuid: "a00c561be5074e52846308d61b23780a" member_type: VOTER last_known_addr { host: "127.12.30.66" port: 43003 }, Status: LMP_MISMATCH, Last received: 0.0, Next index: 1, Last known committed idx: 0, Time since last communication: 0.000s
I20260601 13:42:29.601909 17115 mvcc.cc:204] Tried to move back new op lower bound from 7292196247853707264 to 7292196246188625920. Current Snapshot: MvccSnapshot[applied={T|T < 7292196247853707264}]
I20260601 13:42:29.623304 17105 mvcc.cc:204] Tried to move back new op lower bound from 7292196247857475584 to 7292196246541312000. Current Snapshot: MvccSnapshot[applied={T|T < 7292196247857475584}]
I20260601 13:42:29.651201 17167 mvcc.cc:204] Tried to move back new op lower bound from 7292196247886270464 to 7292196246117289984. Current Snapshot: MvccSnapshot[applied={T|T < 7292196247886270464}]
I20260601 13:42:30.075107 12409 file_cache.cc:492] Constructed file cache file cache with capacity 419430
W20260601 13:42:30.077663 17178 instance_detector.cc:116] could not retrieve AWS instance metadata: Network error: curl error: HTTP response code said error: The requested URL returned error: 404
W20260601 13:42:30.077705 17179 instance_detector.cc:116] could not retrieve Azure instance metadata: Network error: curl error: HTTP response code said error: The requested URL returned error: 404
W20260601 13:42:30.077898 17181 instance_detector.cc:116] could not retrieve OpenStack instance metadata: Network error: curl error: HTTP response code said error: The requested URL returned error: 404
I20260601 13:42:30.078125 12409 server_base.cc:1061] running on GCE node
I20260601 13:42:30.078318 12409 hybrid_clock.cc:584] initializing the hybrid clock with 'system_unsync' time source
W20260601 13:42:30.078357 12409 system_unsync_time.cc:38] NTP support is disabled. Clock error bounds will not be accurate. This configuration is not suitable for distributed clusters.
I20260601 13:42:30.078374 12409 hybrid_clock.cc:648] HybridClock initialized: now 1780321350078374 us; error 0 us; skew 500 ppm
I20260601 13:42:30.079387 12409 webserver.cc:533] Webserver started at http://127.12.30.68:34783/ using document root <none> and password file <none>
I20260601 13:42:30.079545 12409 fs_manager.cc:362] Metadata directory not provided
I20260601 13:42:30.079592 12409 fs_manager.cc:368] Using write-ahead log directory (fs_wal_dir) as metadata directory
I20260601 13:42:30.079645 12409 server_base.cc:909] This appears to be a new deployment of Kudu; creating new FS layout
I20260601 13:42:30.079979 12409 fs_manager.cc:1068] Generated new instance metadata in path /tmp/dist-test-taskbygEQ6/test-tmp/auto_rebalancer-test.0.AutoRebalancerTest.TestMaxMovesPerServer.1780321244140747-12409-0/minicluster-data/ts-3-root/instance:
uuid: "0ff475f5aa9a420fabe0631dd8b48ead"
format_stamp: "Formatted at 2026-06-01 13:42:30 on dist-test-slave-q2l9"
I20260601 13:42:30.081382 12409 fs_manager.cc:696] Time spent creating directory manager: real 0.001s	user 0.002s	sys 0.000s
I20260601 13:42:30.082368 17186 log_block_manager.cc:4031] Time spent loading block containers with low live blocks: real 0.000s	user 0.000s	sys 0.000s
I20260601 13:42:30.082652 12409 fs_manager.cc:730] Time spent opening block manager: real 0.001s	user 0.001s	sys 0.000s
I20260601 13:42:30.082718 12409 fs_manager.cc:647] Opened local filesystem: /tmp/dist-test-taskbygEQ6/test-tmp/auto_rebalancer-test.0.AutoRebalancerTest.TestMaxMovesPerServer.1780321244140747-12409-0/minicluster-data/ts-3-root
uuid: "0ff475f5aa9a420fabe0631dd8b48ead"
format_stamp: "Formatted at 2026-06-01 13:42:30 on dist-test-slave-q2l9"
I20260601 13:42:30.082825 12409 fs_report.cc:389] FS layout report
--------------------
wal directory: /tmp/dist-test-taskbygEQ6/test-tmp/auto_rebalancer-test.0.AutoRebalancerTest.TestMaxMovesPerServer.1780321244140747-12409-0/minicluster-data/ts-3-root
metadata directory: /tmp/dist-test-taskbygEQ6/test-tmp/auto_rebalancer-test.0.AutoRebalancerTest.TestMaxMovesPerServer.1780321244140747-12409-0/minicluster-data/ts-3-root
1 data directories: /tmp/dist-test-taskbygEQ6/test-tmp/auto_rebalancer-test.0.AutoRebalancerTest.TestMaxMovesPerServer.1780321244140747-12409-0/minicluster-data/ts-3-root/data
Total live blocks: 0
Total live bytes: 0
Total live bytes (after alignment): 0
Total number of LBM containers: 0 (0 full)
Did not check for missing blocks
Did not check for orphaned blocks
Total full LBM containers with extra space: 0 (0 repaired)
Total full LBM container extra space in bytes: 0 (0 repaired)
Total incomplete LBM containers: 0 (0 repaired)
Total LBM partial records: 0 (0 repaired)
Total corrupted LBM metadata records in RocksDB: 0 (0 repaired)
I20260601 13:42:30.103278 12409 rpc_server.cc:225] running with OpenSSL 1.1.1  11 Sep 2018
I20260601 13:42:30.103772 12409 kserver.cc:163] Server-wide thread pool size limit: 3276
I20260601 13:42:30.104074 12409 txn_system_client.cc:432] TxnSystemClient initialization is disabled...
I20260601 13:42:30.104617 12409 ts_tablet_manager.cc:585] Loaded tablet metadata (0 total tablets, 0 live tablets)
I20260601 13:42:30.104683 12409 ts_tablet_manager.cc:531] Time spent load tablet metadata: real 0.000s	user 0.000s	sys 0.000s
I20260601 13:42:30.104744 12409 ts_tablet_manager.cc:616] Registered 0 tablets
I20260601 13:42:30.104797 12409 ts_tablet_manager.cc:595] Time spent register tablets: real 0.000s	user 0.000s	sys 0.000s
I20260601 13:42:30.109826 12409 rpc_server.cc:307] RPC server started. Bound to: 127.12.30.68:45127
I20260601 13:42:30.109903 17249 acceptor_pool.cc:272] collecting diagnostics on the listening RPC socket 127.12.30.68:45127 every 8 connection(s)
I20260601 13:42:30.110817 12409 file_cache.cc:492] Constructed file cache file cache with capacity 419430
W20260601 13:42:30.113052 17254 instance_detector.cc:116] could not retrieve AWS instance metadata: Network error: curl error: HTTP response code said error: The requested URL returned error: 404
W20260601 13:42:30.113062 17257 instance_detector.cc:116] could not retrieve OpenStack instance metadata: Network error: curl error: HTTP response code said error: The requested URL returned error: 404
I20260601 13:42:30.113175 12409 server_base.cc:1061] running on GCE node
W20260601 13:42:30.113415 17255 instance_detector.cc:116] could not retrieve Azure instance metadata: Network error: curl error: HTTP response code said error: The requested URL returned error: 404
I20260601 13:42:30.113651 12409 hybrid_clock.cc:584] initializing the hybrid clock with 'system_unsync' time source
W20260601 13:42:30.113826 12409 system_unsync_time.cc:38] NTP support is disabled. Clock error bounds will not be accurate. This configuration is not suitable for distributed clusters.
I20260601 13:42:30.113910 12409 hybrid_clock.cc:648] HybridClock initialized: now 1780321350113908 us; error 0 us; skew 500 ppm
I20260601 13:42:30.115027 12409 webserver.cc:533] Webserver started at http://127.12.30.69:46405/ using document root <none> and password file <none>
I20260601 13:42:30.115223 12409 fs_manager.cc:362] Metadata directory not provided
I20260601 13:42:30.115283 12409 fs_manager.cc:368] Using write-ahead log directory (fs_wal_dir) as metadata directory
I20260601 13:42:30.115442 12409 server_base.cc:909] This appears to be a new deployment of Kudu; creating new FS layout
I20260601 13:42:30.115414 17250 heartbeater.cc:344] Connected to a master server at 127.12.30.126:45547
I20260601 13:42:30.115581 17250 heartbeater.cc:461] Registering TS with master...
I20260601 13:42:30.115849 17250 heartbeater.cc:507] Master 127.12.30.126:45547 requested a full tablet report, sending...
I20260601 13:42:30.115883 12409 fs_manager.cc:1068] Generated new instance metadata in path /tmp/dist-test-taskbygEQ6/test-tmp/auto_rebalancer-test.0.AutoRebalancerTest.TestMaxMovesPerServer.1780321244140747-12409-0/minicluster-data/ts-4-root/instance:
uuid: "11dcc5ef46b74b8c8c4ed39052a3a5ac"
format_stamp: "Formatted at 2026-06-01 13:42:30 on dist-test-slave-q2l9"
I20260601 13:42:30.116523 16720 ts_manager.cc:194] Registered new tserver with Master: 0ff475f5aa9a420fabe0631dd8b48ead (127.12.30.68:45127)
I20260601 13:42:30.117062 16720 master_service.cc:502] Signed X509 certificate for tserver {username='slave'} at 127.0.0.1:40180
I20260601 13:42:30.117713 12409 fs_manager.cc:696] Time spent creating directory manager: real 0.002s	user 0.002s	sys 0.000s
I20260601 13:42:30.118731 17262 log_block_manager.cc:4031] Time spent loading block containers with low live blocks: real 0.000s	user 0.000s	sys 0.000s
I20260601 13:42:30.119009 12409 fs_manager.cc:730] Time spent opening block manager: real 0.001s	user 0.001s	sys 0.000s
I20260601 13:42:30.119083 12409 fs_manager.cc:647] Opened local filesystem: /tmp/dist-test-taskbygEQ6/test-tmp/auto_rebalancer-test.0.AutoRebalancerTest.TestMaxMovesPerServer.1780321244140747-12409-0/minicluster-data/ts-4-root
uuid: "11dcc5ef46b74b8c8c4ed39052a3a5ac"
format_stamp: "Formatted at 2026-06-01 13:42:30 on dist-test-slave-q2l9"
I20260601 13:42:30.119146 12409 fs_report.cc:389] FS layout report
--------------------
wal directory: /tmp/dist-test-taskbygEQ6/test-tmp/auto_rebalancer-test.0.AutoRebalancerTest.TestMaxMovesPerServer.1780321244140747-12409-0/minicluster-data/ts-4-root
metadata directory: /tmp/dist-test-taskbygEQ6/test-tmp/auto_rebalancer-test.0.AutoRebalancerTest.TestMaxMovesPerServer.1780321244140747-12409-0/minicluster-data/ts-4-root
1 data directories: /tmp/dist-test-taskbygEQ6/test-tmp/auto_rebalancer-test.0.AutoRebalancerTest.TestMaxMovesPerServer.1780321244140747-12409-0/minicluster-data/ts-4-root/data
Total live blocks: 0
Total live bytes: 0
Total live bytes (after alignment): 0
Total number of LBM containers: 0 (0 full)
Did not check for missing blocks
Did not check for orphaned blocks
Total full LBM containers with extra space: 0 (0 repaired)
Total full LBM container extra space in bytes: 0 (0 repaired)
Total incomplete LBM containers: 0 (0 repaired)
Total LBM partial records: 0 (0 repaired)
Total corrupted LBM metadata records in RocksDB: 0 (0 repaired)
I20260601 13:42:30.137756 12409 rpc_server.cc:225] running with OpenSSL 1.1.1  11 Sep 2018
I20260601 13:42:30.138202 12409 kserver.cc:163] Server-wide thread pool size limit: 3276
I20260601 13:42:30.138453 12409 txn_system_client.cc:432] TxnSystemClient initialization is disabled...
I20260601 13:42:30.138944 12409 ts_tablet_manager.cc:585] Loaded tablet metadata (0 total tablets, 0 live tablets)
I20260601 13:42:30.138994 12409 ts_tablet_manager.cc:531] Time spent load tablet metadata: real 0.000s	user 0.000s	sys 0.000s
I20260601 13:42:30.139060 12409 ts_tablet_manager.cc:616] Registered 0 tablets
I20260601 13:42:30.139101 12409 ts_tablet_manager.cc:595] Time spent register tablets: real 0.000s	user 0.000s	sys 0.000s
I20260601 13:42:30.143942 12409 rpc_server.cc:307] RPC server started. Bound to: 127.12.30.69:43201
I20260601 13:42:30.143967 17325 acceptor_pool.cc:272] collecting diagnostics on the listening RPC socket 127.12.30.69:43201 every 8 connection(s)
I20260601 13:42:30.144861 12409 file_cache.cc:492] Constructed file cache file cache with capacity 419430
W20260601 13:42:30.147032 17329 instance_detector.cc:116] could not retrieve AWS instance metadata: Network error: curl error: HTTP response code said error: The requested URL returned error: 404
W20260601 13:42:30.147028 17330 instance_detector.cc:116] could not retrieve Azure instance metadata: Network error: curl error: HTTP response code said error: The requested URL returned error: 404
W20260601 13:42:30.148526 17332 instance_detector.cc:116] could not retrieve OpenStack instance metadata: Network error: curl error: HTTP response code said error: The requested URL returned error: 404
I20260601 13:42:30.148528 12409 server_base.cc:1061] running on GCE node
I20260601 13:42:30.148929 12409 hybrid_clock.cc:584] initializing the hybrid clock with 'system_unsync' time source
W20260601 13:42:30.148990 12409 system_unsync_time.cc:38] NTP support is disabled. Clock error bounds will not be accurate. This configuration is not suitable for distributed clusters.
I20260601 13:42:30.149027 12409 hybrid_clock.cc:648] HybridClock initialized: now 1780321350149026 us; error 0 us; skew 500 ppm
I20260601 13:42:30.149351 17326 heartbeater.cc:344] Connected to a master server at 127.12.30.126:45547
I20260601 13:42:30.149468 17326 heartbeater.cc:461] Registering TS with master...
I20260601 13:42:30.149791 17326 heartbeater.cc:507] Master 127.12.30.126:45547 requested a full tablet report, sending...
I20260601 13:42:30.150100 12409 webserver.cc:533] Webserver started at http://127.12.30.70:33553/ using document root <none> and password file <none>
I20260601 13:42:30.150308 12409 fs_manager.cc:362] Metadata directory not provided
I20260601 13:42:30.150384 12409 fs_manager.cc:368] Using write-ahead log directory (fs_wal_dir) as metadata directory
I20260601 13:42:30.150462 12409 server_base.cc:909] This appears to be a new deployment of Kudu; creating new FS layout
I20260601 13:42:30.150486 16720 ts_manager.cc:194] Registered new tserver with Master: 11dcc5ef46b74b8c8c4ed39052a3a5ac (127.12.30.69:43201)
I20260601 13:42:30.150890 12409 fs_manager.cc:1068] Generated new instance metadata in path /tmp/dist-test-taskbygEQ6/test-tmp/auto_rebalancer-test.0.AutoRebalancerTest.TestMaxMovesPerServer.1780321244140747-12409-0/minicluster-data/ts-5-root/instance:
uuid: "20b4c36f6a6e4c868930676b51007e9e"
format_stamp: "Formatted at 2026-06-01 13:42:30 on dist-test-slave-q2l9"
I20260601 13:42:30.151180 16720 master_service.cc:502] Signed X509 certificate for tserver {username='slave'} at 127.0.0.1:40194
I20260601 13:42:30.152582 12409 fs_manager.cc:696] Time spent creating directory manager: real 0.001s	user 0.000s	sys 0.002s
I20260601 13:42:30.153460 17337 log_block_manager.cc:4031] Time spent loading block containers with low live blocks: real 0.000s	user 0.000s	sys 0.000s
I20260601 13:42:30.153721 12409 fs_manager.cc:730] Time spent opening block manager: real 0.001s	user 0.000s	sys 0.001s
I20260601 13:42:30.153782 12409 fs_manager.cc:647] Opened local filesystem: /tmp/dist-test-taskbygEQ6/test-tmp/auto_rebalancer-test.0.AutoRebalancerTest.TestMaxMovesPerServer.1780321244140747-12409-0/minicluster-data/ts-5-root
uuid: "20b4c36f6a6e4c868930676b51007e9e"
format_stamp: "Formatted at 2026-06-01 13:42:30 on dist-test-slave-q2l9"
I20260601 13:42:30.153877 12409 fs_report.cc:389] FS layout report
--------------------
wal directory: /tmp/dist-test-taskbygEQ6/test-tmp/auto_rebalancer-test.0.AutoRebalancerTest.TestMaxMovesPerServer.1780321244140747-12409-0/minicluster-data/ts-5-root
metadata directory: /tmp/dist-test-taskbygEQ6/test-tmp/auto_rebalancer-test.0.AutoRebalancerTest.TestMaxMovesPerServer.1780321244140747-12409-0/minicluster-data/ts-5-root
1 data directories: /tmp/dist-test-taskbygEQ6/test-tmp/auto_rebalancer-test.0.AutoRebalancerTest.TestMaxMovesPerServer.1780321244140747-12409-0/minicluster-data/ts-5-root/data
Total live blocks: 0
Total live bytes: 0
Total live bytes (after alignment): 0
Total number of LBM containers: 0 (0 full)
Did not check for missing blocks
Did not check for orphaned blocks
Total full LBM containers with extra space: 0 (0 repaired)
Total full LBM container extra space in bytes: 0 (0 repaired)
Total incomplete LBM containers: 0 (0 repaired)
Total LBM partial records: 0 (0 repaired)
Total corrupted LBM metadata records in RocksDB: 0 (0 repaired)
I20260601 13:42:30.158929 12409 rpc_server.cc:225] running with OpenSSL 1.1.1  11 Sep 2018
I20260601 13:42:30.159454 12409 kserver.cc:163] Server-wide thread pool size limit: 3276
I20260601 13:42:30.159796 12409 txn_system_client.cc:432] TxnSystemClient initialization is disabled...
I20260601 13:42:30.160275 12409 ts_tablet_manager.cc:585] Loaded tablet metadata (0 total tablets, 0 live tablets)
I20260601 13:42:30.160315 12409 ts_tablet_manager.cc:531] Time spent load tablet metadata: real 0.000s	user 0.000s	sys 0.000s
I20260601 13:42:30.160398 12409 ts_tablet_manager.cc:616] Registered 0 tablets
I20260601 13:42:30.160440 12409 ts_tablet_manager.cc:595] Time spent register tablets: real 0.000s	user 0.000s	sys 0.000s
I20260601 13:42:30.165097 12409 rpc_server.cc:307] RPC server started. Bound to: 127.12.30.70:37913
I20260601 13:42:30.165246 17400 acceptor_pool.cc:272] collecting diagnostics on the listening RPC socket 127.12.30.70:37913 every 8 connection(s)
I20260601 13:42:30.170192 17401 heartbeater.cc:344] Connected to a master server at 127.12.30.126:45547
I20260601 13:42:30.170331 17401 heartbeater.cc:461] Registering TS with master...
I20260601 13:42:30.170603 17401 heartbeater.cc:507] Master 127.12.30.126:45547 requested a full tablet report, sending...
I20260601 13:42:30.171249 16720 ts_manager.cc:194] Registered new tserver with Master: 20b4c36f6a6e4c868930676b51007e9e (127.12.30.70:37913)
I20260601 13:42:30.171814 16720 master_service.cc:502] Signed X509 certificate for tserver {username='slave'} at 127.0.0.1:40198
I20260601 13:42:30.843205 16905 consensus_queue.cc:237] T 44fc7f6c97b14dcf90a64422370a2405 P a00c561be5074e52846308d61b23780a [LEADER]: Queue going to LEADER mode. State: All replicated index: 0, Majority replicated index: 27, Committed index: 27, Last appended: 1.27, Last appended by leader: 0, Current term: 1, Majority size: 2, State: 0, Mode: LEADER, active raft config: opid_index: 28 OBSOLETE_local: false peers { permanent_uuid: "7d751ce897c545bea9ea3f0c09f5bc87" member_type: VOTER last_known_addr { host: "127.12.30.65" port: 38883 } } peers { permanent_uuid: "a00c561be5074e52846308d61b23780a" member_type: VOTER last_known_addr { host: "127.12.30.66" port: 43003 } } peers { permanent_uuid: "5be83b3fa42946acb65c46a862c6535b" member_type: VOTER last_known_addr { host: "127.12.30.67" port: 46103 } attrs { replace: true } } peers { permanent_uuid: "0ff475f5aa9a420fabe0631dd8b48ead" member_type: NON_VOTER last_known_addr { host: "127.12.30.68" port: 45127 } attrs { promote: true } }
