[==========] Running 24 tests from 2 test suites.
[----------] Global test environment set-up.
[----------] 22 tests from AutoRebalancerTest
[ RUN      ] AutoRebalancerTest.OnlyLeaderDoesAutoRebalancing
WARNING: Logging before InitGoogleLogging() is written to STDERR
I20260601 13:40:44.152113 12409 internal_mini_cluster.cc:156] Creating distributed mini masters. Addrs: 127.12.30.126:32965,127.12.30.125:40977,127.12.30.124:35503
I20260601 13:40:44.153409 12409 env_posix.cc:2267] Not raising this process' open files per process limit of 1048576; it is already as high as it can go
I20260601 13:40:44.154032 12409 file_cache.cc:492] Constructed file cache file cache with capacity 419430
W20260601 13:40:44.160915 12415 instance_detector.cc:116] could not retrieve Azure instance metadata: Network error: curl error: HTTP response code said error: The requested URL returned error: 404
W20260601 13:40:44.161000 12417 instance_detector.cc:116] could not retrieve OpenStack instance metadata: Network error: curl error: HTTP response code said error: The requested URL returned error: 404
W20260601 13:40:44.160915 12414 instance_detector.cc:116] could not retrieve AWS instance metadata: Network error: curl error: HTTP response code said error: The requested URL returned error: 404
I20260601 13:40:44.161172 12409 server_base.cc:1061] running on GCE node
I20260601 13:40:44.161718 12409 hybrid_clock.cc:584] initializing the hybrid clock with 'system_unsync' time source
W20260601 13:40:44.161849 12409 system_unsync_time.cc:38] NTP support is disabled. Clock error bounds will not be accurate. This configuration is not suitable for distributed clusters.
I20260601 13:40:44.161898 12409 hybrid_clock.cc:648] HybridClock initialized: now 1780321244161895 us; error 0 us; skew 500 ppm
I20260601 13:40:44.163960 12409 webserver.cc:533] Webserver started at http://127.12.30.126:39757/ using document root <none> and password file <none>
I20260601 13:40:44.164603 12409 fs_manager.cc:362] Metadata directory not provided
I20260601 13:40:44.164696 12409 fs_manager.cc:368] Using write-ahead log directory (fs_wal_dir) as metadata directory
I20260601 13:40:44.164983 12409 server_base.cc:909] This appears to be a new deployment of Kudu; creating new FS layout
I20260601 13:40:44.166666 12409 fs_manager.cc:1068] Generated new instance metadata in path /tmp/dist-test-taskbygEQ6/test-tmp/auto_rebalancer-test.0.AutoRebalancerTest.OnlyLeaderDoesAutoRebalancing.1780321244140747-12409-0/minicluster-data/master-0-root/instance:
uuid: "f358e170ce924055b8e9f9607725957a"
format_stamp: "Formatted at 2026-06-01 13:40:44 on dist-test-slave-q2l9"
I20260601 13:40:44.170723 12409 fs_manager.cc:696] Time spent creating directory manager: real 0.004s	user 0.006s	sys 0.000s
I20260601 13:40:44.173310 12422 log_block_manager.cc:4031] Time spent loading block containers with low live blocks: real 0.000s	user 0.000s	sys 0.000s
I20260601 13:40:44.174551 12409 fs_manager.cc:730] Time spent opening block manager: real 0.002s	user 0.002s	sys 0.000s
I20260601 13:40:44.174700 12409 fs_manager.cc:647] Opened local filesystem: /tmp/dist-test-taskbygEQ6/test-tmp/auto_rebalancer-test.0.AutoRebalancerTest.OnlyLeaderDoesAutoRebalancing.1780321244140747-12409-0/minicluster-data/master-0-root
uuid: "f358e170ce924055b8e9f9607725957a"
format_stamp: "Formatted at 2026-06-01 13:40:44 on dist-test-slave-q2l9"
I20260601 13:40:44.174814 12409 fs_report.cc:389] FS layout report
--------------------
wal directory: /tmp/dist-test-taskbygEQ6/test-tmp/auto_rebalancer-test.0.AutoRebalancerTest.OnlyLeaderDoesAutoRebalancing.1780321244140747-12409-0/minicluster-data/master-0-root
metadata directory: /tmp/dist-test-taskbygEQ6/test-tmp/auto_rebalancer-test.0.AutoRebalancerTest.OnlyLeaderDoesAutoRebalancing.1780321244140747-12409-0/minicluster-data/master-0-root
1 data directories: /tmp/dist-test-taskbygEQ6/test-tmp/auto_rebalancer-test.0.AutoRebalancerTest.OnlyLeaderDoesAutoRebalancing.1780321244140747-12409-0/minicluster-data/master-0-root/data
Total live blocks: 0
Total live bytes: 0
Total live bytes (after alignment): 0
Total number of LBM containers: 0 (0 full)
Did not check for missing blocks
Did not check for orphaned blocks
Total full LBM containers with extra space: 0 (0 repaired)
Total full LBM container extra space in bytes: 0 (0 repaired)
Total incomplete LBM containers: 0 (0 repaired)
Total LBM partial records: 0 (0 repaired)
Total corrupted LBM metadata records in RocksDB: 0 (0 repaired)
I20260601 13:40:44.192461 12409 rpc_server.cc:225] running with OpenSSL 1.1.1  11 Sep 2018
I20260601 13:40:44.193084 12409 env_posix.cc:2267] Not raising this process' running threads per effective uid limit of 18446744073709551615; it is already as high as it can go
I20260601 13:40:44.193270 12409 kserver.cc:163] Server-wide thread pool size limit: 3276
I20260601 13:40:44.200536 12409 rpc_server.cc:307] RPC server started. Bound to: 127.12.30.126:32965
I20260601 13:40:44.200569 12474 acceptor_pool.cc:272] collecting diagnostics on the listening RPC socket 127.12.30.126:32965 every 8 connection(s)
I20260601 13:40:44.201853 12409 file_cache.cc:492] Constructed file cache file cache with capacity 419430
W20260601 13:40:44.203622 12477 instance_detector.cc:116] could not retrieve AWS instance metadata: Network error: curl error: HTTP response code said error: The requested URL returned error: 404
W20260601 13:40:44.203622 12478 instance_detector.cc:116] could not retrieve Azure instance metadata: Network error: curl error: HTTP response code said error: The requested URL returned error: 404
W20260601 13:40:44.203750 12480 instance_detector.cc:116] could not retrieve OpenStack instance metadata: Network error: curl error: HTTP response code said error: The requested URL returned error: 404
I20260601 13:40:44.203990 12409 server_base.cc:1061] running on GCE node
I20260601 13:40:44.204178 12409 hybrid_clock.cc:584] initializing the hybrid clock with 'system_unsync' time source
I20260601 13:40:44.204197 12475 data_dirs.cc:400] Could only allocate 1 dirs of requested 3 for tablet 00000000000000000000000000000000. 1 dirs total, 0 dirs full, 0 dirs failed
W20260601 13:40:44.204217 12409 system_unsync_time.cc:38] NTP support is disabled. Clock error bounds will not be accurate. This configuration is not suitable for distributed clusters.
I20260601 13:40:44.204304 12409 hybrid_clock.cc:648] HybridClock initialized: now 1780321244204303 us; error 0 us; skew 500 ppm
I20260601 13:40:44.205176 12409 webserver.cc:533] Webserver started at http://127.12.30.125:38729/ using document root <none> and password file <none>
I20260601 13:40:44.205343 12409 fs_manager.cc:362] Metadata directory not provided
I20260601 13:40:44.205386 12409 fs_manager.cc:368] Using write-ahead log directory (fs_wal_dir) as metadata directory
I20260601 13:40:44.205468 12409 server_base.cc:909] This appears to be a new deployment of Kudu; creating new FS layout
I20260601 13:40:44.205873 12409 fs_manager.cc:1068] Generated new instance metadata in path /tmp/dist-test-taskbygEQ6/test-tmp/auto_rebalancer-test.0.AutoRebalancerTest.OnlyLeaderDoesAutoRebalancing.1780321244140747-12409-0/minicluster-data/master-1-root/instance:
uuid: "c08faead15bf4a78baad46db3c61a483"
format_stamp: "Formatted at 2026-06-01 13:40:44 on dist-test-slave-q2l9"
I20260601 13:40:44.207531 12409 fs_manager.cc:696] Time spent creating directory manager: real 0.001s	user 0.001s	sys 0.001s
I20260601 13:40:44.208563 12485 log_block_manager.cc:4031] Time spent loading block containers with low live blocks: real 0.000s	user 0.000s	sys 0.000s
I20260601 13:40:44.208838 12409 fs_manager.cc:730] Time spent opening block manager: real 0.001s	user 0.001s	sys 0.000s
I20260601 13:40:44.208896 12409 fs_manager.cc:647] Opened local filesystem: /tmp/dist-test-taskbygEQ6/test-tmp/auto_rebalancer-test.0.AutoRebalancerTest.OnlyLeaderDoesAutoRebalancing.1780321244140747-12409-0/minicluster-data/master-1-root
uuid: "c08faead15bf4a78baad46db3c61a483"
format_stamp: "Formatted at 2026-06-01 13:40:44 on dist-test-slave-q2l9"
I20260601 13:40:44.208978 12409 fs_report.cc:389] FS layout report
--------------------
wal directory: /tmp/dist-test-taskbygEQ6/test-tmp/auto_rebalancer-test.0.AutoRebalancerTest.OnlyLeaderDoesAutoRebalancing.1780321244140747-12409-0/minicluster-data/master-1-root
metadata directory: /tmp/dist-test-taskbygEQ6/test-tmp/auto_rebalancer-test.0.AutoRebalancerTest.OnlyLeaderDoesAutoRebalancing.1780321244140747-12409-0/minicluster-data/master-1-root
1 data directories: /tmp/dist-test-taskbygEQ6/test-tmp/auto_rebalancer-test.0.AutoRebalancerTest.OnlyLeaderDoesAutoRebalancing.1780321244140747-12409-0/minicluster-data/master-1-root/data
Total live blocks: 0
Total live bytes: 0
Total live bytes (after alignment): 0
Total number of LBM containers: 0 (0 full)
Did not check for missing blocks
Did not check for orphaned blocks
Total full LBM containers with extra space: 0 (0 repaired)
Total full LBM container extra space in bytes: 0 (0 repaired)
Total incomplete LBM containers: 0 (0 repaired)
Total LBM partial records: 0 (0 repaired)
Total corrupted LBM metadata records in RocksDB: 0 (0 repaired)
I20260601 13:40:44.208801 12475 sys_catalog.cc:422] member_type: VOTER last_known_addr { host: "127.12.30.126" port: 32965 } has no permanent_uuid. Determining permanent_uuid...
I20260601 13:40:44.215854 12409 rpc_server.cc:225] running with OpenSSL 1.1.1  11 Sep 2018
I20260601 13:40:44.216292 12409 kserver.cc:163] Server-wide thread pool size limit: 3276
I20260601 13:40:44.221791 12475 sys_catalog.cc:422] member_type: VOTER last_known_addr { host: "127.12.30.125" port: 40977 } has no permanent_uuid. Determining permanent_uuid...
I20260601 13:40:44.222559 12409 rpc_server.cc:307] RPC server started. Bound to: 127.12.30.125:40977
I20260601 13:40:44.222576 12539 acceptor_pool.cc:272] collecting diagnostics on the listening RPC socket 127.12.30.125:40977 every 8 connection(s)
W20260601 13:40:44.222666 12426 proxy.cc:239] Call had error, refreshing address and retrying: Network error: Client connection negotiation failed: client connection to 127.12.30.125:40977: connect: Connection refused (error 111)
I20260601 13:40:44.223505 12409 file_cache.cc:492] Constructed file cache file cache with capacity 419430
I20260601 13:40:44.223675 12541 data_dirs.cc:400] Could only allocate 1 dirs of requested 3 for tablet 00000000000000000000000000000000. 1 dirs total, 0 dirs full, 0 dirs failed
I20260601 13:40:44.225026 12541 sys_catalog.cc:422] member_type: VOTER last_known_addr { host: "127.12.30.126" port: 32965 } has no permanent_uuid. Determining permanent_uuid...
W20260601 13:40:44.225263 12544 instance_detector.cc:116] could not retrieve AWS instance metadata: Network error: curl error: HTTP response code said error: The requested URL returned error: 404
W20260601 13:40:44.226716 12545 instance_detector.cc:116] could not retrieve Azure instance metadata: Network error: curl error: HTTP response code said error: The requested URL returned error: 404
W20260601 13:40:44.227046 12547 instance_detector.cc:116] could not retrieve OpenStack instance metadata: Network error: curl error: HTTP response code said error: The requested URL returned error: 404
I20260601 13:40:44.227460 12409 server_base.cc:1061] running on GCE node
I20260601 13:40:44.227720 12409 hybrid_clock.cc:584] initializing the hybrid clock with 'system_unsync' time source
W20260601 13:40:44.227840 12409 system_unsync_time.cc:38] NTP support is disabled. Clock error bounds will not be accurate. This configuration is not suitable for distributed clusters.
I20260601 13:40:44.227910 12409 hybrid_clock.cc:648] HybridClock initialized: now 1780321244227909 us; error 0 us; skew 500 ppm
I20260601 13:40:44.228899 12409 webserver.cc:533] Webserver started at http://127.12.30.124:38921/ using document root <none> and password file <none>
I20260601 13:40:44.228912 12475 sys_catalog.cc:422] member_type: VOTER last_known_addr { host: "127.12.30.124" port: 35503 } has no permanent_uuid. Determining permanent_uuid...
I20260601 13:40:44.229158 12409 fs_manager.cc:362] Metadata directory not provided
I20260601 13:40:44.229210 12409 fs_manager.cc:368] Using write-ahead log directory (fs_wal_dir) as metadata directory
I20260601 13:40:44.229276 12409 server_base.cc:909] This appears to be a new deployment of Kudu; creating new FS layout
I20260601 13:40:44.229760 12409 fs_manager.cc:1068] Generated new instance metadata in path /tmp/dist-test-taskbygEQ6/test-tmp/auto_rebalancer-test.0.AutoRebalancerTest.OnlyLeaderDoesAutoRebalancing.1780321244140747-12409-0/minicluster-data/master-2-root/instance:
uuid: "a09f57160de446a2bfd1bba23dc99988"
format_stamp: "Formatted at 2026-06-01 13:40:44 on dist-test-slave-q2l9"
I20260601 13:40:44.230088 12541 sys_catalog.cc:422] member_type: VOTER last_known_addr { host: "127.12.30.125" port: 40977 } has no permanent_uuid. Determining permanent_uuid...
W20260601 13:40:44.230860 12475 consensus_peers.cc:760] Error getting permanent uuid from config peer 127.12.30.124:35503: Network error: Client connection negotiation failed: client connection to 127.12.30.124:35503: connect: Connection refused (error 111)
I20260601 13:40:44.231714 12409 fs_manager.cc:696] Time spent creating directory manager: real 0.002s	user 0.000s	sys 0.002s
I20260601 13:40:44.232647 12553 log_block_manager.cc:4031] Time spent loading block containers with low live blocks: real 0.000s	user 0.000s	sys 0.000s
I20260601 13:40:44.233227 12409 fs_manager.cc:730] Time spent opening block manager: real 0.001s	user 0.000s	sys 0.001s
I20260601 13:40:44.233424 12409 fs_manager.cc:647] Opened local filesystem: /tmp/dist-test-taskbygEQ6/test-tmp/auto_rebalancer-test.0.AutoRebalancerTest.OnlyLeaderDoesAutoRebalancing.1780321244140747-12409-0/minicluster-data/master-2-root
uuid: "a09f57160de446a2bfd1bba23dc99988"
format_stamp: "Formatted at 2026-06-01 13:40:44 on dist-test-slave-q2l9"
I20260601 13:40:44.233505 12409 fs_report.cc:389] FS layout report
--------------------
wal directory: /tmp/dist-test-taskbygEQ6/test-tmp/auto_rebalancer-test.0.AutoRebalancerTest.OnlyLeaderDoesAutoRebalancing.1780321244140747-12409-0/minicluster-data/master-2-root
metadata directory: /tmp/dist-test-taskbygEQ6/test-tmp/auto_rebalancer-test.0.AutoRebalancerTest.OnlyLeaderDoesAutoRebalancing.1780321244140747-12409-0/minicluster-data/master-2-root
1 data directories: /tmp/dist-test-taskbygEQ6/test-tmp/auto_rebalancer-test.0.AutoRebalancerTest.OnlyLeaderDoesAutoRebalancing.1780321244140747-12409-0/minicluster-data/master-2-root/data
Total live blocks: 0
Total live bytes: 0
Total live bytes (after alignment): 0
Total number of LBM containers: 0 (0 full)
Did not check for missing blocks
Did not check for orphaned blocks
Total full LBM containers with extra space: 0 (0 repaired)
Total full LBM container extra space in bytes: 0 (0 repaired)
Total incomplete LBM containers: 0 (0 repaired)
Total LBM partial records: 0 (0 repaired)
Total corrupted LBM metadata records in RocksDB: 0 (0 repaired)
I20260601 13:40:44.234377 12541 sys_catalog.cc:422] member_type: VOTER last_known_addr { host: "127.12.30.124" port: 35503 } has no permanent_uuid. Determining permanent_uuid...
W20260601 13:40:44.235767 12541 consensus_peers.cc:760] Error getting permanent uuid from config peer 127.12.30.124:35503: Network error: Client connection negotiation failed: client connection to 127.12.30.124:35503: connect: Connection refused (error 111)
I20260601 13:40:44.247882 12409 rpc_server.cc:225] running with OpenSSL 1.1.1  11 Sep 2018
I20260601 13:40:44.248345 12409 kserver.cc:163] Server-wide thread pool size limit: 3276
I20260601 13:40:44.253283 12409 rpc_server.cc:307] RPC server started. Bound to: 127.12.30.124:35503
I20260601 13:40:44.253373 12606 acceptor_pool.cc:272] collecting diagnostics on the listening RPC socket 127.12.30.124:35503 every 8 connection(s)
I20260601 13:40:44.253818 12409 internal_mini_cluster.cc:184] Waiting to initialize catalog manager on master 0
I20260601 13:40:44.254279 12607 data_dirs.cc:400] Could only allocate 1 dirs of requested 3 for tablet 00000000000000000000000000000000. 1 dirs total, 0 dirs full, 0 dirs failed
I20260601 13:40:44.255419 12607 sys_catalog.cc:422] member_type: VOTER last_known_addr { host: "127.12.30.126" port: 32965 } has no permanent_uuid. Determining permanent_uuid...
I20260601 13:40:44.259949 12607 sys_catalog.cc:422] member_type: VOTER last_known_addr { host: "127.12.30.125" port: 40977 } has no permanent_uuid. Determining permanent_uuid...
I20260601 13:40:44.263545 12607 sys_catalog.cc:422] member_type: VOTER last_known_addr { host: "127.12.30.124" port: 35503 } has no permanent_uuid. Determining permanent_uuid...
I20260601 13:40:44.269543 12607 tablet_bootstrap.cc:492] T 00000000000000000000000000000000 P a09f57160de446a2bfd1bba23dc99988: Bootstrap starting.
I20260601 13:40:44.272230 12607 tablet_bootstrap.cc:654] T 00000000000000000000000000000000 P a09f57160de446a2bfd1bba23dc99988: Neither blocks nor log segments found. Creating new log.
I20260601 13:40:44.273139 12607 log.cc:826] T 00000000000000000000000000000000 P a09f57160de446a2bfd1bba23dc99988: Log is configured to *not* fsync() on all Append() calls
I20260601 13:40:44.274724 12607 tablet_bootstrap.cc:492] T 00000000000000000000000000000000 P a09f57160de446a2bfd1bba23dc99988: No bootstrap required, opened a new log
I20260601 13:40:44.277199 12607 raft_consensus.cc:359] T 00000000000000000000000000000000 P a09f57160de446a2bfd1bba23dc99988 [term 0 FOLLOWER]: Replica starting. Triggering 0 pending ops. Active config: opid_index: -1 OBSOLETE_local: false peers { permanent_uuid: "f358e170ce924055b8e9f9607725957a" member_type: VOTER last_known_addr { host: "127.12.30.126" port: 32965 } } peers { permanent_uuid: "c08faead15bf4a78baad46db3c61a483" member_type: VOTER last_known_addr { host: "127.12.30.125" port: 40977 } } peers { permanent_uuid: "a09f57160de446a2bfd1bba23dc99988" member_type: VOTER last_known_addr { host: "127.12.30.124" port: 35503 } }
I20260601 13:40:44.277377 12607 raft_consensus.cc:385] T 00000000000000000000000000000000 P a09f57160de446a2bfd1bba23dc99988 [term 0 FOLLOWER]: Consensus starting up: Expiring failure detector timer to make a prompt election more likely
I20260601 13:40:44.277468 12607 raft_consensus.cc:740] T 00000000000000000000000000000000 P a09f57160de446a2bfd1bba23dc99988 [term 0 FOLLOWER]: Becoming Follower/Learner. State: Replica: a09f57160de446a2bfd1bba23dc99988, State: Initialized, Role: FOLLOWER
I20260601 13:40:44.277848 12607 consensus_queue.cc:260] T 00000000000000000000000000000000 P a09f57160de446a2bfd1bba23dc99988 [NON_LEADER]: Queue going to NON_LEADER mode. State: All replicated index: 0, Majority replicated index: 0, Committed index: 0, Last appended: 0.0, Last appended by leader: 0, Current term: 0, Majority size: -1, State: 0, Mode: NON_LEADER, active raft config: opid_index: -1 OBSOLETE_local: false peers { permanent_uuid: "f358e170ce924055b8e9f9607725957a" member_type: VOTER last_known_addr { host: "127.12.30.126" port: 32965 } } peers { permanent_uuid: "c08faead15bf4a78baad46db3c61a483" member_type: VOTER last_known_addr { host: "127.12.30.125" port: 40977 } } peers { permanent_uuid: "a09f57160de446a2bfd1bba23dc99988" member_type: VOTER last_known_addr { host: "127.12.30.124" port: 35503 } }
I20260601 13:40:44.278303 12612 sys_catalog.cc:455] T 00000000000000000000000000000000 P a09f57160de446a2bfd1bba23dc99988 [sys.catalog]: SysCatalogTable state changed. Reason: RaftConsensus started. Latest consensus state: current_term: 0 committed_config { opid_index: -1 OBSOLETE_local: false peers { permanent_uuid: "f358e170ce924055b8e9f9607725957a" member_type: VOTER last_known_addr { host: "127.12.30.126" port: 32965 } } peers { permanent_uuid: "c08faead15bf4a78baad46db3c61a483" member_type: VOTER last_known_addr { host: "127.12.30.125" port: 40977 } } peers { permanent_uuid: "a09f57160de446a2bfd1bba23dc99988" member_type: VOTER last_known_addr { host: "127.12.30.124" port: 35503 } } }
I20260601 13:40:44.278412 12612 sys_catalog.cc:458] T 00000000000000000000000000000000 P a09f57160de446a2bfd1bba23dc99988 [sys.catalog]: This master's current role is: FOLLOWER
I20260601 13:40:44.279055 12607 sys_catalog.cc:565] T 00000000000000000000000000000000 P a09f57160de446a2bfd1bba23dc99988 [sys.catalog]: configured and running, proceeding with master startup.
I20260601 13:40:44.280051 12475 consensus_peers.cc:770] Retrying to get permanent uuid for remote peer: member_type: VOTER last_known_addr { host: "127.12.30.124" port: 35503 } attempt: 1
W20260601 13:40:44.284471 12623 catalog_manager.cc:1593] T 00000000000000000000000000000000 P a09f57160de446a2bfd1bba23dc99988: loading cluster ID for follower catalog manager: Not found: cluster ID entry not found
W20260601 13:40:44.284586 12623 catalog_manager.cc:883] Not found: cluster ID entry not found: failed to prepare follower catalog manager, will retry
I20260601 13:40:44.285894 12475 tablet_bootstrap.cc:492] T 00000000000000000000000000000000 P f358e170ce924055b8e9f9607725957a: Bootstrap starting.
I20260601 13:40:44.286895 12475 tablet_bootstrap.cc:654] T 00000000000000000000000000000000 P f358e170ce924055b8e9f9607725957a: Neither blocks nor log segments found. Creating new log.
I20260601 13:40:44.287911 12541 consensus_peers.cc:770] Retrying to get permanent uuid for remote peer: member_type: VOTER last_known_addr { host: "127.12.30.124" port: 35503 } attempt: 1
I20260601 13:40:44.288242 12475 tablet_bootstrap.cc:492] T 00000000000000000000000000000000 P f358e170ce924055b8e9f9607725957a: No bootstrap required, opened a new log
I20260601 13:40:44.288893 12475 raft_consensus.cc:359] T 00000000000000000000000000000000 P f358e170ce924055b8e9f9607725957a [term 0 FOLLOWER]: Replica starting. Triggering 0 pending ops. Active config: opid_index: -1 OBSOLETE_local: false peers { permanent_uuid: "f358e170ce924055b8e9f9607725957a" member_type: VOTER last_known_addr { host: "127.12.30.126" port: 32965 } } peers { permanent_uuid: "c08faead15bf4a78baad46db3c61a483" member_type: VOTER last_known_addr { host: "127.12.30.125" port: 40977 } } peers { permanent_uuid: "a09f57160de446a2bfd1bba23dc99988" member_type: VOTER last_known_addr { host: "127.12.30.124" port: 35503 } }
I20260601 13:40:44.289047 12475 raft_consensus.cc:385] T 00000000000000000000000000000000 P f358e170ce924055b8e9f9607725957a [term 0 FOLLOWER]: Consensus starting up: Expiring failure detector timer to make a prompt election more likely
I20260601 13:40:44.289096 12475 raft_consensus.cc:740] T 00000000000000000000000000000000 P f358e170ce924055b8e9f9607725957a [term 0 FOLLOWER]: Becoming Follower/Learner. State: Replica: f358e170ce924055b8e9f9607725957a, State: Initialized, Role: FOLLOWER
I20260601 13:40:44.289268 12475 consensus_queue.cc:260] T 00000000000000000000000000000000 P f358e170ce924055b8e9f9607725957a [NON_LEADER]: Queue going to NON_LEADER mode. State: All replicated index: 0, Majority replicated index: 0, Committed index: 0, Last appended: 0.0, Last appended by leader: 0, Current term: 0, Majority size: -1, State: 0, Mode: NON_LEADER, active raft config: opid_index: -1 OBSOLETE_local: false peers { permanent_uuid: "f358e170ce924055b8e9f9607725957a" member_type: VOTER last_known_addr { host: "127.12.30.126" port: 32965 } } peers { permanent_uuid: "c08faead15bf4a78baad46db3c61a483" member_type: VOTER last_known_addr { host: "127.12.30.125" port: 40977 } } peers { permanent_uuid: "a09f57160de446a2bfd1bba23dc99988" member_type: VOTER last_known_addr { host: "127.12.30.124" port: 35503 } }
I20260601 13:40:44.289652 12626 sys_catalog.cc:455] T 00000000000000000000000000000000 P f358e170ce924055b8e9f9607725957a [sys.catalog]: SysCatalogTable state changed. Reason: RaftConsensus started. Latest consensus state: current_term: 0 committed_config { opid_index: -1 OBSOLETE_local: false peers { permanent_uuid: "f358e170ce924055b8e9f9607725957a" member_type: VOTER last_known_addr { host: "127.12.30.126" port: 32965 } } peers { permanent_uuid: "c08faead15bf4a78baad46db3c61a483" member_type: VOTER last_known_addr { host: "127.12.30.125" port: 40977 } } peers { permanent_uuid: "a09f57160de446a2bfd1bba23dc99988" member_type: VOTER last_known_addr { host: "127.12.30.124" port: 35503 } } }
I20260601 13:40:44.289808 12475 sys_catalog.cc:565] T 00000000000000000000000000000000 P f358e170ce924055b8e9f9607725957a [sys.catalog]: configured and running, proceeding with master startup.
I20260601 13:40:44.289820 12626 sys_catalog.cc:458] T 00000000000000000000000000000000 P f358e170ce924055b8e9f9607725957a [sys.catalog]: This master's current role is: FOLLOWER
I20260601 13:40:44.292403 12409 internal_mini_cluster.cc:184] Waiting to initialize catalog manager on master 1
W20260601 13:40:44.293296 12637 catalog_manager.cc:1593] T 00000000000000000000000000000000 P f358e170ce924055b8e9f9607725957a: loading cluster ID for follower catalog manager: Not found: cluster ID entry not found
W20260601 13:40:44.293377 12637 catalog_manager.cc:883] Not found: cluster ID entry not found: failed to prepare follower catalog manager, will retry
I20260601 13:40:44.293556 12541 tablet_bootstrap.cc:492] T 00000000000000000000000000000000 P c08faead15bf4a78baad46db3c61a483: Bootstrap starting.
I20260601 13:40:44.294484 12541 tablet_bootstrap.cc:654] T 00000000000000000000000000000000 P c08faead15bf4a78baad46db3c61a483: Neither blocks nor log segments found. Creating new log.
I20260601 13:40:44.295758 12541 tablet_bootstrap.cc:492] T 00000000000000000000000000000000 P c08faead15bf4a78baad46db3c61a483: No bootstrap required, opened a new log
I20260601 13:40:44.296227 12541 raft_consensus.cc:359] T 00000000000000000000000000000000 P c08faead15bf4a78baad46db3c61a483 [term 0 FOLLOWER]: Replica starting. Triggering 0 pending ops. Active config: opid_index: -1 OBSOLETE_local: false peers { permanent_uuid: "f358e170ce924055b8e9f9607725957a" member_type: VOTER last_known_addr { host: "127.12.30.126" port: 32965 } } peers { permanent_uuid: "c08faead15bf4a78baad46db3c61a483" member_type: VOTER last_known_addr { host: "127.12.30.125" port: 40977 } } peers { permanent_uuid: "a09f57160de446a2bfd1bba23dc99988" member_type: VOTER last_known_addr { host: "127.12.30.124" port: 35503 } }
I20260601 13:40:44.296348 12541 raft_consensus.cc:385] T 00000000000000000000000000000000 P c08faead15bf4a78baad46db3c61a483 [term 0 FOLLOWER]: Consensus starting up: Expiring failure detector timer to make a prompt election more likely
I20260601 13:40:44.296415 12541 raft_consensus.cc:740] T 00000000000000000000000000000000 P c08faead15bf4a78baad46db3c61a483 [term 0 FOLLOWER]: Becoming Follower/Learner. State: Replica: c08faead15bf4a78baad46db3c61a483, State: Initialized, Role: FOLLOWER
I20260601 13:40:44.296586 12541 consensus_queue.cc:260] T 00000000000000000000000000000000 P c08faead15bf4a78baad46db3c61a483 [NON_LEADER]: Queue going to NON_LEADER mode. State: All replicated index: 0, Majority replicated index: 0, Committed index: 0, Last appended: 0.0, Last appended by leader: 0, Current term: 0, Majority size: -1, State: 0, Mode: NON_LEADER, active raft config: opid_index: -1 OBSOLETE_local: false peers { permanent_uuid: "f358e170ce924055b8e9f9607725957a" member_type: VOTER last_known_addr { host: "127.12.30.126" port: 32965 } } peers { permanent_uuid: "c08faead15bf4a78baad46db3c61a483" member_type: VOTER last_known_addr { host: "127.12.30.125" port: 40977 } } peers { permanent_uuid: "a09f57160de446a2bfd1bba23dc99988" member_type: VOTER last_known_addr { host: "127.12.30.124" port: 35503 } }
I20260601 13:40:44.296957 12639 sys_catalog.cc:455] T 00000000000000000000000000000000 P c08faead15bf4a78baad46db3c61a483 [sys.catalog]: SysCatalogTable state changed. Reason: RaftConsensus started. Latest consensus state: current_term: 0 committed_config { opid_index: -1 OBSOLETE_local: false peers { permanent_uuid: "f358e170ce924055b8e9f9607725957a" member_type: VOTER last_known_addr { host: "127.12.30.126" port: 32965 } } peers { permanent_uuid: "c08faead15bf4a78baad46db3c61a483" member_type: VOTER last_known_addr { host: "127.12.30.125" port: 40977 } } peers { permanent_uuid: "a09f57160de446a2bfd1bba23dc99988" member_type: VOTER last_known_addr { host: "127.12.30.124" port: 35503 } } }
I20260601 13:40:44.297073 12639 sys_catalog.cc:458] T 00000000000000000000000000000000 P c08faead15bf4a78baad46db3c61a483 [sys.catalog]: This master's current role is: FOLLOWER
I20260601 13:40:44.297365 12541 sys_catalog.cc:565] T 00000000000000000000000000000000 P c08faead15bf4a78baad46db3c61a483 [sys.catalog]: configured and running, proceeding with master startup.
I20260601 13:40:44.299319 12409 internal_mini_cluster.cc:184] Waiting to initialize catalog manager on master 2
I20260601 13:40:44.300004 12409 file_cache.cc:492] Constructed file cache file cache with capacity 419430
W20260601 13:40:44.300132 12650 catalog_manager.cc:1593] T 00000000000000000000000000000000 P c08faead15bf4a78baad46db3c61a483: loading cluster ID for follower catalog manager: Not found: cluster ID entry not found
W20260601 13:40:44.300192 12650 catalog_manager.cc:883] Not found: cluster ID entry not found: failed to prepare follower catalog manager, will retry
W20260601 13:40:44.302350 12652 instance_detector.cc:116] could not retrieve Azure instance metadata: Network error: curl error: HTTP response code said error: The requested URL returned error: 404
W20260601 13:40:44.302353 12651 instance_detector.cc:116] could not retrieve AWS instance metadata: Network error: curl error: HTTP response code said error: The requested URL returned error: 404
W20260601 13:40:44.304327 12654 instance_detector.cc:116] could not retrieve OpenStack instance metadata: Network error: curl error: HTTP response code said error: The requested URL returned error: 404
I20260601 13:40:44.304383 12409 server_base.cc:1061] running on GCE node
I20260601 13:40:44.304607 12409 hybrid_clock.cc:584] initializing the hybrid clock with 'system_unsync' time source
W20260601 13:40:44.304646 12409 system_unsync_time.cc:38] NTP support is disabled. Clock error bounds will not be accurate. This configuration is not suitable for distributed clusters.
I20260601 13:40:44.304669 12409 hybrid_clock.cc:648] HybridClock initialized: now 1780321244304668 us; error 0 us; skew 500 ppm
I20260601 13:40:44.305676 12409 webserver.cc:533] Webserver started at http://127.12.30.65:33539/ using document root <none> and password file <none>
I20260601 13:40:44.305841 12409 fs_manager.cc:362] Metadata directory not provided
I20260601 13:40:44.305899 12409 fs_manager.cc:368] Using write-ahead log directory (fs_wal_dir) as metadata directory
I20260601 13:40:44.305980 12409 server_base.cc:909] This appears to be a new deployment of Kudu; creating new FS layout
I20260601 13:40:44.306474 12409 fs_manager.cc:1068] Generated new instance metadata in path /tmp/dist-test-taskbygEQ6/test-tmp/auto_rebalancer-test.0.AutoRebalancerTest.OnlyLeaderDoesAutoRebalancing.1780321244140747-12409-0/minicluster-data/ts-0-root/instance:
uuid: "12664c0dc1ce404eb5f53c08059bb201"
format_stamp: "Formatted at 2026-06-01 13:40:44 on dist-test-slave-q2l9"
I20260601 13:40:44.308418 12409 fs_manager.cc:696] Time spent creating directory manager: real 0.002s	user 0.000s	sys 0.003s
I20260601 13:40:44.309517 12659 log_block_manager.cc:4031] Time spent loading block containers with low live blocks: real 0.000s	user 0.000s	sys 0.000s
I20260601 13:40:44.309885 12409 fs_manager.cc:730] Time spent opening block manager: real 0.001s	user 0.000s	sys 0.001s
I20260601 13:40:44.309948 12409 fs_manager.cc:647] Opened local filesystem: /tmp/dist-test-taskbygEQ6/test-tmp/auto_rebalancer-test.0.AutoRebalancerTest.OnlyLeaderDoesAutoRebalancing.1780321244140747-12409-0/minicluster-data/ts-0-root
uuid: "12664c0dc1ce404eb5f53c08059bb201"
format_stamp: "Formatted at 2026-06-01 13:40:44 on dist-test-slave-q2l9"
I20260601 13:40:44.310043 12409 fs_report.cc:389] FS layout report
--------------------
wal directory: /tmp/dist-test-taskbygEQ6/test-tmp/auto_rebalancer-test.0.AutoRebalancerTest.OnlyLeaderDoesAutoRebalancing.1780321244140747-12409-0/minicluster-data/ts-0-root
metadata directory: /tmp/dist-test-taskbygEQ6/test-tmp/auto_rebalancer-test.0.AutoRebalancerTest.OnlyLeaderDoesAutoRebalancing.1780321244140747-12409-0/minicluster-data/ts-0-root
1 data directories: /tmp/dist-test-taskbygEQ6/test-tmp/auto_rebalancer-test.0.AutoRebalancerTest.OnlyLeaderDoesAutoRebalancing.1780321244140747-12409-0/minicluster-data/ts-0-root/data
Total live blocks: 0
Total live bytes: 0
Total live bytes (after alignment): 0
Total number of LBM containers: 0 (0 full)
Did not check for missing blocks
Did not check for orphaned blocks
Total full LBM containers with extra space: 0 (0 repaired)
Total full LBM container extra space in bytes: 0 (0 repaired)
Total incomplete LBM containers: 0 (0 repaired)
Total LBM partial records: 0 (0 repaired)
Total corrupted LBM metadata records in RocksDB: 0 (0 repaired)
I20260601 13:40:44.324615 12409 rpc_server.cc:225] running with OpenSSL 1.1.1  11 Sep 2018
I20260601 13:40:44.325120 12409 kserver.cc:163] Server-wide thread pool size limit: 3276
I20260601 13:40:44.325582 12409 txn_system_client.cc:432] TxnSystemClient initialization is disabled...
I20260601 13:40:44.326499 12409 ts_tablet_manager.cc:585] Loaded tablet metadata (0 total tablets, 0 live tablets)
I20260601 13:40:44.326582 12409 ts_tablet_manager.cc:531] Time spent load tablet metadata: real 0.000s	user 0.000s	sys 0.000s
I20260601 13:40:44.326658 12409 ts_tablet_manager.cc:616] Registered 0 tablets
I20260601 13:40:44.326705 12409 ts_tablet_manager.cc:595] Time spent register tablets: real 0.000s	user 0.000s	sys 0.000s
I20260601 13:40:44.333585 12409 rpc_server.cc:307] RPC server started. Bound to: 127.12.30.65:45643
I20260601 13:40:44.333667 12722 acceptor_pool.cc:272] collecting diagnostics on the listening RPC socket 127.12.30.65:45643 every 8 connection(s)
I20260601 13:40:44.334899 12409 file_cache.cc:492] Constructed file cache file cache with capacity 419430
W20260601 13:40:44.339718 12733 instance_detector.cc:116] could not retrieve OpenStack instance metadata: Network error: curl error: HTTP response code said error: The requested URL returned error: 404
W20260601 13:40:44.339876 12731 instance_detector.cc:116] could not retrieve Azure instance metadata: Network error: curl error: HTTP response code said error: The requested URL returned error: 404
I20260601 13:40:44.340185 12723 heartbeater.cc:344] Connected to a master server at 127.12.30.124:35503
W20260601 13:40:44.340260 12730 instance_detector.cc:116] could not retrieve AWS instance metadata: Network error: curl error: HTTP response code said error: The requested URL returned error: 404
I20260601 13:40:44.340322 12723 heartbeater.cc:461] Registering TS with master...
I20260601 13:40:44.340864 12409 server_base.cc:1061] running on GCE node
I20260601 13:40:44.341069 12409 hybrid_clock.cc:584] initializing the hybrid clock with 'system_unsync' time source
W20260601 13:40:44.341537 12409 system_unsync_time.cc:38] NTP support is disabled. Clock error bounds will not be accurate. This configuration is not suitable for distributed clusters.
I20260601 13:40:44.341624 12409 hybrid_clock.cc:648] HybridClock initialized: now 1780321244341622 us; error 0 us; skew 500 ppm
I20260601 13:40:44.343555 12723 heartbeater.cc:507] Master 127.12.30.124:35503 requested a full tablet report, sending...
I20260601 13:40:44.344211 12725 heartbeater.cc:344] Connected to a master server at 127.12.30.125:40977
I20260601 13:40:44.344295 12725 heartbeater.cc:461] Registering TS with master...
I20260601 13:40:44.344502 12725 heartbeater.cc:507] Master 127.12.30.125:40977 requested a full tablet report, sending...
I20260601 13:40:44.344650 12409 webserver.cc:533] Webserver started at http://127.12.30.66:45481/ using document root <none> and password file <none>
I20260601 13:40:44.344878 12409 fs_manager.cc:362] Metadata directory not provided
I20260601 13:40:44.344965 12409 fs_manager.cc:368] Using write-ahead log directory (fs_wal_dir) as metadata directory
I20260601 13:40:44.345062 12409 server_base.cc:909] This appears to be a new deployment of Kudu; creating new FS layout
I20260601 13:40:44.345569 12409 fs_manager.cc:1068] Generated new instance metadata in path /tmp/dist-test-taskbygEQ6/test-tmp/auto_rebalancer-test.0.AutoRebalancerTest.OnlyLeaderDoesAutoRebalancing.1780321244140747-12409-0/minicluster-data/ts-1-root/instance:
uuid: "76119d95d11a4658bbc91d1e9fc35724"
format_stamp: "Formatted at 2026-06-01 13:40:44 on dist-test-slave-q2l9"
I20260601 13:40:44.345772 12724 heartbeater.cc:344] Connected to a master server at 127.12.30.126:32965
I20260601 13:40:44.345866 12724 heartbeater.cc:461] Registering TS with master...
I20260601 13:40:44.345924 12504 ts_manager.cc:194] Registered new tserver with Master: 12664c0dc1ce404eb5f53c08059bb201 (127.12.30.65:45643)
I20260601 13:40:44.346079 12724 heartbeater.cc:507] Master 127.12.30.126:32965 requested a full tablet report, sending...
I20260601 13:40:44.346760 12571 ts_manager.cc:194] Registered new tserver with Master: 12664c0dc1ce404eb5f53c08059bb201 (127.12.30.65:45643)
I20260601 13:40:44.346879 12439 ts_manager.cc:194] Registered new tserver with Master: 12664c0dc1ce404eb5f53c08059bb201 (127.12.30.65:45643)
I20260601 13:40:44.347715 12409 fs_manager.cc:696] Time spent creating directory manager: real 0.002s	user 0.002s	sys 0.000s
I20260601 13:40:44.348774 12738 log_block_manager.cc:4031] Time spent loading block containers with low live blocks: real 0.000s	user 0.000s	sys 0.000s
I20260601 13:40:44.349036 12409 fs_manager.cc:730] Time spent opening block manager: real 0.001s	user 0.001s	sys 0.000s
I20260601 13:40:44.349138 12409 fs_manager.cc:647] Opened local filesystem: /tmp/dist-test-taskbygEQ6/test-tmp/auto_rebalancer-test.0.AutoRebalancerTest.OnlyLeaderDoesAutoRebalancing.1780321244140747-12409-0/minicluster-data/ts-1-root
uuid: "76119d95d11a4658bbc91d1e9fc35724"
format_stamp: "Formatted at 2026-06-01 13:40:44 on dist-test-slave-q2l9"
I20260601 13:40:44.349229 12409 fs_report.cc:389] FS layout report
--------------------
wal directory: /tmp/dist-test-taskbygEQ6/test-tmp/auto_rebalancer-test.0.AutoRebalancerTest.OnlyLeaderDoesAutoRebalancing.1780321244140747-12409-0/minicluster-data/ts-1-root
metadata directory: /tmp/dist-test-taskbygEQ6/test-tmp/auto_rebalancer-test.0.AutoRebalancerTest.OnlyLeaderDoesAutoRebalancing.1780321244140747-12409-0/minicluster-data/ts-1-root
1 data directories: /tmp/dist-test-taskbygEQ6/test-tmp/auto_rebalancer-test.0.AutoRebalancerTest.OnlyLeaderDoesAutoRebalancing.1780321244140747-12409-0/minicluster-data/ts-1-root/data
Total live blocks: 0
Total live bytes: 0
Total live bytes (after alignment): 0
Total number of LBM containers: 0 (0 full)
Did not check for missing blocks
Did not check for orphaned blocks
Total full LBM containers with extra space: 0 (0 repaired)
Total full LBM container extra space in bytes: 0 (0 repaired)
Total incomplete LBM containers: 0 (0 repaired)
Total LBM partial records: 0 (0 repaired)
Total corrupted LBM metadata records in RocksDB: 0 (0 repaired)
I20260601 13:40:44.351595 12626 raft_consensus.cc:493] T 00000000000000000000000000000000 P f358e170ce924055b8e9f9607725957a [term 0 FOLLOWER]: Starting pre-election (no leader contacted us within the election timeout)
I20260601 13:40:44.351751 12626 raft_consensus.cc:515] T 00000000000000000000000000000000 P f358e170ce924055b8e9f9607725957a [term 0 FOLLOWER]: Starting pre-election with config: opid_index: -1 OBSOLETE_local: false peers { permanent_uuid: "f358e170ce924055b8e9f9607725957a" member_type: VOTER last_known_addr { host: "127.12.30.126" port: 32965 } } peers { permanent_uuid: "c08faead15bf4a78baad46db3c61a483" member_type: VOTER last_known_addr { host: "127.12.30.125" port: 40977 } } peers { permanent_uuid: "a09f57160de446a2bfd1bba23dc99988" member_type: VOTER last_known_addr { host: "127.12.30.124" port: 35503 } }
I20260601 13:40:44.352738 12626 leader_election.cc:290] T 00000000000000000000000000000000 P f358e170ce924055b8e9f9607725957a [CANDIDATE]: Term 1 pre-election: Requested pre-vote from peers c08faead15bf4a78baad46db3c61a483 (127.12.30.125:40977), a09f57160de446a2bfd1bba23dc99988 (127.12.30.124:35503)
I20260601 13:40:44.353161 12514 tablet_service.cc:1917] Received RequestConsensusVote() RPC: tablet_id: "00000000000000000000000000000000" candidate_uuid: "f358e170ce924055b8e9f9607725957a" candidate_term: 1 candidate_status { last_received { term: 0 index: 0 } } ignore_live_leader: false dest_uuid: "c08faead15bf4a78baad46db3c61a483" is_pre_election: true
I20260601 13:40:44.353381 12514 raft_consensus.cc:2468] T 00000000000000000000000000000000 P c08faead15bf4a78baad46db3c61a483 [term 0 FOLLOWER]: Leader pre-election vote request: Granting yes vote for candidate f358e170ce924055b8e9f9607725957a in term 0.
I20260601 13:40:44.353165 12581 tablet_service.cc:1917] Received RequestConsensusVote() RPC: tablet_id: "00000000000000000000000000000000" candidate_uuid: "f358e170ce924055b8e9f9607725957a" candidate_term: 1 candidate_status { last_received { term: 0 index: 0 } } ignore_live_leader: false dest_uuid: "a09f57160de446a2bfd1bba23dc99988" is_pre_election: true
I20260601 13:40:44.353726 12426 leader_election.cc:304] T 00000000000000000000000000000000 P f358e170ce924055b8e9f9607725957a [CANDIDATE]: Term 1 pre-election: Election decided. Result: candidate won. Election summary: received 2 responses out of 3 voters: 2 yes votes; 0 no votes. yes voters: c08faead15bf4a78baad46db3c61a483, f358e170ce924055b8e9f9607725957a; no voters: 
I20260601 13:40:44.353757 12581 raft_consensus.cc:2468] T 00000000000000000000000000000000 P a09f57160de446a2bfd1bba23dc99988 [term 0 FOLLOWER]: Leader pre-election vote request: Granting yes vote for candidate f358e170ce924055b8e9f9607725957a in term 0.
I20260601 13:40:44.353920 12626 raft_consensus.cc:2804] T 00000000000000000000000000000000 P f358e170ce924055b8e9f9607725957a [term 0 FOLLOWER]: Leader pre-election won for term 1
I20260601 13:40:44.353971 12626 raft_consensus.cc:493] T 00000000000000000000000000000000 P f358e170ce924055b8e9f9607725957a [term 0 FOLLOWER]: Starting leader election (no leader contacted us within the election timeout)
I20260601 13:40:44.354002 12626 raft_consensus.cc:3060] T 00000000000000000000000000000000 P f358e170ce924055b8e9f9607725957a [term 0 FOLLOWER]: Advancing to term 1
I20260601 13:40:44.355039 12626 raft_consensus.cc:515] T 00000000000000000000000000000000 P f358e170ce924055b8e9f9607725957a [term 1 FOLLOWER]: Starting leader election with config: opid_index: -1 OBSOLETE_local: false peers { permanent_uuid: "f358e170ce924055b8e9f9607725957a" member_type: VOTER last_known_addr { host: "127.12.30.126" port: 32965 } } peers { permanent_uuid: "c08faead15bf4a78baad46db3c61a483" member_type: VOTER last_known_addr { host: "127.12.30.125" port: 40977 } } peers { permanent_uuid: "a09f57160de446a2bfd1bba23dc99988" member_type: VOTER last_known_addr { host: "127.12.30.124" port: 35503 } }
I20260601 13:40:44.355417 12626 leader_election.cc:290] T 00000000000000000000000000000000 P f358e170ce924055b8e9f9607725957a [CANDIDATE]: Term 1 election: Requested vote from peers c08faead15bf4a78baad46db3c61a483 (127.12.30.125:40977), a09f57160de446a2bfd1bba23dc99988 (127.12.30.124:35503)
I20260601 13:40:44.355743 12514 tablet_service.cc:1917] Received RequestConsensusVote() RPC: tablet_id: "00000000000000000000000000000000" candidate_uuid: "f358e170ce924055b8e9f9607725957a" candidate_term: 1 candidate_status { last_received { term: 0 index: 0 } } ignore_live_leader: false dest_uuid: "c08faead15bf4a78baad46db3c61a483"
I20260601 13:40:44.355846 12581 tablet_service.cc:1917] Received RequestConsensusVote() RPC: tablet_id: "00000000000000000000000000000000" candidate_uuid: "f358e170ce924055b8e9f9607725957a" candidate_term: 1 candidate_status { last_received { term: 0 index: 0 } } ignore_live_leader: false dest_uuid: "a09f57160de446a2bfd1bba23dc99988"
I20260601 13:40:44.355846 12514 raft_consensus.cc:3060] T 00000000000000000000000000000000 P c08faead15bf4a78baad46db3c61a483 [term 0 FOLLOWER]: Advancing to term 1
I20260601 13:40:44.355945 12581 raft_consensus.cc:3060] T 00000000000000000000000000000000 P a09f57160de446a2bfd1bba23dc99988 [term 0 FOLLOWER]: Advancing to term 1
I20260601 13:40:44.356940 12581 raft_consensus.cc:2468] T 00000000000000000000000000000000 P a09f57160de446a2bfd1bba23dc99988 [term 1 FOLLOWER]: Leader election vote request: Granting yes vote for candidate f358e170ce924055b8e9f9607725957a in term 1.
I20260601 13:40:44.357035 12514 raft_consensus.cc:2468] T 00000000000000000000000000000000 P c08faead15bf4a78baad46db3c61a483 [term 1 FOLLOWER]: Leader election vote request: Granting yes vote for candidate f358e170ce924055b8e9f9607725957a in term 1.
I20260601 13:40:44.357338 12425 leader_election.cc:304] T 00000000000000000000000000000000 P f358e170ce924055b8e9f9607725957a [CANDIDATE]: Term 1 election: Election decided. Result: candidate won. Election summary: received 2 responses out of 3 voters: 2 yes votes; 0 no votes. yes voters: a09f57160de446a2bfd1bba23dc99988, f358e170ce924055b8e9f9607725957a; no voters: 
I20260601 13:40:44.357530 12626 raft_consensus.cc:2804] T 00000000000000000000000000000000 P f358e170ce924055b8e9f9607725957a [term 1 FOLLOWER]: Leader election won for term 1
I20260601 13:40:44.357771 12626 raft_consensus.cc:697] T 00000000000000000000000000000000 P f358e170ce924055b8e9f9607725957a [term 1 LEADER]: Becoming Leader. State: Replica: f358e170ce924055b8e9f9607725957a, State: Running, Role: LEADER
I20260601 13:40:44.358081 12626 consensus_queue.cc:237] T 00000000000000000000000000000000 P f358e170ce924055b8e9f9607725957a [LEADER]: Queue going to LEADER mode. State: All replicated index: 0, Majority replicated index: 0, Committed index: 0, Last appended: 0.0, Last appended by leader: 0, Current term: 1, Majority size: 2, State: 0, Mode: LEADER, active raft config: opid_index: -1 OBSOLETE_local: false peers { permanent_uuid: "f358e170ce924055b8e9f9607725957a" member_type: VOTER last_known_addr { host: "127.12.30.126" port: 32965 } } peers { permanent_uuid: "c08faead15bf4a78baad46db3c61a483" member_type: VOTER last_known_addr { host: "127.12.30.125" port: 40977 } } peers { permanent_uuid: "a09f57160de446a2bfd1bba23dc99988" member_type: VOTER last_known_addr { host: "127.12.30.124" port: 35503 } }
I20260601 13:40:44.360265 12743 sys_catalog.cc:455] T 00000000000000000000000000000000 P f358e170ce924055b8e9f9607725957a [sys.catalog]: SysCatalogTable state changed. Reason: New leader f358e170ce924055b8e9f9607725957a. Latest consensus state: current_term: 1 leader_uuid: "f358e170ce924055b8e9f9607725957a" committed_config { opid_index: -1 OBSOLETE_local: false peers { permanent_uuid: "f358e170ce924055b8e9f9607725957a" member_type: VOTER last_known_addr { host: "127.12.30.126" port: 32965 } } peers { permanent_uuid: "c08faead15bf4a78baad46db3c61a483" member_type: VOTER last_known_addr { host: "127.12.30.125" port: 40977 } } peers { permanent_uuid: "a09f57160de446a2bfd1bba23dc99988" member_type: VOTER last_known_addr { host: "127.12.30.124" port: 35503 } } }
I20260601 13:40:44.360391 12743 sys_catalog.cc:458] T 00000000000000000000000000000000 P f358e170ce924055b8e9f9607725957a [sys.catalog]: This master's current role is: LEADER
I20260601 13:40:44.362007 12745 catalog_manager.cc:1510] Loading table and tablet metadata into memory...
I20260601 13:40:44.362231 12409 rpc_server.cc:225] running with OpenSSL 1.1.1  11 Sep 2018
I20260601 13:40:44.362644 12409 kserver.cc:163] Server-wide thread pool size limit: 3276
I20260601 13:40:44.362995 12409 txn_system_client.cc:432] TxnSystemClient initialization is disabled...
I20260601 13:40:44.363106 12745 catalog_manager.cc:1519] Initializing Kudu cluster ID...
I20260601 13:40:44.363667 12409 ts_tablet_manager.cc:585] Loaded tablet metadata (0 total tablets, 0 live tablets)
I20260601 13:40:44.363754 12409 ts_tablet_manager.cc:531] Time spent load tablet metadata: real 0.000s	user 0.000s	sys 0.000s
I20260601 13:40:44.363838 12409 ts_tablet_manager.cc:616] Registered 0 tablets
I20260601 13:40:44.363873 12409 ts_tablet_manager.cc:595] Time spent register tablets: real 0.000s	user 0.000s	sys 0.000s
I20260601 13:40:44.369252 12514 raft_consensus.cc:1275] T 00000000000000000000000000000000 P c08faead15bf4a78baad46db3c61a483 [term 1 FOLLOWER]: Refusing update from remote peer f358e170ce924055b8e9f9607725957a: Log matching property violated. Preceding OpId in replica: term: 0 index: 0. Preceding OpId from leader: term: 1 index: 2. (index mismatch)
I20260601 13:40:44.369252 12581 raft_consensus.cc:1275] T 00000000000000000000000000000000 P a09f57160de446a2bfd1bba23dc99988 [term 1 FOLLOWER]: Refusing update from remote peer f358e170ce924055b8e9f9607725957a: Log matching property violated. Preceding OpId in replica: term: 0 index: 0. Preceding OpId from leader: term: 1 index: 2. (index mismatch)
I20260601 13:40:44.369940 12743 consensus_queue.cc:1048] T 00000000000000000000000000000000 P f358e170ce924055b8e9f9607725957a [LEADER]: Connected to new peer: Peer: permanent_uuid: "c08faead15bf4a78baad46db3c61a483" member_type: VOTER last_known_addr { host: "127.12.30.125" port: 40977 }, Status: LMP_MISMATCH, Last received: 0.0, Next index: 1, Last known committed idx: 0, Time since last communication: 0.000s
