I20260601 13:42:28.887614 32409 raft_consensus.cc:359] T e44f1a610c634bcd80805669bd98b6a0 P 716e5abcccdc4cfba1fa993394d25005 [term 0 FOLLOWER]: Replica starting. Triggering 0 pending ops. Active config: opid_index: -1 OBSOLETE_local: false peers { permanent_uuid: "716e5abcccdc4cfba1fa993394d25005" member_type: VOTER last_known_addr { host: "127.27.26.129" port: 45079 } } peers { permanent_uuid: "d105a84a73d149e9926513ca2c1de3bc" member_type: VOTER last_known_addr { host: "127.27.26.130" port: 41989 } } peers { permanent_uuid: "d9ca69b534da4d2a95704ef550d45a22" member_type: VOTER last_known_addr { host: "127.27.26.131" port: 37195 } }
I20260601 13:42:28.887714 32409 raft_consensus.cc:385] T e44f1a610c634bcd80805669bd98b6a0 P 716e5abcccdc4cfba1fa993394d25005 [term 0 FOLLOWER]: Consensus starting up: Expiring failure detector timer to make a prompt election more likely
I20260601 13:42:28.887749 32409 raft_consensus.cc:740] T e44f1a610c634bcd80805669bd98b6a0 P 716e5abcccdc4cfba1fa993394d25005 [term 0 FOLLOWER]: Becoming Follower/Learner. State: Replica: 716e5abcccdc4cfba1fa993394d25005, State: Initialized, Role: FOLLOWER
I20260601 13:42:28.887841 32411 raft_consensus.cc:359] T 017d6c60c3a3478d8d23bbeb8f244b3e P d105a84a73d149e9926513ca2c1de3bc [term 0 FOLLOWER]: Replica starting. Triggering 0 pending ops. Active config: opid_index: -1 OBSOLETE_local: false peers { permanent_uuid: "d105a84a73d149e9926513ca2c1de3bc" member_type: VOTER last_known_addr { host: "127.27.26.130" port: 41989 } } peers { permanent_uuid: "716e5abcccdc4cfba1fa993394d25005" member_type: VOTER last_known_addr { host: "127.27.26.129" port: 45079 } } peers { permanent_uuid: "d9ca69b534da4d2a95704ef550d45a22" member_type: VOTER last_known_addr { host: "127.27.26.131" port: 37195 } }
I20260601 13:42:28.887890 32409 consensus_queue.cc:260] T e44f1a610c634bcd80805669bd98b6a0 P 716e5abcccdc4cfba1fa993394d25005 [NON_LEADER]: Queue going to NON_LEADER mode. State: All replicated index: 0, Majority replicated index: 0, Committed index: 0, Last appended: 0.0, Last appended by leader: 0, Current term: 0, Majority size: -1, State: 0, Mode: NON_LEADER, active raft config: opid_index: -1 OBSOLETE_local: false peers { permanent_uuid: "716e5abcccdc4cfba1fa993394d25005" member_type: VOTER last_known_addr { host: "127.27.26.129" port: 45079 } } peers { permanent_uuid: "d105a84a73d149e9926513ca2c1de3bc" member_type: VOTER last_known_addr { host: "127.27.26.130" port: 41989 } } peers { permanent_uuid: "d9ca69b534da4d2a95704ef550d45a22" member_type: VOTER last_known_addr { host: "127.27.26.131" port: 37195 } }
I20260601 13:42:28.887946 32411 raft_consensus.cc:385] T 017d6c60c3a3478d8d23bbeb8f244b3e P d105a84a73d149e9926513ca2c1de3bc [term 0 FOLLOWER]: Consensus starting up: Expiring failure detector timer to make a prompt election more likely
I20260601 13:42:28.887986 32411 raft_consensus.cc:740] T 017d6c60c3a3478d8d23bbeb8f244b3e P d105a84a73d149e9926513ca2c1de3bc [term 0 FOLLOWER]: Becoming Follower/Learner. State: Replica: d105a84a73d149e9926513ca2c1de3bc, State: Initialized, Role: FOLLOWER
I20260601 13:42:28.888128 32411 consensus_queue.cc:260] T 017d6c60c3a3478d8d23bbeb8f244b3e P d105a84a73d149e9926513ca2c1de3bc [NON_LEADER]: Queue going to NON_LEADER mode. State: All replicated index: 0, Majority replicated index: 0, Committed index: 0, Last appended: 0.0, Last appended by leader: 0, Current term: 0, Majority size: -1, State: 0, Mode: NON_LEADER, active raft config: opid_index: -1 OBSOLETE_local: false peers { permanent_uuid: "d105a84a73d149e9926513ca2c1de3bc" member_type: VOTER last_known_addr { host: "127.27.26.130" port: 41989 } } peers { permanent_uuid: "716e5abcccdc4cfba1fa993394d25005" member_type: VOTER last_known_addr { host: "127.27.26.129" port: 45079 } } peers { permanent_uuid: "d9ca69b534da4d2a95704ef550d45a22" member_type: VOTER last_known_addr { host: "127.27.26.131" port: 37195 } }
I20260601 13:42:28.888183 32409 ts_tablet_manager.cc:1434] T e44f1a610c634bcd80805669bd98b6a0 P 716e5abcccdc4cfba1fa993394d25005: Time spent starting tablet: real 0.001s	user 0.001s	sys 0.000s
I20260601 13:42:28.888195 32408 tablet_bootstrap.cc:492] T 061c896c025744098b88602b47c866c3 P d9ca69b534da4d2a95704ef550d45a22: No bootstrap required, opened a new log
I20260601 13:42:28.888289 32408 ts_tablet_manager.cc:1403] T 061c896c025744098b88602b47c866c3 P d9ca69b534da4d2a95704ef550d45a22: Time spent bootstrapping tablet: real 0.006s	user 0.002s	sys 0.000s
I20260601 13:42:28.888370 32409 tablet_bootstrap.cc:492] T f46512630c7648518a6f9ded27babba0 P 716e5abcccdc4cfba1fa993394d25005: Bootstrap starting.
I20260601 13:42:28.888401 32411 ts_tablet_manager.cc:1434] T 017d6c60c3a3478d8d23bbeb8f244b3e P d105a84a73d149e9926513ca2c1de3bc: Time spent starting tablet: real 0.001s	user 0.000s	sys 0.001s
I20260601 13:42:28.888556 32411 tablet_bootstrap.cc:492] T dd04f473bee44a2ab5dfa748d37749f6 P d105a84a73d149e9926513ca2c1de3bc: Bootstrap starting.
I20260601 13:42:28.888710 32408 raft_consensus.cc:359] T 061c896c025744098b88602b47c866c3 P d9ca69b534da4d2a95704ef550d45a22 [term 0 FOLLOWER]: Replica starting. Triggering 0 pending ops. Active config: opid_index: -1 OBSOLETE_local: false peers { permanent_uuid: "716e5abcccdc4cfba1fa993394d25005" member_type: VOTER last_known_addr { host: "127.27.26.129" port: 45079 } } peers { permanent_uuid: "d105a84a73d149e9926513ca2c1de3bc" member_type: VOTER last_known_addr { host: "127.27.26.130" port: 41989 } } peers { permanent_uuid: "d9ca69b534da4d2a95704ef550d45a22" member_type: VOTER last_known_addr { host: "127.27.26.131" port: 37195 } }
I20260601 13:42:28.888790 32408 raft_consensus.cc:385] T 061c896c025744098b88602b47c866c3 P d9ca69b534da4d2a95704ef550d45a22 [term 0 FOLLOWER]: Consensus starting up: Expiring failure detector timer to make a prompt election more likely
I20260601 13:42:28.888820 32408 raft_consensus.cc:740] T 061c896c025744098b88602b47c866c3 P d9ca69b534da4d2a95704ef550d45a22 [term 0 FOLLOWER]: Becoming Follower/Learner. State: Replica: d9ca69b534da4d2a95704ef550d45a22, State: Initialized, Role: FOLLOWER
I20260601 13:42:28.888938 32408 consensus_queue.cc:260] T 061c896c025744098b88602b47c866c3 P d9ca69b534da4d2a95704ef550d45a22 [NON_LEADER]: Queue going to NON_LEADER mode. State: All replicated index: 0, Majority replicated index: 0, Committed index: 0, Last appended: 0.0, Last appended by leader: 0, Current term: 0, Majority size: -1, State: 0, Mode: NON_LEADER, active raft config: opid_index: -1 OBSOLETE_local: false peers { permanent_uuid: "716e5abcccdc4cfba1fa993394d25005" member_type: VOTER last_known_addr { host: "127.27.26.129" port: 45079 } } peers { permanent_uuid: "d105a84a73d149e9926513ca2c1de3bc" member_type: VOTER last_known_addr { host: "127.27.26.130" port: 41989 } } peers { permanent_uuid: "d9ca69b534da4d2a95704ef550d45a22" member_type: VOTER last_known_addr { host: "127.27.26.131" port: 37195 } }
I20260601 13:42:28.889187 32408 ts_tablet_manager.cc:1434] T 061c896c025744098b88602b47c866c3 P d9ca69b534da4d2a95704ef550d45a22: Time spent starting tablet: real 0.001s	user 0.001s	sys 0.000s
I20260601 13:42:28.889333 32408 tablet_bootstrap.cc:492] T c3b91380c8b947999a2fb4fd6340377a P d9ca69b534da4d2a95704ef550d45a22: Bootstrap starting.
I20260601 13:42:28.889518 32411 tablet_bootstrap.cc:654] T dd04f473bee44a2ab5dfa748d37749f6 P d105a84a73d149e9926513ca2c1de3bc: Neither blocks nor log segments found. Creating new log.
I20260601 13:42:28.889693 32409 tablet_bootstrap.cc:654] T f46512630c7648518a6f9ded27babba0 P 716e5abcccdc4cfba1fa993394d25005: Neither blocks nor log segments found. Creating new log.
I20260601 13:42:28.890478 32408 tablet_bootstrap.cc:654] T c3b91380c8b947999a2fb4fd6340377a P d9ca69b534da4d2a95704ef550d45a22: Neither blocks nor log segments found. Creating new log.
I20260601 13:42:28.890900 32409 tablet_bootstrap.cc:492] T f46512630c7648518a6f9ded27babba0 P 716e5abcccdc4cfba1fa993394d25005: No bootstrap required, opened a new log
I20260601 13:42:28.891044 32409 ts_tablet_manager.cc:1403] T f46512630c7648518a6f9ded27babba0 P 716e5abcccdc4cfba1fa993394d25005: Time spent bootstrapping tablet: real 0.003s	user 0.000s	sys 0.002s
I20260601 13:42:28.891533 32409 raft_consensus.cc:359] T f46512630c7648518a6f9ded27babba0 P 716e5abcccdc4cfba1fa993394d25005 [term 0 FOLLOWER]: Replica starting. Triggering 0 pending ops. Active config: opid_index: -1 OBSOLETE_local: false peers { permanent_uuid: "716e5abcccdc4cfba1fa993394d25005" member_type: VOTER last_known_addr { host: "127.27.26.129" port: 45079 } } peers { permanent_uuid: "d105a84a73d149e9926513ca2c1de3bc" member_type: VOTER last_known_addr { host: "127.27.26.130" port: 41989 } } peers { permanent_uuid: "d9ca69b534da4d2a95704ef550d45a22" member_type: VOTER last_known_addr { host: "127.27.26.131" port: 37195 } }
I20260601 13:42:28.891640 32409 raft_consensus.cc:385] T f46512630c7648518a6f9ded27babba0 P 716e5abcccdc4cfba1fa993394d25005 [term 0 FOLLOWER]: Consensus starting up: Expiring failure detector timer to make a prompt election more likely
I20260601 13:42:28.891675 32409 raft_consensus.cc:740] T f46512630c7648518a6f9ded27babba0 P 716e5abcccdc4cfba1fa993394d25005 [term 0 FOLLOWER]: Becoming Follower/Learner. State: Replica: 716e5abcccdc4cfba1fa993394d25005, State: Initialized, Role: FOLLOWER
I20260601 13:42:28.891840 32409 consensus_queue.cc:260] T f46512630c7648518a6f9ded27babba0 P 716e5abcccdc4cfba1fa993394d25005 [NON_LEADER]: Queue going to NON_LEADER mode. State: All replicated index: 0, Majority replicated index: 0, Committed index: 0, Last appended: 0.0, Last appended by leader: 0, Current term: 0, Majority size: -1, State: 0, Mode: NON_LEADER, active raft config: opid_index: -1 OBSOLETE_local: false peers { permanent_uuid: "716e5abcccdc4cfba1fa993394d25005" member_type: VOTER last_known_addr { host: "127.27.26.129" port: 45079 } } peers { permanent_uuid: "d105a84a73d149e9926513ca2c1de3bc" member_type: VOTER last_known_addr { host: "127.27.26.130" port: 41989 } } peers { permanent_uuid: "d9ca69b534da4d2a95704ef550d45a22" member_type: VOTER last_known_addr { host: "127.27.26.131" port: 37195 } }
I20260601 13:42:28.892241 32409 ts_tablet_manager.cc:1434] T f46512630c7648518a6f9ded27babba0 P 716e5abcccdc4cfba1fa993394d25005: Time spent starting tablet: real 0.001s	user 0.000s	sys 0.001s
I20260601 13:42:28.892486 32409 tablet_bootstrap.cc:492] T 967843b87b6d43b386ac09397c77c943 P 716e5abcccdc4cfba1fa993394d25005: Bootstrap starting.
I20260601 13:42:28.891845 32408 tablet_bootstrap.cc:492] T c3b91380c8b947999a2fb4fd6340377a P d9ca69b534da4d2a95704ef550d45a22: No bootstrap required, opened a new log
I20260601 13:42:28.893277 32408 ts_tablet_manager.cc:1403] T c3b91380c8b947999a2fb4fd6340377a P d9ca69b534da4d2a95704ef550d45a22: Time spent bootstrapping tablet: real 0.004s	user 0.000s	sys 0.002s
I20260601 13:42:28.893599 32409 tablet_bootstrap.cc:654] T 967843b87b6d43b386ac09397c77c943 P 716e5abcccdc4cfba1fa993394d25005: Neither blocks nor log segments found. Creating new log.
I20260601 13:42:28.893631 32411 tablet_bootstrap.cc:492] T dd04f473bee44a2ab5dfa748d37749f6 P d105a84a73d149e9926513ca2c1de3bc: No bootstrap required, opened a new log
I20260601 13:42:28.893694 32411 ts_tablet_manager.cc:1403] T dd04f473bee44a2ab5dfa748d37749f6 P d105a84a73d149e9926513ca2c1de3bc: Time spent bootstrapping tablet: real 0.005s	user 0.002s	sys 0.000s
I20260601 13:42:28.893703 32408 raft_consensus.cc:359] T c3b91380c8b947999a2fb4fd6340377a P d9ca69b534da4d2a95704ef550d45a22 [term 0 FOLLOWER]: Replica starting. Triggering 0 pending ops. Active config: opid_index: -1 OBSOLETE_local: false peers { permanent_uuid: "716e5abcccdc4cfba1fa993394d25005" member_type: VOTER last_known_addr { host: "127.27.26.129" port: 45079 } } peers { permanent_uuid: "d105a84a73d149e9926513ca2c1de3bc" member_type: VOTER last_known_addr { host: "127.27.26.130" port: 41989 } } peers { permanent_uuid: "d9ca69b534da4d2a95704ef550d45a22" member_type: VOTER last_known_addr { host: "127.27.26.131" port: 37195 } }
I20260601 13:42:28.893894 32408 raft_consensus.cc:385] T c3b91380c8b947999a2fb4fd6340377a P d9ca69b534da4d2a95704ef550d45a22 [term 0 FOLLOWER]: Consensus starting up: Expiring failure detector timer to make a prompt election more likely
I20260601 13:42:28.893935 32408 raft_consensus.cc:740] T c3b91380c8b947999a2fb4fd6340377a P d9ca69b534da4d2a95704ef550d45a22 [term 0 FOLLOWER]: Becoming Follower/Learner. State: Replica: d9ca69b534da4d2a95704ef550d45a22, State: Initialized, Role: FOLLOWER
I20260601 13:42:28.894170 32411 raft_consensus.cc:359] T dd04f473bee44a2ab5dfa748d37749f6 P d105a84a73d149e9926513ca2c1de3bc [term 0 FOLLOWER]: Replica starting. Triggering 0 pending ops. Active config: opid_index: -1 OBSOLETE_local: false peers { permanent_uuid: "716e5abcccdc4cfba1fa993394d25005" member_type: VOTER last_known_addr { host: "127.27.26.129" port: 45079 } } peers { permanent_uuid: "d105a84a73d149e9926513ca2c1de3bc" member_type: VOTER last_known_addr { host: "127.27.26.130" port: 41989 } } peers { permanent_uuid: "d9ca69b534da4d2a95704ef550d45a22" member_type: VOTER last_known_addr { host: "127.27.26.131" port: 37195 } }
I20260601 13:42:28.894187 32408 consensus_queue.cc:260] T c3b91380c8b947999a2fb4fd6340377a P d9ca69b534da4d2a95704ef550d45a22 [NON_LEADER]: Queue going to NON_LEADER mode. State: All replicated index: 0, Majority replicated index: 0, Committed index: 0, Last appended: 0.0, Last appended by leader: 0, Current term: 0, Majority size: -1, State: 0, Mode: NON_LEADER, active raft config: opid_index: -1 OBSOLETE_local: false peers { permanent_uuid: "716e5abcccdc4cfba1fa993394d25005" member_type: VOTER last_known_addr { host: "127.27.26.129" port: 45079 } } peers { permanent_uuid: "d105a84a73d149e9926513ca2c1de3bc" member_type: VOTER last_known_addr { host: "127.27.26.130" port: 41989 } } peers { permanent_uuid: "d9ca69b534da4d2a95704ef550d45a22" member_type: VOTER last_known_addr { host: "127.27.26.131" port: 37195 } }
I20260601 13:42:28.894309 32411 raft_consensus.cc:385] T dd04f473bee44a2ab5dfa748d37749f6 P d105a84a73d149e9926513ca2c1de3bc [term 0 FOLLOWER]: Consensus starting up: Expiring failure detector timer to make a prompt election more likely
I20260601 13:42:28.894352 32411 raft_consensus.cc:740] T dd04f473bee44a2ab5dfa748d37749f6 P d105a84a73d149e9926513ca2c1de3bc [term 0 FOLLOWER]: Becoming Follower/Learner. State: Replica: d105a84a73d149e9926513ca2c1de3bc, State: Initialized, Role: FOLLOWER
I20260601 13:42:28.894502 32408 ts_tablet_manager.cc:1434] T c3b91380c8b947999a2fb4fd6340377a P d9ca69b534da4d2a95704ef550d45a22: Time spent starting tablet: real 0.001s	user 0.000s	sys 0.001s
I20260601 13:42:28.894737 32413 raft_consensus.cc:493] T 1ceaa9bd69e7426bb54729b530c9c686 P 716e5abcccdc4cfba1fa993394d25005 [term 0 FOLLOWER]: Starting pre-election (no leader contacted us within the election timeout)
I20260601 13:42:28.894816 32413 raft_consensus.cc:515] T 1ceaa9bd69e7426bb54729b530c9c686 P 716e5abcccdc4cfba1fa993394d25005 [term 0 FOLLOWER]: Starting pre-election with config: opid_index: -1 OBSOLETE_local: false peers { permanent_uuid: "716e5abcccdc4cfba1fa993394d25005" member_type: VOTER last_known_addr { host: "127.27.26.129" port: 45079 } } peers { permanent_uuid: "d105a84a73d149e9926513ca2c1de3bc" member_type: VOTER last_known_addr { host: "127.27.26.130" port: 41989 } } peers { permanent_uuid: "d9ca69b534da4d2a95704ef550d45a22" member_type: VOTER last_known_addr { host: "127.27.26.131" port: 37195 } }
I20260601 13:42:28.895040 32409 tablet_bootstrap.cc:492] T 967843b87b6d43b386ac09397c77c943 P 716e5abcccdc4cfba1fa993394d25005: No bootstrap required, opened a new log
I20260601 13:42:28.895152 32409 ts_tablet_manager.cc:1403] T 967843b87b6d43b386ac09397c77c943 P 716e5abcccdc4cfba1fa993394d25005: Time spent bootstrapping tablet: real 0.003s	user 0.000s	sys 0.002s
I20260601 13:42:28.895327 32413 leader_election.cc:290] T 1ceaa9bd69e7426bb54729b530c9c686 P 716e5abcccdc4cfba1fa993394d25005 [CANDIDATE]: Term 1 pre-election: Requested pre-vote from peers d105a84a73d149e9926513ca2c1de3bc (127.27.26.130:41989), d9ca69b534da4d2a95704ef550d45a22 (127.27.26.131:37195)
I20260601 13:42:28.895601 32409 raft_consensus.cc:359] T 967843b87b6d43b386ac09397c77c943 P 716e5abcccdc4cfba1fa993394d25005 [term 0 FOLLOWER]: Replica starting. Triggering 0 pending ops. Active config: opid_index: -1 OBSOLETE_local: false peers { permanent_uuid: "716e5abcccdc4cfba1fa993394d25005" member_type: VOTER last_known_addr { host: "127.27.26.129" port: 45079 } } peers { permanent_uuid: "d105a84a73d149e9926513ca2c1de3bc" member_type: VOTER last_known_addr { host: "127.27.26.130" port: 41989 } } peers { permanent_uuid: "d9ca69b534da4d2a95704ef550d45a22" member_type: VOTER last_known_addr { host: "127.27.26.131" port: 37195 } }
I20260601 13:42:28.895694 32409 raft_consensus.cc:385] T 967843b87b6d43b386ac09397c77c943 P 716e5abcccdc4cfba1fa993394d25005 [term 0 FOLLOWER]: Consensus starting up: Expiring failure detector timer to make a prompt election more likely
I20260601 13:42:28.895733 32409 raft_consensus.cc:740] T 967843b87b6d43b386ac09397c77c943 P 716e5abcccdc4cfba1fa993394d25005 [term 0 FOLLOWER]: Becoming Follower/Learner. State: Replica: 716e5abcccdc4cfba1fa993394d25005, State: Initialized, Role: FOLLOWER
I20260601 13:42:28.894464 32411 consensus_queue.cc:260] T dd04f473bee44a2ab5dfa748d37749f6 P d105a84a73d149e9926513ca2c1de3bc [NON_LEADER]: Queue going to NON_LEADER mode. State: All replicated index: 0, Majority replicated index: 0, Committed index: 0, Last appended: 0.0, Last appended by leader: 0, Current term: 0, Majority size: -1, State: 0, Mode: NON_LEADER, active raft config: opid_index: -1 OBSOLETE_local: false peers { permanent_uuid: "716e5abcccdc4cfba1fa993394d25005" member_type: VOTER last_known_addr { host: "127.27.26.129" port: 45079 } } peers { permanent_uuid: "d105a84a73d149e9926513ca2c1de3bc" member_type: VOTER last_known_addr { host: "127.27.26.130" port: 41989 } } peers { permanent_uuid: "d9ca69b534da4d2a95704ef550d45a22" member_type: VOTER last_known_addr { host: "127.27.26.131" port: 37195 } }
I20260601 13:42:28.895887 32409 consensus_queue.cc:260] T 967843b87b6d43b386ac09397c77c943 P 716e5abcccdc4cfba1fa993394d25005 [NON_LEADER]: Queue going to NON_LEADER mode. State: All replicated index: 0, Majority replicated index: 0, Committed index: 0, Last appended: 0.0, Last appended by leader: 0, Current term: 0, Majority size: -1, State: 0, Mode: NON_LEADER, active raft config: opid_index: -1 OBSOLETE_local: false peers { permanent_uuid: "716e5abcccdc4cfba1fa993394d25005" member_type: VOTER last_known_addr { host: "127.27.26.129" port: 45079 } } peers { permanent_uuid: "d105a84a73d149e9926513ca2c1de3bc" member_type: VOTER last_known_addr { host: "127.27.26.130" port: 41989 } } peers { permanent_uuid: "d9ca69b534da4d2a95704ef550d45a22" member_type: VOTER last_known_addr { host: "127.27.26.131" port: 37195 } }
I20260601 13:42:28.896096 32411 ts_tablet_manager.cc:1434] T dd04f473bee44a2ab5dfa748d37749f6 P d105a84a73d149e9926513ca2c1de3bc: Time spent starting tablet: real 0.002s	user 0.001s	sys 0.000s
I20260601 13:42:28.896138 32409 ts_tablet_manager.cc:1434] T 967843b87b6d43b386ac09397c77c943 P 716e5abcccdc4cfba1fa993394d25005: Time spent starting tablet: real 0.001s	user 0.000s	sys 0.001s
I20260601 13:42:28.896298 32411 tablet_bootstrap.cc:492] T c3b91380c8b947999a2fb4fd6340377a P d105a84a73d149e9926513ca2c1de3bc: Bootstrap starting.
I20260601 13:42:28.896373 32409 tablet_bootstrap.cc:492] T 71250cf756ea4f04936a1410b985cfaa P 716e5abcccdc4cfba1fa993394d25005: Bootstrap starting.
I20260601 13:42:28.897116 32428 raft_consensus.cc:493] T f46512630c7648518a6f9ded27babba0 P 716e5abcccdc4cfba1fa993394d25005 [term 0 FOLLOWER]: Starting pre-election (no leader contacted us within the election timeout)
I20260601 13:42:28.897188 32428 raft_consensus.cc:515] T f46512630c7648518a6f9ded27babba0 P 716e5abcccdc4cfba1fa993394d25005 [term 0 FOLLOWER]: Starting pre-election with config: opid_index: -1 OBSOLETE_local: false peers { permanent_uuid: "716e5abcccdc4cfba1fa993394d25005" member_type: VOTER last_known_addr { host: "127.27.26.129" port: 45079 } } peers { permanent_uuid: "d105a84a73d149e9926513ca2c1de3bc" member_type: VOTER last_known_addr { host: "127.27.26.130" port: 41989 } } peers { permanent_uuid: "d9ca69b534da4d2a95704ef550d45a22" member_type: VOTER last_known_addr { host: "127.27.26.131" port: 37195 } }
I20260601 13:42:28.897387 32409 tablet_bootstrap.cc:654] T 71250cf756ea4f04936a1410b985cfaa P 716e5abcccdc4cfba1fa993394d25005: Neither blocks nor log segments found. Creating new log.
I20260601 13:42:28.897671 32408 tablet_bootstrap.cc:492] T 71250cf756ea4f04936a1410b985cfaa P d9ca69b534da4d2a95704ef550d45a22: Bootstrap starting.
I20260601 13:42:28.897395 32411 tablet_bootstrap.cc:654] T c3b91380c8b947999a2fb4fd6340377a P d105a84a73d149e9926513ca2c1de3bc: Neither blocks nor log segments found. Creating new log.
I20260601 13:42:28.898406 32428 leader_election.cc:290] T f46512630c7648518a6f9ded27babba0 P 716e5abcccdc4cfba1fa993394d25005 [CANDIDATE]: Term 1 pre-election: Requested pre-vote from peers d105a84a73d149e9926513ca2c1de3bc (127.27.26.130:41989), d9ca69b534da4d2a95704ef550d45a22 (127.27.26.131:37195)
I20260601 13:42:28.899166 32409 tablet_bootstrap.cc:492] T 71250cf756ea4f04936a1410b985cfaa P 716e5abcccdc4cfba1fa993394d25005: No bootstrap required, opened a new log
I20260601 13:42:28.899305 32409 ts_tablet_manager.cc:1403] T 71250cf756ea4f04936a1410b985cfaa P 716e5abcccdc4cfba1fa993394d25005: Time spent bootstrapping tablet: real 0.003s	user 0.000s	sys 0.001s
I20260601 13:42:28.899574 32408 tablet_bootstrap.cc:654] T 71250cf756ea4f04936a1410b985cfaa P d9ca69b534da4d2a95704ef550d45a22: Neither blocks nor log segments found. Creating new log.
I20260601 13:42:28.899767 32409 raft_consensus.cc:359] T 71250cf756ea4f04936a1410b985cfaa P 716e5abcccdc4cfba1fa993394d25005 [term 0 FOLLOWER]: Replica starting. Triggering 0 pending ops. Active config: opid_index: -1 OBSOLETE_local: false peers { permanent_uuid: "716e5abcccdc4cfba1fa993394d25005" member_type: VOTER last_known_addr { host: "127.27.26.129" port: 45079 } } peers { permanent_uuid: "d105a84a73d149e9926513ca2c1de3bc" member_type: VOTER last_known_addr { host: "127.27.26.130" port: 41989 } } peers { permanent_uuid: "d9ca69b534da4d2a95704ef550d45a22" member_type: VOTER last_known_addr { host: "127.27.26.131" port: 37195 } }
I20260601 13:42:28.899909 32409 raft_consensus.cc:385] T 71250cf756ea4f04936a1410b985cfaa P 716e5abcccdc4cfba1fa993394d25005 [term 0 FOLLOWER]: Consensus starting up: Expiring failure detector timer to make a prompt election more likely
I20260601 13:42:28.899971 32409 raft_consensus.cc:740] T 71250cf756ea4f04936a1410b985cfaa P 716e5abcccdc4cfba1fa993394d25005 [term 0 FOLLOWER]: Becoming Follower/Learner. State: Replica: 716e5abcccdc4cfba1fa993394d25005, State: Initialized, Role: FOLLOWER
I20260601 13:42:28.900130 32409 consensus_queue.cc:260] T 71250cf756ea4f04936a1410b985cfaa P 716e5abcccdc4cfba1fa993394d25005 [NON_LEADER]: Queue going to NON_LEADER mode. State: All replicated index: 0, Majority replicated index: 0, Committed index: 0, Last appended: 0.0, Last appended by leader: 0, Current term: 0, Majority size: -1, State: 0, Mode: NON_LEADER, active raft config: opid_index: -1 OBSOLETE_local: false peers { permanent_uuid: "716e5abcccdc4cfba1fa993394d25005" member_type: VOTER last_known_addr { host: "127.27.26.129" port: 45079 } } peers { permanent_uuid: "d105a84a73d149e9926513ca2c1de3bc" member_type: VOTER last_known_addr { host: "127.27.26.130" port: 41989 } } peers { permanent_uuid: "d9ca69b534da4d2a95704ef550d45a22" member_type: VOTER last_known_addr { host: "127.27.26.131" port: 37195 } }
I20260601 13:42:28.900550 32409 ts_tablet_manager.cc:1434] T 71250cf756ea4f04936a1410b985cfaa P 716e5abcccdc4cfba1fa993394d25005: Time spent starting tablet: real 0.001s	user 0.001s	sys 0.001s
I20260601 13:42:28.900765 32409 tablet_bootstrap.cc:492] T a8cdf92aba064f7fa0f0e1f36ecdbf2c P 716e5abcccdc4cfba1fa993394d25005: Bootstrap starting.
I20260601 13:42:28.901170 32408 tablet_bootstrap.cc:492] T 71250cf756ea4f04936a1410b985cfaa P d9ca69b534da4d2a95704ef550d45a22: No bootstrap required, opened a new log
I20260601 13:42:28.901252 32408 ts_tablet_manager.cc:1403] T 71250cf756ea4f04936a1410b985cfaa P d9ca69b534da4d2a95704ef550d45a22: Time spent bootstrapping tablet: real 0.004s	user 0.002s	sys 0.000s
I20260601 13:42:28.901634 32411 tablet_bootstrap.cc:492] T c3b91380c8b947999a2fb4fd6340377a P d105a84a73d149e9926513ca2c1de3bc: No bootstrap required, opened a new log
I20260601 13:42:28.901705 32411 ts_tablet_manager.cc:1403] T c3b91380c8b947999a2fb4fd6340377a P d105a84a73d149e9926513ca2c1de3bc: Time spent bootstrapping tablet: real 0.005s	user 0.002s	sys 0.000s
I20260601 13:42:28.901783 32408 raft_consensus.cc:359] T 71250cf756ea4f04936a1410b985cfaa P d9ca69b534da4d2a95704ef550d45a22 [term 0 FOLLOWER]: Replica starting. Triggering 0 pending ops. Active config: opid_index: -1 OBSOLETE_local: false peers { permanent_uuid: "716e5abcccdc4cfba1fa993394d25005" member_type: VOTER last_known_addr { host: "127.27.26.129" port: 45079 } } peers { permanent_uuid: "d105a84a73d149e9926513ca2c1de3bc" member_type: VOTER last_known_addr { host: "127.27.26.130" port: 41989 } } peers { permanent_uuid: "d9ca69b534da4d2a95704ef550d45a22" member_type: VOTER last_known_addr { host: "127.27.26.131" port: 37195 } }
I20260601 13:42:28.901878 32408 raft_consensus.cc:385] T 71250cf756ea4f04936a1410b985cfaa P d9ca69b534da4d2a95704ef550d45a22 [term 0 FOLLOWER]: Consensus starting up: Expiring failure detector timer to make a prompt election more likely
I20260601 13:42:28.901908 32408 raft_consensus.cc:740] T 71250cf756ea4f04936a1410b985cfaa P d9ca69b534da4d2a95704ef550d45a22 [term 0 FOLLOWER]: Becoming Follower/Learner. State: Replica: d9ca69b534da4d2a95704ef550d45a22, State: Initialized, Role: FOLLOWER
I20260601 13:42:28.902026 32408 consensus_queue.cc:260] T 71250cf756ea4f04936a1410b985cfaa P d9ca69b534da4d2a95704ef550d45a22 [NON_LEADER]: Queue going to NON_LEADER mode. State: All replicated index: 0, Majority replicated index: 0, Committed index: 0, Last appended: 0.0, Last appended by leader: 0, Current term: 0, Majority size: -1, State: 0, Mode: NON_LEADER, active raft config: opid_index: -1 OBSOLETE_local: false peers { permanent_uuid: "716e5abcccdc4cfba1fa993394d25005" member_type: VOTER last_known_addr { host: "127.27.26.129" port: 45079 } } peers { permanent_uuid: "d105a84a73d149e9926513ca2c1de3bc" member_type: VOTER last_known_addr { host: "127.27.26.130" port: 41989 } } peers { permanent_uuid: "d9ca69b534da4d2a95704ef550d45a22" member_type: VOTER last_known_addr { host: "127.27.26.131" port: 37195 } }
I20260601 13:42:28.902182 32411 raft_consensus.cc:359] T c3b91380c8b947999a2fb4fd6340377a P d105a84a73d149e9926513ca2c1de3bc [term 0 FOLLOWER]: Replica starting. Triggering 0 pending ops. Active config: opid_index: -1 OBSOLETE_local: false peers { permanent_uuid: "716e5abcccdc4cfba1fa993394d25005" member_type: VOTER last_known_addr { host: "127.27.26.129" port: 45079 } } peers { permanent_uuid: "d105a84a73d149e9926513ca2c1de3bc" member_type: VOTER last_known_addr { host: "127.27.26.130" port: 41989 } } peers { permanent_uuid: "d9ca69b534da4d2a95704ef550d45a22" member_type: VOTER last_known_addr { host: "127.27.26.131" port: 37195 } }
I20260601 13:42:28.902254 32411 raft_consensus.cc:385] T c3b91380c8b947999a2fb4fd6340377a P d105a84a73d149e9926513ca2c1de3bc [term 0 FOLLOWER]: Consensus starting up: Expiring failure detector timer to make a prompt election more likely
I20260601 13:42:28.902285 32411 raft_consensus.cc:740] T c3b91380c8b947999a2fb4fd6340377a P d105a84a73d149e9926513ca2c1de3bc [term 0 FOLLOWER]: Becoming Follower/Learner. State: Replica: d105a84a73d149e9926513ca2c1de3bc, State: Initialized, Role: FOLLOWER
I20260601 13:42:28.902335 32408 ts_tablet_manager.cc:1434] T 71250cf756ea4f04936a1410b985cfaa P d9ca69b534da4d2a95704ef550d45a22: Time spent starting tablet: real 0.001s	user 0.001s	sys 0.000s
I20260601 13:42:28.902397 32411 consensus_queue.cc:260] T c3b91380c8b947999a2fb4fd6340377a P d105a84a73d149e9926513ca2c1de3bc [NON_LEADER]: Queue going to NON_LEADER mode. State: All replicated index: 0, Majority replicated index: 0, Committed index: 0, Last appended: 0.0, Last appended by leader: 0, Current term: 0, Majority size: -1, State: 0, Mode: NON_LEADER, active raft config: opid_index: -1 OBSOLETE_local: false peers { permanent_uuid: "716e5abcccdc4cfba1fa993394d25005" member_type: VOTER last_known_addr { host: "127.27.26.129" port: 45079 } } peers { permanent_uuid: "d105a84a73d149e9926513ca2c1de3bc" member_type: VOTER last_known_addr { host: "127.27.26.130" port: 41989 } } peers { permanent_uuid: "d9ca69b534da4d2a95704ef550d45a22" member_type: VOTER last_known_addr { host: "127.27.26.131" port: 37195 } }
I20260601 13:42:28.902494 32409 tablet_bootstrap.cc:654] T a8cdf92aba064f7fa0f0e1f36ecdbf2c P 716e5abcccdc4cfba1fa993394d25005: Neither blocks nor log segments found. Creating new log.
I20260601 13:42:28.902628 32411 ts_tablet_manager.cc:1434] T c3b91380c8b947999a2fb4fd6340377a P d105a84a73d149e9926513ca2c1de3bc: Time spent starting tablet: real 0.001s	user 0.001s	sys 0.000s
I20260601 13:42:28.902796 32411 tablet_bootstrap.cc:492] T 1ceaa9bd69e7426bb54729b530c9c686 P d105a84a73d149e9926513ca2c1de3bc: Bootstrap starting.
I20260601 13:42:28.903921 32411 tablet_bootstrap.cc:654] T 1ceaa9bd69e7426bb54729b530c9c686 P d105a84a73d149e9926513ca2c1de3bc: Neither blocks nor log segments found. Creating new log.
I20260601 13:42:28.902514 32408 tablet_bootstrap.cc:492] T dd04f473bee44a2ab5dfa748d37749f6 P d9ca69b534da4d2a95704ef550d45a22: Bootstrap starting.
I20260601 13:42:28.905120 32408 tablet_bootstrap.cc:654] T dd04f473bee44a2ab5dfa748d37749f6 P d9ca69b534da4d2a95704ef550d45a22: Neither blocks nor log segments found. Creating new log.
I20260601 13:42:28.905579 32409 tablet_bootstrap.cc:492] T a8cdf92aba064f7fa0f0e1f36ecdbf2c P 716e5abcccdc4cfba1fa993394d25005: No bootstrap required, opened a new log
I20260601 13:42:28.905622 32287 tablet_service.cc:1917] Received RequestConsensusVote() RPC: tablet_id: "1ceaa9bd69e7426bb54729b530c9c686" candidate_uuid: "716e5abcccdc4cfba1fa993394d25005" candidate_term: 1 candidate_status { last_received { term: 0 index: 0 } } ignore_live_leader: false dest_uuid: "d105a84a73d149e9926513ca2c1de3bc" is_pre_election: true
I20260601 13:42:28.905681 32409 ts_tablet_manager.cc:1403] T a8cdf92aba064f7fa0f0e1f36ecdbf2c P 716e5abcccdc4cfba1fa993394d25005: Time spent bootstrapping tablet: real 0.005s	user 0.003s	sys 0.000s
I20260601 13:42:28.905902 32286 tablet_service.cc:1917] Received RequestConsensusVote() RPC: tablet_id: "f46512630c7648518a6f9ded27babba0" candidate_uuid: "716e5abcccdc4cfba1fa993394d25005" candidate_term: 1 candidate_status { last_received { term: 0 index: 0 } } ignore_live_leader: false dest_uuid: "d105a84a73d149e9926513ca2c1de3bc" is_pre_election: true
I20260601 13:42:28.906226 32409 raft_consensus.cc:359] T a8cdf92aba064f7fa0f0e1f36ecdbf2c P 716e5abcccdc4cfba1fa993394d25005 [term 0 FOLLOWER]: Replica starting. Triggering 0 pending ops. Active config: opid_index: -1 OBSOLETE_local: false peers { permanent_uuid: "716e5abcccdc4cfba1fa993394d25005" member_type: VOTER last_known_addr { host: "127.27.26.129" port: 45079 } } peers { permanent_uuid: "d105a84a73d149e9926513ca2c1de3bc" member_type: VOTER last_known_addr { host: "127.27.26.130" port: 41989 } } peers { permanent_uuid: "d9ca69b534da4d2a95704ef550d45a22" member_type: VOTER last_known_addr { host: "127.27.26.131" port: 37195 } }
W20260601 13:42:28.906278 32177 leader_election.cc:343] T 1ceaa9bd69e7426bb54729b530c9c686 P 716e5abcccdc4cfba1fa993394d25005 [CANDIDATE]: Term 1 pre-election: Tablet error from VoteRequest() call to peer d105a84a73d149e9926513ca2c1de3bc (127.27.26.130:41989): Illegal state: must be running to vote when last-logged opid is not known
I20260601 13:42:28.906347 32409 raft_consensus.cc:385] T a8cdf92aba064f7fa0f0e1f36ecdbf2c P 716e5abcccdc4cfba1fa993394d25005 [term 0 FOLLOWER]: Consensus starting up: Expiring failure detector timer to make a prompt election more likely
I20260601 13:42:28.906378 32409 raft_consensus.cc:740] T a8cdf92aba064f7fa0f0e1f36ecdbf2c P 716e5abcccdc4cfba1fa993394d25005 [term 0 FOLLOWER]: Becoming Follower/Learner. State: Replica: 716e5abcccdc4cfba1fa993394d25005, State: Initialized, Role: FOLLOWER
W20260601 13:42:28.906420 32177 leader_election.cc:343] T f46512630c7648518a6f9ded27babba0 P 716e5abcccdc4cfba1fa993394d25005 [CANDIDATE]: Term 1 pre-election: Tablet error from VoteRequest() call to peer d105a84a73d149e9926513ca2c1de3bc (127.27.26.130:41989): Illegal state: must be running to vote when last-logged opid is not known
I20260601 13:42:28.907670 32411 tablet_bootstrap.cc:492] T 1ceaa9bd69e7426bb54729b530c9c686 P d105a84a73d149e9926513ca2c1de3bc: No bootstrap required, opened a new log
I20260601 13:42:28.907917 32411 ts_tablet_manager.cc:1403] T 1ceaa9bd69e7426bb54729b530c9c686 P d105a84a73d149e9926513ca2c1de3bc: Time spent bootstrapping tablet: real 0.005s	user 0.002s	sys 0.000s
I20260601 13:42:28.908097 32409 consensus_queue.cc:260] T a8cdf92aba064f7fa0f0e1f36ecdbf2c P 716e5abcccdc4cfba1fa993394d25005 [NON_LEADER]: Queue going to NON_LEADER mode. State: All replicated index: 0, Majority replicated index: 0, Committed index: 0, Last appended: 0.0, Last appended by leader: 0, Current term: 0, Majority size: -1, State: 0, Mode: NON_LEADER, active raft config: opid_index: -1 OBSOLETE_local: false peers { permanent_uuid: "716e5abcccdc4cfba1fa993394d25005" member_type: VOTER last_known_addr { host: "127.27.26.129" port: 45079 } } peers { permanent_uuid: "d105a84a73d149e9926513ca2c1de3bc" member_type: VOTER last_known_addr { host: "127.27.26.130" port: 41989 } } peers { permanent_uuid: "d9ca69b534da4d2a95704ef550d45a22" member_type: VOTER last_known_addr { host: "127.27.26.131" port: 37195 } }
I20260601 13:42:28.908304 32362 tablet_service.cc:1917] Received RequestConsensusVote() RPC: tablet_id: "1ceaa9bd69e7426bb54729b530c9c686" candidate_uuid: "716e5abcccdc4cfba1fa993394d25005" candidate_term: 1 candidate_status { last_received { term: 0 index: 0 } } ignore_live_leader: false dest_uuid: "d9ca69b534da4d2a95704ef550d45a22" is_pre_election: true
I20260601 13:42:28.908416 32362 raft_consensus.cc:2468] T 1ceaa9bd69e7426bb54729b530c9c686 P d9ca69b534da4d2a95704ef550d45a22 [term 0 FOLLOWER]: Leader pre-election vote request: Granting yes vote for candidate 716e5abcccdc4cfba1fa993394d25005 in term 0.
I20260601 13:42:28.908427 32411 raft_consensus.cc:359] T 1ceaa9bd69e7426bb54729b530c9c686 P d105a84a73d149e9926513ca2c1de3bc [term 0 FOLLOWER]: Replica starting. Triggering 0 pending ops. Active config: opid_index: -1 OBSOLETE_local: false peers { permanent_uuid: "716e5abcccdc4cfba1fa993394d25005" member_type: VOTER last_known_addr { host: "127.27.26.129" port: 45079 } } peers { permanent_uuid: "d105a84a73d149e9926513ca2c1de3bc" member_type: VOTER last_known_addr { host: "127.27.26.130" port: 41989 } } peers { permanent_uuid: "d9ca69b534da4d2a95704ef550d45a22" member_type: VOTER last_known_addr { host: "127.27.26.131" port: 37195 } }
I20260601 13:42:28.908602 32411 raft_consensus.cc:385] T 1ceaa9bd69e7426bb54729b530c9c686 P d105a84a73d149e9926513ca2c1de3bc [term 0 FOLLOWER]: Consensus starting up: Expiring failure detector timer to make a prompt election more likely
I20260601 13:42:28.908648 32411 raft_consensus.cc:740] T 1ceaa9bd69e7426bb54729b530c9c686 P d105a84a73d149e9926513ca2c1de3bc [term 0 FOLLOWER]: Becoming Follower/Learner. State: Replica: d105a84a73d149e9926513ca2c1de3bc, State: Initialized, Role: FOLLOWER
I20260601 13:42:28.908696 32409 ts_tablet_manager.cc:1434] T a8cdf92aba064f7fa0f0e1f36ecdbf2c P 716e5abcccdc4cfba1fa993394d25005: Time spent starting tablet: real 0.003s	user 0.001s	sys 0.000s
I20260601 13:42:28.908778 32175 leader_election.cc:304] T 1ceaa9bd69e7426bb54729b530c9c686 P 716e5abcccdc4cfba1fa993394d25005 [CANDIDATE]: Term 1 pre-election: Election decided. Result: candidate won. Election summary: received 3 responses out of 3 voters: 2 yes votes; 1 no votes. yes voters: 716e5abcccdc4cfba1fa993394d25005, d9ca69b534da4d2a95704ef550d45a22; no voters: d105a84a73d149e9926513ca2c1de3bc
I20260601 13:42:28.908890 32361 tablet_service.cc:1917] Received RequestConsensusVote() RPC: tablet_id: "f46512630c7648518a6f9ded27babba0" candidate_uuid: "716e5abcccdc4cfba1fa993394d25005" candidate_term: 1 candidate_status { last_received { term: 0 index: 0 } } ignore_live_leader: false dest_uuid: "d9ca69b534da4d2a95704ef550d45a22" is_pre_election: true
I20260601 13:42:28.909024 32428 raft_consensus.cc:2804] T 1ceaa9bd69e7426bb54729b530c9c686 P 716e5abcccdc4cfba1fa993394d25005 [term 0 FOLLOWER]: Leader pre-election won for term 1
I20260601 13:42:28.908876 32409 tablet_bootstrap.cc:492] T dd04f473bee44a2ab5dfa748d37749f6 P 716e5abcccdc4cfba1fa993394d25005: Bootstrap starting.
I20260601 13:42:28.909080 32428 raft_consensus.cc:493] T 1ceaa9bd69e7426bb54729b530c9c686 P 716e5abcccdc4cfba1fa993394d25005 [term 0 FOLLOWER]: Starting leader election (no leader contacted us within the election timeout)
I20260601 13:42:28.909277 32428 raft_consensus.cc:3060] T 1ceaa9bd69e7426bb54729b530c9c686 P 716e5abcccdc4cfba1fa993394d25005 [term 0 FOLLOWER]: Advancing to term 1
W20260601 13:42:28.909684 32175 leader_election.cc:343] T f46512630c7648518a6f9ded27babba0 P 716e5abcccdc4cfba1fa993394d25005 [CANDIDATE]: Term 1 pre-election: Tablet error from VoteRequest() call to peer d9ca69b534da4d2a95704ef550d45a22 (127.27.26.131:37195): Illegal state: must be running to vote when last-logged opid is not known
I20260601 13:42:28.909773 32175 leader_election.cc:304] T f46512630c7648518a6f9ded27babba0 P 716e5abcccdc4cfba1fa993394d25005 [CANDIDATE]: Term 1 pre-election: Election decided. Result: candidate lost. Election summary: received 3 responses out of 3 voters: 1 yes votes; 2 no votes. yes voters: 716e5abcccdc4cfba1fa993394d25005; no voters: d105a84a73d149e9926513ca2c1de3bc, d9ca69b534da4d2a95704ef550d45a22
I20260601 13:42:28.909965 32413 raft_consensus.cc:2749] T f46512630c7648518a6f9ded27babba0 P 716e5abcccdc4cfba1fa993394d25005 [term 0 FOLLOWER]: Leader pre-election lost for term 1. Reason: could not achieve majority
I20260601 13:42:28.910262 32408 tablet_bootstrap.cc:492] T dd04f473bee44a2ab5dfa748d37749f6 P d9ca69b534da4d2a95704ef550d45a22: No bootstrap required, opened a new log
I20260601 13:42:28.910365 32408 ts_tablet_manager.cc:1403] T dd04f473bee44a2ab5dfa748d37749f6 P d9ca69b534da4d2a95704ef550d45a22: Time spent bootstrapping tablet: real 0.008s	user 0.002s	sys 0.000s
I20260601 13:42:28.910445 32409 tablet_bootstrap.cc:654] T dd04f473bee44a2ab5dfa748d37749f6 P 716e5abcccdc4cfba1fa993394d25005: Neither blocks nor log segments found. Creating new log.
I20260601 13:42:28.910677 32428 raft_consensus.cc:515] T 1ceaa9bd69e7426bb54729b530c9c686 P 716e5abcccdc4cfba1fa993394d25005 [term 1 FOLLOWER]: Starting leader election with config: opid_index: -1 OBSOLETE_local: false peers { permanent_uuid: "716e5abcccdc4cfba1fa993394d25005" member_type: VOTER last_known_addr { host: "127.27.26.129" port: 45079 } } peers { permanent_uuid: "d105a84a73d149e9926513ca2c1de3bc" member_type: VOTER last_known_addr { host: "127.27.26.130" port: 41989 } } peers { permanent_uuid: "d9ca69b534da4d2a95704ef550d45a22" member_type: VOTER last_known_addr { host: "127.27.26.131" port: 37195 } }
I20260601 13:42:28.910898 32408 raft_consensus.cc:359] T dd04f473bee44a2ab5dfa748d37749f6 P d9ca69b534da4d2a95704ef550d45a22 [term 0 FOLLOWER]: Replica starting. Triggering 0 pending ops. Active config: opid_index: -1 OBSOLETE_local: false peers { permanent_uuid: "716e5abcccdc4cfba1fa993394d25005" member_type: VOTER last_known_addr { host: "127.27.26.129" port: 45079 } } peers { permanent_uuid: "d105a84a73d149e9926513ca2c1de3bc" member_type: VOTER last_known_addr { host: "127.27.26.130" port: 41989 } } peers { permanent_uuid: "d9ca69b534da4d2a95704ef550d45a22" member_type: VOTER last_known_addr { host: "127.27.26.131" port: 37195 } }
I20260601 13:42:28.911020 32408 raft_consensus.cc:385] T dd04f473bee44a2ab5dfa748d37749f6 P d9ca69b534da4d2a95704ef550d45a22 [term 0 FOLLOWER]: Consensus starting up: Expiring failure detector timer to make a prompt election more likely
I20260601 13:42:28.911057 32408 raft_consensus.cc:740] T dd04f473bee44a2ab5dfa748d37749f6 P d9ca69b534da4d2a95704ef550d45a22 [term 0 FOLLOWER]: Becoming Follower/Learner. State: Replica: d9ca69b534da4d2a95704ef550d45a22, State: Initialized, Role: FOLLOWER
I20260601 13:42:28.911109 32428 leader_election.cc:290] T 1ceaa9bd69e7426bb54729b530c9c686 P 716e5abcccdc4cfba1fa993394d25005 [CANDIDATE]: Term 1 election: Requested vote from peers d105a84a73d149e9926513ca2c1de3bc (127.27.26.130:41989), d9ca69b534da4d2a95704ef550d45a22 (127.27.26.131:37195)
I20260601 13:42:28.911185 32408 consensus_queue.cc:260] T dd04f473bee44a2ab5dfa748d37749f6 P d9ca69b534da4d2a95704ef550d45a22 [NON_LEADER]: Queue going to NON_LEADER mode. State: All replicated index: 0, Majority replicated index: 0, Committed index: 0, Last appended: 0.0, Last appended by leader: 0, Current term: 0, Majority size: -1, State: 0, Mode: NON_LEADER, active raft config: opid_index: -1 OBSOLETE_local: false peers { permanent_uuid: "716e5abcccdc4cfba1fa993394d25005" member_type: VOTER last_known_addr { host: "127.27.26.129" port: 45079 } } peers { permanent_uuid: "d105a84a73d149e9926513ca2c1de3bc" member_type: VOTER last_known_addr { host: "127.27.26.130" port: 41989 } } peers { permanent_uuid: "d9ca69b534da4d2a95704ef550d45a22" member_type: VOTER last_known_addr { host: "127.27.26.131" port: 37195 } }
I20260601 13:42:28.908790 32411 consensus_queue.cc:260] T 1ceaa9bd69e7426bb54729b530c9c686 P d105a84a73d149e9926513ca2c1de3bc [NON_LEADER]: Queue going to NON_LEADER mode. State: All replicated index: 0, Majority replicated index: 0, Committed index: 0, Last appended: 0.0, Last appended by leader: 0, Current term: 0, Majority size: -1, State: 0, Mode: NON_LEADER, active raft config: opid_index: -1 OBSOLETE_local: false peers { permanent_uuid: "716e5abcccdc4cfba1fa993394d25005" member_type: VOTER last_known_addr { host: "127.27.26.129" port: 45079 } } peers { permanent_uuid: "d105a84a73d149e9926513ca2c1de3bc" member_type: VOTER last_known_addr { host: "127.27.26.130" port: 41989 } } peers { permanent_uuid: "d9ca69b534da4d2a95704ef550d45a22" member_type: VOTER last_known_addr { host: "127.27.26.131" port: 37195 } }
I20260601 13:42:28.911619 32411 ts_tablet_manager.cc:1434] T 1ceaa9bd69e7426bb54729b530c9c686 P d105a84a73d149e9926513ca2c1de3bc: Time spent starting tablet: real 0.004s	user 0.002s	sys 0.000s
I20260601 13:42:28.911731 32408 ts_tablet_manager.cc:1434] T dd04f473bee44a2ab5dfa748d37749f6 P d9ca69b534da4d2a95704ef550d45a22: Time spent starting tablet: real 0.001s	user 0.001s	sys 0.000s
I20260601 13:42:28.911803 32361 tablet_service.cc:1917] Received RequestConsensusVote() RPC: tablet_id: "1ceaa9bd69e7426bb54729b530c9c686" candidate_uuid: "716e5abcccdc4cfba1fa993394d25005" candidate_term: 1 candidate_status { last_received { term: 0 index: 0 } } ignore_live_leader: false dest_uuid: "d9ca69b534da4d2a95704ef550d45a22"
I20260601 13:42:28.911916 32361 raft_consensus.cc:3060] T 1ceaa9bd69e7426bb54729b530c9c686 P d9ca69b534da4d2a95704ef550d45a22 [term 0 FOLLOWER]: Advancing to term 1
I20260601 13:42:28.912348 32286 tablet_service.cc:1917] Received RequestConsensusVote() RPC: tablet_id: "1ceaa9bd69e7426bb54729b530c9c686" candidate_uuid: "716e5abcccdc4cfba1fa993394d25005" candidate_term: 1 candidate_status { last_received { term: 0 index: 0 } } ignore_live_leader: false dest_uuid: "d105a84a73d149e9926513ca2c1de3bc"
I20260601 13:42:28.912464 32286 raft_consensus.cc:3060] T 1ceaa9bd69e7426bb54729b530c9c686 P d105a84a73d149e9926513ca2c1de3bc [term 0 FOLLOWER]: Advancing to term 1
I20260601 13:42:28.912977 32361 raft_consensus.cc:2468] T 1ceaa9bd69e7426bb54729b530c9c686 P d9ca69b534da4d2a95704ef550d45a22 [term 1 FOLLOWER]: Leader election vote request: Granting yes vote for candidate 716e5abcccdc4cfba1fa993394d25005 in term 1.
I20260601 13:42:28.913309 32175 leader_election.cc:304] T 1ceaa9bd69e7426bb54729b530c9c686 P 716e5abcccdc4cfba1fa993394d25005 [CANDIDATE]: Term 1 election: Election decided. Result: candidate won. Election summary: received 2 responses out of 3 voters: 2 yes votes; 0 no votes. yes voters: 716e5abcccdc4cfba1fa993394d25005, d9ca69b534da4d2a95704ef550d45a22; no voters: 
I20260601 13:42:28.913367 32408 tablet_bootstrap.cc:492] T e44f1a610c634bcd80805669bd98b6a0 P d9ca69b534da4d2a95704ef550d45a22: Bootstrap starting.
I20260601 13:42:28.913549 32286 raft_consensus.cc:2468] T 1ceaa9bd69e7426bb54729b530c9c686 P d105a84a73d149e9926513ca2c1de3bc [term 1 FOLLOWER]: Leader election vote request: Granting yes vote for candidate 716e5abcccdc4cfba1fa993394d25005 in term 1.
I20260601 13:42:28.913975 32428 raft_consensus.cc:2804] T 1ceaa9bd69e7426bb54729b530c9c686 P 716e5abcccdc4cfba1fa993394d25005 [term 1 FOLLOWER]: Leader election won for term 1
I20260601 13:42:28.914181 32428 raft_consensus.cc:697] T 1ceaa9bd69e7426bb54729b530c9c686 P 716e5abcccdc4cfba1fa993394d25005 [term 1 LEADER]: Becoming Leader. State: Replica: 716e5abcccdc4cfba1fa993394d25005, State: Running, Role: LEADER
I20260601 13:42:28.914285 32409 tablet_bootstrap.cc:492] T dd04f473bee44a2ab5dfa748d37749f6 P 716e5abcccdc4cfba1fa993394d25005: No bootstrap required, opened a new log
I20260601 13:42:28.911832 32411 tablet_bootstrap.cc:492] T 71250cf756ea4f04936a1410b985cfaa P d105a84a73d149e9926513ca2c1de3bc: Bootstrap starting.
I20260601 13:42:28.914357 32428 consensus_queue.cc:237] T 1ceaa9bd69e7426bb54729b530c9c686 P 716e5abcccdc4cfba1fa993394d25005 [LEADER]: Queue going to LEADER mode. State: All replicated index: 0, Majority replicated index: 0, Committed index: 0, Last appended: 0.0, Last appended by leader: 0, Current term: 1, Majority size: 2, State: 0, Mode: LEADER, active raft config: opid_index: -1 OBSOLETE_local: false peers { permanent_uuid: "716e5abcccdc4cfba1fa993394d25005" member_type: VOTER last_known_addr { host: "127.27.26.129" port: 45079 } } peers { permanent_uuid: "d105a84a73d149e9926513ca2c1de3bc" member_type: VOTER last_known_addr { host: "127.27.26.130" port: 41989 } } peers { permanent_uuid: "d9ca69b534da4d2a95704ef550d45a22" member_type: VOTER last_known_addr { host: "127.27.26.131" port: 37195 } }
I20260601 13:42:28.914656 32408 tablet_bootstrap.cc:654] T e44f1a610c634bcd80805669bd98b6a0 P d9ca69b534da4d2a95704ef550d45a22: Neither blocks nor log segments found. Creating new log.
I20260601 13:42:28.914364 32409 ts_tablet_manager.cc:1403] T dd04f473bee44a2ab5dfa748d37749f6 P 716e5abcccdc4cfba1fa993394d25005: Time spent bootstrapping tablet: real 0.006s	user 0.002s	sys 0.000s
I20260601 13:42:28.915575 32411 tablet_bootstrap.cc:654] T 71250cf756ea4f04936a1410b985cfaa P d105a84a73d149e9926513ca2c1de3bc: Neither blocks nor log segments found. Creating new log.
I20260601 13:42:28.915860 32409 raft_consensus.cc:359] T dd04f473bee44a2ab5dfa748d37749f6 P 716e5abcccdc4cfba1fa993394d25005 [term 0 FOLLOWER]: Replica starting. Triggering 0 pending ops. Active config: opid_index: -1 OBSOLETE_local: false peers { permanent_uuid: "716e5abcccdc4cfba1fa993394d25005" member_type: VOTER last_known_addr { host: "127.27.26.129" port: 45079 } } peers { permanent_uuid: "d105a84a73d149e9926513ca2c1de3bc" member_type: VOTER last_known_addr { host: "127.27.26.130" port: 41989 } } peers { permanent_uuid: "d9ca69b534da4d2a95704ef550d45a22" member_type: VOTER last_known_addr { host: "127.27.26.131" port: 37195 } }
I20260601 13:42:28.915982 32409 raft_consensus.cc:385] T dd04f473bee44a2ab5dfa748d37749f6 P 716e5abcccdc4cfba1fa993394d25005 [term 0 FOLLOWER]: Consensus starting up: Expiring failure detector timer to make a prompt election more likely
I20260601 13:42:28.916082 32409 raft_consensus.cc:740] T dd04f473bee44a2ab5dfa748d37749f6 P 716e5abcccdc4cfba1fa993394d25005 [term 0 FOLLOWER]: Becoming Follower/Learner. State: Replica: 716e5abcccdc4cfba1fa993394d25005, State: Initialized, Role: FOLLOWER
I20260601 13:42:28.916285 32409 consensus_queue.cc:260] T dd04f473bee44a2ab5dfa748d37749f6 P 716e5abcccdc4cfba1fa993394d25005 [NON_LEADER]: Queue going to NON_LEADER mode. State: All replicated index: 0, Majority replicated index: 0, Committed index: 0, Last appended: 0.0, Last appended by leader: 0, Current term: 0, Majority size: -1, State: 0, Mode: NON_LEADER, active raft config: opid_index: -1 OBSOLETE_local: false peers { permanent_uuid: "716e5abcccdc4cfba1fa993394d25005" member_type: VOTER last_known_addr { host: "127.27.26.129" port: 45079 } } peers { permanent_uuid: "d105a84a73d149e9926513ca2c1de3bc" member_type: VOTER last_known_addr { host: "127.27.26.130" port: 41989 } } peers { permanent_uuid: "d9ca69b534da4d2a95704ef550d45a22" member_type: VOTER last_known_addr { host: "127.27.26.131" port: 37195 } }
I20260601 13:42:28.916765 32409 ts_tablet_manager.cc:1434] T dd04f473bee44a2ab5dfa748d37749f6 P 716e5abcccdc4cfba1fa993394d25005: Time spent starting tablet: real 0.001s	user 0.001s	sys 0.000s
I20260601 13:42:28.916945 32411 tablet_bootstrap.cc:492] T 71250cf756ea4f04936a1410b985cfaa P d105a84a73d149e9926513ca2c1de3bc: No bootstrap required, opened a new log
I20260601 13:42:28.917017 32409 tablet_bootstrap.cc:492] T c3b91380c8b947999a2fb4fd6340377a P 716e5abcccdc4cfba1fa993394d25005: Bootstrap starting.
I20260601 13:42:28.917053 32411 ts_tablet_manager.cc:1403] T 71250cf756ea4f04936a1410b985cfaa P d105a84a73d149e9926513ca2c1de3bc: Time spent bootstrapping tablet: real 0.005s	user 0.002s	sys 0.000s
