I20260601 13:42:18.496232 21008 tablet_service.cc:1511] Processing CreateTablet for tablet 7525100d4ca24fc39eb937e83e4d6d42 (DEFAULT_TABLE table=test-workload [id=59d8d8610ec44d04a4cab86492ca1d29]), partition=RANGE (key) PARTITION 715827880 <= VALUES < 894784850
I20260601 13:42:18.496367 21145 tablet_bootstrap.cc:492] T 9b6bffa5dc194044a5aa706197c07cbf P 96db1261907b401198e50fd46d9f1219: No bootstrap required, opened a new log
I20260601 13:42:18.496443 21008 data_dirs.cc:400] Could only allocate 1 dirs of requested 3 for tablet 7525100d4ca24fc39eb937e83e4d6d42. 1 dirs total, 0 dirs full, 0 dirs failed
I20260601 13:42:18.496459 21145 ts_tablet_manager.cc:1403] T 9b6bffa5dc194044a5aa706197c07cbf P 96db1261907b401198e50fd46d9f1219: Time spent bootstrapping tablet: real 0.003s	user 0.000s	sys 0.002s
I20260601 13:42:18.496850 21145 raft_consensus.cc:359] T 9b6bffa5dc194044a5aa706197c07cbf P 96db1261907b401198e50fd46d9f1219 [term 0 FOLLOWER]: Replica starting. Triggering 0 pending ops. Active config: opid_index: -1 OBSOLETE_local: false peers { permanent_uuid: "96db1261907b401198e50fd46d9f1219" member_type: VOTER last_known_addr { host: "127.16.43.65" port: 41595 } } peers { permanent_uuid: "6e5462e2cc764bf995b4c3af8920614f" member_type: VOTER last_known_addr { host: "127.16.43.66" port: 34159 } } peers { permanent_uuid: "8476199afdf74d03ad70313967278f9d" member_type: VOTER last_known_addr { host: "127.16.43.67" port: 42717 } }
I20260601 13:42:18.496932 21145 raft_consensus.cc:385] T 9b6bffa5dc194044a5aa706197c07cbf P 96db1261907b401198e50fd46d9f1219 [term 0 FOLLOWER]: Consensus starting up: Expiring failure detector timer to make a prompt election more likely
I20260601 13:42:18.496958 21145 raft_consensus.cc:740] T 9b6bffa5dc194044a5aa706197c07cbf P 96db1261907b401198e50fd46d9f1219 [term 0 FOLLOWER]: Becoming Follower/Learner. State: Replica: 96db1261907b401198e50fd46d9f1219, State: Initialized, Role: FOLLOWER
I20260601 13:42:18.496968 20930 tablet_service.cc:1511] Processing CreateTablet for tablet 5fa6dcb871364c0ab41f26e4240dd08b (DEFAULT_TABLE table=test-workload [id=59d8d8610ec44d04a4cab86492ca1d29]), partition=RANGE (key) PARTITION 1073741820 <= VALUES < 1252698790
I20260601 13:42:18.497066 21145 consensus_queue.cc:260] T 9b6bffa5dc194044a5aa706197c07cbf P 96db1261907b401198e50fd46d9f1219 [NON_LEADER]: Queue going to NON_LEADER mode. State: All replicated index: 0, Majority replicated index: 0, Committed index: 0, Last appended: 0.0, Last appended by leader: 0, Current term: 0, Majority size: -1, State: 0, Mode: NON_LEADER, active raft config: opid_index: -1 OBSOLETE_local: false peers { permanent_uuid: "96db1261907b401198e50fd46d9f1219" member_type: VOTER last_known_addr { host: "127.16.43.65" port: 41595 } } peers { permanent_uuid: "6e5462e2cc764bf995b4c3af8920614f" member_type: VOTER last_known_addr { host: "127.16.43.66" port: 34159 } } peers { permanent_uuid: "8476199afdf74d03ad70313967278f9d" member_type: VOTER last_known_addr { host: "127.16.43.67" port: 42717 } }
I20260601 13:42:18.497192 20930 data_dirs.cc:400] Could only allocate 1 dirs of requested 3 for tablet 5fa6dcb871364c0ab41f26e4240dd08b. 1 dirs total, 0 dirs full, 0 dirs failed
I20260601 13:42:18.497346 20935 tablet_service.cc:1511] Processing CreateTablet for tablet bba5e048235347c9879a1a2784b07352 (DEFAULT_TABLE table=test-workload [id=59d8d8610ec44d04a4cab86492ca1d29]), partition=RANGE (key) PARTITION 178956970 <= VALUES < 357913940
I20260601 13:42:18.497576 20935 data_dirs.cc:400] Could only allocate 1 dirs of requested 3 for tablet bba5e048235347c9879a1a2784b07352. 1 dirs total, 0 dirs full, 0 dirs failed
I20260601 13:42:18.497404 21145 ts_tablet_manager.cc:1434] T 9b6bffa5dc194044a5aa706197c07cbf P 96db1261907b401198e50fd46d9f1219: Time spent starting tablet: real 0.001s	user 0.000s	sys 0.001s
I20260601 13:42:18.497699 21079 tablet_service.cc:1511] Processing CreateTablet for tablet 77d76ae1ea8a4627a9f221da72b3b095 (DEFAULT_TABLE table=test-workload [id=59d8d8610ec44d04a4cab86492ca1d29]), partition=RANGE (key) PARTITION 1431655760 <= VALUES < 1610612730
I20260601 13:42:18.497812 21145 tablet_bootstrap.cc:492] T 57aff0dcc8b54e1fac22f0b2b0864d4f P 96db1261907b401198e50fd46d9f1219: Bootstrap starting.
I20260601 13:42:18.497908 21079 data_dirs.cc:400] Could only allocate 1 dirs of requested 3 for tablet 77d76ae1ea8a4627a9f221da72b3b095. 1 dirs total, 0 dirs full, 0 dirs failed
I20260601 13:42:18.499452 20934 tablet_service.cc:1511] Processing CreateTablet for tablet d7b4e4a3c60b40869cd5c9fad79e4fb4 (DEFAULT_TABLE table=test-workload [id=59d8d8610ec44d04a4cab86492ca1d29]), partition=RANGE (key) PARTITION 357913940 <= VALUES < 536870910
I20260601 13:42:18.499670 20934 data_dirs.cc:400] Could only allocate 1 dirs of requested 3 for tablet d7b4e4a3c60b40869cd5c9fad79e4fb4. 1 dirs total, 0 dirs full, 0 dirs failed
I20260601 13:42:18.499977 20931 tablet_service.cc:1511] Processing CreateTablet for tablet a43b009d6fa945ce86126f65e357f444 (DEFAULT_TABLE table=test-workload [id=59d8d8610ec44d04a4cab86492ca1d29]), partition=RANGE (key) PARTITION 894784850 <= VALUES < 1073741820
I20260601 13:42:18.500151 20932 tablet_service.cc:1511] Processing CreateTablet for tablet 7525100d4ca24fc39eb937e83e4d6d42 (DEFAULT_TABLE table=test-workload [id=59d8d8610ec44d04a4cab86492ca1d29]), partition=RANGE (key) PARTITION 715827880 <= VALUES < 894784850
I20260601 13:42:18.500239 20931 data_dirs.cc:400] Could only allocate 1 dirs of requested 3 for tablet a43b009d6fa945ce86126f65e357f444. 1 dirs total, 0 dirs full, 0 dirs failed
I20260601 13:42:18.500391 20932 data_dirs.cc:400] Could only allocate 1 dirs of requested 3 for tablet 7525100d4ca24fc39eb937e83e4d6d42. 1 dirs total, 0 dirs full, 0 dirs failed
I20260601 13:42:18.499969 21145 tablet_bootstrap.cc:654] T 57aff0dcc8b54e1fac22f0b2b0864d4f P 96db1261907b401198e50fd46d9f1219: Neither blocks nor log segments found. Creating new log.
I20260601 13:42:18.500543 21085 data_dirs.cc:400] Could only allocate 1 dirs of requested 3 for tablet d7b4e4a3c60b40869cd5c9fad79e4fb4. 1 dirs total, 0 dirs full, 0 dirs failed
I20260601 13:42:18.501529 20933 tablet_service.cc:1511] Processing CreateTablet for tablet 6b72375c791a486684d8e5dc9d0a8b68 (DEFAULT_TABLE table=test-workload [id=59d8d8610ec44d04a4cab86492ca1d29]), partition=RANGE (key) PARTITION 536870910 <= VALUES < 715827880
I20260601 13:42:18.501762 20933 data_dirs.cc:400] Could only allocate 1 dirs of requested 3 for tablet 6b72375c791a486684d8e5dc9d0a8b68. 1 dirs total, 0 dirs full, 0 dirs failed
I20260601 13:42:18.504988 21145 tablet_bootstrap.cc:492] T 57aff0dcc8b54e1fac22f0b2b0864d4f P 96db1261907b401198e50fd46d9f1219: No bootstrap required, opened a new log
I20260601 13:42:18.505071 21145 ts_tablet_manager.cc:1403] T 57aff0dcc8b54e1fac22f0b2b0864d4f P 96db1261907b401198e50fd46d9f1219: Time spent bootstrapping tablet: real 0.007s	user 0.000s	sys 0.002s
I20260601 13:42:18.505352 21144 tablet_bootstrap.cc:492] T 6b72375c791a486684d8e5dc9d0a8b68 P 6e5462e2cc764bf995b4c3af8920614f: Bootstrap starting.
I20260601 13:42:18.505522 21145 raft_consensus.cc:359] T 57aff0dcc8b54e1fac22f0b2b0864d4f P 96db1261907b401198e50fd46d9f1219 [term 0 FOLLOWER]: Replica starting. Triggering 0 pending ops. Active config: opid_index: -1 OBSOLETE_local: false peers { permanent_uuid: "96db1261907b401198e50fd46d9f1219" member_type: VOTER last_known_addr { host: "127.16.43.65" port: 41595 } } peers { permanent_uuid: "6e5462e2cc764bf995b4c3af8920614f" member_type: VOTER last_known_addr { host: "127.16.43.66" port: 34159 } } peers { permanent_uuid: "8476199afdf74d03ad70313967278f9d" member_type: VOTER last_known_addr { host: "127.16.43.67" port: 42717 } }
I20260601 13:42:18.505618 21145 raft_consensus.cc:385] T 57aff0dcc8b54e1fac22f0b2b0864d4f P 96db1261907b401198e50fd46d9f1219 [term 0 FOLLOWER]: Consensus starting up: Expiring failure detector timer to make a prompt election more likely
I20260601 13:42:18.505647 21145 raft_consensus.cc:740] T 57aff0dcc8b54e1fac22f0b2b0864d4f P 96db1261907b401198e50fd46d9f1219 [term 0 FOLLOWER]: Becoming Follower/Learner. State: Replica: 96db1261907b401198e50fd46d9f1219, State: Initialized, Role: FOLLOWER
I20260601 13:42:18.505762 21145 consensus_queue.cc:260] T 57aff0dcc8b54e1fac22f0b2b0864d4f P 96db1261907b401198e50fd46d9f1219 [NON_LEADER]: Queue going to NON_LEADER mode. State: All replicated index: 0, Majority replicated index: 0, Committed index: 0, Last appended: 0.0, Last appended by leader: 0, Current term: 0, Majority size: -1, State: 0, Mode: NON_LEADER, active raft config: opid_index: -1 OBSOLETE_local: false peers { permanent_uuid: "96db1261907b401198e50fd46d9f1219" member_type: VOTER last_known_addr { host: "127.16.43.65" port: 41595 } } peers { permanent_uuid: "6e5462e2cc764bf995b4c3af8920614f" member_type: VOTER last_known_addr { host: "127.16.43.66" port: 34159 } } peers { permanent_uuid: "8476199afdf74d03ad70313967278f9d" member_type: VOTER last_known_addr { host: "127.16.43.67" port: 42717 } }
I20260601 13:42:18.505993 21145 ts_tablet_manager.cc:1434] T 57aff0dcc8b54e1fac22f0b2b0864d4f P 96db1261907b401198e50fd46d9f1219: Time spent starting tablet: real 0.001s	user 0.000s	sys 0.001s
I20260601 13:42:18.506155 21145 tablet_bootstrap.cc:492] T 657759dc4e9f4bd3a95bb368ea619cac P 96db1261907b401198e50fd46d9f1219: Bootstrap starting.
I20260601 13:42:18.506183 21144 tablet_bootstrap.cc:654] T 6b72375c791a486684d8e5dc9d0a8b68 P 6e5462e2cc764bf995b4c3af8920614f: Neither blocks nor log segments found. Creating new log.
I20260601 13:42:18.506788 21143 tablet_bootstrap.cc:492] T 57aff0dcc8b54e1fac22f0b2b0864d4f P 8476199afdf74d03ad70313967278f9d: Bootstrap starting.
I20260601 13:42:18.506999 21145 tablet_bootstrap.cc:654] T 657759dc4e9f4bd3a95bb368ea619cac P 96db1261907b401198e50fd46d9f1219: Neither blocks nor log segments found. Creating new log.
I20260601 13:42:18.507692 21143 tablet_bootstrap.cc:654] T 57aff0dcc8b54e1fac22f0b2b0864d4f P 8476199afdf74d03ad70313967278f9d: Neither blocks nor log segments found. Creating new log.
I20260601 13:42:18.508311 21145 tablet_bootstrap.cc:492] T 657759dc4e9f4bd3a95bb368ea619cac P 96db1261907b401198e50fd46d9f1219: No bootstrap required, opened a new log
I20260601 13:42:18.508347 21144 tablet_bootstrap.cc:492] T 6b72375c791a486684d8e5dc9d0a8b68 P 6e5462e2cc764bf995b4c3af8920614f: No bootstrap required, opened a new log
I20260601 13:42:18.508401 21145 ts_tablet_manager.cc:1403] T 657759dc4e9f4bd3a95bb368ea619cac P 96db1261907b401198e50fd46d9f1219: Time spent bootstrapping tablet: real 0.002s	user 0.000s	sys 0.001s
I20260601 13:42:18.508419 21144 ts_tablet_manager.cc:1403] T 6b72375c791a486684d8e5dc9d0a8b68 P 6e5462e2cc764bf995b4c3af8920614f: Time spent bootstrapping tablet: real 0.003s	user 0.002s	sys 0.000s
I20260601 13:42:18.508714 21143 tablet_bootstrap.cc:492] T 57aff0dcc8b54e1fac22f0b2b0864d4f P 8476199afdf74d03ad70313967278f9d: No bootstrap required, opened a new log
I20260601 13:42:18.508843 21143 ts_tablet_manager.cc:1403] T 57aff0dcc8b54e1fac22f0b2b0864d4f P 8476199afdf74d03ad70313967278f9d: Time spent bootstrapping tablet: real 0.002s	user 0.002s	sys 0.000s
I20260601 13:42:18.508852 21145 raft_consensus.cc:359] T 657759dc4e9f4bd3a95bb368ea619cac P 96db1261907b401198e50fd46d9f1219 [term 0 FOLLOWER]: Replica starting. Triggering 0 pending ops. Active config: opid_index: -1 OBSOLETE_local: false peers { permanent_uuid: "96db1261907b401198e50fd46d9f1219" member_type: VOTER last_known_addr { host: "127.16.43.65" port: 41595 } } peers { permanent_uuid: "6e5462e2cc764bf995b4c3af8920614f" member_type: VOTER last_known_addr { host: "127.16.43.66" port: 34159 } } peers { permanent_uuid: "8476199afdf74d03ad70313967278f9d" member_type: VOTER last_known_addr { host: "127.16.43.67" port: 42717 } }
I20260601 13:42:18.508997 21145 raft_consensus.cc:385] T 657759dc4e9f4bd3a95bb368ea619cac P 96db1261907b401198e50fd46d9f1219 [term 0 FOLLOWER]: Consensus starting up: Expiring failure detector timer to make a prompt election more likely
I20260601 13:42:18.508955 21144 raft_consensus.cc:359] T 6b72375c791a486684d8e5dc9d0a8b68 P 6e5462e2cc764bf995b4c3af8920614f [term 0 FOLLOWER]: Replica starting. Triggering 0 pending ops. Active config: opid_index: -1 OBSOLETE_local: false peers { permanent_uuid: "96db1261907b401198e50fd46d9f1219" member_type: VOTER last_known_addr { host: "127.16.43.65" port: 41595 } } peers { permanent_uuid: "6e5462e2cc764bf995b4c3af8920614f" member_type: VOTER last_known_addr { host: "127.16.43.66" port: 34159 } } peers { permanent_uuid: "8476199afdf74d03ad70313967278f9d" member_type: VOTER last_known_addr { host: "127.16.43.67" port: 42717 } }
I20260601 13:42:18.509120 21145 raft_consensus.cc:740] T 657759dc4e9f4bd3a95bb368ea619cac P 96db1261907b401198e50fd46d9f1219 [term 0 FOLLOWER]: Becoming Follower/Learner. State: Replica: 96db1261907b401198e50fd46d9f1219, State: Initialized, Role: FOLLOWER
I20260601 13:42:18.509166 21144 raft_consensus.cc:385] T 6b72375c791a486684d8e5dc9d0a8b68 P 6e5462e2cc764bf995b4c3af8920614f [term 0 FOLLOWER]: Consensus starting up: Expiring failure detector timer to make a prompt election more likely
I20260601 13:42:18.509234 21144 raft_consensus.cc:740] T 6b72375c791a486684d8e5dc9d0a8b68 P 6e5462e2cc764bf995b4c3af8920614f [term 0 FOLLOWER]: Becoming Follower/Learner. State: Replica: 6e5462e2cc764bf995b4c3af8920614f, State: Initialized, Role: FOLLOWER
I20260601 13:42:18.509238 21145 consensus_queue.cc:260] T 657759dc4e9f4bd3a95bb368ea619cac P 96db1261907b401198e50fd46d9f1219 [NON_LEADER]: Queue going to NON_LEADER mode. State: All replicated index: 0, Majority replicated index: 0, Committed index: 0, Last appended: 0.0, Last appended by leader: 0, Current term: 0, Majority size: -1, State: 0, Mode: NON_LEADER, active raft config: opid_index: -1 OBSOLETE_local: false peers { permanent_uuid: "96db1261907b401198e50fd46d9f1219" member_type: VOTER last_known_addr { host: "127.16.43.65" port: 41595 } } peers { permanent_uuid: "6e5462e2cc764bf995b4c3af8920614f" member_type: VOTER last_known_addr { host: "127.16.43.66" port: 34159 } } peers { permanent_uuid: "8476199afdf74d03ad70313967278f9d" member_type: VOTER last_known_addr { host: "127.16.43.67" port: 42717 } }
I20260601 13:42:18.509366 21144 consensus_queue.cc:260] T 6b72375c791a486684d8e5dc9d0a8b68 P 6e5462e2cc764bf995b4c3af8920614f [NON_LEADER]: Queue going to NON_LEADER mode. State: All replicated index: 0, Majority replicated index: 0, Committed index: 0, Last appended: 0.0, Last appended by leader: 0, Current term: 0, Majority size: -1, State: 0, Mode: NON_LEADER, active raft config: opid_index: -1 OBSOLETE_local: false peers { permanent_uuid: "96db1261907b401198e50fd46d9f1219" member_type: VOTER last_known_addr { host: "127.16.43.65" port: 41595 } } peers { permanent_uuid: "6e5462e2cc764bf995b4c3af8920614f" member_type: VOTER last_known_addr { host: "127.16.43.66" port: 34159 } } peers { permanent_uuid: "8476199afdf74d03ad70313967278f9d" member_type: VOTER last_known_addr { host: "127.16.43.67" port: 42717 } }
I20260601 13:42:18.509338 21143 raft_consensus.cc:359] T 57aff0dcc8b54e1fac22f0b2b0864d4f P 8476199afdf74d03ad70313967278f9d [term 0 FOLLOWER]: Replica starting. Triggering 0 pending ops. Active config: opid_index: -1 OBSOLETE_local: false peers { permanent_uuid: "96db1261907b401198e50fd46d9f1219" member_type: VOTER last_known_addr { host: "127.16.43.65" port: 41595 } } peers { permanent_uuid: "6e5462e2cc764bf995b4c3af8920614f" member_type: VOTER last_known_addr { host: "127.16.43.66" port: 34159 } } peers { permanent_uuid: "8476199afdf74d03ad70313967278f9d" member_type: VOTER last_known_addr { host: "127.16.43.67" port: 42717 } }
I20260601 13:42:18.509676 21145 ts_tablet_manager.cc:1434] T 657759dc4e9f4bd3a95bb368ea619cac P 96db1261907b401198e50fd46d9f1219: Time spent starting tablet: real 0.001s	user 0.001s	sys 0.000s
I20260601 13:42:18.509697 21144 ts_tablet_manager.cc:1434] T 6b72375c791a486684d8e5dc9d0a8b68 P 6e5462e2cc764bf995b4c3af8920614f: Time spent starting tablet: real 0.001s	user 0.001s	sys 0.000s
I20260601 13:42:18.510046 21145 tablet_bootstrap.cc:492] T 77d76ae1ea8a4627a9f221da72b3b095 P 96db1261907b401198e50fd46d9f1219: Bootstrap starting.
I20260601 13:42:18.510066 21144 tablet_bootstrap.cc:492] T a43b009d6fa945ce86126f65e357f444 P 6e5462e2cc764bf995b4c3af8920614f: Bootstrap starting.
I20260601 13:42:18.510921 21144 tablet_bootstrap.cc:654] T a43b009d6fa945ce86126f65e357f444 P 6e5462e2cc764bf995b4c3af8920614f: Neither blocks nor log segments found. Creating new log.
I20260601 13:42:18.509652 21143 raft_consensus.cc:385] T 57aff0dcc8b54e1fac22f0b2b0864d4f P 8476199afdf74d03ad70313967278f9d [term 0 FOLLOWER]: Consensus starting up: Expiring failure detector timer to make a prompt election more likely
I20260601 13:42:18.510982 21143 raft_consensus.cc:740] T 57aff0dcc8b54e1fac22f0b2b0864d4f P 8476199afdf74d03ad70313967278f9d [term 0 FOLLOWER]: Becoming Follower/Learner. State: Replica: 8476199afdf74d03ad70313967278f9d, State: Initialized, Role: FOLLOWER
I20260601 13:42:18.511096 21143 consensus_queue.cc:260] T 57aff0dcc8b54e1fac22f0b2b0864d4f P 8476199afdf74d03ad70313967278f9d [NON_LEADER]: Queue going to NON_LEADER mode. State: All replicated index: 0, Majority replicated index: 0, Committed index: 0, Last appended: 0.0, Last appended by leader: 0, Current term: 0, Majority size: -1, State: 0, Mode: NON_LEADER, active raft config: opid_index: -1 OBSOLETE_local: false peers { permanent_uuid: "96db1261907b401198e50fd46d9f1219" member_type: VOTER last_known_addr { host: "127.16.43.65" port: 41595 } } peers { permanent_uuid: "6e5462e2cc764bf995b4c3af8920614f" member_type: VOTER last_known_addr { host: "127.16.43.66" port: 34159 } } peers { permanent_uuid: "8476199afdf74d03ad70313967278f9d" member_type: VOTER last_known_addr { host: "127.16.43.67" port: 42717 } }
I20260601 13:42:18.511415 21143 ts_tablet_manager.cc:1434] T 57aff0dcc8b54e1fac22f0b2b0864d4f P 8476199afdf74d03ad70313967278f9d: Time spent starting tablet: real 0.002s	user 0.001s	sys 0.000s
I20260601 13:42:18.511586 21143 tablet_bootstrap.cc:492] T 544a353c93ba4755be132f629e51395f P 8476199afdf74d03ad70313967278f9d: Bootstrap starting.
I20260601 13:42:18.512310 21144 tablet_bootstrap.cc:492] T a43b009d6fa945ce86126f65e357f444 P 6e5462e2cc764bf995b4c3af8920614f: No bootstrap required, opened a new log
I20260601 13:42:18.512420 21144 ts_tablet_manager.cc:1403] T a43b009d6fa945ce86126f65e357f444 P 6e5462e2cc764bf995b4c3af8920614f: Time spent bootstrapping tablet: real 0.002s	user 0.001s	sys 0.000s
I20260601 13:42:18.512475 21143 tablet_bootstrap.cc:654] T 544a353c93ba4755be132f629e51395f P 8476199afdf74d03ad70313967278f9d: Neither blocks nor log segments found. Creating new log.
I20260601 13:42:18.512825 21144 raft_consensus.cc:359] T a43b009d6fa945ce86126f65e357f444 P 6e5462e2cc764bf995b4c3af8920614f [term 0 FOLLOWER]: Replica starting. Triggering 0 pending ops. Active config: opid_index: -1 OBSOLETE_local: false peers { permanent_uuid: "96db1261907b401198e50fd46d9f1219" member_type: VOTER last_known_addr { host: "127.16.43.65" port: 41595 } } peers { permanent_uuid: "6e5462e2cc764bf995b4c3af8920614f" member_type: VOTER last_known_addr { host: "127.16.43.66" port: 34159 } } peers { permanent_uuid: "8476199afdf74d03ad70313967278f9d" member_type: VOTER last_known_addr { host: "127.16.43.67" port: 42717 } }
I20260601 13:42:18.510932 21145 tablet_bootstrap.cc:654] T 77d76ae1ea8a4627a9f221da72b3b095 P 96db1261907b401198e50fd46d9f1219: Neither blocks nor log segments found. Creating new log.
I20260601 13:42:18.512918 21144 raft_consensus.cc:385] T a43b009d6fa945ce86126f65e357f444 P 6e5462e2cc764bf995b4c3af8920614f [term 0 FOLLOWER]: Consensus starting up: Expiring failure detector timer to make a prompt election more likely
I20260601 13:42:18.512952 21144 raft_consensus.cc:740] T a43b009d6fa945ce86126f65e357f444 P 6e5462e2cc764bf995b4c3af8920614f [term 0 FOLLOWER]: Becoming Follower/Learner. State: Replica: 6e5462e2cc764bf995b4c3af8920614f, State: Initialized, Role: FOLLOWER
I20260601 13:42:18.513053 21144 consensus_queue.cc:260] T a43b009d6fa945ce86126f65e357f444 P 6e5462e2cc764bf995b4c3af8920614f [NON_LEADER]: Queue going to NON_LEADER mode. State: All replicated index: 0, Majority replicated index: 0, Committed index: 0, Last appended: 0.0, Last appended by leader: 0, Current term: 0, Majority size: -1, State: 0, Mode: NON_LEADER, active raft config: opid_index: -1 OBSOLETE_local: false peers { permanent_uuid: "96db1261907b401198e50fd46d9f1219" member_type: VOTER last_known_addr { host: "127.16.43.65" port: 41595 } } peers { permanent_uuid: "6e5462e2cc764bf995b4c3af8920614f" member_type: VOTER last_known_addr { host: "127.16.43.66" port: 34159 } } peers { permanent_uuid: "8476199afdf74d03ad70313967278f9d" member_type: VOTER last_known_addr { host: "127.16.43.67" port: 42717 } }
I20260601 13:42:18.513330 21144 ts_tablet_manager.cc:1434] T a43b009d6fa945ce86126f65e357f444 P 6e5462e2cc764bf995b4c3af8920614f: Time spent starting tablet: real 0.001s	user 0.001s	sys 0.000s
I20260601 13:42:18.513492 21144 tablet_bootstrap.cc:492] T bba5e048235347c9879a1a2784b07352 P 6e5462e2cc764bf995b4c3af8920614f: Bootstrap starting.
I20260601 13:42:18.513674 21143 tablet_bootstrap.cc:492] T 544a353c93ba4755be132f629e51395f P 8476199afdf74d03ad70313967278f9d: No bootstrap required, opened a new log
I20260601 13:42:18.513746 21143 ts_tablet_manager.cc:1403] T 544a353c93ba4755be132f629e51395f P 8476199afdf74d03ad70313967278f9d: Time spent bootstrapping tablet: real 0.002s	user 0.001s	sys 0.000s
I20260601 13:42:18.514144 21143 raft_consensus.cc:359] T 544a353c93ba4755be132f629e51395f P 8476199afdf74d03ad70313967278f9d [term 0 FOLLOWER]: Replica starting. Triggering 0 pending ops. Active config: opid_index: -1 OBSOLETE_local: false peers { permanent_uuid: "96db1261907b401198e50fd46d9f1219" member_type: VOTER last_known_addr { host: "127.16.43.65" port: 41595 } } peers { permanent_uuid: "6e5462e2cc764bf995b4c3af8920614f" member_type: VOTER last_known_addr { host: "127.16.43.66" port: 34159 } } peers { permanent_uuid: "8476199afdf74d03ad70313967278f9d" member_type: VOTER last_known_addr { host: "127.16.43.67" port: 42717 } }
I20260601 13:42:18.514226 21143 raft_consensus.cc:385] T 544a353c93ba4755be132f629e51395f P 8476199afdf74d03ad70313967278f9d [term 0 FOLLOWER]: Consensus starting up: Expiring failure detector timer to make a prompt election more likely
I20260601 13:42:18.514256 21143 raft_consensus.cc:740] T 544a353c93ba4755be132f629e51395f P 8476199afdf74d03ad70313967278f9d [term 0 FOLLOWER]: Becoming Follower/Learner. State: Replica: 8476199afdf74d03ad70313967278f9d, State: Initialized, Role: FOLLOWER
I20260601 13:42:18.514353 21143 consensus_queue.cc:260] T 544a353c93ba4755be132f629e51395f P 8476199afdf74d03ad70313967278f9d [NON_LEADER]: Queue going to NON_LEADER mode. State: All replicated index: 0, Majority replicated index: 0, Committed index: 0, Last appended: 0.0, Last appended by leader: 0, Current term: 0, Majority size: -1, State: 0, Mode: NON_LEADER, active raft config: opid_index: -1 OBSOLETE_local: false peers { permanent_uuid: "96db1261907b401198e50fd46d9f1219" member_type: VOTER last_known_addr { host: "127.16.43.65" port: 41595 } } peers { permanent_uuid: "6e5462e2cc764bf995b4c3af8920614f" member_type: VOTER last_known_addr { host: "127.16.43.66" port: 34159 } } peers { permanent_uuid: "8476199afdf74d03ad70313967278f9d" member_type: VOTER last_known_addr { host: "127.16.43.67" port: 42717 } }
I20260601 13:42:18.514393 21144 tablet_bootstrap.cc:654] T bba5e048235347c9879a1a2784b07352 P 6e5462e2cc764bf995b4c3af8920614f: Neither blocks nor log segments found. Creating new log.
I20260601 13:42:18.514506 21145 tablet_bootstrap.cc:492] T 77d76ae1ea8a4627a9f221da72b3b095 P 96db1261907b401198e50fd46d9f1219: No bootstrap required, opened a new log
I20260601 13:42:18.514592 21143 ts_tablet_manager.cc:1434] T 544a353c93ba4755be132f629e51395f P 8476199afdf74d03ad70313967278f9d: Time spent starting tablet: real 0.001s	user 0.001s	sys 0.000s
I20260601 13:42:18.514633 21145 ts_tablet_manager.cc:1403] T 77d76ae1ea8a4627a9f221da72b3b095 P 96db1261907b401198e50fd46d9f1219: Time spent bootstrapping tablet: real 0.005s	user 0.001s	sys 0.001s
I20260601 13:42:18.514756 21143 tablet_bootstrap.cc:492] T 9b6bffa5dc194044a5aa706197c07cbf P 8476199afdf74d03ad70313967278f9d: Bootstrap starting.
I20260601 13:42:18.515030 21145 raft_consensus.cc:359] T 77d76ae1ea8a4627a9f221da72b3b095 P 96db1261907b401198e50fd46d9f1219 [term 0 FOLLOWER]: Replica starting. Triggering 0 pending ops. Active config: opid_index: -1 OBSOLETE_local: false peers { permanent_uuid: "96db1261907b401198e50fd46d9f1219" member_type: VOTER last_known_addr { host: "127.16.43.65" port: 41595 } } peers { permanent_uuid: "6e5462e2cc764bf995b4c3af8920614f" member_type: VOTER last_known_addr { host: "127.16.43.66" port: 34159 } } peers { permanent_uuid: "8476199afdf74d03ad70313967278f9d" member_type: VOTER last_known_addr { host: "127.16.43.67" port: 42717 } }
I20260601 13:42:18.515117 21145 raft_consensus.cc:385] T 77d76ae1ea8a4627a9f221da72b3b095 P 96db1261907b401198e50fd46d9f1219 [term 0 FOLLOWER]: Consensus starting up: Expiring failure detector timer to make a prompt election more likely
I20260601 13:42:18.515146 21145 raft_consensus.cc:740] T 77d76ae1ea8a4627a9f221da72b3b095 P 96db1261907b401198e50fd46d9f1219 [term 0 FOLLOWER]: Becoming Follower/Learner. State: Replica: 96db1261907b401198e50fd46d9f1219, State: Initialized, Role: FOLLOWER
I20260601 13:42:18.515239 21145 consensus_queue.cc:260] T 77d76ae1ea8a4627a9f221da72b3b095 P 96db1261907b401198e50fd46d9f1219 [NON_LEADER]: Queue going to NON_LEADER mode. State: All replicated index: 0, Majority replicated index: 0, Committed index: 0, Last appended: 0.0, Last appended by leader: 0, Current term: 0, Majority size: -1, State: 0, Mode: NON_LEADER, active raft config: opid_index: -1 OBSOLETE_local: false peers { permanent_uuid: "96db1261907b401198e50fd46d9f1219" member_type: VOTER last_known_addr { host: "127.16.43.65" port: 41595 } } peers { permanent_uuid: "6e5462e2cc764bf995b4c3af8920614f" member_type: VOTER last_known_addr { host: "127.16.43.66" port: 34159 } } peers { permanent_uuid: "8476199afdf74d03ad70313967278f9d" member_type: VOTER last_known_addr { host: "127.16.43.67" port: 42717 } }
I20260601 13:42:18.515461 21145 ts_tablet_manager.cc:1434] T 77d76ae1ea8a4627a9f221da72b3b095 P 96db1261907b401198e50fd46d9f1219: Time spent starting tablet: real 0.001s	user 0.000s	sys 0.000s
I20260601 13:42:18.515614 21143 tablet_bootstrap.cc:654] T 9b6bffa5dc194044a5aa706197c07cbf P 8476199afdf74d03ad70313967278f9d: Neither blocks nor log segments found. Creating new log.
I20260601 13:42:18.515615 21145 tablet_bootstrap.cc:492] T 544a353c93ba4755be132f629e51395f P 96db1261907b401198e50fd46d9f1219: Bootstrap starting.
I20260601 13:42:18.517549 21145 tablet_bootstrap.cc:654] T 544a353c93ba4755be132f629e51395f P 96db1261907b401198e50fd46d9f1219: Neither blocks nor log segments found. Creating new log.
I20260601 13:42:18.518271 21144 tablet_bootstrap.cc:492] T bba5e048235347c9879a1a2784b07352 P 6e5462e2cc764bf995b4c3af8920614f: No bootstrap required, opened a new log
I20260601 13:42:18.518433 21144 ts_tablet_manager.cc:1403] T bba5e048235347c9879a1a2784b07352 P 6e5462e2cc764bf995b4c3af8920614f: Time spent bootstrapping tablet: real 0.005s	user 0.002s	sys 0.000s
I20260601 13:42:18.518510 21145 tablet_bootstrap.cc:492] T 544a353c93ba4755be132f629e51395f P 96db1261907b401198e50fd46d9f1219: No bootstrap required, opened a new log
I20260601 13:42:18.518534 21143 tablet_bootstrap.cc:492] T 9b6bffa5dc194044a5aa706197c07cbf P 8476199afdf74d03ad70313967278f9d: No bootstrap required, opened a new log
I20260601 13:42:18.518680 21145 ts_tablet_manager.cc:1403] T 544a353c93ba4755be132f629e51395f P 96db1261907b401198e50fd46d9f1219: Time spent bootstrapping tablet: real 0.003s	user 0.002s	sys 0.000s
I20260601 13:42:18.518919 21144 raft_consensus.cc:359] T bba5e048235347c9879a1a2784b07352 P 6e5462e2cc764bf995b4c3af8920614f [term 0 FOLLOWER]: Replica starting. Triggering 0 pending ops. Active config: opid_index: -1 OBSOLETE_local: false peers { permanent_uuid: "96db1261907b401198e50fd46d9f1219" member_type: VOTER last_known_addr { host: "127.16.43.65" port: 41595 } } peers { permanent_uuid: "6e5462e2cc764bf995b4c3af8920614f" member_type: VOTER last_known_addr { host: "127.16.43.66" port: 34159 } } peers { permanent_uuid: "8476199afdf74d03ad70313967278f9d" member_type: VOTER last_known_addr { host: "127.16.43.67" port: 42717 } }
I20260601 13:42:18.519013 21144 raft_consensus.cc:385] T bba5e048235347c9879a1a2784b07352 P 6e5462e2cc764bf995b4c3af8920614f [term 0 FOLLOWER]: Consensus starting up: Expiring failure detector timer to make a prompt election more likely
I20260601 13:42:18.519047 21144 raft_consensus.cc:740] T bba5e048235347c9879a1a2784b07352 P 6e5462e2cc764bf995b4c3af8920614f [term 0 FOLLOWER]: Becoming Follower/Learner. State: Replica: 6e5462e2cc764bf995b4c3af8920614f, State: Initialized, Role: FOLLOWER
I20260601 13:42:18.519073 21145 raft_consensus.cc:359] T 544a353c93ba4755be132f629e51395f P 96db1261907b401198e50fd46d9f1219 [term 0 FOLLOWER]: Replica starting. Triggering 0 pending ops. Active config: opid_index: -1 OBSOLETE_local: false peers { permanent_uuid: "96db1261907b401198e50fd46d9f1219" member_type: VOTER last_known_addr { host: "127.16.43.65" port: 41595 } } peers { permanent_uuid: "6e5462e2cc764bf995b4c3af8920614f" member_type: VOTER last_known_addr { host: "127.16.43.66" port: 34159 } } peers { permanent_uuid: "8476199afdf74d03ad70313967278f9d" member_type: VOTER last_known_addr { host: "127.16.43.67" port: 42717 } }
I20260601 13:42:18.518685 21143 ts_tablet_manager.cc:1403] T 9b6bffa5dc194044a5aa706197c07cbf P 8476199afdf74d03ad70313967278f9d: Time spent bootstrapping tablet: real 0.004s	user 0.002s	sys 0.000s
I20260601 13:42:18.519169 21144 consensus_queue.cc:260] T bba5e048235347c9879a1a2784b07352 P 6e5462e2cc764bf995b4c3af8920614f [NON_LEADER]: Queue going to NON_LEADER mode. State: All replicated index: 0, Majority replicated index: 0, Committed index: 0, Last appended: 0.0, Last appended by leader: 0, Current term: 0, Majority size: -1, State: 0, Mode: NON_LEADER, active raft config: opid_index: -1 OBSOLETE_local: false peers { permanent_uuid: "96db1261907b401198e50fd46d9f1219" member_type: VOTER last_known_addr { host: "127.16.43.65" port: 41595 } } peers { permanent_uuid: "6e5462e2cc764bf995b4c3af8920614f" member_type: VOTER last_known_addr { host: "127.16.43.66" port: 34159 } } peers { permanent_uuid: "8476199afdf74d03ad70313967278f9d" member_type: VOTER last_known_addr { host: "127.16.43.67" port: 42717 } }
I20260601 13:42:18.519174 21145 raft_consensus.cc:385] T 544a353c93ba4755be132f629e51395f P 96db1261907b401198e50fd46d9f1219 [term 0 FOLLOWER]: Consensus starting up: Expiring failure detector timer to make a prompt election more likely
I20260601 13:42:18.519274 21145 raft_consensus.cc:740] T 544a353c93ba4755be132f629e51395f P 96db1261907b401198e50fd46d9f1219 [term 0 FOLLOWER]: Becoming Follower/Learner. State: Replica: 96db1261907b401198e50fd46d9f1219, State: Initialized, Role: FOLLOWER
I20260601 13:42:18.519419 21145 consensus_queue.cc:260] T 544a353c93ba4755be132f629e51395f P 96db1261907b401198e50fd46d9f1219 [NON_LEADER]: Queue going to NON_LEADER mode. State: All replicated index: 0, Majority replicated index: 0, Committed index: 0, Last appended: 0.0, Last appended by leader: 0, Current term: 0, Majority size: -1, State: 0, Mode: NON_LEADER, active raft config: opid_index: -1 OBSOLETE_local: false peers { permanent_uuid: "96db1261907b401198e50fd46d9f1219" member_type: VOTER last_known_addr { host: "127.16.43.65" port: 41595 } } peers { permanent_uuid: "6e5462e2cc764bf995b4c3af8920614f" member_type: VOTER last_known_addr { host: "127.16.43.66" port: 34159 } } peers { permanent_uuid: "8476199afdf74d03ad70313967278f9d" member_type: VOTER last_known_addr { host: "127.16.43.67" port: 42717 } }
I20260601 13:42:18.519670 21145 ts_tablet_manager.cc:1434] T 544a353c93ba4755be132f629e51395f P 96db1261907b401198e50fd46d9f1219: Time spent starting tablet: real 0.001s	user 0.000s	sys 0.000s
I20260601 13:42:18.519680 21144 ts_tablet_manager.cc:1434] T bba5e048235347c9879a1a2784b07352 P 6e5462e2cc764bf995b4c3af8920614f: Time spent starting tablet: real 0.001s	user 0.001s	sys 0.000s
I20260601 13:42:18.519709 21154 raft_consensus.cc:493] T 6b72375c791a486684d8e5dc9d0a8b68 P 6e5462e2cc764bf995b4c3af8920614f [term 0 FOLLOWER]: Starting pre-election (no leader contacted us within the election timeout)
I20260601 13:42:18.519826 21154 raft_consensus.cc:515] T 6b72375c791a486684d8e5dc9d0a8b68 P 6e5462e2cc764bf995b4c3af8920614f [term 0 FOLLOWER]: Starting pre-election with config: opid_index: -1 OBSOLETE_local: false peers { permanent_uuid: "96db1261907b401198e50fd46d9f1219" member_type: VOTER last_known_addr { host: "127.16.43.65" port: 41595 } } peers { permanent_uuid: "6e5462e2cc764bf995b4c3af8920614f" member_type: VOTER last_known_addr { host: "127.16.43.66" port: 34159 } } peers { permanent_uuid: "8476199afdf74d03ad70313967278f9d" member_type: VOTER last_known_addr { host: "127.16.43.67" port: 42717 } }
I20260601 13:42:18.519922 21144 tablet_bootstrap.cc:492] T 9b6bffa5dc194044a5aa706197c07cbf P 6e5462e2cc764bf995b4c3af8920614f: Bootstrap starting.
I20260601 13:42:18.520048 21143 raft_consensus.cc:359] T 9b6bffa5dc194044a5aa706197c07cbf P 8476199afdf74d03ad70313967278f9d [term 0 FOLLOWER]: Replica starting. Triggering 0 pending ops. Active config: opid_index: -1 OBSOLETE_local: false peers { permanent_uuid: "96db1261907b401198e50fd46d9f1219" member_type: VOTER last_known_addr { host: "127.16.43.65" port: 41595 } } peers { permanent_uuid: "6e5462e2cc764bf995b4c3af8920614f" member_type: VOTER last_known_addr { host: "127.16.43.66" port: 34159 } } peers { permanent_uuid: "8476199afdf74d03ad70313967278f9d" member_type: VOTER last_known_addr { host: "127.16.43.67" port: 42717 } }
I20260601 13:42:18.520192 21143 raft_consensus.cc:385] T 9b6bffa5dc194044a5aa706197c07cbf P 8476199afdf74d03ad70313967278f9d [term 0 FOLLOWER]: Consensus starting up: Expiring failure detector timer to make a prompt election more likely
I20260601 13:42:18.520273 21143 raft_consensus.cc:740] T 9b6bffa5dc194044a5aa706197c07cbf P 8476199afdf74d03ad70313967278f9d [term 0 FOLLOWER]: Becoming Follower/Learner. State: Replica: 8476199afdf74d03ad70313967278f9d, State: Initialized, Role: FOLLOWER
I20260601 13:42:18.520457 21143 consensus_queue.cc:260] T 9b6bffa5dc194044a5aa706197c07cbf P 8476199afdf74d03ad70313967278f9d [NON_LEADER]: Queue going to NON_LEADER mode. State: All replicated index: 0, Majority replicated index: 0, Committed index: 0, Last appended: 0.0, Last appended by leader: 0, Current term: 0, Majority size: -1, State: 0, Mode: NON_LEADER, active raft config: opid_index: -1 OBSOLETE_local: false peers { permanent_uuid: "96db1261907b401198e50fd46d9f1219" member_type: VOTER last_known_addr { host: "127.16.43.65" port: 41595 } } peers { permanent_uuid: "6e5462e2cc764bf995b4c3af8920614f" member_type: VOTER last_known_addr { host: "127.16.43.66" port: 34159 } } peers { permanent_uuid: "8476199afdf74d03ad70313967278f9d" member_type: VOTER last_known_addr { host: "127.16.43.67" port: 42717 } }
I20260601 13:42:18.520737 21143 ts_tablet_manager.cc:1434] T 9b6bffa5dc194044a5aa706197c07cbf P 8476199afdf74d03ad70313967278f9d: Time spent starting tablet: real 0.002s	user 0.001s	sys 0.000s
I20260601 13:42:18.521061 21143 tablet_bootstrap.cc:492] T 7525100d4ca24fc39eb937e83e4d6d42 P 8476199afdf74d03ad70313967278f9d: Bootstrap starting.
I20260601 13:42:18.521972 21143 tablet_bootstrap.cc:654] T 7525100d4ca24fc39eb937e83e4d6d42 P 8476199afdf74d03ad70313967278f9d: Neither blocks nor log segments found. Creating new log.
I20260601 13:42:18.522071 21154 leader_election.cc:290] T 6b72375c791a486684d8e5dc9d0a8b68 P 6e5462e2cc764bf995b4c3af8920614f [CANDIDATE]: Term 1 pre-election: Requested pre-vote from peers 96db1261907b401198e50fd46d9f1219 (127.16.43.65:41595), 8476199afdf74d03ad70313967278f9d (127.16.43.67:42717)
I20260601 13:42:18.520812 21144 tablet_bootstrap.cc:654] T 9b6bffa5dc194044a5aa706197c07cbf P 6e5462e2cc764bf995b4c3af8920614f: Neither blocks nor log segments found. Creating new log.
I20260601 13:42:18.520941 21145 tablet_bootstrap.cc:492] T 5fa6dcb871364c0ab41f26e4240dd08b P 96db1261907b401198e50fd46d9f1219: Bootstrap starting.
I20260601 13:42:18.523989 21145 tablet_bootstrap.cc:654] T 5fa6dcb871364c0ab41f26e4240dd08b P 96db1261907b401198e50fd46d9f1219: Neither blocks nor log segments found. Creating new log.
I20260601 13:42:18.524883 21143 tablet_bootstrap.cc:492] T 7525100d4ca24fc39eb937e83e4d6d42 P 8476199afdf74d03ad70313967278f9d: No bootstrap required, opened a new log
I20260601 13:42:18.525012 21143 ts_tablet_manager.cc:1403] T 7525100d4ca24fc39eb937e83e4d6d42 P 8476199afdf74d03ad70313967278f9d: Time spent bootstrapping tablet: real 0.004s	user 0.000s	sys 0.002s
I20260601 13:42:18.525139 21145 tablet_bootstrap.cc:492] T 5fa6dcb871364c0ab41f26e4240dd08b P 96db1261907b401198e50fd46d9f1219: No bootstrap required, opened a new log
I20260601 13:42:18.525240 21145 ts_tablet_manager.cc:1403] T 5fa6dcb871364c0ab41f26e4240dd08b P 96db1261907b401198e50fd46d9f1219: Time spent bootstrapping tablet: real 0.004s	user 0.001s	sys 0.001s
I20260601 13:42:18.525601 21143 raft_consensus.cc:359] T 7525100d4ca24fc39eb937e83e4d6d42 P 8476199afdf74d03ad70313967278f9d [term 0 FOLLOWER]: Replica starting. Triggering 0 pending ops. Active config: opid_index: -1 OBSOLETE_local: false peers { permanent_uuid: "96db1261907b401198e50fd46d9f1219" member_type: VOTER last_known_addr { host: "127.16.43.65" port: 41595 } } peers { permanent_uuid: "6e5462e2cc764bf995b4c3af8920614f" member_type: VOTER last_known_addr { host: "127.16.43.66" port: 34159 } } peers { permanent_uuid: "8476199afdf74d03ad70313967278f9d" member_type: VOTER last_known_addr { host: "127.16.43.67" port: 42717 } }
I20260601 13:42:18.525743 21143 raft_consensus.cc:385] T 7525100d4ca24fc39eb937e83e4d6d42 P 8476199afdf74d03ad70313967278f9d [term 0 FOLLOWER]: Consensus starting up: Expiring failure detector timer to make a prompt election more likely
I20260601 13:42:18.525820 21143 raft_consensus.cc:740] T 7525100d4ca24fc39eb937e83e4d6d42 P 8476199afdf74d03ad70313967278f9d [term 0 FOLLOWER]: Becoming Follower/Learner. State: Replica: 8476199afdf74d03ad70313967278f9d, State: Initialized, Role: FOLLOWER
I20260601 13:42:18.525945 21143 consensus_queue.cc:260] T 7525100d4ca24fc39eb937e83e4d6d42 P 8476199afdf74d03ad70313967278f9d [NON_LEADER]: Queue going to NON_LEADER mode. State: All replicated index: 0, Majority replicated index: 0, Committed index: 0, Last appended: 0.0, Last appended by leader: 0, Current term: 0, Majority size: -1, State: 0, Mode: NON_LEADER, active raft config: opid_index: -1 OBSOLETE_local: false peers { permanent_uuid: "96db1261907b401198e50fd46d9f1219" member_type: VOTER last_known_addr { host: "127.16.43.65" port: 41595 } } peers { permanent_uuid: "6e5462e2cc764bf995b4c3af8920614f" member_type: VOTER last_known_addr { host: "127.16.43.66" port: 34159 } } peers { permanent_uuid: "8476199afdf74d03ad70313967278f9d" member_type: VOTER last_known_addr { host: "127.16.43.67" port: 42717 } }
I20260601 13:42:18.526189 21143 ts_tablet_manager.cc:1434] T 7525100d4ca24fc39eb937e83e4d6d42 P 8476199afdf74d03ad70313967278f9d: Time spent starting tablet: real 0.001s	user 0.000s	sys 0.001s
I20260601 13:42:18.526320 21143 tablet_bootstrap.cc:492] T 6b72375c791a486684d8e5dc9d0a8b68 P 8476199afdf74d03ad70313967278f9d: Bootstrap starting.
I20260601 13:42:18.526955 20946 tablet_service.cc:1917] Received RequestConsensusVote() RPC: tablet_id: "6b72375c791a486684d8e5dc9d0a8b68" candidate_uuid: "6e5462e2cc764bf995b4c3af8920614f" candidate_term: 1 candidate_status { last_received { term: 0 index: 0 } } ignore_live_leader: false dest_uuid: "96db1261907b401198e50fd46d9f1219" is_pre_election: true
I20260601 13:42:18.527225 21143 tablet_bootstrap.cc:654] T 6b72375c791a486684d8e5dc9d0a8b68 P 8476199afdf74d03ad70313967278f9d: Neither blocks nor log segments found. Creating new log.
I20260601 13:42:18.525714 21145 raft_consensus.cc:359] T 5fa6dcb871364c0ab41f26e4240dd08b P 96db1261907b401198e50fd46d9f1219 [term 0 FOLLOWER]: Replica starting. Triggering 0 pending ops. Active config: opid_index: -1 OBSOLETE_local: false peers { permanent_uuid: "96db1261907b401198e50fd46d9f1219" member_type: VOTER last_known_addr { host: "127.16.43.65" port: 41595 } } peers { permanent_uuid: "6e5462e2cc764bf995b4c3af8920614f" member_type: VOTER last_known_addr { host: "127.16.43.66" port: 34159 } } peers { permanent_uuid: "8476199afdf74d03ad70313967278f9d" member_type: VOTER last_known_addr { host: "127.16.43.67" port: 42717 } }
I20260601 13:42:18.527329 21145 raft_consensus.cc:385] T 5fa6dcb871364c0ab41f26e4240dd08b P 96db1261907b401198e50fd46d9f1219 [term 0 FOLLOWER]: Consensus starting up: Expiring failure detector timer to make a prompt election more likely
I20260601 13:42:18.527364 21145 raft_consensus.cc:740] T 5fa6dcb871364c0ab41f26e4240dd08b P 96db1261907b401198e50fd46d9f1219 [term 0 FOLLOWER]: Becoming Follower/Learner. State: Replica: 96db1261907b401198e50fd46d9f1219, State: Initialized, Role: FOLLOWER
I20260601 13:42:18.527499 21145 consensus_queue.cc:260] T 5fa6dcb871364c0ab41f26e4240dd08b P 96db1261907b401198e50fd46d9f1219 [NON_LEADER]: Queue going to NON_LEADER mode. State: All replicated index: 0, Majority replicated index: 0, Committed index: 0, Last appended: 0.0, Last appended by leader: 0, Current term: 0, Majority size: -1, State: 0, Mode: NON_LEADER, active raft config: opid_index: -1 OBSOLETE_local: false peers { permanent_uuid: "96db1261907b401198e50fd46d9f1219" member_type: VOTER last_known_addr { host: "127.16.43.65" port: 41595 } } peers { permanent_uuid: "6e5462e2cc764bf995b4c3af8920614f" member_type: VOTER last_known_addr { host: "127.16.43.66" port: 34159 } } peers { permanent_uuid: "8476199afdf74d03ad70313967278f9d" member_type: VOTER last_known_addr { host: "127.16.43.67" port: 42717 } }
I20260601 13:42:18.527849 21097 tablet_service.cc:1917] Received RequestConsensusVote() RPC: tablet_id: "6b72375c791a486684d8e5dc9d0a8b68" candidate_uuid: "6e5462e2cc764bf995b4c3af8920614f" candidate_term: 1 candidate_status { last_received { term: 0 index: 0 } } ignore_live_leader: false dest_uuid: "8476199afdf74d03ad70313967278f9d" is_pre_election: true
W20260601 13:42:18.527866 20986 leader_election.cc:343] T 6b72375c791a486684d8e5dc9d0a8b68 P 6e5462e2cc764bf995b4c3af8920614f [CANDIDATE]: Term 1 pre-election: Tablet error from VoteRequest() call to peer 96db1261907b401198e50fd46d9f1219 (127.16.43.65:41595): Illegal state: must be running to vote when last-logged opid is not known
I20260601 13:42:18.528371 21144 tablet_bootstrap.cc:492] T 9b6bffa5dc194044a5aa706197c07cbf P 6e5462e2cc764bf995b4c3af8920614f: No bootstrap required, opened a new log
I20260601 13:42:18.528438 21144 ts_tablet_manager.cc:1403] T 9b6bffa5dc194044a5aa706197c07cbf P 6e5462e2cc764bf995b4c3af8920614f: Time spent bootstrapping tablet: real 0.009s	user 0.002s	sys 0.000s
I20260601 13:42:18.528832 21144 raft_consensus.cc:359] T 9b6bffa5dc194044a5aa706197c07cbf P 6e5462e2cc764bf995b4c3af8920614f [term 0 FOLLOWER]: Replica starting. Triggering 0 pending ops. Active config: opid_index: -1 OBSOLETE_local: false peers { permanent_uuid: "96db1261907b401198e50fd46d9f1219" member_type: VOTER last_known_addr { host: "127.16.43.65" port: 41595 } } peers { permanent_uuid: "6e5462e2cc764bf995b4c3af8920614f" member_type: VOTER last_known_addr { host: "127.16.43.66" port: 34159 } } peers { permanent_uuid: "8476199afdf74d03ad70313967278f9d" member_type: VOTER last_known_addr { host: "127.16.43.67" port: 42717 } }
I20260601 13:42:18.528929 21144 raft_consensus.cc:385] T 9b6bffa5dc194044a5aa706197c07cbf P 6e5462e2cc764bf995b4c3af8920614f [term 0 FOLLOWER]: Consensus starting up: Expiring failure detector timer to make a prompt election more likely
W20260601 13:42:18.528950 20987 leader_election.cc:343] T 6b72375c791a486684d8e5dc9d0a8b68 P 6e5462e2cc764bf995b4c3af8920614f [CANDIDATE]: Term 1 pre-election: Tablet error from VoteRequest() call to peer 8476199afdf74d03ad70313967278f9d (127.16.43.67:42717): Illegal state: must be running to vote when last-logged opid is not known
I20260601 13:42:18.529052 20987 leader_election.cc:304] T 6b72375c791a486684d8e5dc9d0a8b68 P 6e5462e2cc764bf995b4c3af8920614f [CANDIDATE]: Term 1 pre-election: Election decided. Result: candidate lost. Election summary: received 3 responses out of 3 voters: 1 yes votes; 2 no votes. yes voters: 6e5462e2cc764bf995b4c3af8920614f; no voters: 8476199afdf74d03ad70313967278f9d, 96db1261907b401198e50fd46d9f1219
I20260601 13:42:18.528963 21144 raft_consensus.cc:740] T 9b6bffa5dc194044a5aa706197c07cbf P 6e5462e2cc764bf995b4c3af8920614f [term 0 FOLLOWER]: Becoming Follower/Learner. State: Replica: 6e5462e2cc764bf995b4c3af8920614f, State: Initialized, Role: FOLLOWER
I20260601 13:42:18.529359 21154 raft_consensus.cc:2749] T 6b72375c791a486684d8e5dc9d0a8b68 P 6e5462e2cc764bf995b4c3af8920614f [term 0 FOLLOWER]: Leader pre-election lost for term 1. Reason: could not achieve majority
I20260601 13:42:18.529440 21144 consensus_queue.cc:260] T 9b6bffa5dc194044a5aa706197c07cbf P 6e5462e2cc764bf995b4c3af8920614f [NON_LEADER]: Queue going to NON_LEADER mode. State: All replicated index: 0, Majority replicated index: 0, Committed index: 0, Last appended: 0.0, Last appended by leader: 0, Current term: 0, Majority size: -1, State: 0, Mode: NON_LEADER, active raft config: opid_index: -1 OBSOLETE_local: false peers { permanent_uuid: "96db1261907b401198e50fd46d9f1219" member_type: VOTER last_known_addr { host: "127.16.43.65" port: 41595 } } peers { permanent_uuid: "6e5462e2cc764bf995b4c3af8920614f" member_type: VOTER last_known_addr { host: "127.16.43.66" port: 34159 } } peers { permanent_uuid: "8476199afdf74d03ad70313967278f9d" member_type: VOTER last_known_addr { host: "127.16.43.67" port: 42717 } }
I20260601 13:42:18.528083 21145 ts_tablet_manager.cc:1434] T 5fa6dcb871364c0ab41f26e4240dd08b P 96db1261907b401198e50fd46d9f1219: Time spent starting tablet: real 0.003s	user 0.001s	sys 0.000s
I20260601 13:42:18.529693 21144 ts_tablet_manager.cc:1434] T 9b6bffa5dc194044a5aa706197c07cbf P 6e5462e2cc764bf995b4c3af8920614f: Time spent starting tablet: real 0.001s	user 0.001s	sys 0.000s
I20260601 13:42:18.529860 21144 tablet_bootstrap.cc:492] T 657759dc4e9f4bd3a95bb368ea619cac P 6e5462e2cc764bf995b4c3af8920614f: Bootstrap starting.
I20260601 13:42:18.530090 21145 tablet_bootstrap.cc:492] T bba5e048235347c9879a1a2784b07352 P 96db1261907b401198e50fd46d9f1219: Bootstrap starting.
I20260601 13:42:18.530771 21144 tablet_bootstrap.cc:654] T 657759dc4e9f4bd3a95bb368ea619cac P 6e5462e2cc764bf995b4c3af8920614f: Neither blocks nor log segments found. Creating new log.
I20260601 13:42:18.531549 21145 tablet_bootstrap.cc:654] T bba5e048235347c9879a1a2784b07352 P 96db1261907b401198e50fd46d9f1219: Neither blocks nor log segments found. Creating new log.
I20260601 13:42:18.531759 21144 tablet_bootstrap.cc:492] T 657759dc4e9f4bd3a95bb368ea619cac P 6e5462e2cc764bf995b4c3af8920614f: No bootstrap required, opened a new log
I20260601 13:42:18.531850 21144 ts_tablet_manager.cc:1403] T 657759dc4e9f4bd3a95bb368ea619cac P 6e5462e2cc764bf995b4c3af8920614f: Time spent bootstrapping tablet: real 0.002s	user 0.001s	sys 0.000s
I20260601 13:42:18.532219 21144 raft_consensus.cc:359] T 657759dc4e9f4bd3a95bb368ea619cac P 6e5462e2cc764bf995b4c3af8920614f [term 0 FOLLOWER]: Replica starting. Triggering 0 pending ops. Active config: opid_index: -1 OBSOLETE_local: false peers { permanent_uuid: "96db1261907b401198e50fd46d9f1219" member_type: VOTER last_known_addr { host: "127.16.43.65" port: 41595 } } peers { permanent_uuid: "6e5462e2cc764bf995b4c3af8920614f" member_type: VOTER last_known_addr { host: "127.16.43.66" port: 34159 } } peers { permanent_uuid: "8476199afdf74d03ad70313967278f9d" member_type: VOTER last_known_addr { host: "127.16.43.67" port: 42717 } }
I20260601 13:42:18.532330 21144 raft_consensus.cc:385] T 657759dc4e9f4bd3a95bb368ea619cac P 6e5462e2cc764bf995b4c3af8920614f [term 0 FOLLOWER]: Consensus starting up: Expiring failure detector timer to make a prompt election more likely
I20260601 13:42:18.532370 21144 raft_consensus.cc:740] T 657759dc4e9f4bd3a95bb368ea619cac P 6e5462e2cc764bf995b4c3af8920614f [term 0 FOLLOWER]: Becoming Follower/Learner. State: Replica: 6e5462e2cc764bf995b4c3af8920614f, State: Initialized, Role: FOLLOWER
I20260601 13:42:18.532388 21143 tablet_bootstrap.cc:492] T 6b72375c791a486684d8e5dc9d0a8b68 P 8476199afdf74d03ad70313967278f9d: No bootstrap required, opened a new log
I20260601 13:42:18.532493 21143 ts_tablet_manager.cc:1403] T 6b72375c791a486684d8e5dc9d0a8b68 P 8476199afdf74d03ad70313967278f9d: Time spent bootstrapping tablet: real 0.006s	user 0.000s	sys 0.002s
