[==========] Running 24 tests from 2 test suites.
[----------] Global test environment set-up.
[----------] 22 tests from AutoRebalancerTest
[ RUN      ] AutoRebalancerTest.OnlyLeaderDoesAutoRebalancing
WARNING: Logging before InitGoogleLogging() is written to STDERR
I20260601 13:40:35.425513 26002 internal_mini_cluster.cc:156] Creating distributed mini masters. Addrs: 127.25.100.190:44095,127.25.100.189:46327,127.25.100.188:39287
I20260601 13:40:35.426658 26002 env_posix.cc:2267] Not raising this process' open files per process limit of 1048576; it is already as high as it can go
I20260601 13:40:35.427176 26002 file_cache.cc:492] Constructed file cache file cache with capacity 419430
W20260601 13:40:35.433594 26008 instance_detector.cc:116] could not retrieve Azure instance metadata: Network error: curl error: HTTP response code said error: The requested URL returned error: 404
W20260601 13:40:35.433627 26010 instance_detector.cc:116] could not retrieve OpenStack instance metadata: Network error: curl error: HTTP response code said error: The requested URL returned error: 404
W20260601 13:40:35.433604 26007 instance_detector.cc:116] could not retrieve AWS instance metadata: Network error: curl error: HTTP response code said error: The requested URL returned error: 404
I20260601 13:40:35.434336 26002 server_base.cc:1061] running on GCE node
I20260601 13:40:35.434842 26002 hybrid_clock.cc:584] initializing the hybrid clock with 'system_unsync' time source
W20260601 13:40:35.434978 26002 system_unsync_time.cc:38] NTP support is disabled. Clock error bounds will not be accurate. This configuration is not suitable for distributed clusters.
I20260601 13:40:35.435043 26002 hybrid_clock.cc:648] HybridClock initialized: now 1780321235435038 us; error 0 us; skew 500 ppm
I20260601 13:40:35.436852 26002 webserver.cc:533] Webserver started at http://127.25.100.190:33771/ using document root <none> and password file <none>
I20260601 13:40:35.437412 26002 fs_manager.cc:362] Metadata directory not provided
I20260601 13:40:35.437506 26002 fs_manager.cc:368] Using write-ahead log directory (fs_wal_dir) as metadata directory
I20260601 13:40:35.437762 26002 server_base.cc:909] This appears to be a new deployment of Kudu; creating new FS layout
I20260601 13:40:35.439399 26002 fs_manager.cc:1068] Generated new instance metadata in path /tmp/dist-test-task4pfmvN/test-tmp/auto_rebalancer-test.0.AutoRebalancerTest.OnlyLeaderDoesAutoRebalancing.1780321235414956-26002-0/minicluster-data/master-0-root/instance:
uuid: "12a837d3751041dd81014a2709489974"
format_stamp: "Formatted at 2026-06-01 13:40:35 on dist-test-slave-0fdg"
I20260601 13:40:35.442903 26002 fs_manager.cc:696] Time spent creating directory manager: real 0.003s	user 0.003s	sys 0.000s
I20260601 13:40:35.444983 26015 log_block_manager.cc:4031] Time spent loading block containers with low live blocks: real 0.000s	user 0.000s	sys 0.000s
I20260601 13:40:35.446153 26002 fs_manager.cc:730] Time spent opening block manager: real 0.002s	user 0.002s	sys 0.001s
I20260601 13:40:35.446271 26002 fs_manager.cc:647] Opened local filesystem: /tmp/dist-test-task4pfmvN/test-tmp/auto_rebalancer-test.0.AutoRebalancerTest.OnlyLeaderDoesAutoRebalancing.1780321235414956-26002-0/minicluster-data/master-0-root
uuid: "12a837d3751041dd81014a2709489974"
format_stamp: "Formatted at 2026-06-01 13:40:35 on dist-test-slave-0fdg"
I20260601 13:40:35.446374 26002 fs_report.cc:389] FS layout report
--------------------
wal directory: /tmp/dist-test-task4pfmvN/test-tmp/auto_rebalancer-test.0.AutoRebalancerTest.OnlyLeaderDoesAutoRebalancing.1780321235414956-26002-0/minicluster-data/master-0-root
metadata directory: /tmp/dist-test-task4pfmvN/test-tmp/auto_rebalancer-test.0.AutoRebalancerTest.OnlyLeaderDoesAutoRebalancing.1780321235414956-26002-0/minicluster-data/master-0-root
1 data directories: /tmp/dist-test-task4pfmvN/test-tmp/auto_rebalancer-test.0.AutoRebalancerTest.OnlyLeaderDoesAutoRebalancing.1780321235414956-26002-0/minicluster-data/master-0-root/data
Total live blocks: 0
Total live bytes: 0
Total live bytes (after alignment): 0
Total number of LBM containers: 0 (0 full)
Did not check for missing blocks
Did not check for orphaned blocks
Total full LBM containers with extra space: 0 (0 repaired)
Total full LBM container extra space in bytes: 0 (0 repaired)
Total incomplete LBM containers: 0 (0 repaired)
Total LBM partial records: 0 (0 repaired)
Total corrupted LBM metadata records in RocksDB: 0 (0 repaired)
I20260601 13:40:35.455931 26002 rpc_server.cc:225] running with OpenSSL 1.1.1  11 Sep 2018
I20260601 13:40:35.456426 26002 env_posix.cc:2267] Not raising this process' running threads per effective uid limit of 18446744073709551615; it is already as high as it can go
I20260601 13:40:35.456607 26002 kserver.cc:163] Server-wide thread pool size limit: 3276
I20260601 13:40:35.463557 26002 rpc_server.cc:307] RPC server started. Bound to: 127.25.100.190:44095
I20260601 13:40:35.463562 26067 acceptor_pool.cc:272] collecting diagnostics on the listening RPC socket 127.25.100.190:44095 every 8 connection(s)
I20260601 13:40:35.464716 26002 file_cache.cc:492] Constructed file cache file cache with capacity 419430
W20260601 13:40:35.466331 26073 instance_detector.cc:116] could not retrieve OpenStack instance metadata: Network error: curl error: HTTP response code said error: The requested URL returned error: 404
W20260601 13:40:35.466327 26070 instance_detector.cc:116] could not retrieve AWS instance metadata: Network error: curl error: HTTP response code said error: The requested URL returned error: 404
W20260601 13:40:35.466439 26071 instance_detector.cc:116] could not retrieve Azure instance metadata: Network error: curl error: HTTP response code said error: The requested URL returned error: 404
I20260601 13:40:35.466742 26068 data_dirs.cc:400] Could only allocate 1 dirs of requested 3 for tablet 00000000000000000000000000000000. 1 dirs total, 0 dirs full, 0 dirs failed
I20260601 13:40:35.466765 26002 server_base.cc:1061] running on GCE node
I20260601 13:40:35.466910 26002 hybrid_clock.cc:584] initializing the hybrid clock with 'system_unsync' time source
W20260601 13:40:35.466951 26002 system_unsync_time.cc:38] NTP support is disabled. Clock error bounds will not be accurate. This configuration is not suitable for distributed clusters.
I20260601 13:40:35.466971 26002 hybrid_clock.cc:648] HybridClock initialized: now 1780321235466970 us; error 0 us; skew 500 ppm
I20260601 13:40:35.467787 26002 webserver.cc:533] Webserver started at http://127.25.100.189:40439/ using document root <none> and password file <none>
I20260601 13:40:35.467922 26002 fs_manager.cc:362] Metadata directory not provided
I20260601 13:40:35.467976 26002 fs_manager.cc:368] Using write-ahead log directory (fs_wal_dir) as metadata directory
I20260601 13:40:35.468053 26002 server_base.cc:909] This appears to be a new deployment of Kudu; creating new FS layout
I20260601 13:40:35.468444 26002 fs_manager.cc:1068] Generated new instance metadata in path /tmp/dist-test-task4pfmvN/test-tmp/auto_rebalancer-test.0.AutoRebalancerTest.OnlyLeaderDoesAutoRebalancing.1780321235414956-26002-0/minicluster-data/master-1-root/instance:
uuid: "33e8f4b49c8941eab54a0967fecf4f0b"
format_stamp: "Formatted at 2026-06-01 13:40:35 on dist-test-slave-0fdg"
I20260601 13:40:35.470201 26002 fs_manager.cc:696] Time spent creating directory manager: real 0.002s	user 0.002s	sys 0.001s
I20260601 13:40:35.471239 26078 log_block_manager.cc:4031] Time spent loading block containers with low live blocks: real 0.000s	user 0.000s	sys 0.000s
I20260601 13:40:35.471500 26002 fs_manager.cc:730] Time spent opening block manager: real 0.001s	user 0.001s	sys 0.000s
I20260601 13:40:35.471578 26002 fs_manager.cc:647] Opened local filesystem: /tmp/dist-test-task4pfmvN/test-tmp/auto_rebalancer-test.0.AutoRebalancerTest.OnlyLeaderDoesAutoRebalancing.1780321235414956-26002-0/minicluster-data/master-1-root
uuid: "33e8f4b49c8941eab54a0967fecf4f0b"
format_stamp: "Formatted at 2026-06-01 13:40:35 on dist-test-slave-0fdg"
I20260601 13:40:35.471658 26002 fs_report.cc:389] FS layout report
--------------------
wal directory: /tmp/dist-test-task4pfmvN/test-tmp/auto_rebalancer-test.0.AutoRebalancerTest.OnlyLeaderDoesAutoRebalancing.1780321235414956-26002-0/minicluster-data/master-1-root
metadata directory: /tmp/dist-test-task4pfmvN/test-tmp/auto_rebalancer-test.0.AutoRebalancerTest.OnlyLeaderDoesAutoRebalancing.1780321235414956-26002-0/minicluster-data/master-1-root
1 data directories: /tmp/dist-test-task4pfmvN/test-tmp/auto_rebalancer-test.0.AutoRebalancerTest.OnlyLeaderDoesAutoRebalancing.1780321235414956-26002-0/minicluster-data/master-1-root/data
Total live blocks: 0
Total live bytes: 0
Total live bytes (after alignment): 0
Total number of LBM containers: 0 (0 full)
Did not check for missing blocks
Did not check for orphaned blocks
Total full LBM containers with extra space: 0 (0 repaired)
Total full LBM container extra space in bytes: 0 (0 repaired)
Total incomplete LBM containers: 0 (0 repaired)
Total LBM partial records: 0 (0 repaired)
Total corrupted LBM metadata records in RocksDB: 0 (0 repaired)
I20260601 13:40:35.471642 26068 sys_catalog.cc:422] member_type: VOTER last_known_addr { host: "127.25.100.190" port: 44095 } has no permanent_uuid. Determining permanent_uuid...
I20260601 13:40:35.483294 26002 rpc_server.cc:225] running with OpenSSL 1.1.1  11 Sep 2018
I20260601 13:40:35.483691 26002 kserver.cc:163] Server-wide thread pool size limit: 3276
I20260601 13:40:35.483791 26068 sys_catalog.cc:422] member_type: VOTER last_known_addr { host: "127.25.100.189" port: 46327 } has no permanent_uuid. Determining permanent_uuid...
W20260601 13:40:35.484576 26019 proxy.cc:239] Call had error, refreshing address and retrying: Network error: Client connection negotiation failed: client connection to 127.25.100.189:46327: connect: Connection refused (error 111)
W20260601 13:40:35.485415 26068 consensus_peers.cc:760] Error getting permanent uuid from config peer 127.25.100.189:46327: Network error: Client connection negotiation failed: client connection to 127.25.100.189:46327: connect: Connection refused (error 111)
I20260601 13:40:35.488507 26002 rpc_server.cc:307] RPC server started. Bound to: 127.25.100.189:46327
I20260601 13:40:35.488555 26133 acceptor_pool.cc:272] collecting diagnostics on the listening RPC socket 127.25.100.189:46327 every 8 connection(s)
I20260601 13:40:35.489176 26002 file_cache.cc:492] Constructed file cache file cache with capacity 419430
I20260601 13:40:35.489388 26134 data_dirs.cc:400] Could only allocate 1 dirs of requested 3 for tablet 00000000000000000000000000000000. 1 dirs total, 0 dirs full, 0 dirs failed
W20260601 13:40:35.490711 26136 instance_detector.cc:116] could not retrieve AWS instance metadata: Network error: curl error: HTTP response code said error: The requested URL returned error: 404
I20260601 13:40:35.490890 26134 sys_catalog.cc:422] member_type: VOTER last_known_addr { host: "127.25.100.190" port: 44095 } has no permanent_uuid. Determining permanent_uuid...
W20260601 13:40:35.490976 26137 instance_detector.cc:116] could not retrieve Azure instance metadata: Network error: curl error: HTTP response code said error: The requested URL returned error: 404
I20260601 13:40:35.491313 26002 server_base.cc:1061] running on GCE node
W20260601 13:40:35.491496 26139 instance_detector.cc:116] could not retrieve OpenStack instance metadata: Network error: curl error: HTTP response code said error: The requested URL returned error: 404
I20260601 13:40:35.491722 26002 hybrid_clock.cc:584] initializing the hybrid clock with 'system_unsync' time source
W20260601 13:40:35.491781 26002 system_unsync_time.cc:38] NTP support is disabled. Clock error bounds will not be accurate. This configuration is not suitable for distributed clusters.
I20260601 13:40:35.491816 26002 hybrid_clock.cc:648] HybridClock initialized: now 1780321235491814 us; error 0 us; skew 500 ppm
I20260601 13:40:35.492673 26002 webserver.cc:533] Webserver started at http://127.25.100.188:35679/ using document root <none> and password file <none>
I20260601 13:40:35.492810 26002 fs_manager.cc:362] Metadata directory not provided
I20260601 13:40:35.492861 26002 fs_manager.cc:368] Using write-ahead log directory (fs_wal_dir) as metadata directory
I20260601 13:40:35.492926 26002 server_base.cc:909] This appears to be a new deployment of Kudu; creating new FS layout
I20260601 13:40:35.493333 26002 fs_manager.cc:1068] Generated new instance metadata in path /tmp/dist-test-task4pfmvN/test-tmp/auto_rebalancer-test.0.AutoRebalancerTest.OnlyLeaderDoesAutoRebalancing.1780321235414956-26002-0/minicluster-data/master-2-root/instance:
uuid: "248ebc58a5e0478096310edeca78ec29"
format_stamp: "Formatted at 2026-06-01 13:40:35 on dist-test-slave-0fdg"
I20260601 13:40:35.495151 26002 fs_manager.cc:696] Time spent creating directory manager: real 0.002s	user 0.002s	sys 0.000s
I20260601 13:40:35.495276 26134 sys_catalog.cc:422] member_type: VOTER last_known_addr { host: "127.25.100.189" port: 46327 } has no permanent_uuid. Determining permanent_uuid...
I20260601 13:40:35.496543 26146 log_block_manager.cc:4031] Time spent loading block containers with low live blocks: real 0.000s	user 0.000s	sys 0.000s
I20260601 13:40:35.496804 26002 fs_manager.cc:730] Time spent opening block manager: real 0.001s	user 0.001s	sys 0.000s
I20260601 13:40:35.496865 26002 fs_manager.cc:647] Opened local filesystem: /tmp/dist-test-task4pfmvN/test-tmp/auto_rebalancer-test.0.AutoRebalancerTest.OnlyLeaderDoesAutoRebalancing.1780321235414956-26002-0/minicluster-data/master-2-root
uuid: "248ebc58a5e0478096310edeca78ec29"
format_stamp: "Formatted at 2026-06-01 13:40:35 on dist-test-slave-0fdg"
I20260601 13:40:35.496924 26002 fs_report.cc:389] FS layout report
--------------------
wal directory: /tmp/dist-test-task4pfmvN/test-tmp/auto_rebalancer-test.0.AutoRebalancerTest.OnlyLeaderDoesAutoRebalancing.1780321235414956-26002-0/minicluster-data/master-2-root
metadata directory: /tmp/dist-test-task4pfmvN/test-tmp/auto_rebalancer-test.0.AutoRebalancerTest.OnlyLeaderDoesAutoRebalancing.1780321235414956-26002-0/minicluster-data/master-2-root
1 data directories: /tmp/dist-test-task4pfmvN/test-tmp/auto_rebalancer-test.0.AutoRebalancerTest.OnlyLeaderDoesAutoRebalancing.1780321235414956-26002-0/minicluster-data/master-2-root/data
Total live blocks: 0
Total live bytes: 0
Total live bytes (after alignment): 0
Total number of LBM containers: 0 (0 full)
Did not check for missing blocks
Did not check for orphaned blocks
Total full LBM containers with extra space: 0 (0 repaired)
Total full LBM container extra space in bytes: 0 (0 repaired)
Total incomplete LBM containers: 0 (0 repaired)
Total LBM partial records: 0 (0 repaired)
Total corrupted LBM metadata records in RocksDB: 0 (0 repaired)
I20260601 13:40:35.499541 26134 sys_catalog.cc:422] member_type: VOTER last_known_addr { host: "127.25.100.188" port: 39287 } has no permanent_uuid. Determining permanent_uuid...
W20260601 13:40:35.500734 26134 consensus_peers.cc:760] Error getting permanent uuid from config peer 127.25.100.188:39287: Network error: Client connection negotiation failed: client connection to 127.25.100.188:39287: connect: Connection refused (error 111)
I20260601 13:40:35.515645 26002 rpc_server.cc:225] running with OpenSSL 1.1.1  11 Sep 2018
I20260601 13:40:35.516124 26002 kserver.cc:163] Server-wide thread pool size limit: 3276
I20260601 13:40:35.520855 26002 rpc_server.cc:307] RPC server started. Bound to: 127.25.100.188:39287
I20260601 13:40:35.520912 26199 acceptor_pool.cc:272] collecting diagnostics on the listening RPC socket 127.25.100.188:39287 every 8 connection(s)
I20260601 13:40:35.521365 26002 internal_mini_cluster.cc:184] Waiting to initialize catalog manager on master 0
I20260601 13:40:35.521806 26200 data_dirs.cc:400] Could only allocate 1 dirs of requested 3 for tablet 00000000000000000000000000000000. 1 dirs total, 0 dirs full, 0 dirs failed
I20260601 13:40:35.522907 26200 sys_catalog.cc:422] member_type: VOTER last_known_addr { host: "127.25.100.190" port: 44095 } has no permanent_uuid. Determining permanent_uuid...
I20260601 13:40:35.527107 26200 sys_catalog.cc:422] member_type: VOTER last_known_addr { host: "127.25.100.189" port: 46327 } has no permanent_uuid. Determining permanent_uuid...
I20260601 13:40:35.530462 26200 sys_catalog.cc:422] member_type: VOTER last_known_addr { host: "127.25.100.188" port: 39287 } has no permanent_uuid. Determining permanent_uuid...
I20260601 13:40:35.534614 26068 consensus_peers.cc:770] Retrying to get permanent uuid for remote peer: member_type: VOTER last_known_addr { host: "127.25.100.189" port: 46327 } attempt: 1
I20260601 13:40:35.536723 26200 tablet_bootstrap.cc:492] T 00000000000000000000000000000000 P 248ebc58a5e0478096310edeca78ec29: Bootstrap starting.
I20260601 13:40:35.538224 26068 sys_catalog.cc:422] member_type: VOTER last_known_addr { host: "127.25.100.188" port: 39287 } has no permanent_uuid. Determining permanent_uuid...
I20260601 13:40:35.539954 26200 tablet_bootstrap.cc:654] T 00000000000000000000000000000000 P 248ebc58a5e0478096310edeca78ec29: Neither blocks nor log segments found. Creating new log.
I20260601 13:40:35.540916 26200 log.cc:826] T 00000000000000000000000000000000 P 248ebc58a5e0478096310edeca78ec29: Log is configured to *not* fsync() on all Append() calls
I20260601 13:40:35.542649 26068 tablet_bootstrap.cc:492] T 00000000000000000000000000000000 P 12a837d3751041dd81014a2709489974: Bootstrap starting.
I20260601 13:40:35.542668 26200 tablet_bootstrap.cc:492] T 00000000000000000000000000000000 P 248ebc58a5e0478096310edeca78ec29: No bootstrap required, opened a new log
I20260601 13:40:35.543460 26068 tablet_bootstrap.cc:654] T 00000000000000000000000000000000 P 12a837d3751041dd81014a2709489974: Neither blocks nor log segments found. Creating new log.
I20260601 13:40:35.544452 26068 tablet_bootstrap.cc:492] T 00000000000000000000000000000000 P 12a837d3751041dd81014a2709489974: No bootstrap required, opened a new log
I20260601 13:40:35.545500 26200 raft_consensus.cc:359] T 00000000000000000000000000000000 P 248ebc58a5e0478096310edeca78ec29 [term 0 FOLLOWER]: Replica starting. Triggering 0 pending ops. Active config: opid_index: -1 OBSOLETE_local: false peers { permanent_uuid: "12a837d3751041dd81014a2709489974" member_type: VOTER last_known_addr { host: "127.25.100.190" port: 44095 } } peers { permanent_uuid: "33e8f4b49c8941eab54a0967fecf4f0b" member_type: VOTER last_known_addr { host: "127.25.100.189" port: 46327 } } peers { permanent_uuid: "248ebc58a5e0478096310edeca78ec29" member_type: VOTER last_known_addr { host: "127.25.100.188" port: 39287 } }
I20260601 13:40:35.545499 26068 raft_consensus.cc:359] T 00000000000000000000000000000000 P 12a837d3751041dd81014a2709489974 [term 0 FOLLOWER]: Replica starting. Triggering 0 pending ops. Active config: opid_index: -1 OBSOLETE_local: false peers { permanent_uuid: "12a837d3751041dd81014a2709489974" member_type: VOTER last_known_addr { host: "127.25.100.190" port: 44095 } } peers { permanent_uuid: "33e8f4b49c8941eab54a0967fecf4f0b" member_type: VOTER last_known_addr { host: "127.25.100.189" port: 46327 } } peers { permanent_uuid: "248ebc58a5e0478096310edeca78ec29" member_type: VOTER last_known_addr { host: "127.25.100.188" port: 39287 } }
I20260601 13:40:35.545644 26200 raft_consensus.cc:385] T 00000000000000000000000000000000 P 248ebc58a5e0478096310edeca78ec29 [term 0 FOLLOWER]: Consensus starting up: Expiring failure detector timer to make a prompt election more likely
I20260601 13:40:35.545665 26068 raft_consensus.cc:385] T 00000000000000000000000000000000 P 12a837d3751041dd81014a2709489974 [term 0 FOLLOWER]: Consensus starting up: Expiring failure detector timer to make a prompt election more likely
I20260601 13:40:35.545701 26200 raft_consensus.cc:740] T 00000000000000000000000000000000 P 248ebc58a5e0478096310edeca78ec29 [term 0 FOLLOWER]: Becoming Follower/Learner. State: Replica: 248ebc58a5e0478096310edeca78ec29, State: Initialized, Role: FOLLOWER
I20260601 13:40:35.545734 26068 raft_consensus.cc:740] T 00000000000000000000000000000000 P 12a837d3751041dd81014a2709489974 [term 0 FOLLOWER]: Becoming Follower/Learner. State: Replica: 12a837d3751041dd81014a2709489974, State: Initialized, Role: FOLLOWER
I20260601 13:40:35.546103 26200 consensus_queue.cc:260] T 00000000000000000000000000000000 P 248ebc58a5e0478096310edeca78ec29 [NON_LEADER]: Queue going to NON_LEADER mode. State: All replicated index: 0, Majority replicated index: 0, Committed index: 0, Last appended: 0.0, Last appended by leader: 0, Current term: 0, Majority size: -1, State: 0, Mode: NON_LEADER, active raft config: opid_index: -1 OBSOLETE_local: false peers { permanent_uuid: "12a837d3751041dd81014a2709489974" member_type: VOTER last_known_addr { host: "127.25.100.190" port: 44095 } } peers { permanent_uuid: "33e8f4b49c8941eab54a0967fecf4f0b" member_type: VOTER last_known_addr { host: "127.25.100.189" port: 46327 } } peers { permanent_uuid: "248ebc58a5e0478096310edeca78ec29" member_type: VOTER last_known_addr { host: "127.25.100.188" port: 39287 } }
I20260601 13:40:35.546103 26068 consensus_queue.cc:260] T 00000000000000000000000000000000 P 12a837d3751041dd81014a2709489974 [NON_LEADER]: Queue going to NON_LEADER mode. State: All replicated index: 0, Majority replicated index: 0, Committed index: 0, Last appended: 0.0, Last appended by leader: 0, Current term: 0, Majority size: -1, State: 0, Mode: NON_LEADER, active raft config: opid_index: -1 OBSOLETE_local: false peers { permanent_uuid: "12a837d3751041dd81014a2709489974" member_type: VOTER last_known_addr { host: "127.25.100.190" port: 44095 } } peers { permanent_uuid: "33e8f4b49c8941eab54a0967fecf4f0b" member_type: VOTER last_known_addr { host: "127.25.100.189" port: 46327 } } peers { permanent_uuid: "248ebc58a5e0478096310edeca78ec29" member_type: VOTER last_known_addr { host: "127.25.100.188" port: 39287 } }
I20260601 13:40:35.546525 26206 sys_catalog.cc:455] T 00000000000000000000000000000000 P 12a837d3751041dd81014a2709489974 [sys.catalog]: SysCatalogTable state changed. Reason: RaftConsensus started. Latest consensus state: current_term: 0 committed_config { opid_index: -1 OBSOLETE_local: false peers { permanent_uuid: "12a837d3751041dd81014a2709489974" member_type: VOTER last_known_addr { host: "127.25.100.190" port: 44095 } } peers { permanent_uuid: "33e8f4b49c8941eab54a0967fecf4f0b" member_type: VOTER last_known_addr { host: "127.25.100.189" port: 46327 } } peers { permanent_uuid: "248ebc58a5e0478096310edeca78ec29" member_type: VOTER last_known_addr { host: "127.25.100.188" port: 39287 } } }
I20260601 13:40:35.546691 26206 sys_catalog.cc:458] T 00000000000000000000000000000000 P 12a837d3751041dd81014a2709489974 [sys.catalog]: This master's current role is: FOLLOWER
I20260601 13:40:35.546538 26207 sys_catalog.cc:455] T 00000000000000000000000000000000 P 248ebc58a5e0478096310edeca78ec29 [sys.catalog]: SysCatalogTable state changed. Reason: RaftConsensus started. Latest consensus state: current_term: 0 committed_config { opid_index: -1 OBSOLETE_local: false peers { permanent_uuid: "12a837d3751041dd81014a2709489974" member_type: VOTER last_known_addr { host: "127.25.100.190" port: 44095 } } peers { permanent_uuid: "33e8f4b49c8941eab54a0967fecf4f0b" member_type: VOTER last_known_addr { host: "127.25.100.189" port: 46327 } } peers { permanent_uuid: "248ebc58a5e0478096310edeca78ec29" member_type: VOTER last_known_addr { host: "127.25.100.188" port: 39287 } } }
I20260601 13:40:35.546811 26207 sys_catalog.cc:458] T 00000000000000000000000000000000 P 248ebc58a5e0478096310edeca78ec29 [sys.catalog]: This master's current role is: FOLLOWER
I20260601 13:40:35.547192 26068 sys_catalog.cc:565] T 00000000000000000000000000000000 P 12a837d3751041dd81014a2709489974 [sys.catalog]: configured and running, proceeding with master startup.
I20260601 13:40:35.547194 26200 sys_catalog.cc:565] T 00000000000000000000000000000000 P 248ebc58a5e0478096310edeca78ec29 [sys.catalog]: configured and running, proceeding with master startup.
I20260601 13:40:35.549288 26002 internal_mini_cluster.cc:184] Waiting to initialize catalog manager on master 1
W20260601 13:40:35.551975 26228 catalog_manager.cc:1593] T 00000000000000000000000000000000 P 248ebc58a5e0478096310edeca78ec29: loading cluster ID for follower catalog manager: Not found: cluster ID entry not found
W20260601 13:40:35.551975 26229 catalog_manager.cc:1593] T 00000000000000000000000000000000 P 12a837d3751041dd81014a2709489974: loading cluster ID for follower catalog manager: Not found: cluster ID entry not found
W20260601 13:40:35.552090 26228 catalog_manager.cc:883] Not found: cluster ID entry not found: failed to prepare follower catalog manager, will retry
W20260601 13:40:35.552101 26229 catalog_manager.cc:883] Not found: cluster ID entry not found: failed to prepare follower catalog manager, will retry
I20260601 13:40:35.552897 26134 consensus_peers.cc:770] Retrying to get permanent uuid for remote peer: member_type: VOTER last_known_addr { host: "127.25.100.188" port: 39287 } attempt: 1
I20260601 13:40:35.557452 26134 tablet_bootstrap.cc:492] T 00000000000000000000000000000000 P 33e8f4b49c8941eab54a0967fecf4f0b: Bootstrap starting.
I20260601 13:40:35.558427 26134 tablet_bootstrap.cc:654] T 00000000000000000000000000000000 P 33e8f4b49c8941eab54a0967fecf4f0b: Neither blocks nor log segments found. Creating new log.
I20260601 13:40:35.559479 26134 tablet_bootstrap.cc:492] T 00000000000000000000000000000000 P 33e8f4b49c8941eab54a0967fecf4f0b: No bootstrap required, opened a new log
I20260601 13:40:35.559888 26134 raft_consensus.cc:359] T 00000000000000000000000000000000 P 33e8f4b49c8941eab54a0967fecf4f0b [term 0 FOLLOWER]: Replica starting. Triggering 0 pending ops. Active config: opid_index: -1 OBSOLETE_local: false peers { permanent_uuid: "12a837d3751041dd81014a2709489974" member_type: VOTER last_known_addr { host: "127.25.100.190" port: 44095 } } peers { permanent_uuid: "33e8f4b49c8941eab54a0967fecf4f0b" member_type: VOTER last_known_addr { host: "127.25.100.189" port: 46327 } } peers { permanent_uuid: "248ebc58a5e0478096310edeca78ec29" member_type: VOTER last_known_addr { host: "127.25.100.188" port: 39287 } }
I20260601 13:40:35.559995 26134 raft_consensus.cc:385] T 00000000000000000000000000000000 P 33e8f4b49c8941eab54a0967fecf4f0b [term 0 FOLLOWER]: Consensus starting up: Expiring failure detector timer to make a prompt election more likely
I20260601 13:40:35.560041 26134 raft_consensus.cc:740] T 00000000000000000000000000000000 P 33e8f4b49c8941eab54a0967fecf4f0b [term 0 FOLLOWER]: Becoming Follower/Learner. State: Replica: 33e8f4b49c8941eab54a0967fecf4f0b, State: Initialized, Role: FOLLOWER
I20260601 13:40:35.560175 26134 consensus_queue.cc:260] T 00000000000000000000000000000000 P 33e8f4b49c8941eab54a0967fecf4f0b [NON_LEADER]: Queue going to NON_LEADER mode. State: All replicated index: 0, Majority replicated index: 0, Committed index: 0, Last appended: 0.0, Last appended by leader: 0, Current term: 0, Majority size: -1, State: 0, Mode: NON_LEADER, active raft config: opid_index: -1 OBSOLETE_local: false peers { permanent_uuid: "12a837d3751041dd81014a2709489974" member_type: VOTER last_known_addr { host: "127.25.100.190" port: 44095 } } peers { permanent_uuid: "33e8f4b49c8941eab54a0967fecf4f0b" member_type: VOTER last_known_addr { host: "127.25.100.189" port: 46327 } } peers { permanent_uuid: "248ebc58a5e0478096310edeca78ec29" member_type: VOTER last_known_addr { host: "127.25.100.188" port: 39287 } }
I20260601 13:40:35.560475 26232 sys_catalog.cc:455] T 00000000000000000000000000000000 P 33e8f4b49c8941eab54a0967fecf4f0b [sys.catalog]: SysCatalogTable state changed. Reason: RaftConsensus started. Latest consensus state: current_term: 0 committed_config { opid_index: -1 OBSOLETE_local: false peers { permanent_uuid: "12a837d3751041dd81014a2709489974" member_type: VOTER last_known_addr { host: "127.25.100.190" port: 44095 } } peers { permanent_uuid: "33e8f4b49c8941eab54a0967fecf4f0b" member_type: VOTER last_known_addr { host: "127.25.100.189" port: 46327 } } peers { permanent_uuid: "248ebc58a5e0478096310edeca78ec29" member_type: VOTER last_known_addr { host: "127.25.100.188" port: 39287 } } }
I20260601 13:40:35.560576 26232 sys_catalog.cc:458] T 00000000000000000000000000000000 P 33e8f4b49c8941eab54a0967fecf4f0b [sys.catalog]: This master's current role is: FOLLOWER
I20260601 13:40:35.560680 26134 sys_catalog.cc:565] T 00000000000000000000000000000000 P 33e8f4b49c8941eab54a0967fecf4f0b [sys.catalog]: configured and running, proceeding with master startup.
I20260601 13:40:35.563067 26002 internal_mini_cluster.cc:184] Waiting to initialize catalog manager on master 2
W20260601 13:40:35.563624 26243 catalog_manager.cc:1593] T 00000000000000000000000000000000 P 33e8f4b49c8941eab54a0967fecf4f0b: loading cluster ID for follower catalog manager: Not found: cluster ID entry not found
I20260601 13:40:35.563669 26002 file_cache.cc:492] Constructed file cache file cache with capacity 419430
W20260601 13:40:35.563704 26243 catalog_manager.cc:883] Not found: cluster ID entry not found: failed to prepare follower catalog manager, will retry
W20260601 13:40:35.565987 26244 instance_detector.cc:116] could not retrieve AWS instance metadata: Network error: curl error: HTTP response code said error: The requested URL returned error: 404
W20260601 13:40:35.566089 26245 instance_detector.cc:116] could not retrieve Azure instance metadata: Network error: curl error: HTTP response code said error: The requested URL returned error: 404
W20260601 13:40:35.566250 26247 instance_detector.cc:116] could not retrieve OpenStack instance metadata: Network error: curl error: HTTP response code said error: The requested URL returned error: 404
I20260601 13:40:35.566586 26002 server_base.cc:1061] running on GCE node
I20260601 13:40:35.566756 26002 hybrid_clock.cc:584] initializing the hybrid clock with 'system_unsync' time source
W20260601 13:40:35.566788 26002 system_unsync_time.cc:38] NTP support is disabled. Clock error bounds will not be accurate. This configuration is not suitable for distributed clusters.
I20260601 13:40:35.566803 26002 hybrid_clock.cc:648] HybridClock initialized: now 1780321235566803 us; error 0 us; skew 500 ppm
I20260601 13:40:35.567716 26002 webserver.cc:533] Webserver started at http://127.25.100.129:35553/ using document root <none> and password file <none>
I20260601 13:40:35.567873 26002 fs_manager.cc:362] Metadata directory not provided
I20260601 13:40:35.567938 26002 fs_manager.cc:368] Using write-ahead log directory (fs_wal_dir) as metadata directory
I20260601 13:40:35.568010 26002 server_base.cc:909] This appears to be a new deployment of Kudu; creating new FS layout
I20260601 13:40:35.568360 26002 fs_manager.cc:1068] Generated new instance metadata in path /tmp/dist-test-task4pfmvN/test-tmp/auto_rebalancer-test.0.AutoRebalancerTest.OnlyLeaderDoesAutoRebalancing.1780321235414956-26002-0/minicluster-data/ts-0-root/instance:
uuid: "6aab40a8a24546cd9cc52f3660c37374"
format_stamp: "Formatted at 2026-06-01 13:40:35 on dist-test-slave-0fdg"
I20260601 13:40:35.569756 26002 fs_manager.cc:696] Time spent creating directory manager: real 0.001s	user 0.000s	sys 0.002s
I20260601 13:40:35.570746 26252 log_block_manager.cc:4031] Time spent loading block containers with low live blocks: real 0.000s	user 0.000s	sys 0.000s
I20260601 13:40:35.570989 26002 fs_manager.cc:730] Time spent opening block manager: real 0.001s	user 0.000s	sys 0.001s
I20260601 13:40:35.571056 26002 fs_manager.cc:647] Opened local filesystem: /tmp/dist-test-task4pfmvN/test-tmp/auto_rebalancer-test.0.AutoRebalancerTest.OnlyLeaderDoesAutoRebalancing.1780321235414956-26002-0/minicluster-data/ts-0-root
uuid: "6aab40a8a24546cd9cc52f3660c37374"
format_stamp: "Formatted at 2026-06-01 13:40:35 on dist-test-slave-0fdg"
I20260601 13:40:35.571142 26002 fs_report.cc:389] FS layout report
--------------------
wal directory: /tmp/dist-test-task4pfmvN/test-tmp/auto_rebalancer-test.0.AutoRebalancerTest.OnlyLeaderDoesAutoRebalancing.1780321235414956-26002-0/minicluster-data/ts-0-root
metadata directory: /tmp/dist-test-task4pfmvN/test-tmp/auto_rebalancer-test.0.AutoRebalancerTest.OnlyLeaderDoesAutoRebalancing.1780321235414956-26002-0/minicluster-data/ts-0-root
1 data directories: /tmp/dist-test-task4pfmvN/test-tmp/auto_rebalancer-test.0.AutoRebalancerTest.OnlyLeaderDoesAutoRebalancing.1780321235414956-26002-0/minicluster-data/ts-0-root/data
Total live blocks: 0
Total live bytes: 0
Total live bytes (after alignment): 0
Total number of LBM containers: 0 (0 full)
Did not check for missing blocks
Did not check for orphaned blocks
Total full LBM containers with extra space: 0 (0 repaired)
Total full LBM container extra space in bytes: 0 (0 repaired)
Total incomplete LBM containers: 0 (0 repaired)
Total LBM partial records: 0 (0 repaired)
Total corrupted LBM metadata records in RocksDB: 0 (0 repaired)
I20260601 13:40:35.583010 26002 rpc_server.cc:225] running with OpenSSL 1.1.1  11 Sep 2018
I20260601 13:40:35.583617 26002 kserver.cc:163] Server-wide thread pool size limit: 3276
I20260601 13:40:35.584057 26002 txn_system_client.cc:432] TxnSystemClient initialization is disabled...
I20260601 13:40:35.584800 26002 ts_tablet_manager.cc:585] Loaded tablet metadata (0 total tablets, 0 live tablets)
I20260601 13:40:35.584851 26002 ts_tablet_manager.cc:531] Time spent load tablet metadata: real 0.000s	user 0.000s	sys 0.000s
I20260601 13:40:35.584908 26002 ts_tablet_manager.cc:616] Registered 0 tablets
I20260601 13:40:35.584954 26002 ts_tablet_manager.cc:595] Time spent register tablets: real 0.000s	user 0.000s	sys 0.000s
I20260601 13:40:35.591466 26002 rpc_server.cc:307] RPC server started. Bound to: 127.25.100.129:39387
I20260601 13:40:35.591501 26315 acceptor_pool.cc:272] collecting diagnostics on the listening RPC socket 127.25.100.129:39387 every 8 connection(s)
I20260601 13:40:35.592622 26002 file_cache.cc:492] Constructed file cache file cache with capacity 419430
W20260601 13:40:35.596407 26322 instance_detector.cc:116] could not retrieve AWS instance metadata: Network error: curl error: HTTP response code said error: The requested URL returned error: 404
W20260601 13:40:35.596930 26325 instance_detector.cc:116] could not retrieve OpenStack instance metadata: Network error: curl error: HTTP response code said error: The requested URL returned error: 404
W20260601 13:40:35.597754 26323 instance_detector.cc:116] could not retrieve Azure instance metadata: Network error: curl error: HTTP response code said error: The requested URL returned error: 404
I20260601 13:40:35.598276 26317 heartbeater.cc:344] Connected to a master server at 127.25.100.190:44095
I20260601 13:40:35.598361 26316 heartbeater.cc:344] Connected to a master server at 127.25.100.188:39287
I20260601 13:40:35.598538 26316 heartbeater.cc:461] Registering TS with master...
I20260601 13:40:35.598613 26002 server_base.cc:1061] running on GCE node
I20260601 13:40:35.598793 26002 hybrid_clock.cc:584] initializing the hybrid clock with 'system_unsync' time source
W20260601 13:40:35.598826 26002 system_unsync_time.cc:38] NTP support is disabled. Clock error bounds will not be accurate. This configuration is not suitable for distributed clusters.
I20260601 13:40:35.598848 26002 hybrid_clock.cc:648] HybridClock initialized: now 1780321235598848 us; error 0 us; skew 500 ppm
I20260601 13:40:35.599086 26316 heartbeater.cc:507] Master 127.25.100.188:39287 requested a full tablet report, sending...
I20260601 13:40:35.600023 26002 webserver.cc:533] Webserver started at http://127.25.100.130:42587/ using document root <none> and password file <none>
I20260601 13:40:35.600180 26002 fs_manager.cc:362] Metadata directory not provided
I20260601 13:40:35.600229 26002 fs_manager.cc:368] Using write-ahead log directory (fs_wal_dir) as metadata directory
I20260601 13:40:35.600296 26002 server_base.cc:909] This appears to be a new deployment of Kudu; creating new FS layout
I20260601 13:40:35.600575 26164 ts_manager.cc:194] Registered new tserver with Master: 6aab40a8a24546cd9cc52f3660c37374 (127.25.100.129:39387)
I20260601 13:40:35.600709 26002 fs_manager.cc:1068] Generated new instance metadata in path /tmp/dist-test-task4pfmvN/test-tmp/auto_rebalancer-test.0.AutoRebalancerTest.OnlyLeaderDoesAutoRebalancing.1780321235414956-26002-0/minicluster-data/ts-1-root/instance:
uuid: "f8be8a8a28164ea6b7299e3d11fdcae5"
format_stamp: "Formatted at 2026-06-01 13:40:35 on dist-test-slave-0fdg"
I20260601 13:40:35.601125 26318 heartbeater.cc:344] Connected to a master server at 127.25.100.189:46327
I20260601 13:40:35.601208 26318 heartbeater.cc:461] Registering TS with master...
I20260601 13:40:35.601400 26318 heartbeater.cc:507] Master 127.25.100.189:46327 requested a full tablet report, sending...
I20260601 13:40:35.602008 26098 ts_manager.cc:194] Registered new tserver with Master: 6aab40a8a24546cd9cc52f3660c37374 (127.25.100.129:39387)
I20260601 13:40:35.602233 26317 heartbeater.cc:461] Registering TS with master...
I20260601 13:40:35.602468 26317 heartbeater.cc:507] Master 127.25.100.190:44095 requested a full tablet report, sending...
I20260601 13:40:35.602497 26002 fs_manager.cc:696] Time spent creating directory manager: real 0.002s	user 0.002s	sys 0.000s
I20260601 13:40:35.603125 26032 ts_manager.cc:194] Registered new tserver with Master: 6aab40a8a24546cd9cc52f3660c37374 (127.25.100.129:39387)
I20260601 13:40:35.603788 26331 log_block_manager.cc:4031] Time spent loading block containers with low live blocks: real 0.000s	user 0.000s	sys 0.000s
I20260601 13:40:35.604043 26002 fs_manager.cc:730] Time spent opening block manager: real 0.001s	user 0.001s	sys 0.000s
I20260601 13:40:35.604108 26002 fs_manager.cc:647] Opened local filesystem: /tmp/dist-test-task4pfmvN/test-tmp/auto_rebalancer-test.0.AutoRebalancerTest.OnlyLeaderDoesAutoRebalancing.1780321235414956-26002-0/minicluster-data/ts-1-root
uuid: "f8be8a8a28164ea6b7299e3d11fdcae5"
format_stamp: "Formatted at 2026-06-01 13:40:35 on dist-test-slave-0fdg"
I20260601 13:40:35.604185 26002 fs_report.cc:389] FS layout report
--------------------
wal directory: /tmp/dist-test-task4pfmvN/test-tmp/auto_rebalancer-test.0.AutoRebalancerTest.OnlyLeaderDoesAutoRebalancing.1780321235414956-26002-0/minicluster-data/ts-1-root
metadata directory: /tmp/dist-test-task4pfmvN/test-tmp/auto_rebalancer-test.0.AutoRebalancerTest.OnlyLeaderDoesAutoRebalancing.1780321235414956-26002-0/minicluster-data/ts-1-root
1 data directories: /tmp/dist-test-task4pfmvN/test-tmp/auto_rebalancer-test.0.AutoRebalancerTest.OnlyLeaderDoesAutoRebalancing.1780321235414956-26002-0/minicluster-data/ts-1-root/data
Total live blocks: 0
Total live bytes: 0
Total live bytes (after alignment): 0
Total number of LBM containers: 0 (0 full)
Did not check for missing blocks
Did not check for orphaned blocks
Total full LBM containers with extra space: 0 (0 repaired)
Total full LBM container extra space in bytes: 0 (0 repaired)
Total incomplete LBM containers: 0 (0 repaired)
Total LBM partial records: 0 (0 repaired)
Total corrupted LBM metadata records in RocksDB: 0 (0 repaired)
I20260601 13:40:35.634680 26002 rpc_server.cc:225] running with OpenSSL 1.1.1  11 Sep 2018
I20260601 13:40:35.635147 26002 kserver.cc:163] Server-wide thread pool size limit: 3276
I20260601 13:40:35.635509 26002 txn_system_client.cc:432] TxnSystemClient initialization is disabled...
I20260601 13:40:35.636057 26002 ts_tablet_manager.cc:585] Loaded tablet metadata (0 total tablets, 0 live tablets)
I20260601 13:40:35.636098 26002 ts_tablet_manager.cc:531] Time spent load tablet metadata: real 0.000s	user 0.000s	sys 0.000s
I20260601 13:40:35.636150 26002 ts_tablet_manager.cc:616] Registered 0 tablets
I20260601 13:40:35.636189 26002 ts_tablet_manager.cc:595] Time spent register tablets: real 0.000s	user 0.000s	sys 0.000s
I20260601 13:40:35.641376 26206 raft_consensus.cc:493] T 00000000000000000000000000000000 P 12a837d3751041dd81014a2709489974 [term 0 FOLLOWER]: Starting pre-election (no leader contacted us within the election timeout)
I20260601 13:40:35.641561 26206 raft_consensus.cc:515] T 00000000000000000000000000000000 P 12a837d3751041dd81014a2709489974 [term 0 FOLLOWER]: Starting pre-election with config: opid_index: -1 OBSOLETE_local: false peers { permanent_uuid: "12a837d3751041dd81014a2709489974" member_type: VOTER last_known_addr { host: "127.25.100.190" port: 44095 } } peers { permanent_uuid: "33e8f4b49c8941eab54a0967fecf4f0b" member_type: VOTER last_known_addr { host: "127.25.100.189" port: 46327 } } peers { permanent_uuid: "248ebc58a5e0478096310edeca78ec29" member_type: VOTER last_known_addr { host: "127.25.100.188" port: 39287 } }
I20260601 13:40:35.642578 26002 rpc_server.cc:307] RPC server started. Bound to: 127.25.100.130:45765
I20260601 13:40:35.642692 26206 leader_election.cc:290] T 00000000000000000000000000000000 P 12a837d3751041dd81014a2709489974 [CANDIDATE]: Term 1 pre-election: Requested pre-vote from peers 33e8f4b49c8941eab54a0967fecf4f0b (127.25.100.189:46327), 248ebc58a5e0478096310edeca78ec29 (127.25.100.188:39287)
I20260601 13:40:35.642714 26394 acceptor_pool.cc:272] collecting diagnostics on the listening RPC socket 127.25.100.130:45765 every 8 connection(s)
I20260601 13:40:35.643285 26108 tablet_service.cc:1917] Received RequestConsensusVote() RPC: tablet_id: "00000000000000000000000000000000" candidate_uuid: "12a837d3751041dd81014a2709489974" candidate_term: 1 candidate_status { last_received { term: 0 index: 0 } } ignore_live_leader: false dest_uuid: "33e8f4b49c8941eab54a0967fecf4f0b" is_pre_election: true
I20260601 13:40:35.643289 26174 tablet_service.cc:1917] Received RequestConsensusVote() RPC: tablet_id: "00000000000000000000000000000000" candidate_uuid: "12a837d3751041dd81014a2709489974" candidate_term: 1 candidate_status { last_received { term: 0 index: 0 } } ignore_live_leader: false dest_uuid: "248ebc58a5e0478096310edeca78ec29" is_pre_election: true
I20260601 13:40:35.643636 26002 file_cache.cc:492] Constructed file cache file cache with capacity 419430
I20260601 13:40:35.643654 26174 raft_consensus.cc:2468] T 00000000000000000000000000000000 P 248ebc58a5e0478096310edeca78ec29 [term 0 FOLLOWER]: Leader pre-election vote request: Granting yes vote for candidate 12a837d3751041dd81014a2709489974 in term 0.
I20260601 13:40:35.644068 26016 leader_election.cc:304] T 00000000000000000000000000000000 P 12a837d3751041dd81014a2709489974 [CANDIDATE]: Term 1 pre-election: Election decided. Result: candidate won. Election summary: received 2 responses out of 3 voters: 2 yes votes; 0 no votes. yes voters: 12a837d3751041dd81014a2709489974, 248ebc58a5e0478096310edeca78ec29; no voters: 
I20260601 13:40:35.644286 26206 raft_consensus.cc:2804] T 00000000000000000000000000000000 P 12a837d3751041dd81014a2709489974 [term 0 FOLLOWER]: Leader pre-election won for term 1
I20260601 13:40:35.644337 26206 raft_consensus.cc:493] T 00000000000000000000000000000000 P 12a837d3751041dd81014a2709489974 [term 0 FOLLOWER]: Starting leader election (no leader contacted us within the election timeout)
I20260601 13:40:35.644375 26206 raft_consensus.cc:3060] T 00000000000000000000000000000000 P 12a837d3751041dd81014a2709489974 [term 0 FOLLOWER]: Advancing to term 1
I20260601 13:40:35.645731 26206 raft_consensus.cc:515] T 00000000000000000000000000000000 P 12a837d3751041dd81014a2709489974 [term 1 FOLLOWER]: Starting leader election with config: opid_index: -1 OBSOLETE_local: false peers { permanent_uuid: "12a837d3751041dd81014a2709489974" member_type: VOTER last_known_addr { host: "127.25.100.190" port: 44095 } } peers { permanent_uuid: "33e8f4b49c8941eab54a0967fecf4f0b" member_type: VOTER last_known_addr { host: "127.25.100.189" port: 46327 } } peers { permanent_uuid: "248ebc58a5e0478096310edeca78ec29" member_type: VOTER last_known_addr { host: "127.25.100.188" port: 39287 } }
I20260601 13:40:35.646096 26206 leader_election.cc:290] T 00000000000000000000000000000000 P 12a837d3751041dd81014a2709489974 [CANDIDATE]: Term 1 election: Requested vote from peers 33e8f4b49c8941eab54a0967fecf4f0b (127.25.100.189:46327), 248ebc58a5e0478096310edeca78ec29 (127.25.100.188:39287)
I20260601 13:40:35.647023 26107 tablet_service.cc:1917] Received RequestConsensusVote() RPC: tablet_id: "00000000000000000000000000000000" candidate_uuid: "12a837d3751041dd81014a2709489974" candidate_term: 1 candidate_status { last_received { term: 0 index: 0 } } ignore_live_leader: false dest_uuid: "33e8f4b49c8941eab54a0967fecf4f0b"
I20260601 13:40:35.647400 26174 tablet_service.cc:1917] Received RequestConsensusVote() RPC: tablet_id: "00000000000000000000000000000000" candidate_uuid: "12a837d3751041dd81014a2709489974" candidate_term: 1 candidate_status { last_received { term: 0 index: 0 } } ignore_live_leader: false dest_uuid: "248ebc58a5e0478096310edeca78ec29"
I20260601 13:40:35.647497 26174 raft_consensus.cc:3060] T 00000000000000000000000000000000 P 248ebc58a5e0478096310edeca78ec29 [term 0 FOLLOWER]: Advancing to term 1
W20260601 13:40:35.648211 26401 instance_detector.cc:116] could not retrieve Azure instance metadata: Network error: curl error: HTTP response code said error: The requested URL returned error: 404
I20260601 13:40:35.643500 26108 raft_consensus.cc:2468] T 00000000000000000000000000000000 P 33e8f4b49c8941eab54a0967fecf4f0b [term 0 FOLLOWER]: Leader pre-election vote request: Granting yes vote for candidate 12a837d3751041dd81014a2709489974 in term 0.
I20260601 13:40:35.649009 26174 raft_consensus.cc:2468] T 00000000000000000000000000000000 P 248ebc58a5e0478096310edeca78ec29 [term 1 FOLLOWER]: Leader election vote request: Granting yes vote for candidate 12a837d3751041dd81014a2709489974 in term 1.
W20260601 13:40:35.649333 26400 instance_detector.cc:116] could not retrieve AWS instance metadata: Network error: curl error: HTTP response code said error: The requested URL returned error: 404
I20260601 13:40:35.649408 26016 leader_election.cc:304] T 00000000000000000000000000000000 P 12a837d3751041dd81014a2709489974 [CANDIDATE]: Term 1 election: Election decided. Result: candidate won. Election summary: received 3 responses out of 3 voters: 2 yes votes; 1 no votes. yes voters: 12a837d3751041dd81014a2709489974, 248ebc58a5e0478096310edeca78ec29; no voters: 33e8f4b49c8941eab54a0967fecf4f0b
I20260601 13:40:35.649744 26206 raft_consensus.cc:2804] T 00000000000000000000000000000000 P 12a837d3751041dd81014a2709489974 [term 1 FOLLOWER]: Leader election won for term 1
I20260601 13:40:35.649880 26206 raft_consensus.cc:697] T 00000000000000000000000000000000 P 12a837d3751041dd81014a2709489974 [term 1 LEADER]: Becoming Leader. State: Replica: 12a837d3751041dd81014a2709489974, State: Running, Role: LEADER
I20260601 13:40:35.650174 26206 consensus_queue.cc:237] T 00000000000000000000000000000000 P 12a837d3751041dd81014a2709489974 [LEADER]: Queue going to LEADER mode. State: All replicated index: 0, Majority replicated index: 0, Committed index: 0, Last appended: 0.0, Last appended by leader: 0, Current term: 1, Majority size: 2, State: 0, Mode: LEADER, active raft config: opid_index: -1 OBSOLETE_local: false peers { permanent_uuid: "12a837d3751041dd81014a2709489974" member_type: VOTER last_known_addr { host: "127.25.100.190" port: 44095 } } peers { permanent_uuid: "33e8f4b49c8941eab54a0967fecf4f0b" member_type: VOTER last_known_addr { host: "127.25.100.189" port: 46327 } } peers { permanent_uuid: "248ebc58a5e0478096310edeca78ec29" member_type: VOTER last_known_addr { host: "127.25.100.188" port: 39287 } }
W20260601 13:40:35.651324 26403 instance_detector.cc:116] could not retrieve OpenStack instance metadata: Network error: curl error: HTTP response code said error: The requested URL returned error: 404
I20260601 13:40:35.651602 26396 heartbeater.cc:344] Connected to a master server at 127.25.100.190:44095
I20260601 13:40:35.651691 26396 heartbeater.cc:461] Registering TS with master...
I20260601 13:40:35.651896 26396 heartbeater.cc:507] Master 127.25.100.190:44095 requested a full tablet report, sending...
I20260601 13:40:35.652241 26206 sys_catalog.cc:455] T 00000000000000000000000000000000 P 12a837d3751041dd81014a2709489974 [sys.catalog]: SysCatalogTable state changed. Reason: New leader 12a837d3751041dd81014a2709489974. Latest consensus state: current_term: 1 leader_uuid: "12a837d3751041dd81014a2709489974" committed_config { opid_index: -1 OBSOLETE_local: false peers { permanent_uuid: "12a837d3751041dd81014a2709489974" member_type: VOTER last_known_addr { host: "127.25.100.190" port: 44095 } } peers { permanent_uuid: "33e8f4b49c8941eab54a0967fecf4f0b" member_type: VOTER last_known_addr { host: "127.25.100.189" port: 46327 } } peers { permanent_uuid: "248ebc58a5e0478096310edeca78ec29" member_type: VOTER last_known_addr { host: "127.25.100.188" port: 39287 } } }
I20260601 13:40:35.652388 26206 sys_catalog.cc:458] T 00000000000000000000000000000000 P 12a837d3751041dd81014a2709489974 [sys.catalog]: This master's current role is: LEADER
I20260601 13:40:35.652472 26032 ts_manager.cc:194] Registered new tserver with Master: f8be8a8a28164ea6b7299e3d11fdcae5 (127.25.100.130:45765)
I20260601 13:40:35.652824 26002 server_base.cc:1061] running on GCE node
I20260601 13:40:35.652981 26002 hybrid_clock.cc:584] initializing the hybrid clock with 'system_unsync' time source
W20260601 13:40:35.653031 26002 system_unsync_time.cc:38] NTP support is disabled. Clock error bounds will not be accurate. This configuration is not suitable for distributed clusters.
I20260601 13:40:35.653064 26002 hybrid_clock.cc:648] HybridClock initialized: now 1780321235653063 us; error 0 us; skew 500 ppm
