I20260601 13:41:45.437521  4615 leader_election.cc:290] T 94846b955b6e45f4960c51928300e413 P 0b9c972f1b9f4ee6b5d41e3ec909241e [CANDIDATE]: Term 1 pre-election: Requested pre-vote from peers 311d310dbbea4aa6b235c7b9483c98a2 (127.1.95.1:43517), 31826b9cf72d4d8e95d74026786bad03 (127.1.95.3:36251)
I20260601 13:41:45.437867  4410 tablet_service.cc:1917] Received RequestConsensusVote() RPC: tablet_id: "94846b955b6e45f4960c51928300e413" candidate_uuid: "0b9c972f1b9f4ee6b5d41e3ec909241e" candidate_term: 1 candidate_status { last_received { term: 0 index: 0 } } ignore_live_leader: false dest_uuid: "311d310dbbea4aa6b235c7b9483c98a2" is_pre_election: true
I20260601 13:41:45.437867  4561 tablet_service.cc:1917] Received RequestConsensusVote() RPC: tablet_id: "94846b955b6e45f4960c51928300e413" candidate_uuid: "0b9c972f1b9f4ee6b5d41e3ec909241e" candidate_term: 1 candidate_status { last_received { term: 0 index: 0 } } ignore_live_leader: false dest_uuid: "31826b9cf72d4d8e95d74026786bad03" is_pre_election: true
I20260601 13:41:45.437973  4410 raft_consensus.cc:2468] T 94846b955b6e45f4960c51928300e413 P 311d310dbbea4aa6b235c7b9483c98a2 [term 0 FOLLOWER]: Leader pre-election vote request: Granting yes vote for candidate 0b9c972f1b9f4ee6b5d41e3ec909241e in term 0.
I20260601 13:41:45.438055  4561 raft_consensus.cc:2468] T 94846b955b6e45f4960c51928300e413 P 31826b9cf72d4d8e95d74026786bad03 [term 0 FOLLOWER]: Leader pre-election vote request: Granting yes vote for candidate 0b9c972f1b9f4ee6b5d41e3ec909241e in term 0.
I20260601 13:41:45.438268  4452 leader_election.cc:304] T 94846b955b6e45f4960c51928300e413 P 0b9c972f1b9f4ee6b5d41e3ec909241e [CANDIDATE]: Term 1 pre-election: Election decided. Result: candidate won. Election summary: received 2 responses out of 3 voters: 2 yes votes; 0 no votes. yes voters: 0b9c972f1b9f4ee6b5d41e3ec909241e, 311d310dbbea4aa6b235c7b9483c98a2; no voters: 
I20260601 13:41:45.438465  4615 raft_consensus.cc:2804] T 94846b955b6e45f4960c51928300e413 P 0b9c972f1b9f4ee6b5d41e3ec909241e [term 0 FOLLOWER]: Leader pre-election won for term 1
I20260601 13:41:45.438536  4615 raft_consensus.cc:493] T 94846b955b6e45f4960c51928300e413 P 0b9c972f1b9f4ee6b5d41e3ec909241e [term 0 FOLLOWER]: Starting leader election (no leader contacted us within the election timeout)
I20260601 13:41:45.438589  4615 raft_consensus.cc:3060] T 94846b955b6e45f4960c51928300e413 P 0b9c972f1b9f4ee6b5d41e3ec909241e [term 0 FOLLOWER]: Advancing to term 1
I20260601 13:41:45.439296  4615 raft_consensus.cc:515] T 94846b955b6e45f4960c51928300e413 P 0b9c972f1b9f4ee6b5d41e3ec909241e [term 1 FOLLOWER]: Starting leader election with config: opid_index: -1 OBSOLETE_local: false peers { permanent_uuid: "0b9c972f1b9f4ee6b5d41e3ec909241e" member_type: VOTER last_known_addr { host: "127.1.95.2" port: 34707 } } peers { permanent_uuid: "311d310dbbea4aa6b235c7b9483c98a2" member_type: VOTER last_known_addr { host: "127.1.95.1" port: 43517 } } peers { permanent_uuid: "31826b9cf72d4d8e95d74026786bad03" member_type: VOTER last_known_addr { host: "127.1.95.3" port: 36251 } }
I20260601 13:41:45.439607  4615 leader_election.cc:290] T 94846b955b6e45f4960c51928300e413 P 0b9c972f1b9f4ee6b5d41e3ec909241e [CANDIDATE]: Term 1 election: Requested vote from peers 311d310dbbea4aa6b235c7b9483c98a2 (127.1.95.1:43517), 31826b9cf72d4d8e95d74026786bad03 (127.1.95.3:36251)
I20260601 13:41:45.439940  4410 tablet_service.cc:1917] Received RequestConsensusVote() RPC: tablet_id: "94846b955b6e45f4960c51928300e413" candidate_uuid: "0b9c972f1b9f4ee6b5d41e3ec909241e" candidate_term: 1 candidate_status { last_received { term: 0 index: 0 } } ignore_live_leader: false dest_uuid: "311d310dbbea4aa6b235c7b9483c98a2"
I20260601 13:41:45.440011  4561 tablet_service.cc:1917] Received RequestConsensusVote() RPC: tablet_id: "94846b955b6e45f4960c51928300e413" candidate_uuid: "0b9c972f1b9f4ee6b5d41e3ec909241e" candidate_term: 1 candidate_status { last_received { term: 0 index: 0 } } ignore_live_leader: false dest_uuid: "31826b9cf72d4d8e95d74026786bad03"
I20260601 13:41:45.440025  4410 raft_consensus.cc:3060] T 94846b955b6e45f4960c51928300e413 P 311d310dbbea4aa6b235c7b9483c98a2 [term 0 FOLLOWER]: Advancing to term 1
I20260601 13:41:45.440121  4561 raft_consensus.cc:3060] T 94846b955b6e45f4960c51928300e413 P 31826b9cf72d4d8e95d74026786bad03 [term 0 FOLLOWER]: Advancing to term 1
I20260601 13:41:45.440876  4561 raft_consensus.cc:2468] T 94846b955b6e45f4960c51928300e413 P 31826b9cf72d4d8e95d74026786bad03 [term 1 FOLLOWER]: Leader election vote request: Granting yes vote for candidate 0b9c972f1b9f4ee6b5d41e3ec909241e in term 1.
I20260601 13:41:45.440902  4410 raft_consensus.cc:2468] T 94846b955b6e45f4960c51928300e413 P 311d310dbbea4aa6b235c7b9483c98a2 [term 1 FOLLOWER]: Leader election vote request: Granting yes vote for candidate 0b9c972f1b9f4ee6b5d41e3ec909241e in term 1.
I20260601 13:41:45.441186  4452 leader_election.cc:304] T 94846b955b6e45f4960c51928300e413 P 0b9c972f1b9f4ee6b5d41e3ec909241e [CANDIDATE]: Term 1 election: Election decided. Result: candidate won. Election summary: received 2 responses out of 3 voters: 2 yes votes; 0 no votes. yes voters: 0b9c972f1b9f4ee6b5d41e3ec909241e, 311d310dbbea4aa6b235c7b9483c98a2; no voters: 
I20260601 13:41:45.441335  4615 raft_consensus.cc:2804] T 94846b955b6e45f4960c51928300e413 P 0b9c972f1b9f4ee6b5d41e3ec909241e [term 1 FOLLOWER]: Leader election won for term 1
I20260601 13:41:45.441493  4615 raft_consensus.cc:697] T 94846b955b6e45f4960c51928300e413 P 0b9c972f1b9f4ee6b5d41e3ec909241e [term 1 LEADER]: Becoming Leader. State: Replica: 0b9c972f1b9f4ee6b5d41e3ec909241e, State: Running, Role: LEADER
I20260601 13:41:45.441649  4615 consensus_queue.cc:237] T 94846b955b6e45f4960c51928300e413 P 0b9c972f1b9f4ee6b5d41e3ec909241e [LEADER]: Queue going to LEADER mode. State: All replicated index: 0, Majority replicated index: 0, Committed index: 0, Last appended: 0.0, Last appended by leader: 0, Current term: 1, Majority size: 2, State: 0, Mode: LEADER, active raft config: opid_index: -1 OBSOLETE_local: false peers { permanent_uuid: "0b9c972f1b9f4ee6b5d41e3ec909241e" member_type: VOTER last_known_addr { host: "127.1.95.2" port: 34707 } } peers { permanent_uuid: "311d310dbbea4aa6b235c7b9483c98a2" member_type: VOTER last_known_addr { host: "127.1.95.1" port: 43517 } } peers { permanent_uuid: "31826b9cf72d4d8e95d74026786bad03" member_type: VOTER last_known_addr { host: "127.1.95.3" port: 36251 } }
I20260601 13:41:45.443146  4304 catalog_manager.cc:5696] T 94846b955b6e45f4960c51928300e413 P 0b9c972f1b9f4ee6b5d41e3ec909241e reported cstate change: term changed from 0 to 1, leader changed from <none> to 0b9c972f1b9f4ee6b5d41e3ec909241e (127.1.95.2). New cstate: current_term: 1 leader_uuid: "0b9c972f1b9f4ee6b5d41e3ec909241e" committed_config { opid_index: -1 OBSOLETE_local: false peers { permanent_uuid: "0b9c972f1b9f4ee6b5d41e3ec909241e" member_type: VOTER last_known_addr { host: "127.1.95.2" port: 34707 } health_report { overall_health: HEALTHY } } peers { permanent_uuid: "311d310dbbea4aa6b235c7b9483c98a2" member_type: VOTER last_known_addr { host: "127.1.95.1" port: 43517 } health_report { overall_health: UNKNOWN } } peers { permanent_uuid: "31826b9cf72d4d8e95d74026786bad03" member_type: VOTER last_known_addr { host: "127.1.95.3" port: 36251 } health_report { overall_health: UNKNOWN } } }
I20260601 13:41:45.478281  1404 file_cache.cc:492] Constructed file cache file cache with capacity 419430
W20260601 13:41:45.480355  4658 instance_detector.cc:116] could not retrieve Azure instance metadata: Network error: curl error: HTTP response code said error: The requested URL returned error: 404
W20260601 13:41:45.480259  4660 instance_detector.cc:116] could not retrieve OpenStack instance metadata: Network error: curl error: HTTP response code said error: The requested URL returned error: 404
W20260601 13:41:45.480258  4657 instance_detector.cc:116] could not retrieve AWS instance metadata: Network error: curl error: HTTP response code said error: The requested URL returned error: 404
I20260601 13:41:45.480654  1404 server_base.cc:1061] running on GCE node
I20260601 13:41:45.480851  1404 hybrid_clock.cc:584] initializing the hybrid clock with 'system_unsync' time source
W20260601 13:41:45.480887  1404 system_unsync_time.cc:38] NTP support is disabled. Clock error bounds will not be accurate. This configuration is not suitable for distributed clusters.
I20260601 13:41:45.480903  1404 hybrid_clock.cc:648] HybridClock initialized: now 1780321305480903 us; error 0 us; skew 500 ppm
I20260601 13:41:45.481786  1404 webserver.cc:533] Webserver started at http://127.1.95.4:41269/ using document root <none> and password file <none>
I20260601 13:41:45.481911  1404 fs_manager.cc:362] Metadata directory not provided
I20260601 13:41:45.481953  1404 fs_manager.cc:368] Using write-ahead log directory (fs_wal_dir) as metadata directory
I20260601 13:41:45.482007  1404 server_base.cc:909] This appears to be a new deployment of Kudu; creating new FS layout
I20260601 13:41:45.482326  1404 fs_manager.cc:1068] Generated new instance metadata in path /tmp/dist-test-taskCmf7Hv/test-tmp/auto_rebalancer-test.0.AutoRebalancerTest.RangeAwareRebalancesNewRangeReplicas.1780321234387294-1404-0/minicluster-data/ts-3-root/instance:
uuid: "bb5665846cef48e0804692ac7fc246c7"
format_stamp: "Formatted at 2026-06-01 13:41:45 on dist-test-slave-j0wt"
I20260601 13:41:45.483683  1404 fs_manager.cc:696] Time spent creating directory manager: real 0.001s	user 0.001s	sys 0.000s
I20260601 13:41:45.484575  4665 log_block_manager.cc:4031] Time spent loading block containers with low live blocks: real 0.000s	user 0.000s	sys 0.000s
I20260601 13:41:45.484845  1404 fs_manager.cc:730] Time spent opening block manager: real 0.001s	user 0.001s	sys 0.000s
I20260601 13:41:45.484915  1404 fs_manager.cc:647] Opened local filesystem: /tmp/dist-test-taskCmf7Hv/test-tmp/auto_rebalancer-test.0.AutoRebalancerTest.RangeAwareRebalancesNewRangeReplicas.1780321234387294-1404-0/minicluster-data/ts-3-root
uuid: "bb5665846cef48e0804692ac7fc246c7"
format_stamp: "Formatted at 2026-06-01 13:41:45 on dist-test-slave-j0wt"
I20260601 13:41:45.484966  1404 fs_report.cc:389] FS layout report
--------------------
wal directory: /tmp/dist-test-taskCmf7Hv/test-tmp/auto_rebalancer-test.0.AutoRebalancerTest.RangeAwareRebalancesNewRangeReplicas.1780321234387294-1404-0/minicluster-data/ts-3-root
metadata directory: /tmp/dist-test-taskCmf7Hv/test-tmp/auto_rebalancer-test.0.AutoRebalancerTest.RangeAwareRebalancesNewRangeReplicas.1780321234387294-1404-0/minicluster-data/ts-3-root
1 data directories: /tmp/dist-test-taskCmf7Hv/test-tmp/auto_rebalancer-test.0.AutoRebalancerTest.RangeAwareRebalancesNewRangeReplicas.1780321234387294-1404-0/minicluster-data/ts-3-root/data
Total live blocks: 0
Total live bytes: 0
Total live bytes (after alignment): 0
Total number of LBM containers: 0 (0 full)
Did not check for missing blocks
Did not check for orphaned blocks
Total full LBM containers with extra space: 0 (0 repaired)
Total full LBM container extra space in bytes: 0 (0 repaired)
Total incomplete LBM containers: 0 (0 repaired)
Total LBM partial records: 0 (0 repaired)
Total corrupted LBM metadata records in RocksDB: 0 (0 repaired)
I20260601 13:41:45.502761  1404 rpc_server.cc:225] running with OpenSSL 1.1.1  11 Sep 2018
I20260601 13:41:45.503186  1404 kserver.cc:163] Server-wide thread pool size limit: 3276
I20260601 13:41:45.503453  1404 txn_system_client.cc:432] TxnSystemClient initialization is disabled...
I20260601 13:41:45.503978  1404 ts_tablet_manager.cc:585] Loaded tablet metadata (0 total tablets, 0 live tablets)
I20260601 13:41:45.504019  1404 ts_tablet_manager.cc:531] Time spent load tablet metadata: real 0.000s	user 0.000s	sys 0.000s
I20260601 13:41:45.504081  1404 ts_tablet_manager.cc:616] Registered 0 tablets
I20260601 13:41:45.504122  1404 ts_tablet_manager.cc:595] Time spent register tablets: real 0.000s	user 0.000s	sys 0.000s
I20260601 13:41:45.509095  1404 rpc_server.cc:307] RPC server started. Bound to: 127.1.95.4:37385
I20260601 13:41:45.509178  4728 acceptor_pool.cc:272] collecting diagnostics on the listening RPC socket 127.1.95.4:37385 every 8 connection(s)
I20260601 13:41:45.510728  4304 catalog_manager.cc:3569] Servicing AlterTable request from {username='slave'} at 127.0.0.1:36874:
table { table_name: "range_aware_rebalance_new_range" } alter_schema_steps { type: ADD_RANGE_PARTITION add_range_partition { range_bounds { rows: "\006\001\n\000\000\000\007\001\024\000\000\000""\006\001\n\000\000\000\007\001\024\000\000\000" indirect_data: """" } } } schema { columns { name: "key" type: INT32 is_key: true is_nullable: false encoding: AUTO_ENCODING compression: DEFAULT_COMPRESSION cfile_block_size: 0 immutable: false } } modify_external_catalogs: true
I20260601 13:41:45.514285  4729 heartbeater.cc:344] Connected to a master server at 127.1.95.62:35391
I20260601 13:41:45.514403  4729 heartbeater.cc:461] Registering TS with master...
I20260601 13:41:45.514622  4729 heartbeater.cc:507] Master 127.1.95.62:35391 requested a full tablet report, sending...
I20260601 13:41:45.515219  4305 ts_manager.cc:194] Registered new tserver with Master: bb5665846cef48e0804692ac7fc246c7 (127.1.95.4:37385)
W20260601 13:41:45.515738  4304 catalog_manager.cc:5956] Failed to send alter table request: Not found: failed to reset TS proxy: No leader found: Tablet 486179880c574dc18eb649b7a9b7d3b9 has no consensus state
I20260601 13:41:45.515856  4305 master_service.cc:502] Signed X509 certificate for tserver {username='slave'} at 127.0.0.1:36878
W20260601 13:41:45.516034  4304 catalog_manager.cc:5956] Failed to send alter table request: Not found: failed to reset TS proxy: No leader found: Tablet ce549992b2da4433991d8f33056047ef has no consensus state
W20260601 13:41:45.516392  4304 catalog_manager.cc:5956] Failed to send alter table request: Not found: failed to reset TS proxy: No leader found: Tablet b3d2a500018548ea9ee30a291fd9ea2e has no consensus state
W20260601 13:41:45.516892  4304 catalog_manager.cc:5956] Failed to send alter table request: Not found: failed to reset TS proxy: No leader found: Tablet 10b09d1659f246e98fc986dc7b39b6f0 has no consensus state
W20260601 13:41:45.517153  4304 catalog_manager.cc:5956] Failed to send alter table request: Not found: failed to reset TS proxy: No leader found: Tablet e5058d28b62748dfbd6b61fd71bf8049 has no consensus state
W20260601 13:41:45.517421  4304 catalog_manager.cc:5956] Failed to send alter table request: Not found: failed to reset TS proxy: No leader found: Tablet f6dc6df813044228b191da5f287b669f has no consensus state
W20260601 13:41:45.517930  4304 catalog_manager.cc:5956] Failed to send alter table request: Not found: failed to reset TS proxy: No leader found: Tablet fe7060a56df04432903404276be2276f has no consensus state
W20260601 13:41:45.518296  4304 catalog_manager.cc:5956] Failed to send alter table request: Not found: failed to reset TS proxy: No leader found: Tablet bd89b461da224022bc9ba943913d2fd5 has no consensus state
I20260601 13:41:45.522259  4394 tablet_service.cc:1511] Processing CreateTablet for tablet 486179880c574dc18eb649b7a9b7d3b9 (DEFAULT_TABLE table=range_aware_rebalance_new_range [id=0de41bcdef864acca9dc70d0a458d5c4]), partition=HASH (key) PARTITION 0, RANGE (key) PARTITION 10 <= VALUES < 20
I20260601 13:41:45.522634  4394 data_dirs.cc:400] Could only allocate 1 dirs of requested 3 for tablet 486179880c574dc18eb649b7a9b7d3b9. 1 dirs total, 0 dirs full, 0 dirs failed
I20260601 13:41:45.522647  4548 tablet_service.cc:1511] Processing CreateTablet for tablet ce549992b2da4433991d8f33056047ef (DEFAULT_TABLE table=range_aware_rebalance_new_range [id=0de41bcdef864acca9dc70d0a458d5c4]), partition=HASH (key) PARTITION 1, RANGE (key) PARTITION 10 <= VALUES < 20
I20260601 13:41:45.522920  4548 data_dirs.cc:400] Could only allocate 1 dirs of requested 3 for tablet ce549992b2da4433991d8f33056047ef. 1 dirs total, 0 dirs full, 0 dirs failed
I20260601 13:41:45.524994  4618 tablet_bootstrap.cc:492] T 486179880c574dc18eb649b7a9b7d3b9 P 311d310dbbea4aa6b235c7b9483c98a2: Bootstrap starting.
I20260601 13:41:45.526072  4618 tablet_bootstrap.cc:654] T 486179880c574dc18eb649b7a9b7d3b9 P 311d310dbbea4aa6b235c7b9483c98a2: Neither blocks nor log segments found. Creating new log.
I20260601 13:41:45.526695  4609 tablet_bootstrap.cc:492] T ce549992b2da4433991d8f33056047ef P 31826b9cf72d4d8e95d74026786bad03: Bootstrap starting.
I20260601 13:41:45.527115  4618 tablet_bootstrap.cc:492] T 486179880c574dc18eb649b7a9b7d3b9 P 311d310dbbea4aa6b235c7b9483c98a2: No bootstrap required, opened a new log
I20260601 13:41:45.527227  4618 ts_tablet_manager.cc:1403] T 486179880c574dc18eb649b7a9b7d3b9 P 311d310dbbea4aa6b235c7b9483c98a2: Time spent bootstrapping tablet: real 0.002s	user 0.002s	sys 0.000s
I20260601 13:41:45.527637  4609 tablet_bootstrap.cc:654] T ce549992b2da4433991d8f33056047ef P 31826b9cf72d4d8e95d74026786bad03: Neither blocks nor log segments found. Creating new log.
I20260601 13:41:45.527755  4618 raft_consensus.cc:359] T 486179880c574dc18eb649b7a9b7d3b9 P 311d310dbbea4aa6b235c7b9483c98a2 [term 0 FOLLOWER]: Replica starting. Triggering 0 pending ops. Active config: opid_index: -1 OBSOLETE_local: false peers { permanent_uuid: "bb5665846cef48e0804692ac7fc246c7" member_type: VOTER last_known_addr { host: "127.1.95.4" port: 37385 } } peers { permanent_uuid: "311d310dbbea4aa6b235c7b9483c98a2" member_type: VOTER last_known_addr { host: "127.1.95.1" port: 43517 } } peers { permanent_uuid: "0b9c972f1b9f4ee6b5d41e3ec909241e" member_type: VOTER last_known_addr { host: "127.1.95.2" port: 34707 } }
I20260601 13:41:45.527858  4618 raft_consensus.cc:385] T 486179880c574dc18eb649b7a9b7d3b9 P 311d310dbbea4aa6b235c7b9483c98a2 [term 0 FOLLOWER]: Consensus starting up: Expiring failure detector timer to make a prompt election more likely
I20260601 13:41:45.527880  4618 raft_consensus.cc:740] T 486179880c574dc18eb649b7a9b7d3b9 P 311d310dbbea4aa6b235c7b9483c98a2 [term 0 FOLLOWER]: Becoming Follower/Learner. State: Replica: 311d310dbbea4aa6b235c7b9483c98a2, State: Initialized, Role: FOLLOWER
I20260601 13:41:45.527966  4618 consensus_queue.cc:260] T 486179880c574dc18eb649b7a9b7d3b9 P 311d310dbbea4aa6b235c7b9483c98a2 [NON_LEADER]: Queue going to NON_LEADER mode. State: All replicated index: 0, Majority replicated index: 0, Committed index: 0, Last appended: 0.0, Last appended by leader: 0, Current term: 0, Majority size: -1, State: 0, Mode: NON_LEADER, active raft config: opid_index: -1 OBSOLETE_local: false peers { permanent_uuid: "bb5665846cef48e0804692ac7fc246c7" member_type: VOTER last_known_addr { host: "127.1.95.4" port: 37385 } } peers { permanent_uuid: "311d310dbbea4aa6b235c7b9483c98a2" member_type: VOTER last_known_addr { host: "127.1.95.1" port: 43517 } } peers { permanent_uuid: "0b9c972f1b9f4ee6b5d41e3ec909241e" member_type: VOTER last_known_addr { host: "127.1.95.2" port: 34707 } }
I20260601 13:41:45.528165  4618 ts_tablet_manager.cc:1434] T 486179880c574dc18eb649b7a9b7d3b9 P 311d310dbbea4aa6b235c7b9483c98a2: Time spent starting tablet: real 0.001s	user 0.001s	sys 0.000s
I20260601 13:41:45.528640  4692 tablet_service.cc:1511] Processing CreateTablet for tablet ce549992b2da4433991d8f33056047ef (DEFAULT_TABLE table=range_aware_rebalance_new_range [id=0de41bcdef864acca9dc70d0a458d5c4]), partition=HASH (key) PARTITION 1, RANGE (key) PARTITION 10 <= VALUES < 20
I20260601 13:41:45.522276  4470 tablet_service.cc:1511] Processing CreateTablet for tablet 486179880c574dc18eb649b7a9b7d3b9 (DEFAULT_TABLE table=range_aware_rebalance_new_range [id=0de41bcdef864acca9dc70d0a458d5c4]), partition=HASH (key) PARTITION 0, RANGE (key) PARTITION 10 <= VALUES < 20
I20260601 13:41:45.528895  4692 data_dirs.cc:400] Could only allocate 1 dirs of requested 3 for tablet ce549992b2da4433991d8f33056047ef. 1 dirs total, 0 dirs full, 0 dirs failed
I20260601 13:41:45.529075  4470 data_dirs.cc:400] Could only allocate 1 dirs of requested 3 for tablet 486179880c574dc18eb649b7a9b7d3b9. 1 dirs total, 0 dirs full, 0 dirs failed
I20260601 13:41:45.529021  4693 tablet_service.cc:1511] Processing CreateTablet for tablet 486179880c574dc18eb649b7a9b7d3b9 (DEFAULT_TABLE table=range_aware_rebalance_new_range [id=0de41bcdef864acca9dc70d0a458d5c4]), partition=HASH (key) PARTITION 0, RANGE (key) PARTITION 10 <= VALUES < 20
I20260601 13:41:45.529238  4693 data_dirs.cc:400] Could only allocate 1 dirs of requested 3 for tablet 486179880c574dc18eb649b7a9b7d3b9. 1 dirs total, 0 dirs full, 0 dirs failed
I20260601 13:41:45.530763  4735 tablet_bootstrap.cc:492] T ce549992b2da4433991d8f33056047ef P bb5665846cef48e0804692ac7fc246c7: Bootstrap starting.
I20260601 13:41:45.531038  4608 tablet_bootstrap.cc:492] T 486179880c574dc18eb649b7a9b7d3b9 P 0b9c972f1b9f4ee6b5d41e3ec909241e: Bootstrap starting.
I20260601 13:41:45.531229  4691 tablet_service.cc:1511] Processing CreateTablet for tablet b3d2a500018548ea9ee30a291fd9ea2e (DEFAULT_TABLE table=range_aware_rebalance_new_range [id=0de41bcdef864acca9dc70d0a458d5c4]), partition=HASH (key) PARTITION 2, RANGE (key) PARTITION 10 <= VALUES < 20
I20260601 13:41:45.531518  4691 data_dirs.cc:400] Could only allocate 1 dirs of requested 3 for tablet b3d2a500018548ea9ee30a291fd9ea2e. 1 dirs total, 0 dirs full, 0 dirs failed
I20260601 13:41:45.532069  4608 tablet_bootstrap.cc:654] T 486179880c574dc18eb649b7a9b7d3b9 P 0b9c972f1b9f4ee6b5d41e3ec909241e: Neither blocks nor log segments found. Creating new log.
I20260601 13:41:45.532352  4735 tablet_bootstrap.cc:654] T ce549992b2da4433991d8f33056047ef P bb5665846cef48e0804692ac7fc246c7: Neither blocks nor log segments found. Creating new log.
I20260601 13:41:45.533236  4397 tablet_service.cc:1511] Processing CreateTablet for tablet bd89b461da224022bc9ba943913d2fd5 (DEFAULT_TABLE table=range_aware_rebalance_new_range [id=0de41bcdef864acca9dc70d0a458d5c4]), partition=HASH (key) PARTITION 7, RANGE (key) PARTITION 10 <= VALUES < 20
I20260601 13:41:45.533326  4394 tablet_service.cc:1511] Processing CreateTablet for tablet ce549992b2da4433991d8f33056047ef (DEFAULT_TABLE table=range_aware_rebalance_new_range [id=0de41bcdef864acca9dc70d0a458d5c4]), partition=HASH (key) PARTITION 1, RANGE (key) PARTITION 10 <= VALUES < 20
I20260601 13:41:45.533439  4475 tablet_service.cc:1511] Processing CreateTablet for tablet 10b09d1659f246e98fc986dc7b39b6f0 (DEFAULT_TABLE table=range_aware_rebalance_new_range [id=0de41bcdef864acca9dc70d0a458d5c4]), partition=HASH (key) PARTITION 3, RANGE (key) PARTITION 10 <= VALUES < 20
I20260601 13:41:45.533525  4397 data_dirs.cc:400] Could only allocate 1 dirs of requested 3 for tablet bd89b461da224022bc9ba943913d2fd5. 1 dirs total, 0 dirs full, 0 dirs failed
I20260601 13:41:45.533588  4393 tablet_service.cc:1511] Processing CreateTablet for tablet e5058d28b62748dfbd6b61fd71bf8049 (DEFAULT_TABLE table=range_aware_rebalance_new_range [id=0de41bcdef864acca9dc70d0a458d5c4]), partition=HASH (key) PARTITION 4, RANGE (key) PARTITION 10 <= VALUES < 20
I20260601 13:41:45.533676  4475 data_dirs.cc:400] Could only allocate 1 dirs of requested 3 for tablet 10b09d1659f246e98fc986dc7b39b6f0. 1 dirs total, 0 dirs full, 0 dirs failed
I20260601 13:41:45.534726  4689 tablet_service.cc:1511] Processing CreateTablet for tablet e5058d28b62748dfbd6b61fd71bf8049 (DEFAULT_TABLE table=range_aware_rebalance_new_range [id=0de41bcdef864acca9dc70d0a458d5c4]), partition=HASH (key) PARTITION 4, RANGE (key) PARTITION 10 <= VALUES < 20
I20260601 13:41:45.534976  4689 data_dirs.cc:400] Could only allocate 1 dirs of requested 3 for tablet e5058d28b62748dfbd6b61fd71bf8049. 1 dirs total, 0 dirs full, 0 dirs failed
I20260601 13:41:45.535491  4474 tablet_service.cc:1511] Processing CreateTablet for tablet f6dc6df813044228b191da5f287b669f (DEFAULT_TABLE table=range_aware_rebalance_new_range [id=0de41bcdef864acca9dc70d0a458d5c4]), partition=HASH (key) PARTITION 5, RANGE (key) PARTITION 10 <= VALUES < 20
I20260601 13:41:45.535734  4474 data_dirs.cc:400] Could only allocate 1 dirs of requested 3 for tablet f6dc6df813044228b191da5f287b669f. 1 dirs total, 0 dirs full, 0 dirs failed
I20260601 13:41:45.535821  4548 tablet_service.cc:1511] Processing CreateTablet for tablet b3d2a500018548ea9ee30a291fd9ea2e (DEFAULT_TABLE table=range_aware_rebalance_new_range [id=0de41bcdef864acca9dc70d0a458d5c4]), partition=HASH (key) PARTITION 2, RANGE (key) PARTITION 10 <= VALUES < 20
I20260601 13:41:45.536072  4548 data_dirs.cc:400] Could only allocate 1 dirs of requested 3 for tablet b3d2a500018548ea9ee30a291fd9ea2e. 1 dirs total, 0 dirs full, 0 dirs failed
I20260601 13:41:45.536705  4473 tablet_service.cc:1511] Processing CreateTablet for tablet fe7060a56df04432903404276be2276f (DEFAULT_TABLE table=range_aware_rebalance_new_range [id=0de41bcdef864acca9dc70d0a458d5c4]), partition=HASH (key) PARTITION 6, RANGE (key) PARTITION 10 <= VALUES < 20
I20260601 13:41:45.536962  4473 data_dirs.cc:400] Could only allocate 1 dirs of requested 3 for tablet fe7060a56df04432903404276be2276f. 1 dirs total, 0 dirs full, 0 dirs failed
I20260601 13:41:45.537001  4547 tablet_service.cc:1511] Processing CreateTablet for tablet e5058d28b62748dfbd6b61fd71bf8049 (DEFAULT_TABLE table=range_aware_rebalance_new_range [id=0de41bcdef864acca9dc70d0a458d5c4]), partition=HASH (key) PARTITION 4, RANGE (key) PARTITION 10 <= VALUES < 20
I20260601 13:41:45.537226  4547 data_dirs.cc:400] Could only allocate 1 dirs of requested 3 for tablet e5058d28b62748dfbd6b61fd71bf8049. 1 dirs total, 0 dirs full, 0 dirs failed
W20260601 13:41:45.537985  4292 catalog_manager.cc:4809] Async tablet task AlterTable RPC for tablet b3d2a500018548ea9ee30a291fd9ea2e (table range_aware_rebalance_new_range [id=0de41bcdef864acca9dc70d0a458d5c4], current schema version=0) failed: Not found: failed to reset TS proxy: No leader found: Tablet b3d2a500018548ea9ee30a291fd9ea2e consensus state has no leader
I20260601 13:41:45.538406  4470 tablet_service.cc:1511] Processing CreateTablet for tablet b3d2a500018548ea9ee30a291fd9ea2e (DEFAULT_TABLE table=range_aware_rebalance_new_range [id=0de41bcdef864acca9dc70d0a458d5c4]), partition=HASH (key) PARTITION 2, RANGE (key) PARTITION 10 <= VALUES < 20
I20260601 13:41:45.538614  4470 data_dirs.cc:400] Could only allocate 1 dirs of requested 3 for tablet b3d2a500018548ea9ee30a291fd9ea2e. 1 dirs total, 0 dirs full, 0 dirs failed
I20260601 13:41:45.539147  4395 tablet_service.cc:1511] Processing CreateTablet for tablet 10b09d1659f246e98fc986dc7b39b6f0 (DEFAULT_TABLE table=range_aware_rebalance_new_range [id=0de41bcdef864acca9dc70d0a458d5c4]), partition=HASH (key) PARTITION 3, RANGE (key) PARTITION 10 <= VALUES < 20
I20260601 13:41:45.533233  4690 tablet_service.cc:1511] Processing CreateTablet for tablet 10b09d1659f246e98fc986dc7b39b6f0 (DEFAULT_TABLE table=range_aware_rebalance_new_range [id=0de41bcdef864acca9dc70d0a458d5c4]), partition=HASH (key) PARTITION 3, RANGE (key) PARTITION 10 <= VALUES < 20
I20260601 13:41:45.539331  4686 tablet_service.cc:1511] Processing CreateTablet for tablet bd89b461da224022bc9ba943913d2fd5 (DEFAULT_TABLE table=range_aware_rebalance_new_range [id=0de41bcdef864acca9dc70d0a458d5c4]), partition=HASH (key) PARTITION 7, RANGE (key) PARTITION 10 <= VALUES < 20
I20260601 13:41:45.539515  4690 data_dirs.cc:400] Could only allocate 1 dirs of requested 3 for tablet 10b09d1659f246e98fc986dc7b39b6f0. 1 dirs total, 0 dirs full, 0 dirs failed
I20260601 13:41:45.539777  4687 tablet_service.cc:1511] Processing CreateTablet for tablet fe7060a56df04432903404276be2276f (DEFAULT_TABLE table=range_aware_rebalance_new_range [id=0de41bcdef864acca9dc70d0a458d5c4]), partition=HASH (key) PARTITION 6, RANGE (key) PARTITION 10 <= VALUES < 20
I20260601 13:41:45.540004  4687 data_dirs.cc:400] Could only allocate 1 dirs of requested 3 for tablet fe7060a56df04432903404276be2276f. 1 dirs total, 0 dirs full, 0 dirs failed
I20260601 13:41:45.540642  4688 tablet_service.cc:1511] Processing CreateTablet for tablet f6dc6df813044228b191da5f287b669f (DEFAULT_TABLE table=range_aware_rebalance_new_range [id=0de41bcdef864acca9dc70d0a458d5c4]), partition=HASH (key) PARTITION 5, RANGE (key) PARTITION 10 <= VALUES < 20
I20260601 13:41:45.540856  4688 data_dirs.cc:400] Could only allocate 1 dirs of requested 3 for tablet f6dc6df813044228b191da5f287b669f. 1 dirs total, 0 dirs full, 0 dirs failed
I20260601 13:41:45.541025  4609 tablet_bootstrap.cc:492] T ce549992b2da4433991d8f33056047ef P 31826b9cf72d4d8e95d74026786bad03: No bootstrap required, opened a new log
I20260601 13:41:45.541101  4609 ts_tablet_manager.cc:1403] T ce549992b2da4433991d8f33056047ef P 31826b9cf72d4d8e95d74026786bad03: Time spent bootstrapping tablet: real 0.014s	user 0.001s	sys 0.000s
I20260601 13:41:45.541468  4393 data_dirs.cc:400] Could only allocate 1 dirs of requested 3 for tablet e5058d28b62748dfbd6b61fd71bf8049. 1 dirs total, 0 dirs full, 0 dirs failed
I20260601 13:41:45.541661  4608 tablet_bootstrap.cc:492] T 486179880c574dc18eb649b7a9b7d3b9 P 0b9c972f1b9f4ee6b5d41e3ec909241e: No bootstrap required, opened a new log
I20260601 13:41:45.541731  4608 ts_tablet_manager.cc:1403] T 486179880c574dc18eb649b7a9b7d3b9 P 0b9c972f1b9f4ee6b5d41e3ec909241e: Time spent bootstrapping tablet: real 0.011s	user 0.000s	sys 0.001s
I20260601 13:41:45.541808  4609 raft_consensus.cc:359] T ce549992b2da4433991d8f33056047ef P 31826b9cf72d4d8e95d74026786bad03 [term 0 FOLLOWER]: Replica starting. Triggering 0 pending ops. Active config: opid_index: -1 OBSOLETE_local: false peers { permanent_uuid: "31826b9cf72d4d8e95d74026786bad03" member_type: VOTER last_known_addr { host: "127.1.95.3" port: 36251 } } peers { permanent_uuid: "bb5665846cef48e0804692ac7fc246c7" member_type: VOTER last_known_addr { host: "127.1.95.4" port: 37385 } } peers { permanent_uuid: "311d310dbbea4aa6b235c7b9483c98a2" member_type: VOTER last_known_addr { host: "127.1.95.1" port: 43517 } }
I20260601 13:41:45.541913  4609 raft_consensus.cc:385] T ce549992b2da4433991d8f33056047ef P 31826b9cf72d4d8e95d74026786bad03 [term 0 FOLLOWER]: Consensus starting up: Expiring failure detector timer to make a prompt election more likely
I20260601 13:41:45.541944  4609 raft_consensus.cc:740] T ce549992b2da4433991d8f33056047ef P 31826b9cf72d4d8e95d74026786bad03 [term 0 FOLLOWER]: Becoming Follower/Learner. State: Replica: 31826b9cf72d4d8e95d74026786bad03, State: Initialized, Role: FOLLOWER
I20260601 13:41:45.542075  4609 consensus_queue.cc:260] T ce549992b2da4433991d8f33056047ef P 31826b9cf72d4d8e95d74026786bad03 [NON_LEADER]: Queue going to NON_LEADER mode. State: All replicated index: 0, Majority replicated index: 0, Committed index: 0, Last appended: 0.0, Last appended by leader: 0, Current term: 0, Majority size: -1, State: 0, Mode: NON_LEADER, active raft config: opid_index: -1 OBSOLETE_local: false peers { permanent_uuid: "31826b9cf72d4d8e95d74026786bad03" member_type: VOTER last_known_addr { host: "127.1.95.3" port: 36251 } } peers { permanent_uuid: "bb5665846cef48e0804692ac7fc246c7" member_type: VOTER last_known_addr { host: "127.1.95.4" port: 37385 } } peers { permanent_uuid: "311d310dbbea4aa6b235c7b9483c98a2" member_type: VOTER last_known_addr { host: "127.1.95.1" port: 43517 } }
I20260601 13:41:45.542157  4608 raft_consensus.cc:359] T 486179880c574dc18eb649b7a9b7d3b9 P 0b9c972f1b9f4ee6b5d41e3ec909241e [term 0 FOLLOWER]: Replica starting. Triggering 0 pending ops. Active config: opid_index: -1 OBSOLETE_local: false peers { permanent_uuid: "bb5665846cef48e0804692ac7fc246c7" member_type: VOTER last_known_addr { host: "127.1.95.4" port: 37385 } } peers { permanent_uuid: "311d310dbbea4aa6b235c7b9483c98a2" member_type: VOTER last_known_addr { host: "127.1.95.1" port: 43517 } } peers { permanent_uuid: "0b9c972f1b9f4ee6b5d41e3ec909241e" member_type: VOTER last_known_addr { host: "127.1.95.2" port: 34707 } }
I20260601 13:41:45.542227  4608 raft_consensus.cc:385] T 486179880c574dc18eb649b7a9b7d3b9 P 0b9c972f1b9f4ee6b5d41e3ec909241e [term 0 FOLLOWER]: Consensus starting up: Expiring failure detector timer to make a prompt election more likely
I20260601 13:41:45.542256  4608 raft_consensus.cc:740] T 486179880c574dc18eb649b7a9b7d3b9 P 0b9c972f1b9f4ee6b5d41e3ec909241e [term 0 FOLLOWER]: Becoming Follower/Learner. State: Replica: 0b9c972f1b9f4ee6b5d41e3ec909241e, State: Initialized, Role: FOLLOWER
I20260601 13:41:45.542356  4608 consensus_queue.cc:260] T 486179880c574dc18eb649b7a9b7d3b9 P 0b9c972f1b9f4ee6b5d41e3ec909241e [NON_LEADER]: Queue going to NON_LEADER mode. State: All replicated index: 0, Majority replicated index: 0, Committed index: 0, Last appended: 0.0, Last appended by leader: 0, Current term: 0, Majority size: -1, State: 0, Mode: NON_LEADER, active raft config: opid_index: -1 OBSOLETE_local: false peers { permanent_uuid: "bb5665846cef48e0804692ac7fc246c7" member_type: VOTER last_known_addr { host: "127.1.95.4" port: 37385 } } peers { permanent_uuid: "311d310dbbea4aa6b235c7b9483c98a2" member_type: VOTER last_known_addr { host: "127.1.95.1" port: 43517 } } peers { permanent_uuid: "0b9c972f1b9f4ee6b5d41e3ec909241e" member_type: VOTER last_known_addr { host: "127.1.95.2" port: 34707 } }
I20260601 13:41:45.542605  4608 ts_tablet_manager.cc:1434] T 486179880c574dc18eb649b7a9b7d3b9 P 0b9c972f1b9f4ee6b5d41e3ec909241e: Time spent starting tablet: real 0.001s	user 0.000s	sys 0.001s
I20260601 13:41:45.539342  4396 tablet_service.cc:1511] Processing CreateTablet for tablet fe7060a56df04432903404276be2276f (DEFAULT_TABLE table=range_aware_rebalance_new_range [id=0de41bcdef864acca9dc70d0a458d5c4]), partition=HASH (key) PARTITION 6, RANGE (key) PARTITION 10 <= VALUES < 20
I20260601 13:41:45.542975  4396 data_dirs.cc:400] Could only allocate 1 dirs of requested 3 for tablet fe7060a56df04432903404276be2276f. 1 dirs total, 0 dirs full, 0 dirs failed
I20260601 13:41:45.542366  4609 ts_tablet_manager.cc:1434] T ce549992b2da4433991d8f33056047ef P 31826b9cf72d4d8e95d74026786bad03: Time spent starting tablet: real 0.001s	user 0.001s	sys 0.000s
I20260601 13:41:45.543257  4609 tablet_bootstrap.cc:492] T b3d2a500018548ea9ee30a291fd9ea2e P 31826b9cf72d4d8e95d74026786bad03: Bootstrap starting.
I20260601 13:41:45.543303  4618 tablet_bootstrap.cc:492] T e5058d28b62748dfbd6b61fd71bf8049 P 311d310dbbea4aa6b235c7b9483c98a2: Bootstrap starting.
I20260601 13:41:45.544235  4609 tablet_bootstrap.cc:654] T b3d2a500018548ea9ee30a291fd9ea2e P 31826b9cf72d4d8e95d74026786bad03: Neither blocks nor log segments found. Creating new log.
I20260601 13:41:45.544235  4618 tablet_bootstrap.cc:654] T e5058d28b62748dfbd6b61fd71bf8049 P 311d310dbbea4aa6b235c7b9483c98a2: Neither blocks nor log segments found. Creating new log.
I20260601 13:41:45.544986  4686 data_dirs.cc:400] Could only allocate 1 dirs of requested 3 for tablet bd89b461da224022bc9ba943913d2fd5. 1 dirs total, 0 dirs full, 0 dirs failed
I20260601 13:41:45.545480  4618 tablet_bootstrap.cc:492] T e5058d28b62748dfbd6b61fd71bf8049 P 311d310dbbea4aa6b235c7b9483c98a2: No bootstrap required, opened a new log
I20260601 13:41:45.545562  4618 ts_tablet_manager.cc:1403] T e5058d28b62748dfbd6b61fd71bf8049 P 311d310dbbea4aa6b235c7b9483c98a2: Time spent bootstrapping tablet: real 0.002s	user 0.002s	sys 0.000s
I20260601 13:41:45.546028  4618 raft_consensus.cc:359] T e5058d28b62748dfbd6b61fd71bf8049 P 311d310dbbea4aa6b235c7b9483c98a2 [term 0 FOLLOWER]: Replica starting. Triggering 0 pending ops. Active config: opid_index: -1 OBSOLETE_local: false peers { permanent_uuid: "31826b9cf72d4d8e95d74026786bad03" member_type: VOTER last_known_addr { host: "127.1.95.3" port: 36251 } } peers { permanent_uuid: "bb5665846cef48e0804692ac7fc246c7" member_type: VOTER last_known_addr { host: "127.1.95.4" port: 37385 } } peers { permanent_uuid: "311d310dbbea4aa6b235c7b9483c98a2" member_type: VOTER last_known_addr { host: "127.1.95.1" port: 43517 } }
I20260601 13:41:45.546125  4618 raft_consensus.cc:385] T e5058d28b62748dfbd6b61fd71bf8049 P 311d310dbbea4aa6b235c7b9483c98a2 [term 0 FOLLOWER]: Consensus starting up: Expiring failure detector timer to make a prompt election more likely
I20260601 13:41:45.546181  4618 raft_consensus.cc:740] T e5058d28b62748dfbd6b61fd71bf8049 P 311d310dbbea4aa6b235c7b9483c98a2 [term 0 FOLLOWER]: Becoming Follower/Learner. State: Replica: 311d310dbbea4aa6b235c7b9483c98a2, State: Initialized, Role: FOLLOWER
I20260601 13:41:45.546316  4618 consensus_queue.cc:260] T e5058d28b62748dfbd6b61fd71bf8049 P 311d310dbbea4aa6b235c7b9483c98a2 [NON_LEADER]: Queue going to NON_LEADER mode. State: All replicated index: 0, Majority replicated index: 0, Committed index: 0, Last appended: 0.0, Last appended by leader: 0, Current term: 0, Majority size: -1, State: 0, Mode: NON_LEADER, active raft config: opid_index: -1 OBSOLETE_local: false peers { permanent_uuid: "31826b9cf72d4d8e95d74026786bad03" member_type: VOTER last_known_addr { host: "127.1.95.3" port: 36251 } } peers { permanent_uuid: "bb5665846cef48e0804692ac7fc246c7" member_type: VOTER last_known_addr { host: "127.1.95.4" port: 37385 } } peers { permanent_uuid: "311d310dbbea4aa6b235c7b9483c98a2" member_type: VOTER last_known_addr { host: "127.1.95.1" port: 43517 } }
I20260601 13:41:45.546599  4618 ts_tablet_manager.cc:1434] T e5058d28b62748dfbd6b61fd71bf8049 P 311d310dbbea4aa6b235c7b9483c98a2: Time spent starting tablet: real 0.001s	user 0.001s	sys 0.000s
I20260601 13:41:45.546759  4618 tablet_bootstrap.cc:492] T fe7060a56df04432903404276be2276f P 311d310dbbea4aa6b235c7b9483c98a2: Bootstrap starting.
I20260601 13:41:45.546139  4395 data_dirs.cc:400] Could only allocate 1 dirs of requested 3 for tablet 10b09d1659f246e98fc986dc7b39b6f0. 1 dirs total, 0 dirs full, 0 dirs failed
I20260601 13:41:45.547495  4608 tablet_bootstrap.cc:492] T 10b09d1659f246e98fc986dc7b39b6f0 P 0b9c972f1b9f4ee6b5d41e3ec909241e: Bootstrap starting.
I20260601 13:41:45.547748  4394 data_dirs.cc:400] Could only allocate 1 dirs of requested 3 for tablet ce549992b2da4433991d8f33056047ef. 1 dirs total, 0 dirs full, 0 dirs failed
I20260601 13:41:45.548426  4608 tablet_bootstrap.cc:654] T 10b09d1659f246e98fc986dc7b39b6f0 P 0b9c972f1b9f4ee6b5d41e3ec909241e: Neither blocks nor log segments found. Creating new log.
I20260601 13:41:45.549630  4608 tablet_bootstrap.cc:492] T 10b09d1659f246e98fc986dc7b39b6f0 P 0b9c972f1b9f4ee6b5d41e3ec909241e: No bootstrap required, opened a new log
I20260601 13:41:45.549678  4618 tablet_bootstrap.cc:654] T fe7060a56df04432903404276be2276f P 311d310dbbea4aa6b235c7b9483c98a2: Neither blocks nor log segments found. Creating new log.
I20260601 13:41:45.549717  4608 ts_tablet_manager.cc:1403] T 10b09d1659f246e98fc986dc7b39b6f0 P 0b9c972f1b9f4ee6b5d41e3ec909241e: Time spent bootstrapping tablet: real 0.002s	user 0.002s	sys 0.000s
I20260601 13:41:45.549755  4547 tablet_service.cc:1511] Processing CreateTablet for tablet f6dc6df813044228b191da5f287b669f (DEFAULT_TABLE table=range_aware_rebalance_new_range [id=0de41bcdef864acca9dc70d0a458d5c4]), partition=HASH (key) PARTITION 5, RANGE (key) PARTITION 10 <= VALUES < 20
I20260601 13:41:45.549755  4548 tablet_service.cc:1511] Processing CreateTablet for tablet bd89b461da224022bc9ba943913d2fd5 (DEFAULT_TABLE table=range_aware_rebalance_new_range [id=0de41bcdef864acca9dc70d0a458d5c4]), partition=HASH (key) PARTITION 7, RANGE (key) PARTITION 10 <= VALUES < 20
I20260601 13:41:45.550050  4547 data_dirs.cc:400] Could only allocate 1 dirs of requested 3 for tablet f6dc6df813044228b191da5f287b669f. 1 dirs total, 0 dirs full, 0 dirs failed
I20260601 13:41:45.550194  4548 data_dirs.cc:400] Could only allocate 1 dirs of requested 3 for tablet bd89b461da224022bc9ba943913d2fd5. 1 dirs total, 0 dirs full, 0 dirs failed
I20260601 13:41:45.550158  4608 raft_consensus.cc:359] T 10b09d1659f246e98fc986dc7b39b6f0 P 0b9c972f1b9f4ee6b5d41e3ec909241e [term 0 FOLLOWER]: Replica starting. Triggering 0 pending ops. Active config: opid_index: -1 OBSOLETE_local: false peers { permanent_uuid: "311d310dbbea4aa6b235c7b9483c98a2" member_type: VOTER last_known_addr { host: "127.1.95.1" port: 43517 } } peers { permanent_uuid: "0b9c972f1b9f4ee6b5d41e3ec909241e" member_type: VOTER last_known_addr { host: "127.1.95.2" port: 34707 } } peers { permanent_uuid: "bb5665846cef48e0804692ac7fc246c7" member_type: VOTER last_known_addr { host: "127.1.95.4" port: 37385 } }
I20260601 13:41:45.550273  4608 raft_consensus.cc:385] T 10b09d1659f246e98fc986dc7b39b6f0 P 0b9c972f1b9f4ee6b5d41e3ec909241e [term 0 FOLLOWER]: Consensus starting up: Expiring failure detector timer to make a prompt election more likely
I20260601 13:41:45.550307  4608 raft_consensus.cc:740] T 10b09d1659f246e98fc986dc7b39b6f0 P 0b9c972f1b9f4ee6b5d41e3ec909241e [term 0 FOLLOWER]: Becoming Follower/Learner. State: Replica: 0b9c972f1b9f4ee6b5d41e3ec909241e, State: Initialized, Role: FOLLOWER
I20260601 13:41:45.550405  4608 consensus_queue.cc:260] T 10b09d1659f246e98fc986dc7b39b6f0 P 0b9c972f1b9f4ee6b5d41e3ec909241e [NON_LEADER]: Queue going to NON_LEADER mode. State: All replicated index: 0, Majority replicated index: 0, Committed index: 0, Last appended: 0.0, Last appended by leader: 0, Current term: 0, Majority size: -1, State: 0, Mode: NON_LEADER, active raft config: opid_index: -1 OBSOLETE_local: false peers { permanent_uuid: "311d310dbbea4aa6b235c7b9483c98a2" member_type: VOTER last_known_addr { host: "127.1.95.1" port: 43517 } } peers { permanent_uuid: "0b9c972f1b9f4ee6b5d41e3ec909241e" member_type: VOTER last_known_addr { host: "127.1.95.2" port: 34707 } } peers { permanent_uuid: "bb5665846cef48e0804692ac7fc246c7" member_type: VOTER last_known_addr { host: "127.1.95.4" port: 37385 } }
I20260601 13:41:45.550661  4608 ts_tablet_manager.cc:1434] T 10b09d1659f246e98fc986dc7b39b6f0 P 0b9c972f1b9f4ee6b5d41e3ec909241e: Time spent starting tablet: real 0.001s	user 0.001s	sys 0.000s
I20260601 13:41:45.550834  4608 tablet_bootstrap.cc:492] T f6dc6df813044228b191da5f287b669f P 0b9c972f1b9f4ee6b5d41e3ec909241e: Bootstrap starting.
I20260601 13:41:45.551679  4618 tablet_bootstrap.cc:492] T fe7060a56df04432903404276be2276f P 311d310dbbea4aa6b235c7b9483c98a2: No bootstrap required, opened a new log
I20260601 13:41:45.551760  4618 ts_tablet_manager.cc:1403] T fe7060a56df04432903404276be2276f P 311d310dbbea4aa6b235c7b9483c98a2: Time spent bootstrapping tablet: real 0.005s	user 0.002s	sys 0.000s
I20260601 13:41:45.551860  4608 tablet_bootstrap.cc:654] T f6dc6df813044228b191da5f287b669f P 0b9c972f1b9f4ee6b5d41e3ec909241e: Neither blocks nor log segments found. Creating new log.
I20260601 13:41:45.552610  4618 raft_consensus.cc:359] T fe7060a56df04432903404276be2276f P 311d310dbbea4aa6b235c7b9483c98a2 [term 0 FOLLOWER]: Replica starting. Triggering 0 pending ops. Active config: opid_index: -1 OBSOLETE_local: false peers { permanent_uuid: "bb5665846cef48e0804692ac7fc246c7" member_type: VOTER last_known_addr { host: "127.1.95.4" port: 37385 } } peers { permanent_uuid: "0b9c972f1b9f4ee6b5d41e3ec909241e" member_type: VOTER last_known_addr { host: "127.1.95.2" port: 34707 } } peers { permanent_uuid: "311d310dbbea4aa6b235c7b9483c98a2" member_type: VOTER last_known_addr { host: "127.1.95.1" port: 43517 } }
I20260601 13:41:45.552697  4618 raft_consensus.cc:385] T fe7060a56df04432903404276be2276f P 311d310dbbea4aa6b235c7b9483c98a2 [term 0 FOLLOWER]: Consensus starting up: Expiring failure detector timer to make a prompt election more likely
I20260601 13:41:45.552728  4618 raft_consensus.cc:740] T fe7060a56df04432903404276be2276f P 311d310dbbea4aa6b235c7b9483c98a2 [term 0 FOLLOWER]: Becoming Follower/Learner. State: Replica: 311d310dbbea4aa6b235c7b9483c98a2, State: Initialized, Role: FOLLOWER
I20260601 13:41:45.552837  4618 consensus_queue.cc:260] T fe7060a56df04432903404276be2276f P 311d310dbbea4aa6b235c7b9483c98a2 [NON_LEADER]: Queue going to NON_LEADER mode. State: All replicated index: 0, Majority replicated index: 0, Committed index: 0, Last appended: 0.0, Last appended by leader: 0, Current term: 0, Majority size: -1, State: 0, Mode: NON_LEADER, active raft config: opid_index: -1 OBSOLETE_local: false peers { permanent_uuid: "bb5665846cef48e0804692ac7fc246c7" member_type: VOTER last_known_addr { host: "127.1.95.4" port: 37385 } } peers { permanent_uuid: "0b9c972f1b9f4ee6b5d41e3ec909241e" member_type: VOTER last_known_addr { host: "127.1.95.2" port: 34707 } } peers { permanent_uuid: "311d310dbbea4aa6b235c7b9483c98a2" member_type: VOTER last_known_addr { host: "127.1.95.1" port: 43517 } }
I20260601 13:41:45.553099  4618 ts_tablet_manager.cc:1434] T fe7060a56df04432903404276be2276f P 311d310dbbea4aa6b235c7b9483c98a2: Time spent starting tablet: real 0.001s	user 0.001s	sys 0.000s
I20260601 13:41:45.553131  4609 tablet_bootstrap.cc:492] T b3d2a500018548ea9ee30a291fd9ea2e P 31826b9cf72d4d8e95d74026786bad03: No bootstrap required, opened a new log
I20260601 13:41:45.553192  4609 ts_tablet_manager.cc:1403] T b3d2a500018548ea9ee30a291fd9ea2e P 31826b9cf72d4d8e95d74026786bad03: Time spent bootstrapping tablet: real 0.010s	user 0.000s	sys 0.002s
I20260601 13:41:45.553244  4618 tablet_bootstrap.cc:492] T bd89b461da224022bc9ba943913d2fd5 P 311d310dbbea4aa6b235c7b9483c98a2: Bootstrap starting.
I20260601 13:41:45.553557  4609 raft_consensus.cc:359] T b3d2a500018548ea9ee30a291fd9ea2e P 31826b9cf72d4d8e95d74026786bad03 [term 0 FOLLOWER]: Replica starting. Triggering 0 pending ops. Active config: opid_index: -1 OBSOLETE_local: false peers { permanent_uuid: "31826b9cf72d4d8e95d74026786bad03" member_type: VOTER last_known_addr { host: "127.1.95.3" port: 36251 } } peers { permanent_uuid: "bb5665846cef48e0804692ac7fc246c7" member_type: VOTER last_known_addr { host: "127.1.95.4" port: 37385 } } peers { permanent_uuid: "0b9c972f1b9f4ee6b5d41e3ec909241e" member_type: VOTER last_known_addr { host: "127.1.95.2" port: 34707 } }
I20260601 13:41:45.553653  4609 raft_consensus.cc:385] T b3d2a500018548ea9ee30a291fd9ea2e P 31826b9cf72d4d8e95d74026786bad03 [term 0 FOLLOWER]: Consensus starting up: Expiring failure detector timer to make a prompt election more likely
I20260601 13:41:45.553690  4609 raft_consensus.cc:740] T b3d2a500018548ea9ee30a291fd9ea2e P 31826b9cf72d4d8e95d74026786bad03 [term 0 FOLLOWER]: Becoming Follower/Learner. State: Replica: 31826b9cf72d4d8e95d74026786bad03, State: Initialized, Role: FOLLOWER
I20260601 13:41:45.553820  4609 consensus_queue.cc:260] T b3d2a500018548ea9ee30a291fd9ea2e P 31826b9cf72d4d8e95d74026786bad03 [NON_LEADER]: Queue going to NON_LEADER mode. State: All replicated index: 0, Majority replicated index: 0, Committed index: 0, Last appended: 0.0, Last appended by leader: 0, Current term: 0, Majority size: -1, State: 0, Mode: NON_LEADER, active raft config: opid_index: -1 OBSOLETE_local: false peers { permanent_uuid: "31826b9cf72d4d8e95d74026786bad03" member_type: VOTER last_known_addr { host: "127.1.95.3" port: 36251 } } peers { permanent_uuid: "bb5665846cef48e0804692ac7fc246c7" member_type: VOTER last_known_addr { host: "127.1.95.4" port: 37385 } } peers { permanent_uuid: "0b9c972f1b9f4ee6b5d41e3ec909241e" member_type: VOTER last_known_addr { host: "127.1.95.2" port: 34707 } }
I20260601 13:41:45.554049  4609 ts_tablet_manager.cc:1434] T b3d2a500018548ea9ee30a291fd9ea2e P 31826b9cf72d4d8e95d74026786bad03: Time spent starting tablet: real 0.001s	user 0.000s	sys 0.001s
I20260601 13:41:45.554186  4618 tablet_bootstrap.cc:654] T bd89b461da224022bc9ba943913d2fd5 P 311d310dbbea4aa6b235c7b9483c98a2: Neither blocks nor log segments found. Creating new log.
I20260601 13:41:45.554221  4609 tablet_bootstrap.cc:492] T e5058d28b62748dfbd6b61fd71bf8049 P 31826b9cf72d4d8e95d74026786bad03: Bootstrap starting.
I20260601 13:41:45.555172  4609 tablet_bootstrap.cc:654] T e5058d28b62748dfbd6b61fd71bf8049 P 31826b9cf72d4d8e95d74026786bad03: Neither blocks nor log segments found. Creating new log.
I20260601 13:41:45.555655  4618 tablet_bootstrap.cc:492] T bd89b461da224022bc9ba943913d2fd5 P 311d310dbbea4aa6b235c7b9483c98a2: No bootstrap required, opened a new log
I20260601 13:41:45.555748  4618 ts_tablet_manager.cc:1403] T bd89b461da224022bc9ba943913d2fd5 P 311d310dbbea4aa6b235c7b9483c98a2: Time spent bootstrapping tablet: real 0.003s	user 0.002s	sys 0.000s
I20260601 13:41:45.556138  4618 raft_consensus.cc:359] T bd89b461da224022bc9ba943913d2fd5 P 311d310dbbea4aa6b235c7b9483c98a2 [term 0 FOLLOWER]: Replica starting. Triggering 0 pending ops. Active config: opid_index: -1 OBSOLETE_local: false peers { permanent_uuid: "31826b9cf72d4d8e95d74026786bad03" member_type: VOTER last_known_addr { host: "127.1.95.3" port: 36251 } } peers { permanent_uuid: "bb5665846cef48e0804692ac7fc246c7" member_type: VOTER last_known_addr { host: "127.1.95.4" port: 37385 } } peers { permanent_uuid: "311d310dbbea4aa6b235c7b9483c98a2" member_type: VOTER last_known_addr { host: "127.1.95.1" port: 43517 } }
I20260601 13:41:45.556253  4618 raft_consensus.cc:385] T bd89b461da224022bc9ba943913d2fd5 P 311d310dbbea4aa6b235c7b9483c98a2 [term 0 FOLLOWER]: Consensus starting up: Expiring failure detector timer to make a prompt election more likely
I20260601 13:41:45.556311  4618 raft_consensus.cc:740] T bd89b461da224022bc9ba943913d2fd5 P 311d310dbbea4aa6b235c7b9483c98a2 [term 0 FOLLOWER]: Becoming Follower/Learner. State: Replica: 311d310dbbea4aa6b235c7b9483c98a2, State: Initialized, Role: FOLLOWER
