I20260601 13:22:21.662830 10733 raft_consensus.cc:2272] T 00000000000000000000000000000000 P 44999573136f44c583c780b8c91bb18e [term 3 FOLLOWER]: Raft consensus is shut down!
I20260601 13:22:21.662921 10733 tablet_replica.cc:333] T 00000000000000000000000000000000 P 44999573136f44c583c780b8c91bb18e: stopping tablet replica
I20260601 13:22:21.676085 10733 master.cc:584] Master@127.10.123.125:33345 shutdown complete.
[       OK ] AutoRebalancerTest.NextLeaderResumesAutoRebalancing (6705 ms)
[ RUN      ] AutoRebalancerTest.MovesScheduledIfAddTserver
I20260601 13:22:21.684103 10733 internal_mini_cluster.cc:156] Creating distributed mini masters. Addrs: 127.10.123.126:43009
I20260601 13:22:21.684473 10733 file_cache.cc:492] Constructed file cache file cache with capacity 419430
W20260601 13:22:21.686717 12349 instance_detector.cc:116] could not retrieve AWS instance metadata: Network error: curl error: HTTP response code said error: The requested URL returned error: 404
W20260601 13:22:21.686874 12352 instance_detector.cc:116] could not retrieve OpenStack instance metadata: Network error: curl error: HTTP response code said error: The requested URL returned error: 404
W20260601 13:22:21.686919 12350 instance_detector.cc:116] could not retrieve Azure instance metadata: Network error: curl error: HTTP response code said error: The requested URL returned error: 404
I20260601 13:22:21.687067 10733 server_base.cc:1061] running on GCE node
I20260601 13:22:21.687284 10733 hybrid_clock.cc:584] initializing the hybrid clock with 'system_unsync' time source
W20260601 13:22:21.687341 10733 system_unsync_time.cc:38] NTP support is disabled. Clock error bounds will not be accurate. This configuration is not suitable for distributed clusters.
I20260601 13:22:21.687373 10733 hybrid_clock.cc:648] HybridClock initialized: now 1780320141687372 us; error 0 us; skew 500 ppm
I20260601 13:22:21.688271 10733 webserver.cc:533] Webserver started at http://127.10.123.126:36129/ using document root <none> and password file <none>
I20260601 13:22:21.688452 10733 fs_manager.cc:362] Metadata directory not provided
I20260601 13:22:21.688519 10733 fs_manager.cc:368] Using write-ahead log directory (fs_wal_dir) as metadata directory
I20260601 13:22:21.688603 10733 server_base.cc:909] This appears to be a new deployment of Kudu; creating new FS layout
I20260601 13:22:21.689013 10733 fs_manager.cc:1068] Generated new instance metadata in path /tmp/dist-test-taskblEc6c/test-tmp/auto_rebalancer-test.0.AutoRebalancerTest.MovesScheduledIfAddTserver.1780320125164851-10733-0/minicluster-data/master-0-root/instance:
uuid: "62fd817e327a4a9393ebf1f652012e5e"
format_stamp: "Formatted at 2026-06-01 13:22:21 on dist-test-slave-gxzs"
I20260601 13:22:21.690546 10733 fs_manager.cc:696] Time spent creating directory manager: real 0.001s	user 0.000s	sys 0.002s
I20260601 13:22:21.691623 12357 log_block_manager.cc:4031] Time spent loading block containers with low live blocks: real 0.000s	user 0.000s	sys 0.000s
I20260601 13:22:21.691926 10733 fs_manager.cc:730] Time spent opening block manager: real 0.001s	user 0.000s	sys 0.000s
I20260601 13:22:21.692018 10733 fs_manager.cc:647] Opened local filesystem: /tmp/dist-test-taskblEc6c/test-tmp/auto_rebalancer-test.0.AutoRebalancerTest.MovesScheduledIfAddTserver.1780320125164851-10733-0/minicluster-data/master-0-root
uuid: "62fd817e327a4a9393ebf1f652012e5e"
format_stamp: "Formatted at 2026-06-01 13:22:21 on dist-test-slave-gxzs"
I20260601 13:22:21.692102 10733 fs_report.cc:389] FS layout report
--------------------
wal directory: /tmp/dist-test-taskblEc6c/test-tmp/auto_rebalancer-test.0.AutoRebalancerTest.MovesScheduledIfAddTserver.1780320125164851-10733-0/minicluster-data/master-0-root
metadata directory: /tmp/dist-test-taskblEc6c/test-tmp/auto_rebalancer-test.0.AutoRebalancerTest.MovesScheduledIfAddTserver.1780320125164851-10733-0/minicluster-data/master-0-root
1 data directories: /tmp/dist-test-taskblEc6c/test-tmp/auto_rebalancer-test.0.AutoRebalancerTest.MovesScheduledIfAddTserver.1780320125164851-10733-0/minicluster-data/master-0-root/data
Total live blocks: 0
Total live bytes: 0
Total live bytes (after alignment): 0
Total number of LBM containers: 0 (0 full)
Did not check for missing blocks
Did not check for orphaned blocks
Total full LBM containers with extra space: 0 (0 repaired)
Total full LBM container extra space in bytes: 0 (0 repaired)
Total incomplete LBM containers: 0 (0 repaired)
Total LBM partial records: 0 (0 repaired)
Total corrupted LBM metadata records in RocksDB: 0 (0 repaired)
I20260601 13:22:21.700814 10733 rpc_server.cc:225] running with OpenSSL 1.1.1  11 Sep 2018
I20260601 13:22:21.701174 10733 kserver.cc:163] Server-wide thread pool size limit: 3276
I20260601 13:22:21.705513 10733 rpc_server.cc:307] RPC server started. Bound to: 127.10.123.126:43009
I20260601 13:22:21.708897 12409 acceptor_pool.cc:272] collecting diagnostics on the listening RPC socket 127.10.123.126:43009 every 8 connection(s)
I20260601 13:22:21.709352 12410 data_dirs.cc:400] Could only allocate 1 dirs of requested 3 for tablet 00000000000000000000000000000000. 1 dirs total, 0 dirs full, 0 dirs failed
I20260601 13:22:21.711197 12410 tablet_bootstrap.cc:492] T 00000000000000000000000000000000 P 62fd817e327a4a9393ebf1f652012e5e: Bootstrap starting.
I20260601 13:22:21.711957 12410 tablet_bootstrap.cc:654] T 00000000000000000000000000000000 P 62fd817e327a4a9393ebf1f652012e5e: Neither blocks nor log segments found. Creating new log.
I20260601 13:22:21.713037 12410 tablet_bootstrap.cc:492] T 00000000000000000000000000000000 P 62fd817e327a4a9393ebf1f652012e5e: No bootstrap required, opened a new log
I20260601 13:22:21.713515 12410 raft_consensus.cc:359] T 00000000000000000000000000000000 P 62fd817e327a4a9393ebf1f652012e5e [term 0 FOLLOWER]: Replica starting. Triggering 0 pending ops. Active config: opid_index: -1 OBSOLETE_local: true peers { permanent_uuid: "62fd817e327a4a9393ebf1f652012e5e" member_type: VOTER }
I20260601 13:22:21.713608 12410 raft_consensus.cc:385] T 00000000000000000000000000000000 P 62fd817e327a4a9393ebf1f652012e5e [term 0 FOLLOWER]: Consensus starting up: Expiring failure detector timer to make a prompt election more likely
I20260601 13:22:21.713665 12410 raft_consensus.cc:740] T 00000000000000000000000000000000 P 62fd817e327a4a9393ebf1f652012e5e [term 0 FOLLOWER]: Becoming Follower/Learner. State: Replica: 62fd817e327a4a9393ebf1f652012e5e, State: Initialized, Role: FOLLOWER
I20260601 13:22:21.713828 12410 consensus_queue.cc:260] T 00000000000000000000000000000000 P 62fd817e327a4a9393ebf1f652012e5e [NON_LEADER]: Queue going to NON_LEADER mode. State: All replicated index: 0, Majority replicated index: 0, Committed index: 0, Last appended: 0.0, Last appended by leader: 0, Current term: 0, Majority size: -1, State: 0, Mode: NON_LEADER, active raft config: opid_index: -1 OBSOLETE_local: true peers { permanent_uuid: "62fd817e327a4a9393ebf1f652012e5e" member_type: VOTER }
I20260601 13:22:21.713917 12410 raft_consensus.cc:399] T 00000000000000000000000000000000 P 62fd817e327a4a9393ebf1f652012e5e [term 0 FOLLOWER]: Only one voter in the Raft config. Triggering election immediately
I20260601 13:22:21.713963 12410 raft_consensus.cc:493] T 00000000000000000000000000000000 P 62fd817e327a4a9393ebf1f652012e5e [term 0 FOLLOWER]: Starting leader election (initial election of a single-replica configuration)
I20260601 13:22:21.714016 12410 raft_consensus.cc:3060] T 00000000000000000000000000000000 P 62fd817e327a4a9393ebf1f652012e5e [term 0 FOLLOWER]: Advancing to term 1
I20260601 13:22:21.714699 12410 raft_consensus.cc:515] T 00000000000000000000000000000000 P 62fd817e327a4a9393ebf1f652012e5e [term 1 FOLLOWER]: Starting leader election with config: opid_index: -1 OBSOLETE_local: true peers { permanent_uuid: "62fd817e327a4a9393ebf1f652012e5e" member_type: VOTER }
I20260601 13:22:21.714843 12410 leader_election.cc:304] T 00000000000000000000000000000000 P 62fd817e327a4a9393ebf1f652012e5e [CANDIDATE]: Term 1 election: Election decided. Result: candidate won. Election summary: received 1 responses out of 1 voters: 1 yes votes; 0 no votes. yes voters: 62fd817e327a4a9393ebf1f652012e5e; no voters: 
I20260601 13:22:21.715056 12410 leader_election.cc:290] T 00000000000000000000000000000000 P 62fd817e327a4a9393ebf1f652012e5e [CANDIDATE]: Term 1 election: Requested vote from peers 
I20260601 13:22:21.715276 12413 raft_consensus.cc:2804] T 00000000000000000000000000000000 P 62fd817e327a4a9393ebf1f652012e5e [term 1 FOLLOWER]: Leader election won for term 1
I20260601 13:22:21.715481 12413 raft_consensus.cc:697] T 00000000000000000000000000000000 P 62fd817e327a4a9393ebf1f652012e5e [term 1 LEADER]: Becoming Leader. State: Replica: 62fd817e327a4a9393ebf1f652012e5e, State: Running, Role: LEADER
I20260601 13:22:21.715579 12410 sys_catalog.cc:565] T 00000000000000000000000000000000 P 62fd817e327a4a9393ebf1f652012e5e [sys.catalog]: configured and running, proceeding with master startup.
I20260601 13:22:21.715644 12413 consensus_queue.cc:237] T 00000000000000000000000000000000 P 62fd817e327a4a9393ebf1f652012e5e [LEADER]: Queue going to LEADER mode. State: All replicated index: 0, Majority replicated index: 0, Committed index: 0, Last appended: 0.0, Last appended by leader: 0, Current term: 1, Majority size: 1, State: 0, Mode: LEADER, active raft config: opid_index: -1 OBSOLETE_local: true peers { permanent_uuid: "62fd817e327a4a9393ebf1f652012e5e" member_type: VOTER }
I20260601 13:22:21.716126 12414 sys_catalog.cc:455] T 00000000000000000000000000000000 P 62fd817e327a4a9393ebf1f652012e5e [sys.catalog]: SysCatalogTable state changed. Reason: RaftConsensus started. Latest consensus state: current_term: 1 leader_uuid: "62fd817e327a4a9393ebf1f652012e5e" committed_config { opid_index: -1 OBSOLETE_local: true peers { permanent_uuid: "62fd817e327a4a9393ebf1f652012e5e" member_type: VOTER } }
I20260601 13:22:21.716158 12415 sys_catalog.cc:455] T 00000000000000000000000000000000 P 62fd817e327a4a9393ebf1f652012e5e [sys.catalog]: SysCatalogTable state changed. Reason: New leader 62fd817e327a4a9393ebf1f652012e5e. Latest consensus state: current_term: 1 leader_uuid: "62fd817e327a4a9393ebf1f652012e5e" committed_config { opid_index: -1 OBSOLETE_local: true peers { permanent_uuid: "62fd817e327a4a9393ebf1f652012e5e" member_type: VOTER } }
I20260601 13:22:21.716223 12414 sys_catalog.cc:458] T 00000000000000000000000000000000 P 62fd817e327a4a9393ebf1f652012e5e [sys.catalog]: This master's current role is: LEADER
I20260601 13:22:21.716241 12415 sys_catalog.cc:458] T 00000000000000000000000000000000 P 62fd817e327a4a9393ebf1f652012e5e [sys.catalog]: This master's current role is: LEADER
I20260601 13:22:21.716729 12419 catalog_manager.cc:1510] Loading table and tablet metadata into memory...
I20260601 13:22:21.717777 12419 catalog_manager.cc:1519] Initializing Kudu cluster ID...
I20260601 13:22:21.717978 10733 internal_mini_cluster.cc:184] Waiting to initialize catalog manager on master 0
I20260601 13:22:21.719852 12419 catalog_manager.cc:1382] Generated new cluster ID: 3e0c511d66184eb8be71525c7d1ca9f4
I20260601 13:22:21.719954 12419 catalog_manager.cc:1530] Initializing Kudu internal certificate authority...
I20260601 13:22:21.737330 12419 catalog_manager.cc:1405] Generated new certificate authority record
I20260601 13:22:21.737946 12419 catalog_manager.cc:1539] Loading token signing keys...
I20260601 13:22:21.745167 12419 catalog_manager.cc:6069] T 00000000000000000000000000000000 P 62fd817e327a4a9393ebf1f652012e5e: Generated new TSK 0
I20260601 13:22:21.745373 12419 catalog_manager.cc:1549] Initializing in-progress tserver states...
I20260601 13:22:21.750556 10733 file_cache.cc:492] Constructed file cache file cache with capacity 419430
W20260601 13:22:21.752889 12431 instance_detector.cc:116] could not retrieve AWS instance metadata: Network error: curl error: HTTP response code said error: The requested URL returned error: 404
W20260601 13:22:21.752936 12432 instance_detector.cc:116] could not retrieve Azure instance metadata: Network error: curl error: HTTP response code said error: The requested URL returned error: 404
I20260601 13:22:21.752929 10733 server_base.cc:1061] running on GCE node
W20260601 13:22:21.752889 12434 instance_detector.cc:116] could not retrieve OpenStack instance metadata: Network error: curl error: HTTP response code said error: The requested URL returned error: 404
I20260601 13:22:21.753350 10733 hybrid_clock.cc:584] initializing the hybrid clock with 'system_unsync' time source
W20260601 13:22:21.753418 10733 system_unsync_time.cc:38] NTP support is disabled. Clock error bounds will not be accurate. This configuration is not suitable for distributed clusters.
I20260601 13:22:21.753444 10733 hybrid_clock.cc:648] HybridClock initialized: now 1780320141753444 us; error 0 us; skew 500 ppm
I20260601 13:22:21.754422 10733 webserver.cc:533] Webserver started at http://127.10.123.65:39345/ using document root <none> and password file <none>
I20260601 13:22:21.754612 10733 fs_manager.cc:362] Metadata directory not provided
I20260601 13:22:21.754714 10733 fs_manager.cc:368] Using write-ahead log directory (fs_wal_dir) as metadata directory
I20260601 13:22:21.754796 10733 server_base.cc:909] This appears to be a new deployment of Kudu; creating new FS layout
I20260601 13:22:21.755271 10733 fs_manager.cc:1068] Generated new instance metadata in path /tmp/dist-test-taskblEc6c/test-tmp/auto_rebalancer-test.0.AutoRebalancerTest.MovesScheduledIfAddTserver.1780320125164851-10733-0/minicluster-data/ts-0-root/instance:
uuid: "dd454978d4314cbbb3483fd4e2004789"
format_stamp: "Formatted at 2026-06-01 13:22:21 on dist-test-slave-gxzs"
I20260601 13:22:21.756814 10733 fs_manager.cc:696] Time spent creating directory manager: real 0.001s	user 0.001s	sys 0.000s
I20260601 13:22:21.757735 12439 log_block_manager.cc:4031] Time spent loading block containers with low live blocks: real 0.000s	user 0.000s	sys 0.000s
I20260601 13:22:21.758010 10733 fs_manager.cc:730] Time spent opening block manager: real 0.001s	user 0.001s	sys 0.000s
I20260601 13:22:21.758093 10733 fs_manager.cc:647] Opened local filesystem: /tmp/dist-test-taskblEc6c/test-tmp/auto_rebalancer-test.0.AutoRebalancerTest.MovesScheduledIfAddTserver.1780320125164851-10733-0/minicluster-data/ts-0-root
uuid: "dd454978d4314cbbb3483fd4e2004789"
format_stamp: "Formatted at 2026-06-01 13:22:21 on dist-test-slave-gxzs"
I20260601 13:22:21.758195 10733 fs_report.cc:389] FS layout report
--------------------
wal directory: /tmp/dist-test-taskblEc6c/test-tmp/auto_rebalancer-test.0.AutoRebalancerTest.MovesScheduledIfAddTserver.1780320125164851-10733-0/minicluster-data/ts-0-root
metadata directory: /tmp/dist-test-taskblEc6c/test-tmp/auto_rebalancer-test.0.AutoRebalancerTest.MovesScheduledIfAddTserver.1780320125164851-10733-0/minicluster-data/ts-0-root
1 data directories: /tmp/dist-test-taskblEc6c/test-tmp/auto_rebalancer-test.0.AutoRebalancerTest.MovesScheduledIfAddTserver.1780320125164851-10733-0/minicluster-data/ts-0-root/data
Total live blocks: 0
Total live bytes: 0
Total live bytes (after alignment): 0
Total number of LBM containers: 0 (0 full)
Did not check for missing blocks
Did not check for orphaned blocks
Total full LBM containers with extra space: 0 (0 repaired)
Total full LBM container extra space in bytes: 0 (0 repaired)
Total incomplete LBM containers: 0 (0 repaired)
Total LBM partial records: 0 (0 repaired)
Total corrupted LBM metadata records in RocksDB: 0 (0 repaired)
I20260601 13:22:21.764422 10733 rpc_server.cc:225] running with OpenSSL 1.1.1  11 Sep 2018
I20260601 13:22:21.764802 10733 kserver.cc:163] Server-wide thread pool size limit: 3276
I20260601 13:22:21.765095 10733 txn_system_client.cc:432] TxnSystemClient initialization is disabled...
I20260601 13:22:21.765552 10733 ts_tablet_manager.cc:585] Loaded tablet metadata (0 total tablets, 0 live tablets)
I20260601 13:22:21.765614 10733 ts_tablet_manager.cc:531] Time spent load tablet metadata: real 0.000s	user 0.000s	sys 0.000s
I20260601 13:22:21.765679 10733 ts_tablet_manager.cc:616] Registered 0 tablets
I20260601 13:22:21.765733 10733 ts_tablet_manager.cc:595] Time spent register tablets: real 0.000s	user 0.000s	sys 0.000s
I20260601 13:22:21.770117 10733 rpc_server.cc:307] RPC server started. Bound to: 127.10.123.65:43291
I20260601 13:22:21.770134 12502 acceptor_pool.cc:272] collecting diagnostics on the listening RPC socket 127.10.123.65:43291 every 8 connection(s)
I20260601 13:22:21.770884 10733 file_cache.cc:492] Constructed file cache file cache with capacity 419430
W20260601 13:22:21.772876 12507 instance_detector.cc:116] could not retrieve AWS instance metadata: Network error: curl error: HTTP response code said error: The requested URL returned error: 404
W20260601 13:22:21.772994 12508 instance_detector.cc:116] could not retrieve Azure instance metadata: Network error: curl error: HTTP response code said error: The requested URL returned error: 404
W20260601 13:22:21.773227 12510 instance_detector.cc:116] could not retrieve OpenStack instance metadata: Network error: curl error: HTTP response code said error: The requested URL returned error: 404
I20260601 13:22:21.773557 10733 server_base.cc:1061] running on GCE node
I20260601 13:22:21.773754 10733 hybrid_clock.cc:584] initializing the hybrid clock with 'system_unsync' time source
W20260601 13:22:21.773811 10733 system_unsync_time.cc:38] NTP support is disabled. Clock error bounds will not be accurate. This configuration is not suitable for distributed clusters.
I20260601 13:22:21.773845 10733 hybrid_clock.cc:648] HybridClock initialized: now 1780320141773845 us; error 0 us; skew 500 ppm
I20260601 13:22:21.774745 10733 webserver.cc:533] Webserver started at http://127.10.123.66:34565/ using document root <none> and password file <none>
I20260601 13:22:21.774915 10733 fs_manager.cc:362] Metadata directory not provided
I20260601 13:22:21.774984 10733 fs_manager.cc:368] Using write-ahead log directory (fs_wal_dir) as metadata directory
I20260601 13:22:21.775061 10733 server_base.cc:909] This appears to be a new deployment of Kudu; creating new FS layout
I20260601 13:22:21.775475 10733 fs_manager.cc:1068] Generated new instance metadata in path /tmp/dist-test-taskblEc6c/test-tmp/auto_rebalancer-test.0.AutoRebalancerTest.MovesScheduledIfAddTserver.1780320125164851-10733-0/minicluster-data/ts-1-root/instance:
uuid: "aef0c84e3c4f42e0b6f047041657fbed"
format_stamp: "Formatted at 2026-06-01 13:22:21 on dist-test-slave-gxzs"
I20260601 13:22:21.776943 10733 fs_manager.cc:696] Time spent creating directory manager: real 0.001s	user 0.002s	sys 0.000s
I20260601 13:22:21.778031 12515 log_block_manager.cc:4031] Time spent loading block containers with low live blocks: real 0.000s	user 0.000s	sys 0.000s
I20260601 13:22:21.778339 10733 fs_manager.cc:730] Time spent opening block manager: real 0.001s	user 0.001s	sys 0.000s
I20260601 13:22:21.778414 10733 fs_manager.cc:647] Opened local filesystem: /tmp/dist-test-taskblEc6c/test-tmp/auto_rebalancer-test.0.AutoRebalancerTest.MovesScheduledIfAddTserver.1780320125164851-10733-0/minicluster-data/ts-1-root
uuid: "aef0c84e3c4f42e0b6f047041657fbed"
format_stamp: "Formatted at 2026-06-01 13:22:21 on dist-test-slave-gxzs"
I20260601 13:22:21.778491 10733 fs_report.cc:389] FS layout report
--------------------
wal directory: /tmp/dist-test-taskblEc6c/test-tmp/auto_rebalancer-test.0.AutoRebalancerTest.MovesScheduledIfAddTserver.1780320125164851-10733-0/minicluster-data/ts-1-root
metadata directory: /tmp/dist-test-taskblEc6c/test-tmp/auto_rebalancer-test.0.AutoRebalancerTest.MovesScheduledIfAddTserver.1780320125164851-10733-0/minicluster-data/ts-1-root
1 data directories: /tmp/dist-test-taskblEc6c/test-tmp/auto_rebalancer-test.0.AutoRebalancerTest.MovesScheduledIfAddTserver.1780320125164851-10733-0/minicluster-data/ts-1-root/data
Total live blocks: 0
Total live bytes: 0
Total live bytes (after alignment): 0
Total number of LBM containers: 0 (0 full)
Did not check for missing blocks
Did not check for orphaned blocks
Total full LBM containers with extra space: 0 (0 repaired)
Total full LBM container extra space in bytes: 0 (0 repaired)
Total incomplete LBM containers: 0 (0 repaired)
Total LBM partial records: 0 (0 repaired)
Total corrupted LBM metadata records in RocksDB: 0 (0 repaired)
I20260601 13:22:21.779533 12503 heartbeater.cc:344] Connected to a master server at 127.10.123.126:43009
I20260601 13:22:21.779637 12503 heartbeater.cc:461] Registering TS with master...
I20260601 13:22:21.779868 12503 heartbeater.cc:507] Master 127.10.123.126:43009 requested a full tablet report, sending...
I20260601 13:22:21.780400 12374 ts_manager.cc:194] Registered new tserver with Master: dd454978d4314cbbb3483fd4e2004789 (127.10.123.65:43291)
I20260601 13:22:21.781112 12374 master_service.cc:502] Signed X509 certificate for tserver {username='slave'} at 127.0.0.1:33778
I20260601 13:22:21.795598 10733 rpc_server.cc:225] running with OpenSSL 1.1.1  11 Sep 2018
I20260601 13:22:21.796033 10733 kserver.cc:163] Server-wide thread pool size limit: 3276
I20260601 13:22:21.796356 10733 txn_system_client.cc:432] TxnSystemClient initialization is disabled...
I20260601 13:22:21.796859 10733 ts_tablet_manager.cc:585] Loaded tablet metadata (0 total tablets, 0 live tablets)
I20260601 13:22:21.796897 10733 ts_tablet_manager.cc:531] Time spent load tablet metadata: real 0.000s	user 0.000s	sys 0.000s
I20260601 13:22:21.796928 10733 ts_tablet_manager.cc:616] Registered 0 tablets
I20260601 13:22:21.796976 10733 ts_tablet_manager.cc:595] Time spent register tablets: real 0.000s	user 0.000s	sys 0.000s
I20260601 13:22:21.801339 10733 rpc_server.cc:307] RPC server started. Bound to: 127.10.123.66:34289
I20260601 13:22:21.801487 12578 acceptor_pool.cc:272] collecting diagnostics on the listening RPC socket 127.10.123.66:34289 every 8 connection(s)
I20260601 13:22:21.802186 10733 file_cache.cc:492] Constructed file cache file cache with capacity 419430
W20260601 13:22:21.804291 12583 instance_detector.cc:116] could not retrieve Azure instance metadata: Network error: curl error: HTTP response code said error: The requested URL returned error: 404
W20260601 13:22:21.804358 12585 instance_detector.cc:116] could not retrieve OpenStack instance metadata: Network error: curl error: HTTP response code said error: The requested URL returned error: 404
W20260601 13:22:21.804291 12582 instance_detector.cc:116] could not retrieve AWS instance metadata: Network error: curl error: HTTP response code said error: The requested URL returned error: 404
I20260601 13:22:21.804525 10733 server_base.cc:1061] running on GCE node
I20260601 13:22:21.804745 10733 hybrid_clock.cc:584] initializing the hybrid clock with 'system_unsync' time source
W20260601 13:22:21.804811 10733 system_unsync_time.cc:38] NTP support is disabled. Clock error bounds will not be accurate. This configuration is not suitable for distributed clusters.
I20260601 13:22:21.804849 10733 hybrid_clock.cc:648] HybridClock initialized: now 1780320141804848 us; error 0 us; skew 500 ppm
I20260601 13:22:21.805794 10733 webserver.cc:533] Webserver started at http://127.10.123.67:38735/ using document root <none> and password file <none>
I20260601 13:22:21.805971 10733 fs_manager.cc:362] Metadata directory not provided
I20260601 13:22:21.806044 10733 fs_manager.cc:368] Using write-ahead log directory (fs_wal_dir) as metadata directory
I20260601 13:22:21.806126 10733 server_base.cc:909] This appears to be a new deployment of Kudu; creating new FS layout
I20260601 13:22:21.806562 10733 fs_manager.cc:1068] Generated new instance metadata in path /tmp/dist-test-taskblEc6c/test-tmp/auto_rebalancer-test.0.AutoRebalancerTest.MovesScheduledIfAddTserver.1780320125164851-10733-0/minicluster-data/ts-2-root/instance:
uuid: "9f18df84680f4be4bf723db38b635a3c"
format_stamp: "Formatted at 2026-06-01 13:22:21 on dist-test-slave-gxzs"
I20260601 13:22:21.806629 12579 heartbeater.cc:344] Connected to a master server at 127.10.123.126:43009
I20260601 13:22:21.806723 12579 heartbeater.cc:461] Registering TS with master...
I20260601 13:22:21.806967 12579 heartbeater.cc:507] Master 127.10.123.126:43009 requested a full tablet report, sending...
I20260601 13:22:21.807653 12374 ts_manager.cc:194] Registered new tserver with Master: aef0c84e3c4f42e0b6f047041657fbed (127.10.123.66:34289)
I20260601 13:22:21.808295 10733 fs_manager.cc:696] Time spent creating directory manager: real 0.001s	user 0.000s	sys 0.002s
I20260601 13:22:21.808296 12374 master_service.cc:502] Signed X509 certificate for tserver {username='slave'} at 127.0.0.1:33784
I20260601 13:22:21.809566 12590 log_block_manager.cc:4031] Time spent loading block containers with low live blocks: real 0.000s	user 0.000s	sys 0.000s
I20260601 13:22:21.809933 10733 fs_manager.cc:730] Time spent opening block manager: real 0.001s	user 0.000s	sys 0.001s
I20260601 13:22:21.810026 10733 fs_manager.cc:647] Opened local filesystem: /tmp/dist-test-taskblEc6c/test-tmp/auto_rebalancer-test.0.AutoRebalancerTest.MovesScheduledIfAddTserver.1780320125164851-10733-0/minicluster-data/ts-2-root
uuid: "9f18df84680f4be4bf723db38b635a3c"
format_stamp: "Formatted at 2026-06-01 13:22:21 on dist-test-slave-gxzs"
I20260601 13:22:21.810128 10733 fs_report.cc:389] FS layout report
--------------------
wal directory: /tmp/dist-test-taskblEc6c/test-tmp/auto_rebalancer-test.0.AutoRebalancerTest.MovesScheduledIfAddTserver.1780320125164851-10733-0/minicluster-data/ts-2-root
metadata directory: /tmp/dist-test-taskblEc6c/test-tmp/auto_rebalancer-test.0.AutoRebalancerTest.MovesScheduledIfAddTserver.1780320125164851-10733-0/minicluster-data/ts-2-root
1 data directories: /tmp/dist-test-taskblEc6c/test-tmp/auto_rebalancer-test.0.AutoRebalancerTest.MovesScheduledIfAddTserver.1780320125164851-10733-0/minicluster-data/ts-2-root/data
Total live blocks: 0
Total live bytes: 0
Total live bytes (after alignment): 0
Total number of LBM containers: 0 (0 full)
Did not check for missing blocks
Did not check for orphaned blocks
Total full LBM containers with extra space: 0 (0 repaired)
Total full LBM container extra space in bytes: 0 (0 repaired)
Total incomplete LBM containers: 0 (0 repaired)
Total LBM partial records: 0 (0 repaired)
Total corrupted LBM metadata records in RocksDB: 0 (0 repaired)
I20260601 13:22:21.836766 10733 rpc_server.cc:225] running with OpenSSL 1.1.1  11 Sep 2018
I20260601 13:22:21.837193 10733 kserver.cc:163] Server-wide thread pool size limit: 3276
I20260601 13:22:21.837532 10733 txn_system_client.cc:432] TxnSystemClient initialization is disabled...
I20260601 13:22:21.838020 10733 ts_tablet_manager.cc:585] Loaded tablet metadata (0 total tablets, 0 live tablets)
I20260601 13:22:21.838083 10733 ts_tablet_manager.cc:531] Time spent load tablet metadata: real 0.000s	user 0.000s	sys 0.000s
I20260601 13:22:21.838138 10733 ts_tablet_manager.cc:616] Registered 0 tablets
I20260601 13:22:21.838164 10733 ts_tablet_manager.cc:595] Time spent register tablets: real 0.000s	user 0.000s	sys 0.000s
I20260601 13:22:21.842666 10733 rpc_server.cc:307] RPC server started. Bound to: 127.10.123.67:45253
I20260601 13:22:21.842767 12653 acceptor_pool.cc:272] collecting diagnostics on the listening RPC socket 127.10.123.67:45253 every 8 connection(s)
I20260601 13:22:21.847666 12654 heartbeater.cc:344] Connected to a master server at 127.10.123.126:43009
I20260601 13:22:21.847783 12654 heartbeater.cc:461] Registering TS with master...
I20260601 13:22:21.847994 12654 heartbeater.cc:507] Master 127.10.123.126:43009 requested a full tablet report, sending...
I20260601 13:22:21.848685 12374 ts_manager.cc:194] Registered new tserver with Master: 9f18df84680f4be4bf723db38b635a3c (127.10.123.67:45253)
I20260601 13:22:21.849185 10733 internal_mini_cluster.cc:371] 3 TS(s) registered with all masters after 0.00600564s
I20260601 13:22:21.849414 12374 master_service.cc:502] Signed X509 certificate for tserver {username='slave'} at 127.0.0.1:33796
I20260601 13:22:22.782047 12503 heartbeater.cc:499] Master 127.10.123.126:43009 was elected leader, sending a full tablet report...
I20260601 13:22:22.809327 12579 heartbeater.cc:499] Master 127.10.123.126:43009 was elected leader, sending a full tablet report...
I20260601 13:22:22.850495 12654 heartbeater.cc:499] Master 127.10.123.126:43009 was elected leader, sending a full tablet report...
I20260601 13:22:22.884997 12374 catalog_manager.cc:2282] Servicing CreateTable request from {username='slave'} at 127.0.0.1:59760:
name: "test-workload"
schema {
  columns {
    name: "key"
    type: INT32
    is_key: true
    is_nullable: false
    encoding: AUTO_ENCODING
    compression: DEFAULT_COMPRESSION
    cfile_block_size: 0
    immutable: false
  }
  columns {
    name: "int_val"
    type: INT32
    is_key: false
    is_nullable: false
    encoding: AUTO_ENCODING
    compression: DEFAULT_COMPRESSION
    cfile_block_size: 0
    immutable: false
  }
  columns {
    name: "string_val"
    type: STRING
    is_key: false
    is_nullable: true
    encoding: AUTO_ENCODING
    compression: DEFAULT_COMPRESSION
    cfile_block_size: 0
    immutable: false
  }
}
num_replicas: 3
split_rows_range_bounds {
  rows: "\004\001\000\377\377\377?""\004\001\000\377\377\377?"
  indirect_data: """"
}
partition_schema {
  range_schema {
    columns {
      name: "key"
    }
  }
}
W20260601 13:22:22.885551 12374 catalog_manager.cc:7076] The number of live tablet servers is not enough to re-replicate a tablet replica of the newly created table test-workload in case of a server failure: 4 tablet servers would be needed, 3 are available. Consider bringing up more tablet servers.
I20260601 13:22:22.896327 12618 tablet_service.cc:1511] Processing CreateTablet for tablet e6f4575664f041eda0fc3c01410bb6d1 (DEFAULT_TABLE table=test-workload [id=1cd8eac37b8a46b3b2ce6472d3c8d601]), partition=RANGE (key) PARTITION VALUES < 1073741823
I20260601 13:22:22.896414 12617 tablet_service.cc:1511] Processing CreateTablet for tablet 9fecc37194e14417b20d7fac94e87b62 (DEFAULT_TABLE table=test-workload [id=1cd8eac37b8a46b3b2ce6472d3c8d601]), partition=RANGE (key) PARTITION 1073741823 <= VALUES
I20260601 13:22:22.896718 12618 data_dirs.cc:400] Could only allocate 1 dirs of requested 3 for tablet e6f4575664f041eda0fc3c01410bb6d1. 1 dirs total, 0 dirs full, 0 dirs failed
I20260601 13:22:22.896868 12467 tablet_service.cc:1511] Processing CreateTablet for tablet e6f4575664f041eda0fc3c01410bb6d1 (DEFAULT_TABLE table=test-workload [id=1cd8eac37b8a46b3b2ce6472d3c8d601]), partition=RANGE (key) PARTITION VALUES < 1073741823
I20260601 13:22:22.896943 12617 data_dirs.cc:400] Could only allocate 1 dirs of requested 3 for tablet 9fecc37194e14417b20d7fac94e87b62. 1 dirs total, 0 dirs full, 0 dirs failed
I20260601 13:22:22.897115 12467 data_dirs.cc:400] Could only allocate 1 dirs of requested 3 for tablet e6f4575664f041eda0fc3c01410bb6d1. 1 dirs total, 0 dirs full, 0 dirs failed
I20260601 13:22:22.898910 12674 tablet_bootstrap.cc:492] T e6f4575664f041eda0fc3c01410bb6d1 P 9f18df84680f4be4bf723db38b635a3c: Bootstrap starting.
I20260601 13:22:22.899411 12466 tablet_service.cc:1511] Processing CreateTablet for tablet 9fecc37194e14417b20d7fac94e87b62 (DEFAULT_TABLE table=test-workload [id=1cd8eac37b8a46b3b2ce6472d3c8d601]), partition=RANGE (key) PARTITION 1073741823 <= VALUES
I20260601 13:22:22.899466 12543 tablet_service.cc:1511] Processing CreateTablet for tablet e6f4575664f041eda0fc3c01410bb6d1 (DEFAULT_TABLE table=test-workload [id=1cd8eac37b8a46b3b2ce6472d3c8d601]), partition=RANGE (key) PARTITION VALUES < 1073741823
I20260601 13:22:22.899607 12466 data_dirs.cc:400] Could only allocate 1 dirs of requested 3 for tablet 9fecc37194e14417b20d7fac94e87b62. 1 dirs total, 0 dirs full, 0 dirs failed
I20260601 13:22:22.899720 12543 data_dirs.cc:400] Could only allocate 1 dirs of requested 3 for tablet e6f4575664f041eda0fc3c01410bb6d1. 1 dirs total, 0 dirs full, 0 dirs failed
I20260601 13:22:22.900038 12674 tablet_bootstrap.cc:654] T e6f4575664f041eda0fc3c01410bb6d1 P 9f18df84680f4be4bf723db38b635a3c: Neither blocks nor log segments found. Creating new log.
I20260601 13:22:22.901218 12674 tablet_bootstrap.cc:492] T e6f4575664f041eda0fc3c01410bb6d1 P 9f18df84680f4be4bf723db38b635a3c: No bootstrap required, opened a new log
I20260601 13:22:22.901299 12674 ts_tablet_manager.cc:1403] T e6f4575664f041eda0fc3c01410bb6d1 P 9f18df84680f4be4bf723db38b635a3c: Time spent bootstrapping tablet: real 0.002s	user 0.002s	sys 0.000s
I20260601 13:22:22.901775 12674 raft_consensus.cc:359] T e6f4575664f041eda0fc3c01410bb6d1 P 9f18df84680f4be4bf723db38b635a3c [term 0 FOLLOWER]: Replica starting. Triggering 0 pending ops. Active config: opid_index: -1 OBSOLETE_local: false peers { permanent_uuid: "9f18df84680f4be4bf723db38b635a3c" member_type: VOTER last_known_addr { host: "127.10.123.67" port: 45253 } } peers { permanent_uuid: "aef0c84e3c4f42e0b6f047041657fbed" member_type: VOTER last_known_addr { host: "127.10.123.66" port: 34289 } } peers { permanent_uuid: "dd454978d4314cbbb3483fd4e2004789" member_type: VOTER last_known_addr { host: "127.10.123.65" port: 43291 } }
I20260601 13:22:22.901901 12674 raft_consensus.cc:385] T e6f4575664f041eda0fc3c01410bb6d1 P 9f18df84680f4be4bf723db38b635a3c [term 0 FOLLOWER]: Consensus starting up: Expiring failure detector timer to make a prompt election more likely
I20260601 13:22:22.901948 12674 raft_consensus.cc:740] T e6f4575664f041eda0fc3c01410bb6d1 P 9f18df84680f4be4bf723db38b635a3c [term 0 FOLLOWER]: Becoming Follower/Learner. State: Replica: 9f18df84680f4be4bf723db38b635a3c, State: Initialized, Role: FOLLOWER
I20260601 13:22:22.902065 12675 tablet_bootstrap.cc:492] T e6f4575664f041eda0fc3c01410bb6d1 P dd454978d4314cbbb3483fd4e2004789: Bootstrap starting.
I20260601 13:22:22.902046 12542 tablet_service.cc:1511] Processing CreateTablet for tablet 9fecc37194e14417b20d7fac94e87b62 (DEFAULT_TABLE table=test-workload [id=1cd8eac37b8a46b3b2ce6472d3c8d601]), partition=RANGE (key) PARTITION 1073741823 <= VALUES
I20260601 13:22:22.902094 12674 consensus_queue.cc:260] T e6f4575664f041eda0fc3c01410bb6d1 P 9f18df84680f4be4bf723db38b635a3c [NON_LEADER]: Queue going to NON_LEADER mode. State: All replicated index: 0, Majority replicated index: 0, Committed index: 0, Last appended: 0.0, Last appended by leader: 0, Current term: 0, Majority size: -1, State: 0, Mode: NON_LEADER, active raft config: opid_index: -1 OBSOLETE_local: false peers { permanent_uuid: "9f18df84680f4be4bf723db38b635a3c" member_type: VOTER last_known_addr { host: "127.10.123.67" port: 45253 } } peers { permanent_uuid: "aef0c84e3c4f42e0b6f047041657fbed" member_type: VOTER last_known_addr { host: "127.10.123.66" port: 34289 } } peers { permanent_uuid: "dd454978d4314cbbb3483fd4e2004789" member_type: VOTER last_known_addr { host: "127.10.123.65" port: 43291 } }
I20260601 13:22:22.902292 12542 data_dirs.cc:400] Could only allocate 1 dirs of requested 3 for tablet 9fecc37194e14417b20d7fac94e87b62. 1 dirs total, 0 dirs full, 0 dirs failed
I20260601 13:22:22.902447 12674 ts_tablet_manager.cc:1434] T e6f4575664f041eda0fc3c01410bb6d1 P 9f18df84680f4be4bf723db38b635a3c: Time spent starting tablet: real 0.001s	user 0.001s	sys 0.000s
I20260601 13:22:22.902621 12674 tablet_bootstrap.cc:492] T 9fecc37194e14417b20d7fac94e87b62 P 9f18df84680f4be4bf723db38b635a3c: Bootstrap starting.
I20260601 13:22:22.903604 12675 tablet_bootstrap.cc:654] T e6f4575664f041eda0fc3c01410bb6d1 P dd454978d4314cbbb3483fd4e2004789: Neither blocks nor log segments found. Creating new log.
I20260601 13:22:22.903633 12674 tablet_bootstrap.cc:654] T 9fecc37194e14417b20d7fac94e87b62 P 9f18df84680f4be4bf723db38b635a3c: Neither blocks nor log segments found. Creating new log.
I20260601 13:22:22.904619 12677 tablet_bootstrap.cc:492] T e6f4575664f041eda0fc3c01410bb6d1 P aef0c84e3c4f42e0b6f047041657fbed: Bootstrap starting.
I20260601 13:22:22.904771 12674 tablet_bootstrap.cc:492] T 9fecc37194e14417b20d7fac94e87b62 P 9f18df84680f4be4bf723db38b635a3c: No bootstrap required, opened a new log
I20260601 13:22:22.904851 12674 ts_tablet_manager.cc:1403] T 9fecc37194e14417b20d7fac94e87b62 P 9f18df84680f4be4bf723db38b635a3c: Time spent bootstrapping tablet: real 0.002s	user 0.002s	sys 0.000s
I20260601 13:22:22.905359 12675 tablet_bootstrap.cc:492] T e6f4575664f041eda0fc3c01410bb6d1 P dd454978d4314cbbb3483fd4e2004789: No bootstrap required, opened a new log
I20260601 13:22:22.905308 12674 raft_consensus.cc:359] T 9fecc37194e14417b20d7fac94e87b62 P 9f18df84680f4be4bf723db38b635a3c [term 0 FOLLOWER]: Replica starting. Triggering 0 pending ops. Active config: opid_index: -1 OBSOLETE_local: false peers { permanent_uuid: "dd454978d4314cbbb3483fd4e2004789" member_type: VOTER last_known_addr { host: "127.10.123.65" port: 43291 } } peers { permanent_uuid: "aef0c84e3c4f42e0b6f047041657fbed" member_type: VOTER last_known_addr { host: "127.10.123.66" port: 34289 } } peers { permanent_uuid: "9f18df84680f4be4bf723db38b635a3c" member_type: VOTER last_known_addr { host: "127.10.123.67" port: 45253 } }
I20260601 13:22:22.905442 12674 raft_consensus.cc:385] T 9fecc37194e14417b20d7fac94e87b62 P 9f18df84680f4be4bf723db38b635a3c [term 0 FOLLOWER]: Consensus starting up: Expiring failure detector timer to make a prompt election more likely
I20260601 13:22:22.905495 12674 raft_consensus.cc:740] T 9fecc37194e14417b20d7fac94e87b62 P 9f18df84680f4be4bf723db38b635a3c [term 0 FOLLOWER]: Becoming Follower/Learner. State: Replica: 9f18df84680f4be4bf723db38b635a3c, State: Initialized, Role: FOLLOWER
I20260601 13:22:22.905462 12675 ts_tablet_manager.cc:1403] T e6f4575664f041eda0fc3c01410bb6d1 P dd454978d4314cbbb3483fd4e2004789: Time spent bootstrapping tablet: real 0.003s	user 0.002s	sys 0.000s
I20260601 13:22:22.905673 12674 consensus_queue.cc:260] T 9fecc37194e14417b20d7fac94e87b62 P 9f18df84680f4be4bf723db38b635a3c [NON_LEADER]: Queue going to NON_LEADER mode. State: All replicated index: 0, Majority replicated index: 0, Committed index: 0, Last appended: 0.0, Last appended by leader: 0, Current term: 0, Majority size: -1, State: 0, Mode: NON_LEADER, active raft config: opid_index: -1 OBSOLETE_local: false peers { permanent_uuid: "dd454978d4314cbbb3483fd4e2004789" member_type: VOTER last_known_addr { host: "127.10.123.65" port: 43291 } } peers { permanent_uuid: "aef0c84e3c4f42e0b6f047041657fbed" member_type: VOTER last_known_addr { host: "127.10.123.66" port: 34289 } } peers { permanent_uuid: "9f18df84680f4be4bf723db38b635a3c" member_type: VOTER last_known_addr { host: "127.10.123.67" port: 45253 } }
I20260601 13:22:22.905965 12675 raft_consensus.cc:359] T e6f4575664f041eda0fc3c01410bb6d1 P dd454978d4314cbbb3483fd4e2004789 [term 0 FOLLOWER]: Replica starting. Triggering 0 pending ops. Active config: opid_index: -1 OBSOLETE_local: false peers { permanent_uuid: "9f18df84680f4be4bf723db38b635a3c" member_type: VOTER last_known_addr { host: "127.10.123.67" port: 45253 } } peers { permanent_uuid: "aef0c84e3c4f42e0b6f047041657fbed" member_type: VOTER last_known_addr { host: "127.10.123.66" port: 34289 } } peers { permanent_uuid: "dd454978d4314cbbb3483fd4e2004789" member_type: VOTER last_known_addr { host: "127.10.123.65" port: 43291 } }
I20260601 13:22:22.905980 12674 ts_tablet_manager.cc:1434] T 9fecc37194e14417b20d7fac94e87b62 P 9f18df84680f4be4bf723db38b635a3c: Time spent starting tablet: real 0.001s	user 0.001s	sys 0.000s
I20260601 13:22:22.906097 12675 raft_consensus.cc:385] T e6f4575664f041eda0fc3c01410bb6d1 P dd454978d4314cbbb3483fd4e2004789 [term 0 FOLLOWER]: Consensus starting up: Expiring failure detector timer to make a prompt election more likely
I20260601 13:22:22.906144 12675 raft_consensus.cc:740] T e6f4575664f041eda0fc3c01410bb6d1 P dd454978d4314cbbb3483fd4e2004789 [term 0 FOLLOWER]: Becoming Follower/Learner. State: Replica: dd454978d4314cbbb3483fd4e2004789, State: Initialized, Role: FOLLOWER
I20260601 13:22:22.906283 12675 consensus_queue.cc:260] T e6f4575664f041eda0fc3c01410bb6d1 P dd454978d4314cbbb3483fd4e2004789 [NON_LEADER]: Queue going to NON_LEADER mode. State: All replicated index: 0, Majority replicated index: 0, Committed index: 0, Last appended: 0.0, Last appended by leader: 0, Current term: 0, Majority size: -1, State: 0, Mode: NON_LEADER, active raft config: opid_index: -1 OBSOLETE_local: false peers { permanent_uuid: "9f18df84680f4be4bf723db38b635a3c" member_type: VOTER last_known_addr { host: "127.10.123.67" port: 45253 } } peers { permanent_uuid: "aef0c84e3c4f42e0b6f047041657fbed" member_type: VOTER last_known_addr { host: "127.10.123.66" port: 34289 } } peers { permanent_uuid: "dd454978d4314cbbb3483fd4e2004789" member_type: VOTER last_known_addr { host: "127.10.123.65" port: 43291 } }
I20260601 13:22:22.906946 12675 ts_tablet_manager.cc:1434] T e6f4575664f041eda0fc3c01410bb6d1 P dd454978d4314cbbb3483fd4e2004789: Time spent starting tablet: real 0.001s	user 0.001s	sys 0.000s
I20260601 13:22:22.907140 12675 tablet_bootstrap.cc:492] T 9fecc37194e14417b20d7fac94e87b62 P dd454978d4314cbbb3483fd4e2004789: Bootstrap starting.
I20260601 13:22:22.908417 12675 tablet_bootstrap.cc:654] T 9fecc37194e14417b20d7fac94e87b62 P dd454978d4314cbbb3483fd4e2004789: Neither blocks nor log segments found. Creating new log.
I20260601 13:22:22.909715 12677 tablet_bootstrap.cc:654] T e6f4575664f041eda0fc3c01410bb6d1 P aef0c84e3c4f42e0b6f047041657fbed: Neither blocks nor log segments found. Creating new log.
I20260601 13:22:22.910874 12675 tablet_bootstrap.cc:492] T 9fecc37194e14417b20d7fac94e87b62 P dd454978d4314cbbb3483fd4e2004789: No bootstrap required, opened a new log
I20260601 13:22:22.910952 12675 ts_tablet_manager.cc:1403] T 9fecc37194e14417b20d7fac94e87b62 P dd454978d4314cbbb3483fd4e2004789: Time spent bootstrapping tablet: real 0.004s	user 0.002s	sys 0.000s
I20260601 13:22:22.910988 12677 tablet_bootstrap.cc:492] T e6f4575664f041eda0fc3c01410bb6d1 P aef0c84e3c4f42e0b6f047041657fbed: No bootstrap required, opened a new log
I20260601 13:22:22.911080 12677 ts_tablet_manager.cc:1403] T e6f4575664f041eda0fc3c01410bb6d1 P aef0c84e3c4f42e0b6f047041657fbed: Time spent bootstrapping tablet: real 0.007s	user 0.002s	sys 0.000s
I20260601 13:22:22.911474 12675 raft_consensus.cc:359] T 9fecc37194e14417b20d7fac94e87b62 P dd454978d4314cbbb3483fd4e2004789 [term 0 FOLLOWER]: Replica starting. Triggering 0 pending ops. Active config: opid_index: -1 OBSOLETE_local: false peers { permanent_uuid: "dd454978d4314cbbb3483fd4e2004789" member_type: VOTER last_known_addr { host: "127.10.123.65" port: 43291 } } peers { permanent_uuid: "aef0c84e3c4f42e0b6f047041657fbed" member_type: VOTER last_known_addr { host: "127.10.123.66" port: 34289 } } peers { permanent_uuid: "9f18df84680f4be4bf723db38b635a3c" member_type: VOTER last_known_addr { host: "127.10.123.67" port: 45253 } }
I20260601 13:22:22.911526 12677 raft_consensus.cc:359] T e6f4575664f041eda0fc3c01410bb6d1 P aef0c84e3c4f42e0b6f047041657fbed [term 0 FOLLOWER]: Replica starting. Triggering 0 pending ops. Active config: opid_index: -1 OBSOLETE_local: false peers { permanent_uuid: "9f18df84680f4be4bf723db38b635a3c" member_type: VOTER last_known_addr { host: "127.10.123.67" port: 45253 } } peers { permanent_uuid: "aef0c84e3c4f42e0b6f047041657fbed" member_type: VOTER last_known_addr { host: "127.10.123.66" port: 34289 } } peers { permanent_uuid: "dd454978d4314cbbb3483fd4e2004789" member_type: VOTER last_known_addr { host: "127.10.123.65" port: 43291 } }
I20260601 13:22:22.911599 12675 raft_consensus.cc:385] T 9fecc37194e14417b20d7fac94e87b62 P dd454978d4314cbbb3483fd4e2004789 [term 0 FOLLOWER]: Consensus starting up: Expiring failure detector timer to make a prompt election more likely
I20260601 13:22:22.911691 12677 raft_consensus.cc:385] T e6f4575664f041eda0fc3c01410bb6d1 P aef0c84e3c4f42e0b6f047041657fbed [term 0 FOLLOWER]: Consensus starting up: Expiring failure detector timer to make a prompt election more likely
I20260601 13:22:22.911731 12675 raft_consensus.cc:740] T 9fecc37194e14417b20d7fac94e87b62 P dd454978d4314cbbb3483fd4e2004789 [term 0 FOLLOWER]: Becoming Follower/Learner. State: Replica: dd454978d4314cbbb3483fd4e2004789, State: Initialized, Role: FOLLOWER
I20260601 13:22:22.911741 12677 raft_consensus.cc:740] T e6f4575664f041eda0fc3c01410bb6d1 P aef0c84e3c4f42e0b6f047041657fbed [term 0 FOLLOWER]: Becoming Follower/Learner. State: Replica: aef0c84e3c4f42e0b6f047041657fbed, State: Initialized, Role: FOLLOWER
I20260601 13:22:22.911890 12675 consensus_queue.cc:260] T 9fecc37194e14417b20d7fac94e87b62 P dd454978d4314cbbb3483fd4e2004789 [NON_LEADER]: Queue going to NON_LEADER mode. State: All replicated index: 0, Majority replicated index: 0, Committed index: 0, Last appended: 0.0, Last appended by leader: 0, Current term: 0, Majority size: -1, State: 0, Mode: NON_LEADER, active raft config: opid_index: -1 OBSOLETE_local: false peers { permanent_uuid: "dd454978d4314cbbb3483fd4e2004789" member_type: VOTER last_known_addr { host: "127.10.123.65" port: 43291 } } peers { permanent_uuid: "aef0c84e3c4f42e0b6f047041657fbed" member_type: VOTER last_known_addr { host: "127.10.123.66" port: 34289 } } peers { permanent_uuid: "9f18df84680f4be4bf723db38b635a3c" member_type: VOTER last_known_addr { host: "127.10.123.67" port: 45253 } }
I20260601 13:22:22.911911 12677 consensus_queue.cc:260] T e6f4575664f041eda0fc3c01410bb6d1 P aef0c84e3c4f42e0b6f047041657fbed [NON_LEADER]: Queue going to NON_LEADER mode. State: All replicated index: 0, Majority replicated index: 0, Committed index: 0, Last appended: 0.0, Last appended by leader: 0, Current term: 0, Majority size: -1, State: 0, Mode: NON_LEADER, active raft config: opid_index: -1 OBSOLETE_local: false peers { permanent_uuid: "9f18df84680f4be4bf723db38b635a3c" member_type: VOTER last_known_addr { host: "127.10.123.67" port: 45253 } } peers { permanent_uuid: "aef0c84e3c4f42e0b6f047041657fbed" member_type: VOTER last_known_addr { host: "127.10.123.66" port: 34289 } } peers { permanent_uuid: "dd454978d4314cbbb3483fd4e2004789" member_type: VOTER last_known_addr { host: "127.10.123.65" port: 43291 } }
I20260601 13:22:22.912166 12675 ts_tablet_manager.cc:1434] T 9fecc37194e14417b20d7fac94e87b62 P dd454978d4314cbbb3483fd4e2004789: Time spent starting tablet: real 0.001s	user 0.000s	sys 0.001s
I20260601 13:22:22.912705 12677 ts_tablet_manager.cc:1434] T e6f4575664f041eda0fc3c01410bb6d1 P aef0c84e3c4f42e0b6f047041657fbed: Time spent starting tablet: real 0.002s	user 0.000s	sys 0.001s
I20260601 13:22:22.912899 12677 tablet_bootstrap.cc:492] T 9fecc37194e14417b20d7fac94e87b62 P aef0c84e3c4f42e0b6f047041657fbed: Bootstrap starting.
I20260601 13:22:22.914093 12677 tablet_bootstrap.cc:654] T 9fecc37194e14417b20d7fac94e87b62 P aef0c84e3c4f42e0b6f047041657fbed: Neither blocks nor log segments found. Creating new log.
I20260601 13:22:22.915336 12677 tablet_bootstrap.cc:492] T 9fecc37194e14417b20d7fac94e87b62 P aef0c84e3c4f42e0b6f047041657fbed: No bootstrap required, opened a new log
I20260601 13:22:22.915457 12677 ts_tablet_manager.cc:1403] T 9fecc37194e14417b20d7fac94e87b62 P aef0c84e3c4f42e0b6f047041657fbed: Time spent bootstrapping tablet: real 0.003s	user 0.000s	sys 0.002s
I20260601 13:22:22.915879 12677 raft_consensus.cc:359] T 9fecc37194e14417b20d7fac94e87b62 P aef0c84e3c4f42e0b6f047041657fbed [term 0 FOLLOWER]: Replica starting. Triggering 0 pending ops. Active config: opid_index: -1 OBSOLETE_local: false peers { permanent_uuid: "dd454978d4314cbbb3483fd4e2004789" member_type: VOTER last_known_addr { host: "127.10.123.65" port: 43291 } } peers { permanent_uuid: "aef0c84e3c4f42e0b6f047041657fbed" member_type: VOTER last_known_addr { host: "127.10.123.66" port: 34289 } } peers { permanent_uuid: "9f18df84680f4be4bf723db38b635a3c" member_type: VOTER last_known_addr { host: "127.10.123.67" port: 45253 } }
I20260601 13:22:22.916007 12677 raft_consensus.cc:385] T 9fecc37194e14417b20d7fac94e87b62 P aef0c84e3c4f42e0b6f047041657fbed [term 0 FOLLOWER]: Consensus starting up: Expiring failure detector timer to make a prompt election more likely
I20260601 13:22:22.916059 12677 raft_consensus.cc:740] T 9fecc37194e14417b20d7fac94e87b62 P aef0c84e3c4f42e0b6f047041657fbed [term 0 FOLLOWER]: Becoming Follower/Learner. State: Replica: aef0c84e3c4f42e0b6f047041657fbed, State: Initialized, Role: FOLLOWER
I20260601 13:22:22.916203 12677 consensus_queue.cc:260] T 9fecc37194e14417b20d7fac94e87b62 P aef0c84e3c4f42e0b6f047041657fbed [NON_LEADER]: Queue going to NON_LEADER mode. State: All replicated index: 0, Majority replicated index: 0, Committed index: 0, Last appended: 0.0, Last appended by leader: 0, Current term: 0, Majority size: -1, State: 0, Mode: NON_LEADER, active raft config: opid_index: -1 OBSOLETE_local: false peers { permanent_uuid: "dd454978d4314cbbb3483fd4e2004789" member_type: VOTER last_known_addr { host: "127.10.123.65" port: 43291 } } peers { permanent_uuid: "aef0c84e3c4f42e0b6f047041657fbed" member_type: VOTER last_known_addr { host: "127.10.123.66" port: 34289 } } peers { permanent_uuid: "9f18df84680f4be4bf723db38b635a3c" member_type: VOTER last_known_addr { host: "127.10.123.67" port: 45253 } }
I20260601 13:22:22.916519 12677 ts_tablet_manager.cc:1434] T 9fecc37194e14417b20d7fac94e87b62 P aef0c84e3c4f42e0b6f047041657fbed: Time spent starting tablet: real 0.001s	user 0.000s	sys 0.000s
I20260601 13:22:22.949033 12678 raft_consensus.cc:493] T 9fecc37194e14417b20d7fac94e87b62 P 9f18df84680f4be4bf723db38b635a3c [term 0 FOLLOWER]: Starting pre-election (no leader contacted us within the election timeout)
