I20260601 13:42:06.902115 19384 raft_consensus.cc:2468] T 08fef52a133b4fc3986a14fd8aedbe5c P 3b33935348ad46cb867ec151d89ab72c [term 0 FOLLOWER]: Leader pre-election vote request: Granting yes vote for candidate efe90c8df89c4600a2a66f2e8faaacd1 in term 0.
I20260601 13:42:06.902364 19501 leader_election.cc:304] T 08fef52a133b4fc3986a14fd8aedbe5c P efe90c8df89c4600a2a66f2e8faaacd1 [CANDIDATE]: Term 1 pre-election: Election decided. Result: candidate won. Election summary: received 2 responses out of 3 voters: 2 yes votes; 0 no votes. yes voters: 0305e088904e4580b97b21a8c169e89e, efe90c8df89c4600a2a66f2e8faaacd1; no voters: 
I20260601 13:42:06.902546 19605 raft_consensus.cc:2804] T 08fef52a133b4fc3986a14fd8aedbe5c P efe90c8df89c4600a2a66f2e8faaacd1 [term 0 FOLLOWER]: Leader pre-election won for term 1
I20260601 13:42:06.902608 19605 raft_consensus.cc:493] T 08fef52a133b4fc3986a14fd8aedbe5c P efe90c8df89c4600a2a66f2e8faaacd1 [term 0 FOLLOWER]: Starting leader election (no leader contacted us within the election timeout)
I20260601 13:42:06.902637 19605 raft_consensus.cc:3060] T 08fef52a133b4fc3986a14fd8aedbe5c P efe90c8df89c4600a2a66f2e8faaacd1 [term 0 FOLLOWER]: Advancing to term 1
I20260601 13:42:06.903410 19605 raft_consensus.cc:515] T 08fef52a133b4fc3986a14fd8aedbe5c P efe90c8df89c4600a2a66f2e8faaacd1 [term 1 FOLLOWER]: Starting leader election with config: opid_index: -1 OBSOLETE_local: false peers { permanent_uuid: "3b33935348ad46cb867ec151d89ab72c" member_type: VOTER last_known_addr { host: "127.14.160.129" port: 42829 } } peers { permanent_uuid: "0305e088904e4580b97b21a8c169e89e" member_type: VOTER last_known_addr { host: "127.14.160.130" port: 44315 } } peers { permanent_uuid: "efe90c8df89c4600a2a66f2e8faaacd1" member_type: VOTER last_known_addr { host: "127.14.160.131" port: 46803 } }
I20260601 13:42:06.903812 19605 leader_election.cc:290] T 08fef52a133b4fc3986a14fd8aedbe5c P efe90c8df89c4600a2a66f2e8faaacd1 [CANDIDATE]: Term 1 election: Requested vote from peers 3b33935348ad46cb867ec151d89ab72c (127.14.160.129:42829), 0305e088904e4580b97b21a8c169e89e (127.14.160.130:44315)
I20260601 13:42:06.904018 19384 tablet_service.cc:1917] Received RequestConsensusVote() RPC: tablet_id: "08fef52a133b4fc3986a14fd8aedbe5c" candidate_uuid: "efe90c8df89c4600a2a66f2e8faaacd1" candidate_term: 1 candidate_status { last_received { term: 0 index: 0 } } ignore_live_leader: false dest_uuid: "3b33935348ad46cb867ec151d89ab72c"
I20260601 13:42:06.904115 19384 raft_consensus.cc:3060] T 08fef52a133b4fc3986a14fd8aedbe5c P 3b33935348ad46cb867ec151d89ab72c [term 0 FOLLOWER]: Advancing to term 1
I20260601 13:42:06.904127 19460 tablet_service.cc:1917] Received RequestConsensusVote() RPC: tablet_id: "08fef52a133b4fc3986a14fd8aedbe5c" candidate_uuid: "efe90c8df89c4600a2a66f2e8faaacd1" candidate_term: 1 candidate_status { last_received { term: 0 index: 0 } } ignore_live_leader: false dest_uuid: "0305e088904e4580b97b21a8c169e89e"
I20260601 13:42:06.904300 19460 raft_consensus.cc:3060] T 08fef52a133b4fc3986a14fd8aedbe5c P 0305e088904e4580b97b21a8c169e89e [term 0 FOLLOWER]: Advancing to term 1
I20260601 13:42:06.904899 19384 raft_consensus.cc:2468] T 08fef52a133b4fc3986a14fd8aedbe5c P 3b33935348ad46cb867ec151d89ab72c [term 1 FOLLOWER]: Leader election vote request: Granting yes vote for candidate efe90c8df89c4600a2a66f2e8faaacd1 in term 1.
I20260601 13:42:06.905015 19460 raft_consensus.cc:2468] T 08fef52a133b4fc3986a14fd8aedbe5c P 0305e088904e4580b97b21a8c169e89e [term 1 FOLLOWER]: Leader election vote request: Granting yes vote for candidate efe90c8df89c4600a2a66f2e8faaacd1 in term 1.
I20260601 13:42:06.905154 19500 leader_election.cc:304] T 08fef52a133b4fc3986a14fd8aedbe5c P efe90c8df89c4600a2a66f2e8faaacd1 [CANDIDATE]: Term 1 election: Election decided. Result: candidate won. Election summary: received 2 responses out of 3 voters: 2 yes votes; 0 no votes. yes voters: 3b33935348ad46cb867ec151d89ab72c, efe90c8df89c4600a2a66f2e8faaacd1; no voters: 
I20260601 13:42:06.905309 19605 raft_consensus.cc:2804] T 08fef52a133b4fc3986a14fd8aedbe5c P efe90c8df89c4600a2a66f2e8faaacd1 [term 1 FOLLOWER]: Leader election won for term 1
I20260601 13:42:06.905447 19605 raft_consensus.cc:697] T 08fef52a133b4fc3986a14fd8aedbe5c P efe90c8df89c4600a2a66f2e8faaacd1 [term 1 LEADER]: Becoming Leader. State: Replica: efe90c8df89c4600a2a66f2e8faaacd1, State: Running, Role: LEADER
I20260601 13:42:06.905601 19605 consensus_queue.cc:237] T 08fef52a133b4fc3986a14fd8aedbe5c P efe90c8df89c4600a2a66f2e8faaacd1 [LEADER]: Queue going to LEADER mode. State: All replicated index: 0, Majority replicated index: 0, Committed index: 0, Last appended: 0.0, Last appended by leader: 0, Current term: 1, Majority size: 2, State: 0, Mode: LEADER, active raft config: opid_index: -1 OBSOLETE_local: false peers { permanent_uuid: "3b33935348ad46cb867ec151d89ab72c" member_type: VOTER last_known_addr { host: "127.14.160.129" port: 42829 } } peers { permanent_uuid: "0305e088904e4580b97b21a8c169e89e" member_type: VOTER last_known_addr { host: "127.14.160.130" port: 44315 } } peers { permanent_uuid: "efe90c8df89c4600a2a66f2e8faaacd1" member_type: VOTER last_known_addr { host: "127.14.160.131" port: 46803 } }
I20260601 13:42:06.907163 19280 catalog_manager.cc:5696] T 08fef52a133b4fc3986a14fd8aedbe5c P efe90c8df89c4600a2a66f2e8faaacd1 reported cstate change: term changed from 0 to 1, leader changed from <none> to efe90c8df89c4600a2a66f2e8faaacd1 (127.14.160.131). New cstate: current_term: 1 leader_uuid: "efe90c8df89c4600a2a66f2e8faaacd1" committed_config { opid_index: -1 OBSOLETE_local: false peers { permanent_uuid: "3b33935348ad46cb867ec151d89ab72c" member_type: VOTER last_known_addr { host: "127.14.160.129" port: 42829 } health_report { overall_health: UNKNOWN } } peers { permanent_uuid: "0305e088904e4580b97b21a8c169e89e" member_type: VOTER last_known_addr { host: "127.14.160.130" port: 44315 } health_report { overall_health: UNKNOWN } } peers { permanent_uuid: "efe90c8df89c4600a2a66f2e8faaacd1" member_type: VOTER last_known_addr { host: "127.14.160.131" port: 46803 } health_report { overall_health: HEALTHY } } }
I20260601 13:42:06.937490 19588 raft_consensus.cc:493] T df9d668e55964c4583f3b796394358df P 3b33935348ad46cb867ec151d89ab72c [term 0 FOLLOWER]: Starting pre-election (no leader contacted us within the election timeout)
I20260601 13:42:06.937665 19588 raft_consensus.cc:515] T df9d668e55964c4583f3b796394358df P 3b33935348ad46cb867ec151d89ab72c [term 0 FOLLOWER]: Starting pre-election with config: opid_index: -1 OBSOLETE_local: false peers { permanent_uuid: "3b33935348ad46cb867ec151d89ab72c" member_type: VOTER last_known_addr { host: "127.14.160.129" port: 42829 } } peers { permanent_uuid: "0305e088904e4580b97b21a8c169e89e" member_type: VOTER last_known_addr { host: "127.14.160.130" port: 44315 } } peers { permanent_uuid: "efe90c8df89c4600a2a66f2e8faaacd1" member_type: VOTER last_known_addr { host: "127.14.160.131" port: 46803 } }
I20260601 13:42:06.938175 19588 leader_election.cc:290] T df9d668e55964c4583f3b796394358df P 3b33935348ad46cb867ec151d89ab72c [CANDIDATE]: Term 1 pre-election: Requested pre-vote from peers 0305e088904e4580b97b21a8c169e89e (127.14.160.130:44315), efe90c8df89c4600a2a66f2e8faaacd1 (127.14.160.131:46803)
I20260601 13:42:06.938694 19460 tablet_service.cc:1917] Received RequestConsensusVote() RPC: tablet_id: "df9d668e55964c4583f3b796394358df" candidate_uuid: "3b33935348ad46cb867ec151d89ab72c" candidate_term: 1 candidate_status { last_received { term: 0 index: 0 } } ignore_live_leader: false dest_uuid: "0305e088904e4580b97b21a8c169e89e" is_pre_election: true
I20260601 13:42:06.938694 19535 tablet_service.cc:1917] Received RequestConsensusVote() RPC: tablet_id: "df9d668e55964c4583f3b796394358df" candidate_uuid: "3b33935348ad46cb867ec151d89ab72c" candidate_term: 1 candidate_status { last_received { term: 0 index: 0 } } ignore_live_leader: false dest_uuid: "efe90c8df89c4600a2a66f2e8faaacd1" is_pre_election: true
I20260601 13:42:06.938862 19460 raft_consensus.cc:2468] T df9d668e55964c4583f3b796394358df P 0305e088904e4580b97b21a8c169e89e [term 0 FOLLOWER]: Leader pre-election vote request: Granting yes vote for candidate 3b33935348ad46cb867ec151d89ab72c in term 0.
I20260601 13:42:06.938872 19535 raft_consensus.cc:2468] T df9d668e55964c4583f3b796394358df P efe90c8df89c4600a2a66f2e8faaacd1 [term 0 FOLLOWER]: Leader pre-election vote request: Granting yes vote for candidate 3b33935348ad46cb867ec151d89ab72c in term 0.
I20260601 13:42:06.939180 19348 leader_election.cc:304] T df9d668e55964c4583f3b796394358df P 3b33935348ad46cb867ec151d89ab72c [CANDIDATE]: Term 1 pre-election: Election decided. Result: candidate won. Election summary: received 2 responses out of 3 voters: 2 yes votes; 0 no votes. yes voters: 3b33935348ad46cb867ec151d89ab72c, efe90c8df89c4600a2a66f2e8faaacd1; no voters: 
I20260601 13:42:06.939390 19588 raft_consensus.cc:2804] T df9d668e55964c4583f3b796394358df P 3b33935348ad46cb867ec151d89ab72c [term 0 FOLLOWER]: Leader pre-election won for term 1
I20260601 13:42:06.939455 19588 raft_consensus.cc:493] T df9d668e55964c4583f3b796394358df P 3b33935348ad46cb867ec151d89ab72c [term 0 FOLLOWER]: Starting leader election (no leader contacted us within the election timeout)
I20260601 13:42:06.939500 19588 raft_consensus.cc:3060] T df9d668e55964c4583f3b796394358df P 3b33935348ad46cb867ec151d89ab72c [term 0 FOLLOWER]: Advancing to term 1
I20260601 13:42:06.940402 19588 raft_consensus.cc:515] T df9d668e55964c4583f3b796394358df P 3b33935348ad46cb867ec151d89ab72c [term 1 FOLLOWER]: Starting leader election with config: opid_index: -1 OBSOLETE_local: false peers { permanent_uuid: "3b33935348ad46cb867ec151d89ab72c" member_type: VOTER last_known_addr { host: "127.14.160.129" port: 42829 } } peers { permanent_uuid: "0305e088904e4580b97b21a8c169e89e" member_type: VOTER last_known_addr { host: "127.14.160.130" port: 44315 } } peers { permanent_uuid: "efe90c8df89c4600a2a66f2e8faaacd1" member_type: VOTER last_known_addr { host: "127.14.160.131" port: 46803 } }
I20260601 13:42:06.940498 19639 raft_consensus.cc:493] T 93c4a42df5c841b69f8907d2d2f6be70 P 3b33935348ad46cb867ec151d89ab72c [term 0 FOLLOWER]: Starting pre-election (no leader contacted us within the election timeout)
I20260601 13:42:06.940587 19639 raft_consensus.cc:515] T 93c4a42df5c841b69f8907d2d2f6be70 P 3b33935348ad46cb867ec151d89ab72c [term 0 FOLLOWER]: Starting pre-election with config: opid_index: -1 OBSOLETE_local: false peers { permanent_uuid: "efe90c8df89c4600a2a66f2e8faaacd1" member_type: VOTER last_known_addr { host: "127.14.160.131" port: 46803 } } peers { permanent_uuid: "0305e088904e4580b97b21a8c169e89e" member_type: VOTER last_known_addr { host: "127.14.160.130" port: 44315 } } peers { permanent_uuid: "3b33935348ad46cb867ec151d89ab72c" member_type: VOTER last_known_addr { host: "127.14.160.129" port: 42829 } }
I20260601 13:42:06.940845 19588 leader_election.cc:290] T df9d668e55964c4583f3b796394358df P 3b33935348ad46cb867ec151d89ab72c [CANDIDATE]: Term 1 election: Requested vote from peers 0305e088904e4580b97b21a8c169e89e (127.14.160.130:44315), efe90c8df89c4600a2a66f2e8faaacd1 (127.14.160.131:46803)
I20260601 13:42:06.941131 19460 tablet_service.cc:1917] Received RequestConsensusVote() RPC: tablet_id: "df9d668e55964c4583f3b796394358df" candidate_uuid: "3b33935348ad46cb867ec151d89ab72c" candidate_term: 1 candidate_status { last_received { term: 0 index: 0 } } ignore_live_leader: false dest_uuid: "0305e088904e4580b97b21a8c169e89e"
I20260601 13:42:06.941154 19535 tablet_service.cc:1917] Received RequestConsensusVote() RPC: tablet_id: "93c4a42df5c841b69f8907d2d2f6be70" candidate_uuid: "3b33935348ad46cb867ec151d89ab72c" candidate_term: 1 candidate_status { last_received { term: 0 index: 0 } } ignore_live_leader: false dest_uuid: "efe90c8df89c4600a2a66f2e8faaacd1" is_pre_election: true
I20260601 13:42:06.941279 19534 tablet_service.cc:1917] Received RequestConsensusVote() RPC: tablet_id: "df9d668e55964c4583f3b796394358df" candidate_uuid: "3b33935348ad46cb867ec151d89ab72c" candidate_term: 1 candidate_status { last_received { term: 0 index: 0 } } ignore_live_leader: false dest_uuid: "efe90c8df89c4600a2a66f2e8faaacd1"
I20260601 13:42:06.941308 19535 raft_consensus.cc:2468] T 93c4a42df5c841b69f8907d2d2f6be70 P efe90c8df89c4600a2a66f2e8faaacd1 [term 0 FOLLOWER]: Leader pre-election vote request: Granting yes vote for candidate 3b33935348ad46cb867ec151d89ab72c in term 0.
I20260601 13:42:06.941395 19534 raft_consensus.cc:3060] T df9d668e55964c4583f3b796394358df P efe90c8df89c4600a2a66f2e8faaacd1 [term 0 FOLLOWER]: Advancing to term 1
I20260601 13:42:06.941536 19639 leader_election.cc:290] T 93c4a42df5c841b69f8907d2d2f6be70 P 3b33935348ad46cb867ec151d89ab72c [CANDIDATE]: Term 1 pre-election: Requested pre-vote from peers efe90c8df89c4600a2a66f2e8faaacd1 (127.14.160.131:46803), 0305e088904e4580b97b21a8c169e89e (127.14.160.130:44315)
I20260601 13:42:06.941567 19348 leader_election.cc:304] T 93c4a42df5c841b69f8907d2d2f6be70 P 3b33935348ad46cb867ec151d89ab72c [CANDIDATE]: Term 1 pre-election: Election decided. Result: candidate won. Election summary: received 2 responses out of 3 voters: 2 yes votes; 0 no votes. yes voters: 3b33935348ad46cb867ec151d89ab72c, efe90c8df89c4600a2a66f2e8faaacd1; no voters: 
I20260601 13:42:06.941748 19639 raft_consensus.cc:2804] T 93c4a42df5c841b69f8907d2d2f6be70 P 3b33935348ad46cb867ec151d89ab72c [term 0 FOLLOWER]: Leader pre-election won for term 1
I20260601 13:42:06.941809 19639 raft_consensus.cc:493] T 93c4a42df5c841b69f8907d2d2f6be70 P 3b33935348ad46cb867ec151d89ab72c [term 0 FOLLOWER]: Starting leader election (no leader contacted us within the election timeout)
I20260601 13:42:06.941845 19639 raft_consensus.cc:3060] T 93c4a42df5c841b69f8907d2d2f6be70 P 3b33935348ad46cb867ec151d89ab72c [term 0 FOLLOWER]: Advancing to term 1
I20260601 13:42:06.942469 19534 raft_consensus.cc:2468] T df9d668e55964c4583f3b796394358df P efe90c8df89c4600a2a66f2e8faaacd1 [term 1 FOLLOWER]: Leader election vote request: Granting yes vote for candidate 3b33935348ad46cb867ec151d89ab72c in term 1.
I20260601 13:42:06.942695 19459 tablet_service.cc:1917] Received RequestConsensusVote() RPC: tablet_id: "93c4a42df5c841b69f8907d2d2f6be70" candidate_uuid: "3b33935348ad46cb867ec151d89ab72c" candidate_term: 1 candidate_status { last_received { term: 0 index: 0 } } ignore_live_leader: false dest_uuid: "0305e088904e4580b97b21a8c169e89e" is_pre_election: true
I20260601 13:42:06.942728 19639 raft_consensus.cc:515] T 93c4a42df5c841b69f8907d2d2f6be70 P 3b33935348ad46cb867ec151d89ab72c [term 1 FOLLOWER]: Starting leader election with config: opid_index: -1 OBSOLETE_local: false peers { permanent_uuid: "efe90c8df89c4600a2a66f2e8faaacd1" member_type: VOTER last_known_addr { host: "127.14.160.131" port: 46803 } } peers { permanent_uuid: "0305e088904e4580b97b21a8c169e89e" member_type: VOTER last_known_addr { host: "127.14.160.130" port: 44315 } } peers { permanent_uuid: "3b33935348ad46cb867ec151d89ab72c" member_type: VOTER last_known_addr { host: "127.14.160.129" port: 42829 } }
I20260601 13:42:06.942745 19348 leader_election.cc:304] T df9d668e55964c4583f3b796394358df P 3b33935348ad46cb867ec151d89ab72c [CANDIDATE]: Term 1 election: Election decided. Result: candidate won. Election summary: received 2 responses out of 3 voters: 2 yes votes; 0 no votes. yes voters: 3b33935348ad46cb867ec151d89ab72c, efe90c8df89c4600a2a66f2e8faaacd1; no voters: 
I20260601 13:42:06.942816 19459 raft_consensus.cc:2468] T 93c4a42df5c841b69f8907d2d2f6be70 P 0305e088904e4580b97b21a8c169e89e [term 0 FOLLOWER]: Leader pre-election vote request: Granting yes vote for candidate 3b33935348ad46cb867ec151d89ab72c in term 0.
I20260601 13:42:06.942905 19588 raft_consensus.cc:2804] T df9d668e55964c4583f3b796394358df P 3b33935348ad46cb867ec151d89ab72c [term 1 FOLLOWER]: Leader election won for term 1
I20260601 13:42:06.941283 19460 raft_consensus.cc:3060] T df9d668e55964c4583f3b796394358df P 0305e088904e4580b97b21a8c169e89e [term 0 FOLLOWER]: Advancing to term 1
I20260601 13:42:06.943053 19639 leader_election.cc:290] T 93c4a42df5c841b69f8907d2d2f6be70 P 3b33935348ad46cb867ec151d89ab72c [CANDIDATE]: Term 1 election: Requested vote from peers efe90c8df89c4600a2a66f2e8faaacd1 (127.14.160.131:46803), 0305e088904e4580b97b21a8c169e89e (127.14.160.130:44315)
I20260601 13:42:06.943365 19588 raft_consensus.cc:697] T df9d668e55964c4583f3b796394358df P 3b33935348ad46cb867ec151d89ab72c [term 1 LEADER]: Becoming Leader. State: Replica: 3b33935348ad46cb867ec151d89ab72c, State: Running, Role: LEADER
I20260601 13:42:06.943390 19534 tablet_service.cc:1917] Received RequestConsensusVote() RPC: tablet_id: "93c4a42df5c841b69f8907d2d2f6be70" candidate_uuid: "3b33935348ad46cb867ec151d89ab72c" candidate_term: 1 candidate_status { last_received { term: 0 index: 0 } } ignore_live_leader: false dest_uuid: "efe90c8df89c4600a2a66f2e8faaacd1"
I20260601 13:42:06.943488 19534 raft_consensus.cc:3060] T 93c4a42df5c841b69f8907d2d2f6be70 P efe90c8df89c4600a2a66f2e8faaacd1 [term 0 FOLLOWER]: Advancing to term 1
I20260601 13:42:06.943529 19588 consensus_queue.cc:237] T df9d668e55964c4583f3b796394358df P 3b33935348ad46cb867ec151d89ab72c [LEADER]: Queue going to LEADER mode. State: All replicated index: 0, Majority replicated index: 0, Committed index: 0, Last appended: 0.0, Last appended by leader: 0, Current term: 1, Majority size: 2, State: 0, Mode: LEADER, active raft config: opid_index: -1 OBSOLETE_local: false peers { permanent_uuid: "3b33935348ad46cb867ec151d89ab72c" member_type: VOTER last_known_addr { host: "127.14.160.129" port: 42829 } } peers { permanent_uuid: "0305e088904e4580b97b21a8c169e89e" member_type: VOTER last_known_addr { host: "127.14.160.130" port: 44315 } } peers { permanent_uuid: "efe90c8df89c4600a2a66f2e8faaacd1" member_type: VOTER last_known_addr { host: "127.14.160.131" port: 46803 } }
I20260601 13:42:06.944098 19460 raft_consensus.cc:2468] T df9d668e55964c4583f3b796394358df P 0305e088904e4580b97b21a8c169e89e [term 1 FOLLOWER]: Leader election vote request: Granting yes vote for candidate 3b33935348ad46cb867ec151d89ab72c in term 1.
I20260601 13:42:06.944286 19534 raft_consensus.cc:2468] T 93c4a42df5c841b69f8907d2d2f6be70 P efe90c8df89c4600a2a66f2e8faaacd1 [term 1 FOLLOWER]: Leader election vote request: Granting yes vote for candidate 3b33935348ad46cb867ec151d89ab72c in term 1.
I20260601 13:42:06.943399 19459 tablet_service.cc:1917] Received RequestConsensusVote() RPC: tablet_id: "93c4a42df5c841b69f8907d2d2f6be70" candidate_uuid: "3b33935348ad46cb867ec151d89ab72c" candidate_term: 1 candidate_status { last_received { term: 0 index: 0 } } ignore_live_leader: false dest_uuid: "0305e088904e4580b97b21a8c169e89e"
I20260601 13:42:06.944511 19459 raft_consensus.cc:3060] T 93c4a42df5c841b69f8907d2d2f6be70 P 0305e088904e4580b97b21a8c169e89e [term 0 FOLLOWER]: Advancing to term 1
I20260601 13:42:06.944641 19348 leader_election.cc:304] T 93c4a42df5c841b69f8907d2d2f6be70 P 3b33935348ad46cb867ec151d89ab72c [CANDIDATE]: Term 1 election: Election decided. Result: candidate won. Election summary: received 2 responses out of 3 voters: 2 yes votes; 0 no votes. yes voters: 3b33935348ad46cb867ec151d89ab72c, efe90c8df89c4600a2a66f2e8faaacd1; no voters: 
I20260601 13:42:06.944953 19639 raft_consensus.cc:2804] T 93c4a42df5c841b69f8907d2d2f6be70 P 3b33935348ad46cb867ec151d89ab72c [term 1 FOLLOWER]: Leader election won for term 1
I20260601 13:42:06.945046 19639 raft_consensus.cc:697] T 93c4a42df5c841b69f8907d2d2f6be70 P 3b33935348ad46cb867ec151d89ab72c [term 1 LEADER]: Becoming Leader. State: Replica: 3b33935348ad46cb867ec151d89ab72c, State: Running, Role: LEADER
I20260601 13:42:06.945163 19639 consensus_queue.cc:237] T 93c4a42df5c841b69f8907d2d2f6be70 P 3b33935348ad46cb867ec151d89ab72c [LEADER]: Queue going to LEADER mode. State: All replicated index: 0, Majority replicated index: 0, Committed index: 0, Last appended: 0.0, Last appended by leader: 0, Current term: 1, Majority size: 2, State: 0, Mode: LEADER, active raft config: opid_index: -1 OBSOLETE_local: false peers { permanent_uuid: "efe90c8df89c4600a2a66f2e8faaacd1" member_type: VOTER last_known_addr { host: "127.14.160.131" port: 46803 } } peers { permanent_uuid: "0305e088904e4580b97b21a8c169e89e" member_type: VOTER last_known_addr { host: "127.14.160.130" port: 44315 } } peers { permanent_uuid: "3b33935348ad46cb867ec151d89ab72c" member_type: VOTER last_known_addr { host: "127.14.160.129" port: 42829 } }
I20260601 13:42:06.945398 19459 raft_consensus.cc:2468] T 93c4a42df5c841b69f8907d2d2f6be70 P 0305e088904e4580b97b21a8c169e89e [term 1 FOLLOWER]: Leader election vote request: Granting yes vote for candidate 3b33935348ad46cb867ec151d89ab72c in term 1.
I20260601 13:42:06.945431 19280 catalog_manager.cc:5696] T df9d668e55964c4583f3b796394358df P 3b33935348ad46cb867ec151d89ab72c reported cstate change: term changed from 0 to 1, leader changed from <none> to 3b33935348ad46cb867ec151d89ab72c (127.14.160.129). New cstate: current_term: 1 leader_uuid: "3b33935348ad46cb867ec151d89ab72c" committed_config { opid_index: -1 OBSOLETE_local: false peers { permanent_uuid: "3b33935348ad46cb867ec151d89ab72c" member_type: VOTER last_known_addr { host: "127.14.160.129" port: 42829 } health_report { overall_health: HEALTHY } } peers { permanent_uuid: "0305e088904e4580b97b21a8c169e89e" member_type: VOTER last_known_addr { host: "127.14.160.130" port: 44315 } health_report { overall_health: UNKNOWN } } peers { permanent_uuid: "efe90c8df89c4600a2a66f2e8faaacd1" member_type: VOTER last_known_addr { host: "127.14.160.131" port: 46803 } health_report { overall_health: UNKNOWN } } }
I20260601 13:42:06.948447 19280 catalog_manager.cc:5696] T 93c4a42df5c841b69f8907d2d2f6be70 P 3b33935348ad46cb867ec151d89ab72c reported cstate change: term changed from 0 to 1, leader changed from <none> to 3b33935348ad46cb867ec151d89ab72c (127.14.160.129). New cstate: current_term: 1 leader_uuid: "3b33935348ad46cb867ec151d89ab72c" committed_config { opid_index: -1 OBSOLETE_local: false peers { permanent_uuid: "efe90c8df89c4600a2a66f2e8faaacd1" member_type: VOTER last_known_addr { host: "127.14.160.131" port: 46803 } health_report { overall_health: UNKNOWN } } peers { permanent_uuid: "0305e088904e4580b97b21a8c169e89e" member_type: VOTER last_known_addr { host: "127.14.160.130" port: 44315 } health_report { overall_health: UNKNOWN } } peers { permanent_uuid: "3b33935348ad46cb867ec151d89ab72c" member_type: VOTER last_known_addr { host: "127.14.160.129" port: 42829 } health_report { overall_health: HEALTHY } } }
I20260601 13:42:06.983410 19384 raft_consensus.cc:1275] T 9c455f1d93df4699928e8137e9394f2a P 3b33935348ad46cb867ec151d89ab72c [term 1 FOLLOWER]: Refusing update from remote peer 0305e088904e4580b97b21a8c169e89e: Log matching property violated. Preceding OpId in replica: term: 0 index: 0. Preceding OpId from leader: term: 1 index: 2. (index mismatch)
I20260601 13:42:06.984139 19535 raft_consensus.cc:1275] T 617b441597134fa78b6b173492657fac P efe90c8df89c4600a2a66f2e8faaacd1 [term 1 FOLLOWER]: Refusing update from remote peer 0305e088904e4580b97b21a8c169e89e: Log matching property violated. Preceding OpId in replica: term: 0 index: 0. Preceding OpId from leader: term: 1 index: 2. (index mismatch)
I20260601 13:42:06.984520 19587 consensus_queue.cc:1048] T 617b441597134fa78b6b173492657fac P 0305e088904e4580b97b21a8c169e89e [LEADER]: Connected to new peer: Peer: permanent_uuid: "efe90c8df89c4600a2a66f2e8faaacd1" member_type: VOTER last_known_addr { host: "127.14.160.131" port: 46803 }, Status: LMP_MISMATCH, Last received: 0.0, Next index: 1, Last known committed idx: 0, Time since last communication: 0.000s
I20260601 13:42:06.986141 19535 raft_consensus.cc:1275] T ba73b588a7a5450a84c02a80b66ca728 P efe90c8df89c4600a2a66f2e8faaacd1 [term 1 FOLLOWER]: Refusing update from remote peer 0305e088904e4580b97b21a8c169e89e: Log matching property violated. Preceding OpId in replica: term: 0 index: 0. Preceding OpId from leader: term: 1 index: 2. (index mismatch)
I20260601 13:42:06.986541 19587 consensus_queue.cc:1048] T ba73b588a7a5450a84c02a80b66ca728 P 0305e088904e4580b97b21a8c169e89e [LEADER]: Connected to new peer: Peer: permanent_uuid: "efe90c8df89c4600a2a66f2e8faaacd1" member_type: VOTER last_known_addr { host: "127.14.160.131" port: 46803 }, Status: LMP_MISMATCH, Last received: 0.0, Next index: 1, Last known committed idx: 0, Time since last communication: 0.000s
I20260601 13:42:06.983410 19534 raft_consensus.cc:1275] T 9c455f1d93df4699928e8137e9394f2a P efe90c8df89c4600a2a66f2e8faaacd1 [term 1 FOLLOWER]: Refusing update from remote peer 0305e088904e4580b97b21a8c169e89e: Log matching property violated. Preceding OpId in replica: term: 0 index: 0. Preceding OpId from leader: term: 1 index: 2. (index mismatch)
I20260601 13:42:06.988540 19384 raft_consensus.cc:1275] T 617b441597134fa78b6b173492657fac P 3b33935348ad46cb867ec151d89ab72c [term 1 FOLLOWER]: Refusing update from remote peer 0305e088904e4580b97b21a8c169e89e: Log matching property violated. Preceding OpId in replica: term: 0 index: 0. Preceding OpId from leader: term: 1 index: 2. (index mismatch)
I20260601 13:42:06.988550 19383 raft_consensus.cc:1275] T ba73b588a7a5450a84c02a80b66ca728 P 3b33935348ad46cb867ec151d89ab72c [term 1 FOLLOWER]: Refusing update from remote peer 0305e088904e4580b97b21a8c169e89e: Log matching property violated. Preceding OpId in replica: term: 0 index: 0. Preceding OpId from leader: term: 1 index: 2. (index mismatch)
I20260601 13:42:06.988713 19587 consensus_queue.cc:1048] T 9c455f1d93df4699928e8137e9394f2a P 0305e088904e4580b97b21a8c169e89e [LEADER]: Connected to new peer: Peer: permanent_uuid: "3b33935348ad46cb867ec151d89ab72c" member_type: VOTER last_known_addr { host: "127.14.160.129" port: 42829 }, Status: LMP_MISMATCH, Last received: 0.0, Next index: 1, Last known committed idx: 0, Time since last communication: 0.000s
I20260601 13:42:06.988927 19631 consensus_queue.cc:1048] T 9c455f1d93df4699928e8137e9394f2a P 0305e088904e4580b97b21a8c169e89e [LEADER]: Connected to new peer: Peer: permanent_uuid: "efe90c8df89c4600a2a66f2e8faaacd1" member_type: VOTER last_known_addr { host: "127.14.160.131" port: 46803 }, Status: LMP_MISMATCH, Last received: 0.0, Next index: 1, Last known committed idx: 0, Time since last communication: 0.000s
I20260601 13:42:06.989198 19631 consensus_queue.cc:1048] T 617b441597134fa78b6b173492657fac P 0305e088904e4580b97b21a8c169e89e [LEADER]: Connected to new peer: Peer: permanent_uuid: "3b33935348ad46cb867ec151d89ab72c" member_type: VOTER last_known_addr { host: "127.14.160.129" port: 42829 }, Status: LMP_MISMATCH, Last received: 0.0, Next index: 1, Last known committed idx: 0, Time since last communication: 0.000s
I20260601 13:42:06.989454 19631 consensus_queue.cc:1048] T ba73b588a7a5450a84c02a80b66ca728 P 0305e088904e4580b97b21a8c169e89e [LEADER]: Connected to new peer: Peer: permanent_uuid: "3b33935348ad46cb867ec151d89ab72c" member_type: VOTER last_known_addr { host: "127.14.160.129" port: 42829 }, Status: LMP_MISMATCH, Last received: 0.0, Next index: 1, Last known committed idx: 0, Time since last communication: 0.000s
I20260601 13:42:06.991658 19459 raft_consensus.cc:1275] T df9d668e55964c4583f3b796394358df P 0305e088904e4580b97b21a8c169e89e [term 1 FOLLOWER]: Refusing update from remote peer 3b33935348ad46cb867ec151d89ab72c: Log matching property violated. Preceding OpId in replica: term: 0 index: 0. Preceding OpId from leader: term: 1 index: 2. (index mismatch)
I20260601 13:42:06.992123 19643 consensus_queue.cc:1048] T df9d668e55964c4583f3b796394358df P 3b33935348ad46cb867ec151d89ab72c [LEADER]: Connected to new peer: Peer: permanent_uuid: "0305e088904e4580b97b21a8c169e89e" member_type: VOTER last_known_addr { host: "127.14.160.130" port: 44315 }, Status: LMP_MISMATCH, Last received: 0.0, Next index: 1, Last known committed idx: 0, Time since last communication: 0.000s
I20260601 13:42:06.992789 19535 raft_consensus.cc:1275] T df9d668e55964c4583f3b796394358df P efe90c8df89c4600a2a66f2e8faaacd1 [term 1 FOLLOWER]: Refusing update from remote peer 3b33935348ad46cb867ec151d89ab72c: Log matching property violated. Preceding OpId in replica: term: 0 index: 0. Preceding OpId from leader: term: 1 index: 2. (index mismatch)
I20260601 13:42:06.993080 19460 raft_consensus.cc:1275] T 94ccda526be04639b4e8f612b352394a P 0305e088904e4580b97b21a8c169e89e [term 1 FOLLOWER]: Refusing update from remote peer 3b33935348ad46cb867ec151d89ab72c: Log matching property violated. Preceding OpId in replica: term: 0 index: 0. Preceding OpId from leader: term: 1 index: 2. (index mismatch)
I20260601 13:42:06.993270 19588 consensus_queue.cc:1048] T df9d668e55964c4583f3b796394358df P 3b33935348ad46cb867ec151d89ab72c [LEADER]: Connected to new peer: Peer: permanent_uuid: "efe90c8df89c4600a2a66f2e8faaacd1" member_type: VOTER last_known_addr { host: "127.14.160.131" port: 46803 }, Status: LMP_MISMATCH, Last received: 0.0, Next index: 1, Last known committed idx: 0, Time since last communication: 0.000s
I20260601 13:42:06.994115 19532 raft_consensus.cc:1275] T c1fd02b956514fc38eb6d4035c25bbf5 P efe90c8df89c4600a2a66f2e8faaacd1 [term 1 FOLLOWER]: Refusing update from remote peer 3b33935348ad46cb867ec151d89ab72c: Log matching property violated. Preceding OpId in replica: term: 0 index: 0. Preceding OpId from leader: term: 1 index: 2. (index mismatch)
I20260601 13:42:06.994415 19534 raft_consensus.cc:1275] T 94ccda526be04639b4e8f612b352394a P efe90c8df89c4600a2a66f2e8faaacd1 [term 1 FOLLOWER]: Refusing update from remote peer 3b33935348ad46cb867ec151d89ab72c: Log matching property violated. Preceding OpId in replica: term: 0 index: 0. Preceding OpId from leader: term: 1 index: 2. (index mismatch)
I20260601 13:42:06.997678 19639 consensus_queue.cc:1048] T c1fd02b956514fc38eb6d4035c25bbf5 P 3b33935348ad46cb867ec151d89ab72c [LEADER]: Connected to new peer: Peer: permanent_uuid: "efe90c8df89c4600a2a66f2e8faaacd1" member_type: VOTER last_known_addr { host: "127.14.160.131" port: 46803 }, Status: LMP_MISMATCH, Last received: 0.0, Next index: 1, Last known committed idx: 0, Time since last communication: 0.000s
I20260601 13:42:06.997946 19639 consensus_queue.cc:1048] T 94ccda526be04639b4e8f612b352394a P 3b33935348ad46cb867ec151d89ab72c [LEADER]: Connected to new peer: Peer: permanent_uuid: "efe90c8df89c4600a2a66f2e8faaacd1" member_type: VOTER last_known_addr { host: "127.14.160.131" port: 46803 }, Status: LMP_MISMATCH, Last received: 0.0, Next index: 1, Last known committed idx: 0, Time since last communication: 0.000s
I20260601 13:42:06.998591 19531 raft_consensus.cc:1275] T 93c4a42df5c841b69f8907d2d2f6be70 P efe90c8df89c4600a2a66f2e8faaacd1 [term 1 FOLLOWER]: Refusing update from remote peer 3b33935348ad46cb867ec151d89ab72c: Log matching property violated. Preceding OpId in replica: term: 0 index: 0. Preceding OpId from leader: term: 1 index: 2. (index mismatch)
I20260601 13:42:06.998992 19588 consensus_queue.cc:1048] T 93c4a42df5c841b69f8907d2d2f6be70 P 3b33935348ad46cb867ec151d89ab72c [LEADER]: Connected to new peer: Peer: permanent_uuid: "efe90c8df89c4600a2a66f2e8faaacd1" member_type: VOTER last_known_addr { host: "127.14.160.131" port: 46803 }, Status: LMP_MISMATCH, Last received: 0.0, Next index: 1, Last known committed idx: 0, Time since last communication: 0.000s
I20260601 13:42:07.000546 19458 raft_consensus.cc:1275] T 93c4a42df5c841b69f8907d2d2f6be70 P 0305e088904e4580b97b21a8c169e89e [term 1 FOLLOWER]: Refusing update from remote peer 3b33935348ad46cb867ec151d89ab72c: Log matching property violated. Preceding OpId in replica: term: 0 index: 0. Preceding OpId from leader: term: 1 index: 2. (index mismatch)
I20260601 13:42:07.001012 19588 consensus_queue.cc:1048] T 94ccda526be04639b4e8f612b352394a P 3b33935348ad46cb867ec151d89ab72c [LEADER]: Connected to new peer: Peer: permanent_uuid: "0305e088904e4580b97b21a8c169e89e" member_type: VOTER last_known_addr { host: "127.14.160.130" port: 44315 }, Status: LMP_MISMATCH, Last received: 0.0, Next index: 1, Last known committed idx: 0, Time since last communication: 0.000s
I20260601 13:42:07.001436 19460 raft_consensus.cc:1275] T c1fd02b956514fc38eb6d4035c25bbf5 P 0305e088904e4580b97b21a8c169e89e [term 1 FOLLOWER]: Refusing update from remote peer 3b33935348ad46cb867ec151d89ab72c: Log matching property violated. Preceding OpId in replica: term: 0 index: 0. Preceding OpId from leader: term: 1 index: 2. (index mismatch)
I20260601 13:42:07.002972 19588 consensus_queue.cc:1048] T 93c4a42df5c841b69f8907d2d2f6be70 P 3b33935348ad46cb867ec151d89ab72c [LEADER]: Connected to new peer: Peer: permanent_uuid: "0305e088904e4580b97b21a8c169e89e" member_type: VOTER last_known_addr { host: "127.14.160.130" port: 44315 }, Status: LMP_MISMATCH, Last received: 0.0, Next index: 1, Last known committed idx: 0, Time since last communication: 0.000s
I20260601 13:42:07.003700 19588 consensus_queue.cc:1048] T c1fd02b956514fc38eb6d4035c25bbf5 P 3b33935348ad46cb867ec151d89ab72c [LEADER]: Connected to new peer: Peer: permanent_uuid: "0305e088904e4580b97b21a8c169e89e" member_type: VOTER last_known_addr { host: "127.14.160.130" port: 44315 }, Status: LMP_MISMATCH, Last received: 0.0, Next index: 1, Last known committed idx: 0, Time since last communication: 0.000s
I20260601 13:42:07.008169 19456 raft_consensus.cc:1275] T 46496974efb44e80b0d0aac16bec4616 P 0305e088904e4580b97b21a8c169e89e [term 1 FOLLOWER]: Refusing update from remote peer efe90c8df89c4600a2a66f2e8faaacd1: Log matching property violated. Preceding OpId in replica: term: 0 index: 0. Preceding OpId from leader: term: 1 index: 2. (index mismatch)
I20260601 13:42:07.008574 19605 consensus_queue.cc:1048] T 46496974efb44e80b0d0aac16bec4616 P efe90c8df89c4600a2a66f2e8faaacd1 [LEADER]: Connected to new peer: Peer: permanent_uuid: "0305e088904e4580b97b21a8c169e89e" member_type: VOTER last_known_addr { host: "127.14.160.130" port: 44315 }, Status: LMP_MISMATCH, Last received: 0.0, Next index: 1, Last known committed idx: 0, Time since last communication: 0.000s
I20260601 13:42:07.009878 19587 raft_consensus.cc:493] T d56a207c5da34a6bb4288363a3fa6dac P 0305e088904e4580b97b21a8c169e89e [term 0 FOLLOWER]: Starting pre-election (no leader contacted us within the election timeout)
I20260601 13:42:07.009956 19587 raft_consensus.cc:515] T d56a207c5da34a6bb4288363a3fa6dac P 0305e088904e4580b97b21a8c169e89e [term 0 FOLLOWER]: Starting pre-election with config: opid_index: -1 OBSOLETE_local: false peers { permanent_uuid: "3b33935348ad46cb867ec151d89ab72c" member_type: VOTER last_known_addr { host: "127.14.160.129" port: 42829 } } peers { permanent_uuid: "0305e088904e4580b97b21a8c169e89e" member_type: VOTER last_known_addr { host: "127.14.160.130" port: 44315 } } peers { permanent_uuid: "efe90c8df89c4600a2a66f2e8faaacd1" member_type: VOTER last_known_addr { host: "127.14.160.131" port: 46803 } }
I20260601 13:42:07.010316 19587 leader_election.cc:290] T d56a207c5da34a6bb4288363a3fa6dac P 0305e088904e4580b97b21a8c169e89e [CANDIDATE]: Term 1 pre-election: Requested pre-vote from peers 3b33935348ad46cb867ec151d89ab72c (127.14.160.129:42829), efe90c8df89c4600a2a66f2e8faaacd1 (127.14.160.131:46803)
I20260601 13:42:07.010797 19530 tablet_service.cc:1917] Received RequestConsensusVote() RPC: tablet_id: "d56a207c5da34a6bb4288363a3fa6dac" candidate_uuid: "0305e088904e4580b97b21a8c169e89e" candidate_term: 1 candidate_status { last_received { term: 0 index: 0 } } ignore_live_leader: false dest_uuid: "efe90c8df89c4600a2a66f2e8faaacd1" is_pre_election: true
I20260601 13:42:07.011831 19382 tablet_service.cc:1917] Received RequestConsensusVote() RPC: tablet_id: "d56a207c5da34a6bb4288363a3fa6dac" candidate_uuid: "0305e088904e4580b97b21a8c169e89e" candidate_term: 1 candidate_status { last_received { term: 0 index: 0 } } ignore_live_leader: false dest_uuid: "3b33935348ad46cb867ec151d89ab72c" is_pre_election: true
I20260601 13:42:07.011961 19382 raft_consensus.cc:2393] T d56a207c5da34a6bb4288363a3fa6dac P 3b33935348ad46cb867ec151d89ab72c [term 1 FOLLOWER]: Leader pre-election vote request: Denying vote to candidate 0305e088904e4580b97b21a8c169e89e in current term 1: Already voted for candidate efe90c8df89c4600a2a66f2e8faaacd1 in this term.
I20260601 13:42:07.011966 19381 raft_consensus.cc:1275] T 46496974efb44e80b0d0aac16bec4616 P 3b33935348ad46cb867ec151d89ab72c [term 1 FOLLOWER]: Refusing update from remote peer efe90c8df89c4600a2a66f2e8faaacd1: Log matching property violated. Preceding OpId in replica: term: 0 index: 0. Preceding OpId from leader: term: 1 index: 2. (index mismatch)
I20260601 13:42:07.012388 19425 leader_election.cc:304] T d56a207c5da34a6bb4288363a3fa6dac P 0305e088904e4580b97b21a8c169e89e [CANDIDATE]: Term 1 pre-election: Election decided. Result: candidate lost. Election summary: received 3 responses out of 3 voters: 1 yes votes; 2 no votes. yes voters: 0305e088904e4580b97b21a8c169e89e; no voters: 3b33935348ad46cb867ec151d89ab72c, efe90c8df89c4600a2a66f2e8faaacd1
I20260601 13:42:07.012578 19663 raft_consensus.cc:3060] T d56a207c5da34a6bb4288363a3fa6dac P 0305e088904e4580b97b21a8c169e89e [term 0 FOLLOWER]: Advancing to term 1
I20260601 13:42:07.014492 19605 consensus_queue.cc:1048] T 46496974efb44e80b0d0aac16bec4616 P efe90c8df89c4600a2a66f2e8faaacd1 [LEADER]: Connected to new peer: Peer: permanent_uuid: "3b33935348ad46cb867ec151d89ab72c" member_type: VOTER last_known_addr { host: "127.14.160.129" port: 42829 }, Status: LMP_MISMATCH, Last received: 0.0, Next index: 1, Last known committed idx: 0, Time since last communication: 0.000s
I20260601 13:42:07.020310 19653 mvcc.cc:204] Tried to move back new op lower bound from 7292196155343114240 to 7292196153821634560. Current Snapshot: MvccSnapshot[applied={T|T < 7292196155343114240 or (T in {7292196155343114240})}]
I20260601 13:42:07.020679 19455 raft_consensus.cc:1275] T fa966804fd734240a09500b2d53d0f10 P 0305e088904e4580b97b21a8c169e89e [term 1 FOLLOWER]: Refusing update from remote peer efe90c8df89c4600a2a66f2e8faaacd1: Log matching property violated. Preceding OpId in replica: term: 0 index: 0. Preceding OpId from leader: term: 1 index: 2. (index mismatch)
I20260601 13:42:07.020681 19382 raft_consensus.cc:1275] T fa966804fd734240a09500b2d53d0f10 P 3b33935348ad46cb867ec151d89ab72c [term 1 FOLLOWER]: Refusing update from remote peer efe90c8df89c4600a2a66f2e8faaacd1: Log matching property violated. Preceding OpId in replica: term: 0 index: 0. Preceding OpId from leader: term: 1 index: 2. (index mismatch)
I20260601 13:42:07.021160 19605 consensus_queue.cc:1048] T fa966804fd734240a09500b2d53d0f10 P efe90c8df89c4600a2a66f2e8faaacd1 [LEADER]: Connected to new peer: Peer: permanent_uuid: "0305e088904e4580b97b21a8c169e89e" member_type: VOTER last_known_addr { host: "127.14.160.130" port: 44315 }, Status: LMP_MISMATCH, Last received: 0.0, Next index: 1, Last known committed idx: 0, Time since last communication: 0.000s
I20260601 13:42:07.021548 19605 consensus_queue.cc:1048] T fa966804fd734240a09500b2d53d0f10 P efe90c8df89c4600a2a66f2e8faaacd1 [LEADER]: Connected to new peer: Peer: permanent_uuid: "3b33935348ad46cb867ec151d89ab72c" member_type: VOTER last_known_addr { host: "127.14.160.129" port: 42829 }, Status: LMP_MISMATCH, Last received: 0.0, Next index: 1, Last known committed idx: 0, Time since last communication: 0.000s
I20260601 13:42:07.023154 19380 raft_consensus.cc:1275] T 08fef52a133b4fc3986a14fd8aedbe5c P 3b33935348ad46cb867ec151d89ab72c [term 1 FOLLOWER]: Refusing update from remote peer efe90c8df89c4600a2a66f2e8faaacd1: Log matching property violated. Preceding OpId in replica: term: 0 index: 0. Preceding OpId from leader: term: 1 index: 2. (index mismatch)
I20260601 13:42:07.023656 19663 raft_consensus.cc:2749] T d56a207c5da34a6bb4288363a3fa6dac P 0305e088904e4580b97b21a8c169e89e [term 1 FOLLOWER]: Leader pre-election lost for term 1. Reason: could not achieve majority
I20260601 13:42:07.023720 19605 consensus_queue.cc:1048] T 08fef52a133b4fc3986a14fd8aedbe5c P efe90c8df89c4600a2a66f2e8faaacd1 [LEADER]: Connected to new peer: Peer: permanent_uuid: "3b33935348ad46cb867ec151d89ab72c" member_type: VOTER last_known_addr { host: "127.14.160.129" port: 42829 }, Status: LMP_MISMATCH, Last received: 0.0, Next index: 1, Last known committed idx: 0, Time since last communication: 0.000s
I20260601 13:42:07.023941 19455 raft_consensus.cc:1275] T 08fef52a133b4fc3986a14fd8aedbe5c P 0305e088904e4580b97b21a8c169e89e [term 1 FOLLOWER]: Refusing update from remote peer efe90c8df89c4600a2a66f2e8faaacd1: Log matching property violated. Preceding OpId in replica: term: 0 index: 0. Preceding OpId from leader: term: 1 index: 2. (index mismatch)
I20260601 13:42:07.025606 19380 raft_consensus.cc:1275] T 7cafd98e230a442ea696532b883bf0d8 P 3b33935348ad46cb867ec151d89ab72c [term 1 FOLLOWER]: Refusing update from remote peer efe90c8df89c4600a2a66f2e8faaacd1: Log matching property violated. Preceding OpId in replica: term: 0 index: 0. Preceding OpId from leader: term: 1 index: 2. (index mismatch)
I20260601 13:42:07.026086 19455 raft_consensus.cc:3060] T 7cafd98e230a442ea696532b883bf0d8 P 0305e088904e4580b97b21a8c169e89e [term 0 FOLLOWER]: Advancing to term 1
I20260601 13:42:07.026083 19605 consensus_queue.cc:1048] T 7cafd98e230a442ea696532b883bf0d8 P efe90c8df89c4600a2a66f2e8faaacd1 [LEADER]: Connected to new peer: Peer: permanent_uuid: "3b33935348ad46cb867ec151d89ab72c" member_type: VOTER last_known_addr { host: "127.14.160.129" port: 42829 }, Status: LMP_MISMATCH, Last received: 0.0, Next index: 1, Last known committed idx: 0, Time since last communication: 0.000s
I20260601 13:42:07.026335 19618 consensus_queue.cc:1048] T 08fef52a133b4fc3986a14fd8aedbe5c P efe90c8df89c4600a2a66f2e8faaacd1 [LEADER]: Connected to new peer: Peer: permanent_uuid: "0305e088904e4580b97b21a8c169e89e" member_type: VOTER last_known_addr { host: "127.14.160.130" port: 44315 }, Status: LMP_MISMATCH, Last received: 0.0, Next index: 1, Last known committed idx: 0, Time since last communication: 0.000s
I20260601 13:42:07.027166 19455 raft_consensus.cc:1275] T 7cafd98e230a442ea696532b883bf0d8 P 0305e088904e4580b97b21a8c169e89e [term 1 FOLLOWER]: Refusing update from remote peer efe90c8df89c4600a2a66f2e8faaacd1: Log matching property violated. Preceding OpId in replica: term: 0 index: 0. Preceding OpId from leader: term: 1 index: 2. (index mismatch)
I20260601 13:42:07.028607 19618 consensus_queue.cc:1048] T 7cafd98e230a442ea696532b883bf0d8 P efe90c8df89c4600a2a66f2e8faaacd1 [LEADER]: Connected to new peer: Peer: permanent_uuid: "0305e088904e4580b97b21a8c169e89e" member_type: VOTER last_known_addr { host: "127.14.160.130" port: 44315 }, Status: LMP_MISMATCH, Last received: 0.0, Next index: 1, Last known committed idx: 0, Time since last communication: 0.000s
I20260601 13:42:07.030055 19457 raft_consensus.cc:1275] T d56a207c5da34a6bb4288363a3fa6dac P 0305e088904e4580b97b21a8c169e89e [term 1 FOLLOWER]: Refusing update from remote peer efe90c8df89c4600a2a66f2e8faaacd1: Log matching property violated. Preceding OpId in replica: term: 0 index: 0. Preceding OpId from leader: term: 1 index: 2. (index mismatch)
I20260601 13:42:07.030463 19605 consensus_queue.cc:1048] T d56a207c5da34a6bb4288363a3fa6dac P efe90c8df89c4600a2a66f2e8faaacd1 [LEADER]: Connected to new peer: Peer: permanent_uuid: "0305e088904e4580b97b21a8c169e89e" member_type: VOTER last_known_addr { host: "127.14.160.130" port: 44315 }, Status: LMP_MISMATCH, Last received: 0.0, Next index: 1, Last known committed idx: 0, Time since last communication: 0.000s
I20260601 13:42:07.032214 19378 raft_consensus.cc:1275] T d56a207c5da34a6bb4288363a3fa6dac P 3b33935348ad46cb867ec151d89ab72c [term 1 FOLLOWER]: Refusing update from remote peer efe90c8df89c4600a2a66f2e8faaacd1: Log matching property violated. Preceding OpId in replica: term: 0 index: 0. Preceding OpId from leader: term: 1 index: 2. (index mismatch)
I20260601 13:42:07.032567 19605 consensus_queue.cc:1048] T d56a207c5da34a6bb4288363a3fa6dac P efe90c8df89c4600a2a66f2e8faaacd1 [LEADER]: Connected to new peer: Peer: permanent_uuid: "3b33935348ad46cb867ec151d89ab72c" member_type: VOTER last_known_addr { host: "127.14.160.129" port: 42829 }, Status: LMP_MISMATCH, Last received: 0.0, Next index: 1, Last known committed idx: 0, Time since last communication: 0.000s
I20260601 13:42:07.045827 19696 mvcc.cc:204] Tried to move back new op lower bound from 7292196155319451648 to 7292196153902309376. Current Snapshot: MvccSnapshot[applied={T|T < 7292196155319451648}]
I20260601 13:42:07.065454 19697 mvcc.cc:204] Tried to move back new op lower bound from 7292196155502125056 to 7292196153630523392. Current Snapshot: MvccSnapshot[applied={T|T < 7292196155486769152}]
I20260601 13:42:07.500164 14978 file_cache.cc:492] Constructed file cache file cache with capacity 419430
W20260601 13:42:07.502794 19722 instance_detector.cc:116] could not retrieve AWS instance metadata: Network error: curl error: HTTP response code said error: The requested URL returned error: 404
W20260601 13:42:07.503378 19723 instance_detector.cc:116] could not retrieve Azure instance metadata: Network error: curl error: HTTP response code said error: The requested URL returned error: 404
I20260601 13:42:07.504658 14978 server_base.cc:1061] running on GCE node
W20260601 13:42:07.506067 19725 instance_detector.cc:116] could not retrieve OpenStack instance metadata: Network error: curl error: HTTP response code said error: The requested URL returned error: 404
I20260601 13:42:07.506429 14978 hybrid_clock.cc:584] initializing the hybrid clock with 'system_unsync' time source
W20260601 13:42:07.506480 14978 system_unsync_time.cc:38] NTP support is disabled. Clock error bounds will not be accurate. This configuration is not suitable for distributed clusters.
I20260601 13:42:07.506503 14978 hybrid_clock.cc:648] HybridClock initialized: now 1780321327506502 us; error 0 us; skew 500 ppm
I20260601 13:42:07.507640 14978 webserver.cc:533] Webserver started at http://127.14.160.132:42227/ using document root <none> and password file <none>
I20260601 13:42:07.507829 14978 fs_manager.cc:362] Metadata directory not provided
I20260601 13:42:07.507890 14978 fs_manager.cc:368] Using write-ahead log directory (fs_wal_dir) as metadata directory
I20260601 13:42:07.507957 14978 server_base.cc:909] This appears to be a new deployment of Kudu; creating new FS layout
I20260601 13:42:07.508276 14978 fs_manager.cc:1068] Generated new instance metadata in path /tmp/dist-test-task68CoUF/test-tmp/auto_rebalancer-test.0.AutoRebalancerTest.TestMaxMovesPerServer.1780321223800344-14978-0/minicluster-data/ts-3-root/instance:
uuid: "bf23aac53c81402da2e4d524ea1bca87"
format_stamp: "Formatted at 2026-06-01 13:42:07 on dist-test-slave-1ccs"
I20260601 13:42:07.509629 14978 fs_manager.cc:696] Time spent creating directory manager: real 0.001s	user 0.002s	sys 0.000s
I20260601 13:42:07.510463 19730 log_block_manager.cc:4031] Time spent loading block containers with low live blocks: real 0.000s	user 0.000s	sys 0.000s
I20260601 13:42:07.510701 14978 fs_manager.cc:730] Time spent opening block manager: real 0.001s	user 0.001s	sys 0.000s
I20260601 13:42:07.510789 14978 fs_manager.cc:647] Opened local filesystem: /tmp/dist-test-task68CoUF/test-tmp/auto_rebalancer-test.0.AutoRebalancerTest.TestMaxMovesPerServer.1780321223800344-14978-0/minicluster-data/ts-3-root
uuid: "bf23aac53c81402da2e4d524ea1bca87"
format_stamp: "Formatted at 2026-06-01 13:42:07 on dist-test-slave-1ccs"
I20260601 13:42:07.510864 14978 fs_report.cc:389] FS layout report
--------------------
wal directory: /tmp/dist-test-task68CoUF/test-tmp/auto_rebalancer-test.0.AutoRebalancerTest.TestMaxMovesPerServer.1780321223800344-14978-0/minicluster-data/ts-3-root
metadata directory: /tmp/dist-test-task68CoUF/test-tmp/auto_rebalancer-test.0.AutoRebalancerTest.TestMaxMovesPerServer.1780321223800344-14978-0/minicluster-data/ts-3-root
1 data directories: /tmp/dist-test-task68CoUF/test-tmp/auto_rebalancer-test.0.AutoRebalancerTest.TestMaxMovesPerServer.1780321223800344-14978-0/minicluster-data/ts-3-root/data
Total live blocks: 0
Total live bytes: 0
Total live bytes (after alignment): 0
Total number of LBM containers: 0 (0 full)
Did not check for missing blocks
Did not check for orphaned blocks
Total full LBM containers with extra space: 0 (0 repaired)
Total full LBM container extra space in bytes: 0 (0 repaired)
Total incomplete LBM containers: 0 (0 repaired)
Total LBM partial records: 0 (0 repaired)
Total corrupted LBM metadata records in RocksDB: 0 (0 repaired)
I20260601 13:42:07.519644 14978 rpc_server.cc:225] running with OpenSSL 1.1.1  11 Sep 2018
I20260601 13:42:07.520048 14978 kserver.cc:163] Server-wide thread pool size limit: 3276
I20260601 13:42:07.520344 14978 txn_system_client.cc:432] TxnSystemClient initialization is disabled...
I20260601 13:42:07.520813 14978 ts_tablet_manager.cc:585] Loaded tablet metadata (0 total tablets, 0 live tablets)
I20260601 13:42:07.520876 14978 ts_tablet_manager.cc:531] Time spent load tablet metadata: real 0.000s	user 0.000s	sys 0.000s
I20260601 13:42:07.520934 14978 ts_tablet_manager.cc:616] Registered 0 tablets
I20260601 13:42:07.520969 14978 ts_tablet_manager.cc:595] Time spent register tablets: real 0.000s	user 0.000s	sys 0.000s
I20260601 13:42:07.525693 14978 rpc_server.cc:307] RPC server started. Bound to: 127.14.160.132:33375
I20260601 13:42:07.525753 19793 acceptor_pool.cc:272] collecting diagnostics on the listening RPC socket 127.14.160.132:33375 every 8 connection(s)
I20260601 13:42:07.526612 14978 file_cache.cc:492] Constructed file cache file cache with capacity 419430
W20260601 13:42:07.528518 19798 instance_detector.cc:116] could not retrieve AWS instance metadata: Network error: curl error: HTTP response code said error: The requested URL returned error: 404
