I20260601 13:41:50.017067 18554 rpc_server.cc:307] RPC server started. Bound to: 127.18.30.190:35037
I20260601 13:41:50.019577 22557 acceptor_pool.cc:272] collecting diagnostics on the listening RPC socket 127.18.30.190:35037 every 8 connection(s)
I20260601 13:41:50.020186 22558 data_dirs.cc:400] Could only allocate 1 dirs of requested 3 for tablet 00000000000000000000000000000000. 1 dirs total, 0 dirs full, 0 dirs failed
I20260601 13:41:50.022423 22558 tablet_bootstrap.cc:492] T 00000000000000000000000000000000 P f1f329418c8e431786ce7f81c6464b49: Bootstrap starting.
I20260601 13:41:50.023588 22558 tablet_bootstrap.cc:654] T 00000000000000000000000000000000 P f1f329418c8e431786ce7f81c6464b49: Neither blocks nor log segments found. Creating new log.
I20260601 13:41:50.024932 22558 tablet_bootstrap.cc:492] T 00000000000000000000000000000000 P f1f329418c8e431786ce7f81c6464b49: No bootstrap required, opened a new log
I20260601 13:41:50.025369 22558 raft_consensus.cc:359] T 00000000000000000000000000000000 P f1f329418c8e431786ce7f81c6464b49 [term 0 FOLLOWER]: Replica starting. Triggering 0 pending ops. Active config: opid_index: -1 OBSOLETE_local: true peers { permanent_uuid: "f1f329418c8e431786ce7f81c6464b49" member_type: VOTER }
I20260601 13:41:50.025514 22558 raft_consensus.cc:385] T 00000000000000000000000000000000 P f1f329418c8e431786ce7f81c6464b49 [term 0 FOLLOWER]: Consensus starting up: Expiring failure detector timer to make a prompt election more likely
I20260601 13:41:50.025538 22558 raft_consensus.cc:740] T 00000000000000000000000000000000 P f1f329418c8e431786ce7f81c6464b49 [term 0 FOLLOWER]: Becoming Follower/Learner. State: Replica: f1f329418c8e431786ce7f81c6464b49, State: Initialized, Role: FOLLOWER
I20260601 13:41:50.025662 22558 consensus_queue.cc:260] T 00000000000000000000000000000000 P f1f329418c8e431786ce7f81c6464b49 [NON_LEADER]: Queue going to NON_LEADER mode. State: All replicated index: 0, Majority replicated index: 0, Committed index: 0, Last appended: 0.0, Last appended by leader: 0, Current term: 0, Majority size: -1, State: 0, Mode: NON_LEADER, active raft config: opid_index: -1 OBSOLETE_local: true peers { permanent_uuid: "f1f329418c8e431786ce7f81c6464b49" member_type: VOTER }
I20260601 13:41:50.025722 22558 raft_consensus.cc:399] T 00000000000000000000000000000000 P f1f329418c8e431786ce7f81c6464b49 [term 0 FOLLOWER]: Only one voter in the Raft config. Triggering election immediately
I20260601 13:41:50.025749 22558 raft_consensus.cc:493] T 00000000000000000000000000000000 P f1f329418c8e431786ce7f81c6464b49 [term 0 FOLLOWER]: Starting leader election (initial election of a single-replica configuration)
I20260601 13:41:50.025782 22558 raft_consensus.cc:3060] T 00000000000000000000000000000000 P f1f329418c8e431786ce7f81c6464b49 [term 0 FOLLOWER]: Advancing to term 1
I20260601 13:41:50.026589 22558 raft_consensus.cc:515] T 00000000000000000000000000000000 P f1f329418c8e431786ce7f81c6464b49 [term 1 FOLLOWER]: Starting leader election with config: opid_index: -1 OBSOLETE_local: true peers { permanent_uuid: "f1f329418c8e431786ce7f81c6464b49" member_type: VOTER }
I20260601 13:41:50.026714 22558 leader_election.cc:304] T 00000000000000000000000000000000 P f1f329418c8e431786ce7f81c6464b49 [CANDIDATE]: Term 1 election: Election decided. Result: candidate won. Election summary: received 1 responses out of 1 voters: 1 yes votes; 0 no votes. yes voters: f1f329418c8e431786ce7f81c6464b49; no voters: 
I20260601 13:41:50.026897 22558 leader_election.cc:290] T 00000000000000000000000000000000 P f1f329418c8e431786ce7f81c6464b49 [CANDIDATE]: Term 1 election: Requested vote from peers 
I20260601 13:41:50.027051 22561 raft_consensus.cc:2804] T 00000000000000000000000000000000 P f1f329418c8e431786ce7f81c6464b49 [term 1 FOLLOWER]: Leader election won for term 1
I20260601 13:41:50.027287 22561 raft_consensus.cc:697] T 00000000000000000000000000000000 P f1f329418c8e431786ce7f81c6464b49 [term 1 LEADER]: Becoming Leader. State: Replica: f1f329418c8e431786ce7f81c6464b49, State: Running, Role: LEADER
I20260601 13:41:50.027438 22558 sys_catalog.cc:565] T 00000000000000000000000000000000 P f1f329418c8e431786ce7f81c6464b49 [sys.catalog]: configured and running, proceeding with master startup.
I20260601 13:41:50.027463 22561 consensus_queue.cc:237] T 00000000000000000000000000000000 P f1f329418c8e431786ce7f81c6464b49 [LEADER]: Queue going to LEADER mode. State: All replicated index: 0, Majority replicated index: 0, Committed index: 0, Last appended: 0.0, Last appended by leader: 0, Current term: 1, Majority size: 1, State: 0, Mode: LEADER, active raft config: opid_index: -1 OBSOLETE_local: true peers { permanent_uuid: "f1f329418c8e431786ce7f81c6464b49" member_type: VOTER }
I20260601 13:41:50.027985 22562 sys_catalog.cc:455] T 00000000000000000000000000000000 P f1f329418c8e431786ce7f81c6464b49 [sys.catalog]: SysCatalogTable state changed. Reason: RaftConsensus started. Latest consensus state: current_term: 1 leader_uuid: "f1f329418c8e431786ce7f81c6464b49" committed_config { opid_index: -1 OBSOLETE_local: true peers { permanent_uuid: "f1f329418c8e431786ce7f81c6464b49" member_type: VOTER } }
I20260601 13:41:50.028017 22563 sys_catalog.cc:455] T 00000000000000000000000000000000 P f1f329418c8e431786ce7f81c6464b49 [sys.catalog]: SysCatalogTable state changed. Reason: New leader f1f329418c8e431786ce7f81c6464b49. Latest consensus state: current_term: 1 leader_uuid: "f1f329418c8e431786ce7f81c6464b49" committed_config { opid_index: -1 OBSOLETE_local: true peers { permanent_uuid: "f1f329418c8e431786ce7f81c6464b49" member_type: VOTER } }
I20260601 13:41:50.028084 22562 sys_catalog.cc:458] T 00000000000000000000000000000000 P f1f329418c8e431786ce7f81c6464b49 [sys.catalog]: This master's current role is: LEADER
I20260601 13:41:50.028100 22563 sys_catalog.cc:458] T 00000000000000000000000000000000 P f1f329418c8e431786ce7f81c6464b49 [sys.catalog]: This master's current role is: LEADER
I20260601 13:41:50.028378 22566 catalog_manager.cc:1510] Loading table and tablet metadata into memory...
I20260601 13:41:50.029287 22566 catalog_manager.cc:1519] Initializing Kudu cluster ID...
I20260601 13:41:50.029559 18554 internal_mini_cluster.cc:184] Waiting to initialize catalog manager on master 0
I20260601 13:41:50.031342 22566 catalog_manager.cc:1382] Generated new cluster ID: 10582d536ef24d28ad4f17e9dbd8a073
I20260601 13:41:50.031409 22566 catalog_manager.cc:1530] Initializing Kudu internal certificate authority...
I20260601 13:41:50.042614 22566 catalog_manager.cc:1405] Generated new certificate authority record
I20260601 13:41:50.043205 22566 catalog_manager.cc:1539] Loading token signing keys...
I20260601 13:41:50.048674 22566 catalog_manager.cc:6069] T 00000000000000000000000000000000 P f1f329418c8e431786ce7f81c6464b49: Generated new TSK 0
I20260601 13:41:50.048846 22566 catalog_manager.cc:1549] Initializing in-progress tserver states...
I20260601 13:41:50.062001 18554 file_cache.cc:492] Constructed file cache file cache with capacity 419430
W20260601 13:41:50.064451 22582 instance_detector.cc:116] could not retrieve OpenStack instance metadata: Network error: curl error: HTTP response code said error: The requested URL returned error: 404
W20260601 13:41:50.064535 22579 instance_detector.cc:116] could not retrieve AWS instance metadata: Network error: curl error: HTTP response code said error: The requested URL returned error: 404
I20260601 13:41:50.064666 18554 server_base.cc:1061] running on GCE node
W20260601 13:41:50.064451 22580 instance_detector.cc:116] could not retrieve Azure instance metadata: Network error: curl error: HTTP response code said error: The requested URL returned error: 404
I20260601 13:41:50.064903 18554 hybrid_clock.cc:584] initializing the hybrid clock with 'system_unsync' time source
W20260601 13:41:50.064957 18554 system_unsync_time.cc:38] NTP support is disabled. Clock error bounds will not be accurate. This configuration is not suitable for distributed clusters.
I20260601 13:41:50.064971 18554 hybrid_clock.cc:648] HybridClock initialized: now 1780321310064971 us; error 0 us; skew 500 ppm
I20260601 13:41:50.065775 18554 webserver.cc:533] Webserver started at http://127.18.30.129:37239/ using document root <none> and password file <none>
I20260601 13:41:50.065900 18554 fs_manager.cc:362] Metadata directory not provided
I20260601 13:41:50.065944 18554 fs_manager.cc:368] Using write-ahead log directory (fs_wal_dir) as metadata directory
I20260601 13:41:50.066004 18554 server_base.cc:909] This appears to be a new deployment of Kudu; creating new FS layout
I20260601 13:41:50.066362 18554 fs_manager.cc:1068] Generated new instance metadata in path /tmp/dist-test-taskNxF5P8/test-tmp/auto_rebalancer-test.0.AutoRebalancerTest.NoReplicaMovesIfCannotFixPlacementPolicy.1780321219540825-18554-0/minicluster-data/ts-0-root/instance:
uuid: "34aca5fef7774ef98558c74eacb846db"
format_stamp: "Formatted at 2026-06-01 13:41:50 on dist-test-slave-zp1n"
I20260601 13:41:50.067800 18554 fs_manager.cc:696] Time spent creating directory manager: real 0.001s	user 0.001s	sys 0.001s
I20260601 13:41:50.068735 22587 log_block_manager.cc:4031] Time spent loading block containers with low live blocks: real 0.000s	user 0.000s	sys 0.000s
I20260601 13:41:50.069114 18554 fs_manager.cc:730] Time spent opening block manager: real 0.001s	user 0.001s	sys 0.000s
I20260601 13:41:50.069188 18554 fs_manager.cc:647] Opened local filesystem: /tmp/dist-test-taskNxF5P8/test-tmp/auto_rebalancer-test.0.AutoRebalancerTest.NoReplicaMovesIfCannotFixPlacementPolicy.1780321219540825-18554-0/minicluster-data/ts-0-root
uuid: "34aca5fef7774ef98558c74eacb846db"
format_stamp: "Formatted at 2026-06-01 13:41:50 on dist-test-slave-zp1n"
I20260601 13:41:50.069270 18554 fs_report.cc:389] FS layout report
--------------------
wal directory: /tmp/dist-test-taskNxF5P8/test-tmp/auto_rebalancer-test.0.AutoRebalancerTest.NoReplicaMovesIfCannotFixPlacementPolicy.1780321219540825-18554-0/minicluster-data/ts-0-root
metadata directory: /tmp/dist-test-taskNxF5P8/test-tmp/auto_rebalancer-test.0.AutoRebalancerTest.NoReplicaMovesIfCannotFixPlacementPolicy.1780321219540825-18554-0/minicluster-data/ts-0-root
1 data directories: /tmp/dist-test-taskNxF5P8/test-tmp/auto_rebalancer-test.0.AutoRebalancerTest.NoReplicaMovesIfCannotFixPlacementPolicy.1780321219540825-18554-0/minicluster-data/ts-0-root/data
Total live blocks: 0
Total live bytes: 0
Total live bytes (after alignment): 0
Total number of LBM containers: 0 (0 full)
Did not check for missing blocks
Did not check for orphaned blocks
Total full LBM containers with extra space: 0 (0 repaired)
Total full LBM container extra space in bytes: 0 (0 repaired)
Total incomplete LBM containers: 0 (0 repaired)
Total LBM partial records: 0 (0 repaired)
Total corrupted LBM metadata records in RocksDB: 0 (0 repaired)
I20260601 13:41:50.079133 18554 rpc_server.cc:225] running with OpenSSL 1.1.1  11 Sep 2018
I20260601 13:41:50.079600 18554 kserver.cc:163] Server-wide thread pool size limit: 3276
I20260601 13:41:50.079903 18554 txn_system_client.cc:432] TxnSystemClient initialization is disabled...
I20260601 13:41:50.080458 18554 ts_tablet_manager.cc:585] Loaded tablet metadata (0 total tablets, 0 live tablets)
I20260601 13:41:50.080500 18554 ts_tablet_manager.cc:531] Time spent load tablet metadata: real 0.000s	user 0.000s	sys 0.000s
I20260601 13:41:50.080535 18554 ts_tablet_manager.cc:616] Registered 0 tablets
I20260601 13:41:50.080565 18554 ts_tablet_manager.cc:595] Time spent register tablets: real 0.000s	user 0.000s	sys 0.000s
I20260601 13:41:50.085312 18554 rpc_server.cc:307] RPC server started. Bound to: 127.18.30.129:40885
I20260601 13:41:50.085391 22650 acceptor_pool.cc:272] collecting diagnostics on the listening RPC socket 127.18.30.129:40885 every 8 connection(s)
I20260601 13:41:50.086326 18554 file_cache.cc:492] Constructed file cache file cache with capacity 419430
W20260601 13:41:50.088577 22655 instance_detector.cc:116] could not retrieve AWS instance metadata: Network error: curl error: HTTP response code said error: The requested URL returned error: 404
W20260601 13:41:50.088622 22656 instance_detector.cc:116] could not retrieve Azure instance metadata: Network error: curl error: HTTP response code said error: The requested URL returned error: 404
I20260601 13:41:50.088994 18554 server_base.cc:1061] running on GCE node
W20260601 13:41:50.088594 22658 instance_detector.cc:116] could not retrieve OpenStack instance metadata: Network error: curl error: HTTP response code said error: The requested URL returned error: 404
I20260601 13:41:50.089277 18554 hybrid_clock.cc:584] initializing the hybrid clock with 'system_unsync' time source
W20260601 13:41:50.089318 18554 system_unsync_time.cc:38] NTP support is disabled. Clock error bounds will not be accurate. This configuration is not suitable for distributed clusters.
I20260601 13:41:50.089339 18554 hybrid_clock.cc:648] HybridClock initialized: now 1780321310089338 us; error 0 us; skew 500 ppm
I20260601 13:41:50.090426 18554 webserver.cc:533] Webserver started at http://127.18.30.130:46687/ using document root <none> and password file <none>
I20260601 13:41:50.090566 18554 fs_manager.cc:362] Metadata directory not provided
I20260601 13:41:50.090622 18554 fs_manager.cc:368] Using write-ahead log directory (fs_wal_dir) as metadata directory
I20260601 13:41:50.090682 18554 server_base.cc:909] This appears to be a new deployment of Kudu; creating new FS layout
I20260601 13:41:50.091018 18554 fs_manager.cc:1068] Generated new instance metadata in path /tmp/dist-test-taskNxF5P8/test-tmp/auto_rebalancer-test.0.AutoRebalancerTest.NoReplicaMovesIfCannotFixPlacementPolicy.1780321219540825-18554-0/minicluster-data/ts-1-root/instance:
uuid: "41b90f273b224f9e9b9692a794079ae4"
format_stamp: "Formatted at 2026-06-01 13:41:50 on dist-test-slave-zp1n"
I20260601 13:41:50.092394 18554 fs_manager.cc:696] Time spent creating directory manager: real 0.001s	user 0.002s	sys 0.000s
I20260601 13:41:50.093380 22663 log_block_manager.cc:4031] Time spent loading block containers with low live blocks: real 0.000s	user 0.000s	sys 0.000s
I20260601 13:41:50.093741 18554 fs_manager.cc:730] Time spent opening block manager: real 0.001s	user 0.001s	sys 0.000s
I20260601 13:41:50.093842 18554 fs_manager.cc:647] Opened local filesystem: /tmp/dist-test-taskNxF5P8/test-tmp/auto_rebalancer-test.0.AutoRebalancerTest.NoReplicaMovesIfCannotFixPlacementPolicy.1780321219540825-18554-0/minicluster-data/ts-1-root
uuid: "41b90f273b224f9e9b9692a794079ae4"
format_stamp: "Formatted at 2026-06-01 13:41:50 on dist-test-slave-zp1n"
I20260601 13:41:50.093940 18554 fs_report.cc:389] FS layout report
--------------------
wal directory: /tmp/dist-test-taskNxF5P8/test-tmp/auto_rebalancer-test.0.AutoRebalancerTest.NoReplicaMovesIfCannotFixPlacementPolicy.1780321219540825-18554-0/minicluster-data/ts-1-root
metadata directory: /tmp/dist-test-taskNxF5P8/test-tmp/auto_rebalancer-test.0.AutoRebalancerTest.NoReplicaMovesIfCannotFixPlacementPolicy.1780321219540825-18554-0/minicluster-data/ts-1-root
1 data directories: /tmp/dist-test-taskNxF5P8/test-tmp/auto_rebalancer-test.0.AutoRebalancerTest.NoReplicaMovesIfCannotFixPlacementPolicy.1780321219540825-18554-0/minicluster-data/ts-1-root/data
Total live blocks: 0
Total live bytes: 0
Total live bytes (after alignment): 0
Total number of LBM containers: 0 (0 full)
Did not check for missing blocks
Did not check for orphaned blocks
Total full LBM containers with extra space: 0 (0 repaired)
Total full LBM container extra space in bytes: 0 (0 repaired)
Total incomplete LBM containers: 0 (0 repaired)
Total LBM partial records: 0 (0 repaired)
Total corrupted LBM metadata records in RocksDB: 0 (0 repaired)
I20260601 13:41:50.094997 22651 heartbeater.cc:344] Connected to a master server at 127.18.30.190:35037
I20260601 13:41:50.095137 22651 heartbeater.cc:461] Registering TS with master...
I20260601 13:41:50.095433 22651 heartbeater.cc:507] Master 127.18.30.190:35037 requested a full tablet report, sending...
I20260601 13:41:50.096144 22522 ts_manager.cc:194] Registered new tserver with Master: 34aca5fef7774ef98558c74eacb846db (127.18.30.129:40885)
I20260601 13:41:50.096961 22522 master_service.cc:502] Signed X509 certificate for tserver {username='slave'} at 127.0.0.1:60504
I20260601 13:41:50.107985 18554 rpc_server.cc:225] running with OpenSSL 1.1.1  11 Sep 2018
I20260601 13:41:50.108425 18554 kserver.cc:163] Server-wide thread pool size limit: 3276
I20260601 13:41:50.108711 18554 txn_system_client.cc:432] TxnSystemClient initialization is disabled...
I20260601 13:41:50.109193 18554 ts_tablet_manager.cc:585] Loaded tablet metadata (0 total tablets, 0 live tablets)
I20260601 13:41:50.109236 18554 ts_tablet_manager.cc:531] Time spent load tablet metadata: real 0.000s	user 0.000s	sys 0.000s
I20260601 13:41:50.109274 18554 ts_tablet_manager.cc:616] Registered 0 tablets
I20260601 13:41:50.109293 18554 ts_tablet_manager.cc:595] Time spent register tablets: real 0.000s	user 0.000s	sys 0.000s
I20260601 13:41:50.113850 18554 rpc_server.cc:307] RPC server started. Bound to: 127.18.30.130:35207
I20260601 13:41:50.114060 22726 acceptor_pool.cc:272] collecting diagnostics on the listening RPC socket 127.18.30.130:35207 every 8 connection(s)
I20260601 13:41:50.114730 18554 file_cache.cc:492] Constructed file cache file cache with capacity 419430
W20260601 13:41:50.116783 22730 instance_detector.cc:116] could not retrieve AWS instance metadata: Network error: curl error: HTTP response code said error: The requested URL returned error: 404
W20260601 13:41:50.116844 22733 instance_detector.cc:116] could not retrieve OpenStack instance metadata: Network error: curl error: HTTP response code said error: The requested URL returned error: 404
I20260601 13:41:50.117045 18554 server_base.cc:1061] running on GCE node
W20260601 13:41:50.117137 22731 instance_detector.cc:116] could not retrieve Azure instance metadata: Network error: curl error: HTTP response code said error: The requested URL returned error: 404
I20260601 13:41:50.117504 18554 hybrid_clock.cc:584] initializing the hybrid clock with 'system_unsync' time source
W20260601 13:41:50.117559 18554 system_unsync_time.cc:38] NTP support is disabled. Clock error bounds will not be accurate. This configuration is not suitable for distributed clusters.
I20260601 13:41:50.117583 18554 hybrid_clock.cc:648] HybridClock initialized: now 1780321310117582 us; error 0 us; skew 500 ppm
I20260601 13:41:50.118702 18554 webserver.cc:533] Webserver started at http://127.18.30.131:46373/ using document root <none> and password file <none>
I20260601 13:41:50.118885 18554 fs_manager.cc:362] Metadata directory not provided
I20260601 13:41:50.118942 18554 fs_manager.cc:368] Using write-ahead log directory (fs_wal_dir) as metadata directory
I20260601 13:41:50.119025 18554 server_base.cc:909] This appears to be a new deployment of Kudu; creating new FS layout
I20260601 13:41:50.119542 18554 fs_manager.cc:1068] Generated new instance metadata in path /tmp/dist-test-taskNxF5P8/test-tmp/auto_rebalancer-test.0.AutoRebalancerTest.NoReplicaMovesIfCannotFixPlacementPolicy.1780321219540825-18554-0/minicluster-data/ts-2-root/instance:
uuid: "668046ec562d466b9ee2823cbfe3deeb"
format_stamp: "Formatted at 2026-06-01 13:41:50 on dist-test-slave-zp1n"
I20260601 13:41:50.119724 22727 heartbeater.cc:344] Connected to a master server at 127.18.30.190:35037
I20260601 13:41:50.119819 22727 heartbeater.cc:461] Registering TS with master...
I20260601 13:41:50.119993 22727 heartbeater.cc:507] Master 127.18.30.190:35037 requested a full tablet report, sending...
I20260601 13:41:50.120607 22522 ts_manager.cc:194] Registered new tserver with Master: 41b90f273b224f9e9b9692a794079ae4 (127.18.30.130:35207)
I20260601 13:41:50.121129 22522 master_service.cc:502] Signed X509 certificate for tserver {username='slave'} at 127.0.0.1:60520
I20260601 13:41:50.121246 18554 fs_manager.cc:696] Time spent creating directory manager: real 0.001s	user 0.001s	sys 0.000s
I20260601 13:41:50.122300 22738 log_block_manager.cc:4031] Time spent loading block containers with low live blocks: real 0.000s	user 0.000s	sys 0.000s
I20260601 13:41:50.122547 18554 fs_manager.cc:730] Time spent opening block manager: real 0.001s	user 0.001s	sys 0.000s
I20260601 13:41:50.122617 18554 fs_manager.cc:647] Opened local filesystem: /tmp/dist-test-taskNxF5P8/test-tmp/auto_rebalancer-test.0.AutoRebalancerTest.NoReplicaMovesIfCannotFixPlacementPolicy.1780321219540825-18554-0/minicluster-data/ts-2-root
uuid: "668046ec562d466b9ee2823cbfe3deeb"
format_stamp: "Formatted at 2026-06-01 13:41:50 on dist-test-slave-zp1n"
I20260601 13:41:50.122695 18554 fs_report.cc:389] FS layout report
--------------------
wal directory: /tmp/dist-test-taskNxF5P8/test-tmp/auto_rebalancer-test.0.AutoRebalancerTest.NoReplicaMovesIfCannotFixPlacementPolicy.1780321219540825-18554-0/minicluster-data/ts-2-root
metadata directory: /tmp/dist-test-taskNxF5P8/test-tmp/auto_rebalancer-test.0.AutoRebalancerTest.NoReplicaMovesIfCannotFixPlacementPolicy.1780321219540825-18554-0/minicluster-data/ts-2-root
1 data directories: /tmp/dist-test-taskNxF5P8/test-tmp/auto_rebalancer-test.0.AutoRebalancerTest.NoReplicaMovesIfCannotFixPlacementPolicy.1780321219540825-18554-0/minicluster-data/ts-2-root/data
Total live blocks: 0
Total live bytes: 0
Total live bytes (after alignment): 0
Total number of LBM containers: 0 (0 full)
Did not check for missing blocks
Did not check for orphaned blocks
Total full LBM containers with extra space: 0 (0 repaired)
Total full LBM container extra space in bytes: 0 (0 repaired)
Total incomplete LBM containers: 0 (0 repaired)
Total LBM partial records: 0 (0 repaired)
Total corrupted LBM metadata records in RocksDB: 0 (0 repaired)
I20260601 13:41:50.132068 18554 rpc_server.cc:225] running with OpenSSL 1.1.1  11 Sep 2018
I20260601 13:41:50.132588 18554 kserver.cc:163] Server-wide thread pool size limit: 3276
I20260601 13:41:50.132917 18554 txn_system_client.cc:432] TxnSystemClient initialization is disabled...
I20260601 13:41:50.133441 18554 ts_tablet_manager.cc:585] Loaded tablet metadata (0 total tablets, 0 live tablets)
I20260601 13:41:50.133486 18554 ts_tablet_manager.cc:531] Time spent load tablet metadata: real 0.000s	user 0.000s	sys 0.000s
I20260601 13:41:50.133529 18554 ts_tablet_manager.cc:616] Registered 0 tablets
I20260601 13:41:50.133559 18554 ts_tablet_manager.cc:595] Time spent register tablets: real 0.000s	user 0.000s	sys 0.000s
I20260601 13:41:50.138794 18554 rpc_server.cc:307] RPC server started. Bound to: 127.18.30.131:35645
I20260601 13:41:50.138857 22801 acceptor_pool.cc:272] collecting diagnostics on the listening RPC socket 127.18.30.131:35645 every 8 connection(s)
I20260601 13:41:50.143754 22802 heartbeater.cc:344] Connected to a master server at 127.18.30.190:35037
I20260601 13:41:50.143858 22802 heartbeater.cc:461] Registering TS with master...
I20260601 13:41:50.144073 22802 heartbeater.cc:507] Master 127.18.30.190:35037 requested a full tablet report, sending...
I20260601 13:41:50.144670 22522 ts_manager.cc:194] Registered new tserver with Master: 668046ec562d466b9ee2823cbfe3deeb (127.18.30.131:35645)
I20260601 13:41:50.144910 18554 internal_mini_cluster.cc:371] 3 TS(s) registered with all masters after 0.005679058s
I20260601 13:41:50.145195 22522 master_service.cc:502] Signed X509 certificate for tserver {username='slave'} at 127.0.0.1:60530
I20260601 13:41:51.098078 22651 heartbeater.cc:499] Master 127.18.30.190:35037 was elected leader, sending a full tablet report...
I20260601 13:41:51.122069 22727 heartbeater.cc:499] Master 127.18.30.190:35037 was elected leader, sending a full tablet report...
I20260601 13:41:51.146111 22802 heartbeater.cc:499] Master 127.18.30.190:35037 was elected leader, sending a full tablet report...
I20260601 13:41:51.185621 22522 catalog_manager.cc:2282] Servicing CreateTable request from {username='slave'} at 127.0.0.1:60546:
name: "test-workload"
schema {
  columns {
    name: "key"
    type: INT32
    is_key: true
    is_nullable: false
    encoding: AUTO_ENCODING
    compression: DEFAULT_COMPRESSION
    cfile_block_size: 0
    immutable: false
  }
  columns {
    name: "int_val"
    type: INT32
    is_key: false
    is_nullable: false
    encoding: AUTO_ENCODING
    compression: DEFAULT_COMPRESSION
    cfile_block_size: 0
    immutable: false
  }
  columns {
    name: "string_val"
    type: STRING
    is_key: false
    is_nullable: true
    encoding: AUTO_ENCODING
    compression: DEFAULT_COMPRESSION
    cfile_block_size: 0
    immutable: false
  }
}
num_replicas: 3
split_rows_range_bounds {
}
partition_schema {
  range_schema {
    columns {
      name: "key"
    }
  }
}
W20260601 13:41:51.186201 22522 catalog_manager.cc:7076] The number of live tablet servers is not enough to re-replicate a tablet replica of the newly created table test-workload in case of a server failure: 4 tablet servers would be needed, 3 are available. Consider bringing up more tablet servers.
I20260601 13:41:51.197134 22691 tablet_service.cc:1511] Processing CreateTablet for tablet 700a2fa88e534650acf4ebb973c6e1d1 (DEFAULT_TABLE table=test-workload [id=1845c52154294170878b861f65537b18]), partition=RANGE (key) PARTITION UNBOUNDED
I20260601 13:41:51.197583 22691 data_dirs.cc:400] Could only allocate 1 dirs of requested 3 for tablet 700a2fa88e534650acf4ebb973c6e1d1. 1 dirs total, 0 dirs full, 0 dirs failed
I20260601 13:41:51.197582 22766 tablet_service.cc:1511] Processing CreateTablet for tablet 700a2fa88e534650acf4ebb973c6e1d1 (DEFAULT_TABLE table=test-workload [id=1845c52154294170878b861f65537b18]), partition=RANGE (key) PARTITION UNBOUNDED
I20260601 13:41:51.197582 22615 tablet_service.cc:1511] Processing CreateTablet for tablet 700a2fa88e534650acf4ebb973c6e1d1 (DEFAULT_TABLE table=test-workload [id=1845c52154294170878b861f65537b18]), partition=RANGE (key) PARTITION UNBOUNDED
I20260601 13:41:51.197986 22766 data_dirs.cc:400] Could only allocate 1 dirs of requested 3 for tablet 700a2fa88e534650acf4ebb973c6e1d1. 1 dirs total, 0 dirs full, 0 dirs failed
I20260601 13:41:51.198122 22615 data_dirs.cc:400] Could only allocate 1 dirs of requested 3 for tablet 700a2fa88e534650acf4ebb973c6e1d1. 1 dirs total, 0 dirs full, 0 dirs failed
I20260601 13:41:51.200773 22823 tablet_bootstrap.cc:492] T 700a2fa88e534650acf4ebb973c6e1d1 P 41b90f273b224f9e9b9692a794079ae4: Bootstrap starting.
I20260601 13:41:51.201061 22825 tablet_bootstrap.cc:492] T 700a2fa88e534650acf4ebb973c6e1d1 P 668046ec562d466b9ee2823cbfe3deeb: Bootstrap starting.
I20260601 13:41:51.201207 22824 tablet_bootstrap.cc:492] T 700a2fa88e534650acf4ebb973c6e1d1 P 34aca5fef7774ef98558c74eacb846db: Bootstrap starting.
I20260601 13:41:51.202073 22825 tablet_bootstrap.cc:654] T 700a2fa88e534650acf4ebb973c6e1d1 P 668046ec562d466b9ee2823cbfe3deeb: Neither blocks nor log segments found. Creating new log.
I20260601 13:41:51.202073 22823 tablet_bootstrap.cc:654] T 700a2fa88e534650acf4ebb973c6e1d1 P 41b90f273b224f9e9b9692a794079ae4: Neither blocks nor log segments found. Creating new log.
I20260601 13:41:51.202437 22824 tablet_bootstrap.cc:654] T 700a2fa88e534650acf4ebb973c6e1d1 P 34aca5fef7774ef98558c74eacb846db: Neither blocks nor log segments found. Creating new log.
I20260601 13:41:51.203236 22825 tablet_bootstrap.cc:492] T 700a2fa88e534650acf4ebb973c6e1d1 P 668046ec562d466b9ee2823cbfe3deeb: No bootstrap required, opened a new log
I20260601 13:41:51.203336 22825 ts_tablet_manager.cc:1403] T 700a2fa88e534650acf4ebb973c6e1d1 P 668046ec562d466b9ee2823cbfe3deeb: Time spent bootstrapping tablet: real 0.002s	user 0.002s	sys 0.000s
I20260601 13:41:51.203739 22825 raft_consensus.cc:359] T 700a2fa88e534650acf4ebb973c6e1d1 P 668046ec562d466b9ee2823cbfe3deeb [term 0 FOLLOWER]: Replica starting. Triggering 0 pending ops. Active config: opid_index: -1 OBSOLETE_local: false peers { permanent_uuid: "41b90f273b224f9e9b9692a794079ae4" member_type: VOTER last_known_addr { host: "127.18.30.130" port: 35207 } } peers { permanent_uuid: "668046ec562d466b9ee2823cbfe3deeb" member_type: VOTER last_known_addr { host: "127.18.30.131" port: 35645 } } peers { permanent_uuid: "34aca5fef7774ef98558c74eacb846db" member_type: VOTER last_known_addr { host: "127.18.30.129" port: 40885 } }
I20260601 13:41:51.203835 22825 raft_consensus.cc:385] T 700a2fa88e534650acf4ebb973c6e1d1 P 668046ec562d466b9ee2823cbfe3deeb [term 0 FOLLOWER]: Consensus starting up: Expiring failure detector timer to make a prompt election more likely
I20260601 13:41:51.203866 22825 raft_consensus.cc:740] T 700a2fa88e534650acf4ebb973c6e1d1 P 668046ec562d466b9ee2823cbfe3deeb [term 0 FOLLOWER]: Becoming Follower/Learner. State: Replica: 668046ec562d466b9ee2823cbfe3deeb, State: Initialized, Role: FOLLOWER
I20260601 13:41:51.203990 22825 consensus_queue.cc:260] T 700a2fa88e534650acf4ebb973c6e1d1 P 668046ec562d466b9ee2823cbfe3deeb [NON_LEADER]: Queue going to NON_LEADER mode. State: All replicated index: 0, Majority replicated index: 0, Committed index: 0, Last appended: 0.0, Last appended by leader: 0, Current term: 0, Majority size: -1, State: 0, Mode: NON_LEADER, active raft config: opid_index: -1 OBSOLETE_local: false peers { permanent_uuid: "41b90f273b224f9e9b9692a794079ae4" member_type: VOTER last_known_addr { host: "127.18.30.130" port: 35207 } } peers { permanent_uuid: "668046ec562d466b9ee2823cbfe3deeb" member_type: VOTER last_known_addr { host: "127.18.30.131" port: 35645 } } peers { permanent_uuid: "34aca5fef7774ef98558c74eacb846db" member_type: VOTER last_known_addr { host: "127.18.30.129" port: 40885 } }
I20260601 13:41:51.204294 22825 ts_tablet_manager.cc:1434] T 700a2fa88e534650acf4ebb973c6e1d1 P 668046ec562d466b9ee2823cbfe3deeb: Time spent starting tablet: real 0.001s	user 0.001s	sys 0.000s
I20260601 13:41:51.205093 22823 tablet_bootstrap.cc:492] T 700a2fa88e534650acf4ebb973c6e1d1 P 41b90f273b224f9e9b9692a794079ae4: No bootstrap required, opened a new log
I20260601 13:41:51.205093 22824 tablet_bootstrap.cc:492] T 700a2fa88e534650acf4ebb973c6e1d1 P 34aca5fef7774ef98558c74eacb846db: No bootstrap required, opened a new log
I20260601 13:41:51.205482 22823 ts_tablet_manager.cc:1403] T 700a2fa88e534650acf4ebb973c6e1d1 P 41b90f273b224f9e9b9692a794079ae4: Time spent bootstrapping tablet: real 0.005s	user 0.001s	sys 0.002s
I20260601 13:41:51.205564 22824 ts_tablet_manager.cc:1403] T 700a2fa88e534650acf4ebb973c6e1d1 P 34aca5fef7774ef98558c74eacb846db: Time spent bootstrapping tablet: real 0.004s	user 0.002s	sys 0.000s
I20260601 13:41:51.206046 22824 raft_consensus.cc:359] T 700a2fa88e534650acf4ebb973c6e1d1 P 34aca5fef7774ef98558c74eacb846db [term 0 FOLLOWER]: Replica starting. Triggering 0 pending ops. Active config: opid_index: -1 OBSOLETE_local: false peers { permanent_uuid: "41b90f273b224f9e9b9692a794079ae4" member_type: VOTER last_known_addr { host: "127.18.30.130" port: 35207 } } peers { permanent_uuid: "668046ec562d466b9ee2823cbfe3deeb" member_type: VOTER last_known_addr { host: "127.18.30.131" port: 35645 } } peers { permanent_uuid: "34aca5fef7774ef98558c74eacb846db" member_type: VOTER last_known_addr { host: "127.18.30.129" port: 40885 } }
I20260601 13:41:51.206194 22824 raft_consensus.cc:385] T 700a2fa88e534650acf4ebb973c6e1d1 P 34aca5fef7774ef98558c74eacb846db [term 0 FOLLOWER]: Consensus starting up: Expiring failure detector timer to make a prompt election more likely
I20260601 13:41:51.206046 22823 raft_consensus.cc:359] T 700a2fa88e534650acf4ebb973c6e1d1 P 41b90f273b224f9e9b9692a794079ae4 [term 0 FOLLOWER]: Replica starting. Triggering 0 pending ops. Active config: opid_index: -1 OBSOLETE_local: false peers { permanent_uuid: "41b90f273b224f9e9b9692a794079ae4" member_type: VOTER last_known_addr { host: "127.18.30.130" port: 35207 } } peers { permanent_uuid: "668046ec562d466b9ee2823cbfe3deeb" member_type: VOTER last_known_addr { host: "127.18.30.131" port: 35645 } } peers { permanent_uuid: "34aca5fef7774ef98558c74eacb846db" member_type: VOTER last_known_addr { host: "127.18.30.129" port: 40885 } }
I20260601 13:41:51.206236 22824 raft_consensus.cc:740] T 700a2fa88e534650acf4ebb973c6e1d1 P 34aca5fef7774ef98558c74eacb846db [term 0 FOLLOWER]: Becoming Follower/Learner. State: Replica: 34aca5fef7774ef98558c74eacb846db, State: Initialized, Role: FOLLOWER
I20260601 13:41:51.206254 22823 raft_consensus.cc:385] T 700a2fa88e534650acf4ebb973c6e1d1 P 41b90f273b224f9e9b9692a794079ae4 [term 0 FOLLOWER]: Consensus starting up: Expiring failure detector timer to make a prompt election more likely
I20260601 13:41:51.206313 22823 raft_consensus.cc:740] T 700a2fa88e534650acf4ebb973c6e1d1 P 41b90f273b224f9e9b9692a794079ae4 [term 0 FOLLOWER]: Becoming Follower/Learner. State: Replica: 41b90f273b224f9e9b9692a794079ae4, State: Initialized, Role: FOLLOWER
I20260601 13:41:51.206403 22824 consensus_queue.cc:260] T 700a2fa88e534650acf4ebb973c6e1d1 P 34aca5fef7774ef98558c74eacb846db [NON_LEADER]: Queue going to NON_LEADER mode. State: All replicated index: 0, Majority replicated index: 0, Committed index: 0, Last appended: 0.0, Last appended by leader: 0, Current term: 0, Majority size: -1, State: 0, Mode: NON_LEADER, active raft config: opid_index: -1 OBSOLETE_local: false peers { permanent_uuid: "41b90f273b224f9e9b9692a794079ae4" member_type: VOTER last_known_addr { host: "127.18.30.130" port: 35207 } } peers { permanent_uuid: "668046ec562d466b9ee2823cbfe3deeb" member_type: VOTER last_known_addr { host: "127.18.30.131" port: 35645 } } peers { permanent_uuid: "34aca5fef7774ef98558c74eacb846db" member_type: VOTER last_known_addr { host: "127.18.30.129" port: 40885 } }
I20260601 13:41:51.206446 22823 consensus_queue.cc:260] T 700a2fa88e534650acf4ebb973c6e1d1 P 41b90f273b224f9e9b9692a794079ae4 [NON_LEADER]: Queue going to NON_LEADER mode. State: All replicated index: 0, Majority replicated index: 0, Committed index: 0, Last appended: 0.0, Last appended by leader: 0, Current term: 0, Majority size: -1, State: 0, Mode: NON_LEADER, active raft config: opid_index: -1 OBSOLETE_local: false peers { permanent_uuid: "41b90f273b224f9e9b9692a794079ae4" member_type: VOTER last_known_addr { host: "127.18.30.130" port: 35207 } } peers { permanent_uuid: "668046ec562d466b9ee2823cbfe3deeb" member_type: VOTER last_known_addr { host: "127.18.30.131" port: 35645 } } peers { permanent_uuid: "34aca5fef7774ef98558c74eacb846db" member_type: VOTER last_known_addr { host: "127.18.30.129" port: 40885 } }
I20260601 13:41:51.206846 22824 ts_tablet_manager.cc:1434] T 700a2fa88e534650acf4ebb973c6e1d1 P 34aca5fef7774ef98558c74eacb846db: Time spent starting tablet: real 0.001s	user 0.001s	sys 0.000s
I20260601 13:41:51.206885 22823 ts_tablet_manager.cc:1434] T 700a2fa88e534650acf4ebb973c6e1d1 P 41b90f273b224f9e9b9692a794079ae4: Time spent starting tablet: real 0.001s	user 0.001s	sys 0.000s
I20260601 13:41:51.242403 22829 raft_consensus.cc:493] T 700a2fa88e534650acf4ebb973c6e1d1 P 668046ec562d466b9ee2823cbfe3deeb [term 0 FOLLOWER]: Starting pre-election (no leader contacted us within the election timeout)
I20260601 13:41:51.242571 22829 raft_consensus.cc:515] T 700a2fa88e534650acf4ebb973c6e1d1 P 668046ec562d466b9ee2823cbfe3deeb [term 0 FOLLOWER]: Starting pre-election with config: opid_index: -1 OBSOLETE_local: false peers { permanent_uuid: "41b90f273b224f9e9b9692a794079ae4" member_type: VOTER last_known_addr { host: "127.18.30.130" port: 35207 } } peers { permanent_uuid: "668046ec562d466b9ee2823cbfe3deeb" member_type: VOTER last_known_addr { host: "127.18.30.131" port: 35645 } } peers { permanent_uuid: "34aca5fef7774ef98558c74eacb846db" member_type: VOTER last_known_addr { host: "127.18.30.129" port: 40885 } }
I20260601 13:41:51.243076 22829 leader_election.cc:290] T 700a2fa88e534650acf4ebb973c6e1d1 P 668046ec562d466b9ee2823cbfe3deeb [CANDIDATE]: Term 1 pre-election: Requested pre-vote from peers 41b90f273b224f9e9b9692a794079ae4 (127.18.30.130:35207), 34aca5fef7774ef98558c74eacb846db (127.18.30.129:40885)
I20260601 13:41:51.248088 22625 tablet_service.cc:1917] Received RequestConsensusVote() RPC: tablet_id: "700a2fa88e534650acf4ebb973c6e1d1" candidate_uuid: "668046ec562d466b9ee2823cbfe3deeb" candidate_term: 1 candidate_status { last_received { term: 0 index: 0 } } ignore_live_leader: false dest_uuid: "34aca5fef7774ef98558c74eacb846db" is_pre_election: true
I20260601 13:41:51.248137 22701 tablet_service.cc:1917] Received RequestConsensusVote() RPC: tablet_id: "700a2fa88e534650acf4ebb973c6e1d1" candidate_uuid: "668046ec562d466b9ee2823cbfe3deeb" candidate_term: 1 candidate_status { last_received { term: 0 index: 0 } } ignore_live_leader: false dest_uuid: "41b90f273b224f9e9b9692a794079ae4" is_pre_election: true
I20260601 13:41:51.248323 22625 raft_consensus.cc:2468] T 700a2fa88e534650acf4ebb973c6e1d1 P 34aca5fef7774ef98558c74eacb846db [term 0 FOLLOWER]: Leader pre-election vote request: Granting yes vote for candidate 668046ec562d466b9ee2823cbfe3deeb in term 0.
I20260601 13:41:51.248345 22701 raft_consensus.cc:2468] T 700a2fa88e534650acf4ebb973c6e1d1 P 41b90f273b224f9e9b9692a794079ae4 [term 0 FOLLOWER]: Leader pre-election vote request: Granting yes vote for candidate 668046ec562d466b9ee2823cbfe3deeb in term 0.
I20260601 13:41:51.248641 22742 leader_election.cc:304] T 700a2fa88e534650acf4ebb973c6e1d1 P 668046ec562d466b9ee2823cbfe3deeb [CANDIDATE]: Term 1 pre-election: Election decided. Result: candidate won. Election summary: received 2 responses out of 3 voters: 2 yes votes; 0 no votes. yes voters: 34aca5fef7774ef98558c74eacb846db, 668046ec562d466b9ee2823cbfe3deeb; no voters: 
I20260601 13:41:51.248812 22829 raft_consensus.cc:2804] T 700a2fa88e534650acf4ebb973c6e1d1 P 668046ec562d466b9ee2823cbfe3deeb [term 0 FOLLOWER]: Leader pre-election won for term 1
I20260601 13:41:51.248872 22829 raft_consensus.cc:493] T 700a2fa88e534650acf4ebb973c6e1d1 P 668046ec562d466b9ee2823cbfe3deeb [term 0 FOLLOWER]: Starting leader election (no leader contacted us within the election timeout)
I20260601 13:41:51.248903 22829 raft_consensus.cc:3060] T 700a2fa88e534650acf4ebb973c6e1d1 P 668046ec562d466b9ee2823cbfe3deeb [term 0 FOLLOWER]: Advancing to term 1
I20260601 13:41:51.250051 22829 raft_consensus.cc:515] T 700a2fa88e534650acf4ebb973c6e1d1 P 668046ec562d466b9ee2823cbfe3deeb [term 1 FOLLOWER]: Starting leader election with config: opid_index: -1 OBSOLETE_local: false peers { permanent_uuid: "41b90f273b224f9e9b9692a794079ae4" member_type: VOTER last_known_addr { host: "127.18.30.130" port: 35207 } } peers { permanent_uuid: "668046ec562d466b9ee2823cbfe3deeb" member_type: VOTER last_known_addr { host: "127.18.30.131" port: 35645 } } peers { permanent_uuid: "34aca5fef7774ef98558c74eacb846db" member_type: VOTER last_known_addr { host: "127.18.30.129" port: 40885 } }
I20260601 13:41:51.250468 22829 leader_election.cc:290] T 700a2fa88e534650acf4ebb973c6e1d1 P 668046ec562d466b9ee2823cbfe3deeb [CANDIDATE]: Term 1 election: Requested vote from peers 41b90f273b224f9e9b9692a794079ae4 (127.18.30.130:35207), 34aca5fef7774ef98558c74eacb846db (127.18.30.129:40885)
I20260601 13:41:51.250860 22701 tablet_service.cc:1917] Received RequestConsensusVote() RPC: tablet_id: "700a2fa88e534650acf4ebb973c6e1d1" candidate_uuid: "668046ec562d466b9ee2823cbfe3deeb" candidate_term: 1 candidate_status { last_received { term: 0 index: 0 } } ignore_live_leader: false dest_uuid: "41b90f273b224f9e9b9692a794079ae4"
I20260601 13:41:51.250872 22625 tablet_service.cc:1917] Received RequestConsensusVote() RPC: tablet_id: "700a2fa88e534650acf4ebb973c6e1d1" candidate_uuid: "668046ec562d466b9ee2823cbfe3deeb" candidate_term: 1 candidate_status { last_received { term: 0 index: 0 } } ignore_live_leader: false dest_uuid: "34aca5fef7774ef98558c74eacb846db"
I20260601 13:41:51.250991 22701 raft_consensus.cc:3060] T 700a2fa88e534650acf4ebb973c6e1d1 P 41b90f273b224f9e9b9692a794079ae4 [term 0 FOLLOWER]: Advancing to term 1
I20260601 13:41:51.250994 22625 raft_consensus.cc:3060] T 700a2fa88e534650acf4ebb973c6e1d1 P 34aca5fef7774ef98558c74eacb846db [term 0 FOLLOWER]: Advancing to term 1
I20260601 13:41:51.252142 22625 raft_consensus.cc:2468] T 700a2fa88e534650acf4ebb973c6e1d1 P 34aca5fef7774ef98558c74eacb846db [term 1 FOLLOWER]: Leader election vote request: Granting yes vote for candidate 668046ec562d466b9ee2823cbfe3deeb in term 1.
I20260601 13:41:51.252278 22701 raft_consensus.cc:2468] T 700a2fa88e534650acf4ebb973c6e1d1 P 41b90f273b224f9e9b9692a794079ae4 [term 1 FOLLOWER]: Leader election vote request: Granting yes vote for candidate 668046ec562d466b9ee2823cbfe3deeb in term 1.
I20260601 13:41:51.252455 22742 leader_election.cc:304] T 700a2fa88e534650acf4ebb973c6e1d1 P 668046ec562d466b9ee2823cbfe3deeb [CANDIDATE]: Term 1 election: Election decided. Result: candidate won. Election summary: received 2 responses out of 3 voters: 2 yes votes; 0 no votes. yes voters: 34aca5fef7774ef98558c74eacb846db, 668046ec562d466b9ee2823cbfe3deeb; no voters: 
I20260601 13:41:51.252624 22829 raft_consensus.cc:2804] T 700a2fa88e534650acf4ebb973c6e1d1 P 668046ec562d466b9ee2823cbfe3deeb [term 1 FOLLOWER]: Leader election won for term 1
I20260601 13:41:51.252837 22829 raft_consensus.cc:697] T 700a2fa88e534650acf4ebb973c6e1d1 P 668046ec562d466b9ee2823cbfe3deeb [term 1 LEADER]: Becoming Leader. State: Replica: 668046ec562d466b9ee2823cbfe3deeb, State: Running, Role: LEADER
I20260601 13:41:51.252974 22829 consensus_queue.cc:237] T 700a2fa88e534650acf4ebb973c6e1d1 P 668046ec562d466b9ee2823cbfe3deeb [LEADER]: Queue going to LEADER mode. State: All replicated index: 0, Majority replicated index: 0, Committed index: 0, Last appended: 0.0, Last appended by leader: 0, Current term: 1, Majority size: 2, State: 0, Mode: LEADER, active raft config: opid_index: -1 OBSOLETE_local: false peers { permanent_uuid: "41b90f273b224f9e9b9692a794079ae4" member_type: VOTER last_known_addr { host: "127.18.30.130" port: 35207 } } peers { permanent_uuid: "668046ec562d466b9ee2823cbfe3deeb" member_type: VOTER last_known_addr { host: "127.18.30.131" port: 35645 } } peers { permanent_uuid: "34aca5fef7774ef98558c74eacb846db" member_type: VOTER last_known_addr { host: "127.18.30.129" port: 40885 } }
I20260601 13:41:51.254650 22522 catalog_manager.cc:5696] T 700a2fa88e534650acf4ebb973c6e1d1 P 668046ec562d466b9ee2823cbfe3deeb reported cstate change: term changed from 0 to 1, leader changed from <none> to 668046ec562d466b9ee2823cbfe3deeb (127.18.30.131). New cstate: current_term: 1 leader_uuid: "668046ec562d466b9ee2823cbfe3deeb" committed_config { opid_index: -1 OBSOLETE_local: false peers { permanent_uuid: "41b90f273b224f9e9b9692a794079ae4" member_type: VOTER last_known_addr { host: "127.18.30.130" port: 35207 } health_report { overall_health: UNKNOWN } } peers { permanent_uuid: "668046ec562d466b9ee2823cbfe3deeb" member_type: VOTER last_known_addr { host: "127.18.30.131" port: 35645 } health_report { overall_health: HEALTHY } } peers { permanent_uuid: "34aca5fef7774ef98558c74eacb846db" member_type: VOTER last_known_addr { host: "127.18.30.129" port: 40885 } health_report { overall_health: UNKNOWN } } }
I20260601 13:41:51.689527 22829 consensus_queue.cc:1048] T 700a2fa88e534650acf4ebb973c6e1d1 P 668046ec562d466b9ee2823cbfe3deeb [LEADER]: Connected to new peer: Peer: permanent_uuid: "34aca5fef7774ef98558c74eacb846db" member_type: VOTER last_known_addr { host: "127.18.30.129" port: 40885 }, Status: LMP_MISMATCH, Last received: 0.0, Next index: 1, Last known committed idx: 0, Time since last communication: 0.000s
I20260601 13:41:51.693182 22838 consensus_queue.cc:1048] T 700a2fa88e534650acf4ebb973c6e1d1 P 668046ec562d466b9ee2823cbfe3deeb [LEADER]: Connected to new peer: Peer: permanent_uuid: "41b90f273b224f9e9b9692a794079ae4" member_type: VOTER last_known_addr { host: "127.18.30.130" port: 35207 }, Status: LMP_MISMATCH, Last received: 0.0, Next index: 1, Last known committed idx: 0, Time since last communication: 0.000s
I20260601 13:41:52.029722 22576 auto_leader_rebalancer.cc:140] leader rebalance for table test-workload
I20260601 13:41:52.030069 22571 placement_policy_util.cc:407] tablet 700a2fa88e534650acf4ebb973c6e1d1: detected majority of replicas (2 of 3) at location L0
I20260601 13:41:52.030126 22576 auto_leader_rebalancer.cc:388] table: test-workload, leader rebalance finish, leader transfer count: 0
I20260601 13:41:52.030234 22576 auto_leader_rebalancer.cc:451] All tables' leader rebalancing finished this round
I20260601 13:41:53.031891 22571 placement_policy_util.cc:407] tablet 700a2fa88e534650acf4ebb973c6e1d1: detected majority of replicas (2 of 3) at location L0
I20260601 13:41:54.030807 22576 auto_leader_rebalancer.cc:140] leader rebalance for table test-workload
I20260601 13:41:54.031229 22576 auto_leader_rebalancer.cc:388] table: test-workload, leader rebalance finish, leader transfer count: 0
I20260601 13:41:54.031296 22576 auto_leader_rebalancer.cc:451] All tables' leader rebalancing finished this round
I20260601 13:41:54.033506 22571 placement_policy_util.cc:407] tablet 700a2fa88e534650acf4ebb973c6e1d1: detected majority of replicas (2 of 3) at location L0
I20260601 13:41:55.035423 22571 placement_policy_util.cc:407] tablet 700a2fa88e534650acf4ebb973c6e1d1: detected majority of replicas (2 of 3) at location L0
I20260601 13:41:56.031719 22576 auto_leader_rebalancer.cc:140] leader rebalance for table test-workload
I20260601 13:41:56.032245 22576 auto_leader_rebalancer.cc:388] table: test-workload, leader rebalance finish, leader transfer count: 0
I20260601 13:41:56.032315 22576 auto_leader_rebalancer.cc:451] All tables' leader rebalancing finished this round
I20260601 13:41:56.037118 22571 placement_policy_util.cc:407] tablet 700a2fa88e534650acf4ebb973c6e1d1: detected majority of replicas (2 of 3) at location L0
I20260601 13:41:57.038697 22571 placement_policy_util.cc:407] tablet 700a2fa88e534650acf4ebb973c6e1d1: detected majority of replicas (2 of 3) at location L0
I20260601 13:41:58.032804 22576 auto_leader_rebalancer.cc:140] leader rebalance for table test-workload
I20260601 13:41:58.033244 22576 auto_leader_rebalancer.cc:388] table: test-workload, leader rebalance finish, leader transfer count: 0
I20260601 13:41:58.033313 22576 auto_leader_rebalancer.cc:451] All tables' leader rebalancing finished this round
I20260601 13:41:58.040246 22571 placement_policy_util.cc:407] tablet 700a2fa88e534650acf4ebb973c6e1d1: detected majority of replicas (2 of 3) at location L0
I20260601 13:41:59.041787 22571 placement_policy_util.cc:407] tablet 700a2fa88e534650acf4ebb973c6e1d1: detected majority of replicas (2 of 3) at location L0
I20260601 13:42:00.033594 22576 auto_leader_rebalancer.cc:140] leader rebalance for table test-workload
I20260601 13:42:00.033906 22576 auto_leader_rebalancer.cc:388] table: test-workload, leader rebalance finish, leader transfer count: 0
I20260601 13:42:00.033967 22576 auto_leader_rebalancer.cc:451] All tables' leader rebalancing finished this round
I20260601 13:42:00.043409 22571 placement_policy_util.cc:407] tablet 700a2fa88e534650acf4ebb973c6e1d1: detected majority of replicas (2 of 3) at location L0
I20260601 13:42:01.045149 22571 placement_policy_util.cc:407] tablet 700a2fa88e534650acf4ebb973c6e1d1: detected majority of replicas (2 of 3) at location L0
I20260601 13:42:02.034408 22576 auto_leader_rebalancer.cc:140] leader rebalance for table test-workload
I20260601 13:42:02.034850 22576 auto_leader_rebalancer.cc:388] table: test-workload, leader rebalance finish, leader transfer count: 0
I20260601 13:42:02.034938 22576 auto_leader_rebalancer.cc:451] All tables' leader rebalancing finished this round
I20260601 13:42:02.046932 22571 placement_policy_util.cc:407] tablet 700a2fa88e534650acf4ebb973c6e1d1: detected majority of replicas (2 of 3) at location L0
I20260601 13:42:02.326704 18554 tablet_server.cc:179] TabletServer@127.18.30.129:0 shutting down...
I20260601 13:42:02.331388 18554 ts_tablet_manager.cc:1507] Shutting down tablet manager...
I20260601 13:42:02.331702 18554 tablet_replica.cc:333] T 700a2fa88e534650acf4ebb973c6e1d1 P 34aca5fef7774ef98558c74eacb846db: stopping tablet replica
I20260601 13:42:02.331853 18554 raft_consensus.cc:2243] T 700a2fa88e534650acf4ebb973c6e1d1 P 34aca5fef7774ef98558c74eacb846db [term 1 FOLLOWER]: Raft consensus shutting down.
I20260601 13:42:02.332012 18554 raft_consensus.cc:2272] T 700a2fa88e534650acf4ebb973c6e1d1 P 34aca5fef7774ef98558c74eacb846db [term 1 FOLLOWER]: Raft consensus is shut down!
I20260601 13:42:02.346958 18554 tablet_server.cc:196] TabletServer@127.18.30.129:0 shutdown complete.
I20260601 13:42:02.349509 18554 tablet_server.cc:179] TabletServer@127.18.30.130:0 shutting down...
I20260601 13:42:02.354146 18554 ts_tablet_manager.cc:1507] Shutting down tablet manager...
I20260601 13:42:02.354461 18554 tablet_replica.cc:333] T 700a2fa88e534650acf4ebb973c6e1d1 P 41b90f273b224f9e9b9692a794079ae4: stopping tablet replica
I20260601 13:42:02.354598 18554 raft_consensus.cc:2243] T 700a2fa88e534650acf4ebb973c6e1d1 P 41b90f273b224f9e9b9692a794079ae4 [term 1 FOLLOWER]: Raft consensus shutting down.
I20260601 13:42:02.354751 18554 raft_consensus.cc:2272] T 700a2fa88e534650acf4ebb973c6e1d1 P 41b90f273b224f9e9b9692a794079ae4 [term 1 FOLLOWER]: Raft consensus is shut down!
I20260601 13:42:02.368036 18554 tablet_server.cc:196] TabletServer@127.18.30.130:0 shutdown complete.
I20260601 13:42:02.370391 18554 tablet_server.cc:179] TabletServer@127.18.30.131:0 shutting down...
I20260601 13:42:02.375510 18554 ts_tablet_manager.cc:1507] Shutting down tablet manager...
I20260601 13:42:02.375854 18554 tablet_replica.cc:333] T 700a2fa88e534650acf4ebb973c6e1d1 P 668046ec562d466b9ee2823cbfe3deeb: stopping tablet replica
I20260601 13:42:02.376019 18554 raft_consensus.cc:2243] T 700a2fa88e534650acf4ebb973c6e1d1 P 668046ec562d466b9ee2823cbfe3deeb [term 1 LEADER]: Raft consensus shutting down.
