I20260601 13:42:03.669998 23034 data_dirs.cc:400] Could only allocate 1 dirs of requested 3 for tablet 9c38d47698c04a29b03a6704fe6aa75e. 1 dirs total, 0 dirs full, 0 dirs failed
I20260601 13:42:03.667249 23175 raft_consensus.cc:385] T 4fcdd59f283c476a8c24025d1f45e502 P 03341d9e32bd4273aeda71eadafbb09b [term 0 FOLLOWER]: Consensus starting up: Expiring failure detector timer to make a prompt election more likely
I20260601 13:42:03.670109 23175 raft_consensus.cc:740] T 4fcdd59f283c476a8c24025d1f45e502 P 03341d9e32bd4273aeda71eadafbb09b [term 0 FOLLOWER]: Becoming Follower/Learner. State: Replica: 03341d9e32bd4273aeda71eadafbb09b, State: Initialized, Role: FOLLOWER
I20260601 13:42:03.670212 23175 consensus_queue.cc:260] T 4fcdd59f283c476a8c24025d1f45e502 P 03341d9e32bd4273aeda71eadafbb09b [NON_LEADER]: Queue going to NON_LEADER mode. State: All replicated index: 0, Majority replicated index: 0, Committed index: 0, Last appended: 0.0, Last appended by leader: 0, Current term: 0, Majority size: -1, State: 0, Mode: NON_LEADER, active raft config: opid_index: -1 OBSOLETE_local: false peers { permanent_uuid: "fd2007a46d6a467eafd215dfdde308a6" member_type: VOTER last_known_addr { host: "127.18.30.129" port: 39169 } } peers { permanent_uuid: "03341d9e32bd4273aeda71eadafbb09b" member_type: VOTER last_known_addr { host: "127.18.30.130" port: 41765 } } peers { permanent_uuid: "cb377d2ab2b1467f859478ee9fd45a8b" member_type: VOTER last_known_addr { host: "127.18.30.131" port: 39787 } }
I20260601 13:42:03.670532 23175 ts_tablet_manager.cc:1434] T 4fcdd59f283c476a8c24025d1f45e502 P 03341d9e32bd4273aeda71eadafbb09b: Time spent starting tablet: real 0.004s	user 0.001s	sys 0.000s
I20260601 13:42:03.670670 23171 tablet_bootstrap.cc:492] T de6e07983bca43fba50208431bd7f990 P cb377d2ab2b1467f859478ee9fd45a8b: No bootstrap required, opened a new log
I20260601 13:42:03.670717 23175 tablet_bootstrap.cc:492] T 251564471f0e47bfb846d56141d1fda3 P 03341d9e32bd4273aeda71eadafbb09b: Bootstrap starting.
I20260601 13:42:03.670755 23171 ts_tablet_manager.cc:1403] T de6e07983bca43fba50208431bd7f990 P cb377d2ab2b1467f859478ee9fd45a8b: Time spent bootstrapping tablet: real 0.002s	user 0.000s	sys 0.002s
I20260601 13:42:03.671284 23171 raft_consensus.cc:359] T de6e07983bca43fba50208431bd7f990 P cb377d2ab2b1467f859478ee9fd45a8b [term 0 FOLLOWER]: Replica starting. Triggering 0 pending ops. Active config: opid_index: -1 OBSOLETE_local: false peers { permanent_uuid: "fd2007a46d6a467eafd215dfdde308a6" member_type: VOTER last_known_addr { host: "127.18.30.129" port: 39169 } } peers { permanent_uuid: "03341d9e32bd4273aeda71eadafbb09b" member_type: VOTER last_known_addr { host: "127.18.30.130" port: 41765 } } peers { permanent_uuid: "cb377d2ab2b1467f859478ee9fd45a8b" member_type: VOTER last_known_addr { host: "127.18.30.131" port: 39787 } }
I20260601 13:42:03.671392 23171 raft_consensus.cc:385] T de6e07983bca43fba50208431bd7f990 P cb377d2ab2b1467f859478ee9fd45a8b [term 0 FOLLOWER]: Consensus starting up: Expiring failure detector timer to make a prompt election more likely
I20260601 13:42:03.671424 23171 raft_consensus.cc:740] T de6e07983bca43fba50208431bd7f990 P cb377d2ab2b1467f859478ee9fd45a8b [term 0 FOLLOWER]: Becoming Follower/Learner. State: Replica: cb377d2ab2b1467f859478ee9fd45a8b, State: Initialized, Role: FOLLOWER
I20260601 13:42:03.671546 23032 tablet_service.cc:1511] Processing CreateTablet for tablet de6e07983bca43fba50208431bd7f990 (DEFAULT_TABLE table=test-workload [id=cb05315a6ea242d691452ae140dab203]), partition=RANGE (key) PARTITION 1431655760 <= VALUES < 1610612730
I20260601 13:42:03.671583 23171 consensus_queue.cc:260] T de6e07983bca43fba50208431bd7f990 P cb377d2ab2b1467f859478ee9fd45a8b [NON_LEADER]: Queue going to NON_LEADER mode. State: All replicated index: 0, Majority replicated index: 0, Committed index: 0, Last appended: 0.0, Last appended by leader: 0, Current term: 0, Majority size: -1, State: 0, Mode: NON_LEADER, active raft config: opid_index: -1 OBSOLETE_local: false peers { permanent_uuid: "fd2007a46d6a467eafd215dfdde308a6" member_type: VOTER last_known_addr { host: "127.18.30.129" port: 39169 } } peers { permanent_uuid: "03341d9e32bd4273aeda71eadafbb09b" member_type: VOTER last_known_addr { host: "127.18.30.130" port: 41765 } } peers { permanent_uuid: "cb377d2ab2b1467f859478ee9fd45a8b" member_type: VOTER last_known_addr { host: "127.18.30.131" port: 39787 } }
I20260601 13:42:03.671669 23175 tablet_bootstrap.cc:654] T 251564471f0e47bfb846d56141d1fda3 P 03341d9e32bd4273aeda71eadafbb09b: Neither blocks nor log segments found. Creating new log.
I20260601 13:42:03.671778 23032 data_dirs.cc:400] Could only allocate 1 dirs of requested 3 for tablet de6e07983bca43fba50208431bd7f990. 1 dirs total, 0 dirs full, 0 dirs failed
I20260601 13:42:03.671862 23171 ts_tablet_manager.cc:1434] T de6e07983bca43fba50208431bd7f990 P cb377d2ab2b1467f859478ee9fd45a8b: Time spent starting tablet: real 0.001s	user 0.000s	sys 0.001s
I20260601 13:42:03.672042 23171 tablet_bootstrap.cc:492] T 4fcdd59f283c476a8c24025d1f45e502 P cb377d2ab2b1467f859478ee9fd45a8b: Bootstrap starting.
I20260601 13:42:03.672982 23175 tablet_bootstrap.cc:492] T 251564471f0e47bfb846d56141d1fda3 P 03341d9e32bd4273aeda71eadafbb09b: No bootstrap required, opened a new log
I20260601 13:42:03.673056 23175 ts_tablet_manager.cc:1403] T 251564471f0e47bfb846d56141d1fda3 P 03341d9e32bd4273aeda71eadafbb09b: Time spent bootstrapping tablet: real 0.002s	user 0.002s	sys 0.000s
I20260601 13:42:03.673570 23175 raft_consensus.cc:359] T 251564471f0e47bfb846d56141d1fda3 P 03341d9e32bd4273aeda71eadafbb09b [term 0 FOLLOWER]: Replica starting. Triggering 0 pending ops. Active config: opid_index: -1 OBSOLETE_local: false peers { permanent_uuid: "fd2007a46d6a467eafd215dfdde308a6" member_type: VOTER last_known_addr { host: "127.18.30.129" port: 39169 } } peers { permanent_uuid: "03341d9e32bd4273aeda71eadafbb09b" member_type: VOTER last_known_addr { host: "127.18.30.130" port: 41765 } } peers { permanent_uuid: "cb377d2ab2b1467f859478ee9fd45a8b" member_type: VOTER last_known_addr { host: "127.18.30.131" port: 39787 } }
I20260601 13:42:03.673666 23175 raft_consensus.cc:385] T 251564471f0e47bfb846d56141d1fda3 P 03341d9e32bd4273aeda71eadafbb09b [term 0 FOLLOWER]: Consensus starting up: Expiring failure detector timer to make a prompt election more likely
I20260601 13:42:03.673709 23175 raft_consensus.cc:740] T 251564471f0e47bfb846d56141d1fda3 P 03341d9e32bd4273aeda71eadafbb09b [term 0 FOLLOWER]: Becoming Follower/Learner. State: Replica: 03341d9e32bd4273aeda71eadafbb09b, State: Initialized, Role: FOLLOWER
I20260601 13:42:03.673779 23033 tablet_service.cc:1511] Processing CreateTablet for tablet b3b0932da6b64b5abc177e3868df9f13 (DEFAULT_TABLE table=test-workload [id=cb05315a6ea242d691452ae140dab203]), partition=RANGE (key) PARTITION 1252698790 <= VALUES < 1431655760
I20260601 13:42:03.673836 23175 consensus_queue.cc:260] T 251564471f0e47bfb846d56141d1fda3 P 03341d9e32bd4273aeda71eadafbb09b [NON_LEADER]: Queue going to NON_LEADER mode. State: All replicated index: 0, Majority replicated index: 0, Committed index: 0, Last appended: 0.0, Last appended by leader: 0, Current term: 0, Majority size: -1, State: 0, Mode: NON_LEADER, active raft config: opid_index: -1 OBSOLETE_local: false peers { permanent_uuid: "fd2007a46d6a467eafd215dfdde308a6" member_type: VOTER last_known_addr { host: "127.18.30.129" port: 39169 } } peers { permanent_uuid: "03341d9e32bd4273aeda71eadafbb09b" member_type: VOTER last_known_addr { host: "127.18.30.130" port: 41765 } } peers { permanent_uuid: "cb377d2ab2b1467f859478ee9fd45a8b" member_type: VOTER last_known_addr { host: "127.18.30.131" port: 39787 } }
I20260601 13:42:03.674000 23033 data_dirs.cc:400] Could only allocate 1 dirs of requested 3 for tablet b3b0932da6b64b5abc177e3868df9f13. 1 dirs total, 0 dirs full, 0 dirs failed
I20260601 13:42:03.674167 23175 ts_tablet_manager.cc:1434] T 251564471f0e47bfb846d56141d1fda3 P 03341d9e32bd4273aeda71eadafbb09b: Time spent starting tablet: real 0.001s	user 0.001s	sys 0.000s
I20260601 13:42:03.674314 23175 tablet_bootstrap.cc:492] T db8d63dfd9d4402980fc96b9ef585de3 P 03341d9e32bd4273aeda71eadafbb09b: Bootstrap starting.
I20260601 13:42:03.675347 23175 tablet_bootstrap.cc:654] T db8d63dfd9d4402980fc96b9ef585de3 P 03341d9e32bd4273aeda71eadafbb09b: Neither blocks nor log segments found. Creating new log.
I20260601 13:42:03.673054 23171 tablet_bootstrap.cc:654] T 4fcdd59f283c476a8c24025d1f45e502 P cb377d2ab2b1467f859478ee9fd45a8b: Neither blocks nor log segments found. Creating new log.
I20260601 13:42:03.676739 23040 tablet_service.cc:1511] Processing CreateTablet for tablet 98f13b67e3f744579cb1d516c7435dba (DEFAULT_TABLE table=test-workload [id=cb05315a6ea242d691452ae140dab203]), partition=RANGE (key) PARTITION VALUES < 178956970
I20260601 13:42:03.676996 23040 data_dirs.cc:400] Could only allocate 1 dirs of requested 3 for tablet 98f13b67e3f744579cb1d516c7435dba. 1 dirs total, 0 dirs full, 0 dirs failed
I20260601 13:42:03.677990 23175 tablet_bootstrap.cc:492] T db8d63dfd9d4402980fc96b9ef585de3 P 03341d9e32bd4273aeda71eadafbb09b: No bootstrap required, opened a new log
I20260601 13:42:03.678108 23175 ts_tablet_manager.cc:1403] T db8d63dfd9d4402980fc96b9ef585de3 P 03341d9e32bd4273aeda71eadafbb09b: Time spent bootstrapping tablet: real 0.004s	user 0.002s	sys 0.000s
I20260601 13:42:03.678653 23175 raft_consensus.cc:359] T db8d63dfd9d4402980fc96b9ef585de3 P 03341d9e32bd4273aeda71eadafbb09b [term 0 FOLLOWER]: Replica starting. Triggering 0 pending ops. Active config: opid_index: -1 OBSOLETE_local: false peers { permanent_uuid: "fd2007a46d6a467eafd215dfdde308a6" member_type: VOTER last_known_addr { host: "127.18.30.129" port: 39169 } } peers { permanent_uuid: "03341d9e32bd4273aeda71eadafbb09b" member_type: VOTER last_known_addr { host: "127.18.30.130" port: 41765 } } peers { permanent_uuid: "cb377d2ab2b1467f859478ee9fd45a8b" member_type: VOTER last_known_addr { host: "127.18.30.131" port: 39787 } }
I20260601 13:42:03.678763 23171 tablet_bootstrap.cc:492] T 4fcdd59f283c476a8c24025d1f45e502 P cb377d2ab2b1467f859478ee9fd45a8b: No bootstrap required, opened a new log
I20260601 13:42:03.678777 23175 raft_consensus.cc:385] T db8d63dfd9d4402980fc96b9ef585de3 P 03341d9e32bd4273aeda71eadafbb09b [term 0 FOLLOWER]: Consensus starting up: Expiring failure detector timer to make a prompt election more likely
I20260601 13:42:03.678814 23175 raft_consensus.cc:740] T db8d63dfd9d4402980fc96b9ef585de3 P 03341d9e32bd4273aeda71eadafbb09b [term 0 FOLLOWER]: Becoming Follower/Learner. State: Replica: 03341d9e32bd4273aeda71eadafbb09b, State: Initialized, Role: FOLLOWER
I20260601 13:42:03.678843 23171 ts_tablet_manager.cc:1403] T 4fcdd59f283c476a8c24025d1f45e502 P cb377d2ab2b1467f859478ee9fd45a8b: Time spent bootstrapping tablet: real 0.007s	user 0.001s	sys 0.001s
I20260601 13:42:03.678958 23175 consensus_queue.cc:260] T db8d63dfd9d4402980fc96b9ef585de3 P 03341d9e32bd4273aeda71eadafbb09b [NON_LEADER]: Queue going to NON_LEADER mode. State: All replicated index: 0, Majority replicated index: 0, Committed index: 0, Last appended: 0.0, Last appended by leader: 0, Current term: 0, Majority size: -1, State: 0, Mode: NON_LEADER, active raft config: opid_index: -1 OBSOLETE_local: false peers { permanent_uuid: "fd2007a46d6a467eafd215dfdde308a6" member_type: VOTER last_known_addr { host: "127.18.30.129" port: 39169 } } peers { permanent_uuid: "03341d9e32bd4273aeda71eadafbb09b" member_type: VOTER last_known_addr { host: "127.18.30.130" port: 41765 } } peers { permanent_uuid: "cb377d2ab2b1467f859478ee9fd45a8b" member_type: VOTER last_known_addr { host: "127.18.30.131" port: 39787 } }
I20260601 13:42:03.679339 23171 raft_consensus.cc:359] T 4fcdd59f283c476a8c24025d1f45e502 P cb377d2ab2b1467f859478ee9fd45a8b [term 0 FOLLOWER]: Replica starting. Triggering 0 pending ops. Active config: opid_index: -1 OBSOLETE_local: false peers { permanent_uuid: "fd2007a46d6a467eafd215dfdde308a6" member_type: VOTER last_known_addr { host: "127.18.30.129" port: 39169 } } peers { permanent_uuid: "03341d9e32bd4273aeda71eadafbb09b" member_type: VOTER last_known_addr { host: "127.18.30.130" port: 41765 } } peers { permanent_uuid: "cb377d2ab2b1467f859478ee9fd45a8b" member_type: VOTER last_known_addr { host: "127.18.30.131" port: 39787 } }
I20260601 13:42:03.679514 23171 raft_consensus.cc:385] T 4fcdd59f283c476a8c24025d1f45e502 P cb377d2ab2b1467f859478ee9fd45a8b [term 0 FOLLOWER]: Consensus starting up: Expiring failure detector timer to make a prompt election more likely
I20260601 13:42:03.679582 23171 raft_consensus.cc:740] T 4fcdd59f283c476a8c24025d1f45e502 P cb377d2ab2b1467f859478ee9fd45a8b [term 0 FOLLOWER]: Becoming Follower/Learner. State: Replica: cb377d2ab2b1467f859478ee9fd45a8b, State: Initialized, Role: FOLLOWER
I20260601 13:42:03.679771 23171 consensus_queue.cc:260] T 4fcdd59f283c476a8c24025d1f45e502 P cb377d2ab2b1467f859478ee9fd45a8b [NON_LEADER]: Queue going to NON_LEADER mode. State: All replicated index: 0, Majority replicated index: 0, Committed index: 0, Last appended: 0.0, Last appended by leader: 0, Current term: 0, Majority size: -1, State: 0, Mode: NON_LEADER, active raft config: opid_index: -1 OBSOLETE_local: false peers { permanent_uuid: "fd2007a46d6a467eafd215dfdde308a6" member_type: VOTER last_known_addr { host: "127.18.30.129" port: 39169 } } peers { permanent_uuid: "03341d9e32bd4273aeda71eadafbb09b" member_type: VOTER last_known_addr { host: "127.18.30.130" port: 41765 } } peers { permanent_uuid: "cb377d2ab2b1467f859478ee9fd45a8b" member_type: VOTER last_known_addr { host: "127.18.30.131" port: 39787 } }
I20260601 13:42:03.680156 23171 ts_tablet_manager.cc:1434] T 4fcdd59f283c476a8c24025d1f45e502 P cb377d2ab2b1467f859478ee9fd45a8b: Time spent starting tablet: real 0.001s	user 0.001s	sys 0.001s
I20260601 13:42:03.680413 23171 tablet_bootstrap.cc:492] T 74e8047aea5d4baf8e050d16aa3cfc8d P cb377d2ab2b1467f859478ee9fd45a8b: Bootstrap starting.
I20260601 13:42:03.680481 23172 tablet_bootstrap.cc:492] T 7b7f9260c60b44bf883c2e28e7545174 P fd2007a46d6a467eafd215dfdde308a6: No bootstrap required, opened a new log
I20260601 13:42:03.680604 23172 ts_tablet_manager.cc:1403] T 7b7f9260c60b44bf883c2e28e7545174 P fd2007a46d6a467eafd215dfdde308a6: Time spent bootstrapping tablet: real 0.034s	user 0.002s	sys 0.000s
I20260601 13:42:03.681123 23172 raft_consensus.cc:359] T 7b7f9260c60b44bf883c2e28e7545174 P fd2007a46d6a467eafd215dfdde308a6 [term 0 FOLLOWER]: Replica starting. Triggering 0 pending ops. Active config: opid_index: -1 OBSOLETE_local: false peers { permanent_uuid: "fd2007a46d6a467eafd215dfdde308a6" member_type: VOTER last_known_addr { host: "127.18.30.129" port: 39169 } } peers { permanent_uuid: "03341d9e32bd4273aeda71eadafbb09b" member_type: VOTER last_known_addr { host: "127.18.30.130" port: 41765 } } peers { permanent_uuid: "cb377d2ab2b1467f859478ee9fd45a8b" member_type: VOTER last_known_addr { host: "127.18.30.131" port: 39787 } }
I20260601 13:42:03.681279 23172 raft_consensus.cc:385] T 7b7f9260c60b44bf883c2e28e7545174 P fd2007a46d6a467eafd215dfdde308a6 [term 0 FOLLOWER]: Consensus starting up: Expiring failure detector timer to make a prompt election more likely
I20260601 13:42:03.681356 23172 raft_consensus.cc:740] T 7b7f9260c60b44bf883c2e28e7545174 P fd2007a46d6a467eafd215dfdde308a6 [term 0 FOLLOWER]: Becoming Follower/Learner. State: Replica: fd2007a46d6a467eafd215dfdde308a6, State: Initialized, Role: FOLLOWER
I20260601 13:42:03.681607 23172 consensus_queue.cc:260] T 7b7f9260c60b44bf883c2e28e7545174 P fd2007a46d6a467eafd215dfdde308a6 [NON_LEADER]: Queue going to NON_LEADER mode. State: All replicated index: 0, Majority replicated index: 0, Committed index: 0, Last appended: 0.0, Last appended by leader: 0, Current term: 0, Majority size: -1, State: 0, Mode: NON_LEADER, active raft config: opid_index: -1 OBSOLETE_local: false peers { permanent_uuid: "fd2007a46d6a467eafd215dfdde308a6" member_type: VOTER last_known_addr { host: "127.18.30.129" port: 39169 } } peers { permanent_uuid: "03341d9e32bd4273aeda71eadafbb09b" member_type: VOTER last_known_addr { host: "127.18.30.130" port: 41765 } } peers { permanent_uuid: "cb377d2ab2b1467f859478ee9fd45a8b" member_type: VOTER last_known_addr { host: "127.18.30.131" port: 39787 } }
I20260601 13:42:03.681689 23171 tablet_bootstrap.cc:654] T 74e8047aea5d4baf8e050d16aa3cfc8d P cb377d2ab2b1467f859478ee9fd45a8b: Neither blocks nor log segments found. Creating new log.
I20260601 13:42:03.682031 23172 ts_tablet_manager.cc:1434] T 7b7f9260c60b44bf883c2e28e7545174 P fd2007a46d6a467eafd215dfdde308a6: Time spent starting tablet: real 0.001s	user 0.000s	sys 0.001s
I20260601 13:42:03.679399 23175 ts_tablet_manager.cc:1434] T db8d63dfd9d4402980fc96b9ef585de3 P 03341d9e32bd4273aeda71eadafbb09b: Time spent starting tablet: real 0.001s	user 0.001s	sys 0.000s
I20260601 13:42:03.682411 23175 tablet_bootstrap.cc:492] T 74e8047aea5d4baf8e050d16aa3cfc8d P 03341d9e32bd4273aeda71eadafbb09b: Bootstrap starting.
I20260601 13:42:03.682675 23172 tablet_bootstrap.cc:492] T 98f13b67e3f744579cb1d516c7435dba P fd2007a46d6a467eafd215dfdde308a6: Bootstrap starting.
I20260601 13:42:03.683542 23175 tablet_bootstrap.cc:654] T 74e8047aea5d4baf8e050d16aa3cfc8d P 03341d9e32bd4273aeda71eadafbb09b: Neither blocks nor log segments found. Creating new log.
I20260601 13:42:03.683681 23171 tablet_bootstrap.cc:492] T 74e8047aea5d4baf8e050d16aa3cfc8d P cb377d2ab2b1467f859478ee9fd45a8b: No bootstrap required, opened a new log
I20260601 13:42:03.683840 23171 ts_tablet_manager.cc:1403] T 74e8047aea5d4baf8e050d16aa3cfc8d P cb377d2ab2b1467f859478ee9fd45a8b: Time spent bootstrapping tablet: real 0.003s	user 0.002s	sys 0.000s
I20260601 13:42:03.683595 23172 tablet_bootstrap.cc:654] T 98f13b67e3f744579cb1d516c7435dba P fd2007a46d6a467eafd215dfdde308a6: Neither blocks nor log segments found. Creating new log.
I20260601 13:42:03.684290 23171 raft_consensus.cc:359] T 74e8047aea5d4baf8e050d16aa3cfc8d P cb377d2ab2b1467f859478ee9fd45a8b [term 0 FOLLOWER]: Replica starting. Triggering 0 pending ops. Active config: opid_index: -1 OBSOLETE_local: false peers { permanent_uuid: "fd2007a46d6a467eafd215dfdde308a6" member_type: VOTER last_known_addr { host: "127.18.30.129" port: 39169 } } peers { permanent_uuid: "03341d9e32bd4273aeda71eadafbb09b" member_type: VOTER last_known_addr { host: "127.18.30.130" port: 41765 } } peers { permanent_uuid: "cb377d2ab2b1467f859478ee9fd45a8b" member_type: VOTER last_known_addr { host: "127.18.30.131" port: 39787 } }
I20260601 13:42:03.684401 23171 raft_consensus.cc:385] T 74e8047aea5d4baf8e050d16aa3cfc8d P cb377d2ab2b1467f859478ee9fd45a8b [term 0 FOLLOWER]: Consensus starting up: Expiring failure detector timer to make a prompt election more likely
I20260601 13:42:03.684432 23171 raft_consensus.cc:740] T 74e8047aea5d4baf8e050d16aa3cfc8d P cb377d2ab2b1467f859478ee9fd45a8b [term 0 FOLLOWER]: Becoming Follower/Learner. State: Replica: cb377d2ab2b1467f859478ee9fd45a8b, State: Initialized, Role: FOLLOWER
I20260601 13:42:03.684592 23171 consensus_queue.cc:260] T 74e8047aea5d4baf8e050d16aa3cfc8d P cb377d2ab2b1467f859478ee9fd45a8b [NON_LEADER]: Queue going to NON_LEADER mode. State: All replicated index: 0, Majority replicated index: 0, Committed index: 0, Last appended: 0.0, Last appended by leader: 0, Current term: 0, Majority size: -1, State: 0, Mode: NON_LEADER, active raft config: opid_index: -1 OBSOLETE_local: false peers { permanent_uuid: "fd2007a46d6a467eafd215dfdde308a6" member_type: VOTER last_known_addr { host: "127.18.30.129" port: 39169 } } peers { permanent_uuid: "03341d9e32bd4273aeda71eadafbb09b" member_type: VOTER last_known_addr { host: "127.18.30.130" port: 41765 } } peers { permanent_uuid: "cb377d2ab2b1467f859478ee9fd45a8b" member_type: VOTER last_known_addr { host: "127.18.30.131" port: 39787 } }
I20260601 13:42:03.684903 23171 ts_tablet_manager.cc:1434] T 74e8047aea5d4baf8e050d16aa3cfc8d P cb377d2ab2b1467f859478ee9fd45a8b: Time spent starting tablet: real 0.001s	user 0.001s	sys 0.000s
I20260601 13:42:03.685084 23171 tablet_bootstrap.cc:492] T 5d774097f9ad4c0a9d80cc8c74c6ca3d P cb377d2ab2b1467f859478ee9fd45a8b: Bootstrap starting.
I20260601 13:42:03.685313 23172 tablet_bootstrap.cc:492] T 98f13b67e3f744579cb1d516c7435dba P fd2007a46d6a467eafd215dfdde308a6: No bootstrap required, opened a new log
I20260601 13:42:03.685459 23172 ts_tablet_manager.cc:1403] T 98f13b67e3f744579cb1d516c7435dba P fd2007a46d6a467eafd215dfdde308a6: Time spent bootstrapping tablet: real 0.003s	user 0.000s	sys 0.002s
I20260601 13:42:03.685863 23172 raft_consensus.cc:359] T 98f13b67e3f744579cb1d516c7435dba P fd2007a46d6a467eafd215dfdde308a6 [term 0 FOLLOWER]: Replica starting. Triggering 0 pending ops. Active config: opid_index: -1 OBSOLETE_local: false peers { permanent_uuid: "cb377d2ab2b1467f859478ee9fd45a8b" member_type: VOTER last_known_addr { host: "127.18.30.131" port: 39787 } } peers { permanent_uuid: "03341d9e32bd4273aeda71eadafbb09b" member_type: VOTER last_known_addr { host: "127.18.30.130" port: 41765 } } peers { permanent_uuid: "fd2007a46d6a467eafd215dfdde308a6" member_type: VOTER last_known_addr { host: "127.18.30.129" port: 39169 } }
I20260601 13:42:03.685938 23172 raft_consensus.cc:385] T 98f13b67e3f744579cb1d516c7435dba P fd2007a46d6a467eafd215dfdde308a6 [term 0 FOLLOWER]: Consensus starting up: Expiring failure detector timer to make a prompt election more likely
I20260601 13:42:03.685969 23172 raft_consensus.cc:740] T 98f13b67e3f744579cb1d516c7435dba P fd2007a46d6a467eafd215dfdde308a6 [term 0 FOLLOWER]: Becoming Follower/Learner. State: Replica: fd2007a46d6a467eafd215dfdde308a6, State: Initialized, Role: FOLLOWER
I20260601 13:42:03.686069 23172 consensus_queue.cc:260] T 98f13b67e3f744579cb1d516c7435dba P fd2007a46d6a467eafd215dfdde308a6 [NON_LEADER]: Queue going to NON_LEADER mode. State: All replicated index: 0, Majority replicated index: 0, Committed index: 0, Last appended: 0.0, Last appended by leader: 0, Current term: 0, Majority size: -1, State: 0, Mode: NON_LEADER, active raft config: opid_index: -1 OBSOLETE_local: false peers { permanent_uuid: "cb377d2ab2b1467f859478ee9fd45a8b" member_type: VOTER last_known_addr { host: "127.18.30.131" port: 39787 } } peers { permanent_uuid: "03341d9e32bd4273aeda71eadafbb09b" member_type: VOTER last_known_addr { host: "127.18.30.130" port: 41765 } } peers { permanent_uuid: "fd2007a46d6a467eafd215dfdde308a6" member_type: VOTER last_known_addr { host: "127.18.30.129" port: 39169 } }
I20260601 13:42:03.686151 23171 tablet_bootstrap.cc:654] T 5d774097f9ad4c0a9d80cc8c74c6ca3d P cb377d2ab2b1467f859478ee9fd45a8b: Neither blocks nor log segments found. Creating new log.
I20260601 13:42:03.686316 23172 ts_tablet_manager.cc:1434] T 98f13b67e3f744579cb1d516c7435dba P fd2007a46d6a467eafd215dfdde308a6: Time spent starting tablet: real 0.001s	user 0.000s	sys 0.000s
I20260601 13:42:03.686842 23172 tablet_bootstrap.cc:492] T 4fcdd59f283c476a8c24025d1f45e502 P fd2007a46d6a467eafd215dfdde308a6: Bootstrap starting.
I20260601 13:42:03.687043 23175 tablet_bootstrap.cc:492] T 74e8047aea5d4baf8e050d16aa3cfc8d P 03341d9e32bd4273aeda71eadafbb09b: No bootstrap required, opened a new log
I20260601 13:42:03.687168 23175 ts_tablet_manager.cc:1403] T 74e8047aea5d4baf8e050d16aa3cfc8d P 03341d9e32bd4273aeda71eadafbb09b: Time spent bootstrapping tablet: real 0.005s	user 0.002s	sys 0.000s
I20260601 13:42:03.687572 23171 tablet_bootstrap.cc:492] T 5d774097f9ad4c0a9d80cc8c74c6ca3d P cb377d2ab2b1467f859478ee9fd45a8b: No bootstrap required, opened a new log
I20260601 13:42:03.687667 23171 ts_tablet_manager.cc:1403] T 5d774097f9ad4c0a9d80cc8c74c6ca3d P cb377d2ab2b1467f859478ee9fd45a8b: Time spent bootstrapping tablet: real 0.003s	user 0.002s	sys 0.000s
I20260601 13:42:03.687793 23175 raft_consensus.cc:359] T 74e8047aea5d4baf8e050d16aa3cfc8d P 03341d9e32bd4273aeda71eadafbb09b [term 0 FOLLOWER]: Replica starting. Triggering 0 pending ops. Active config: opid_index: -1 OBSOLETE_local: false peers { permanent_uuid: "fd2007a46d6a467eafd215dfdde308a6" member_type: VOTER last_known_addr { host: "127.18.30.129" port: 39169 } } peers { permanent_uuid: "03341d9e32bd4273aeda71eadafbb09b" member_type: VOTER last_known_addr { host: "127.18.30.130" port: 41765 } } peers { permanent_uuid: "cb377d2ab2b1467f859478ee9fd45a8b" member_type: VOTER last_known_addr { host: "127.18.30.131" port: 39787 } }
I20260601 13:42:03.687937 23175 raft_consensus.cc:385] T 74e8047aea5d4baf8e050d16aa3cfc8d P 03341d9e32bd4273aeda71eadafbb09b [term 0 FOLLOWER]: Consensus starting up: Expiring failure detector timer to make a prompt election more likely
I20260601 13:42:03.688050 23175 raft_consensus.cc:740] T 74e8047aea5d4baf8e050d16aa3cfc8d P 03341d9e32bd4273aeda71eadafbb09b [term 0 FOLLOWER]: Becoming Follower/Learner. State: Replica: 03341d9e32bd4273aeda71eadafbb09b, State: Initialized, Role: FOLLOWER
I20260601 13:42:03.688100 23171 raft_consensus.cc:359] T 5d774097f9ad4c0a9d80cc8c74c6ca3d P cb377d2ab2b1467f859478ee9fd45a8b [term 0 FOLLOWER]: Replica starting. Triggering 0 pending ops. Active config: opid_index: -1 OBSOLETE_local: false peers { permanent_uuid: "fd2007a46d6a467eafd215dfdde308a6" member_type: VOTER last_known_addr { host: "127.18.30.129" port: 39169 } } peers { permanent_uuid: "03341d9e32bd4273aeda71eadafbb09b" member_type: VOTER last_known_addr { host: "127.18.30.130" port: 41765 } } peers { permanent_uuid: "cb377d2ab2b1467f859478ee9fd45a8b" member_type: VOTER last_known_addr { host: "127.18.30.131" port: 39787 } }
I20260601 13:42:03.688207 23171 raft_consensus.cc:385] T 5d774097f9ad4c0a9d80cc8c74c6ca3d P cb377d2ab2b1467f859478ee9fd45a8b [term 0 FOLLOWER]: Consensus starting up: Expiring failure detector timer to make a prompt election more likely
I20260601 13:42:03.688194 23175 consensus_queue.cc:260] T 74e8047aea5d4baf8e050d16aa3cfc8d P 03341d9e32bd4273aeda71eadafbb09b [NON_LEADER]: Queue going to NON_LEADER mode. State: All replicated index: 0, Majority replicated index: 0, Committed index: 0, Last appended: 0.0, Last appended by leader: 0, Current term: 0, Majority size: -1, State: 0, Mode: NON_LEADER, active raft config: opid_index: -1 OBSOLETE_local: false peers { permanent_uuid: "fd2007a46d6a467eafd215dfdde308a6" member_type: VOTER last_known_addr { host: "127.18.30.129" port: 39169 } } peers { permanent_uuid: "03341d9e32bd4273aeda71eadafbb09b" member_type: VOTER last_known_addr { host: "127.18.30.130" port: 41765 } } peers { permanent_uuid: "cb377d2ab2b1467f859478ee9fd45a8b" member_type: VOTER last_known_addr { host: "127.18.30.131" port: 39787 } }
I20260601 13:42:03.688263 23171 raft_consensus.cc:740] T 5d774097f9ad4c0a9d80cc8c74c6ca3d P cb377d2ab2b1467f859478ee9fd45a8b [term 0 FOLLOWER]: Becoming Follower/Learner. State: Replica: cb377d2ab2b1467f859478ee9fd45a8b, State: Initialized, Role: FOLLOWER
I20260601 13:42:03.688382 23171 consensus_queue.cc:260] T 5d774097f9ad4c0a9d80cc8c74c6ca3d P cb377d2ab2b1467f859478ee9fd45a8b [NON_LEADER]: Queue going to NON_LEADER mode. State: All replicated index: 0, Majority replicated index: 0, Committed index: 0, Last appended: 0.0, Last appended by leader: 0, Current term: 0, Majority size: -1, State: 0, Mode: NON_LEADER, active raft config: opid_index: -1 OBSOLETE_local: false peers { permanent_uuid: "fd2007a46d6a467eafd215dfdde308a6" member_type: VOTER last_known_addr { host: "127.18.30.129" port: 39169 } } peers { permanent_uuid: "03341d9e32bd4273aeda71eadafbb09b" member_type: VOTER last_known_addr { host: "127.18.30.130" port: 41765 } } peers { permanent_uuid: "cb377d2ab2b1467f859478ee9fd45a8b" member_type: VOTER last_known_addr { host: "127.18.30.131" port: 39787 } }
I20260601 13:42:03.688483 23175 ts_tablet_manager.cc:1434] T 74e8047aea5d4baf8e050d16aa3cfc8d P 03341d9e32bd4273aeda71eadafbb09b: Time spent starting tablet: real 0.001s	user 0.001s	sys 0.000s
I20260601 13:42:03.688619 23171 ts_tablet_manager.cc:1434] T 5d774097f9ad4c0a9d80cc8c74c6ca3d P cb377d2ab2b1467f859478ee9fd45a8b: Time spent starting tablet: real 0.001s	user 0.000s	sys 0.000s
I20260601 13:42:03.687952 23172 tablet_bootstrap.cc:654] T 4fcdd59f283c476a8c24025d1f45e502 P fd2007a46d6a467eafd215dfdde308a6: Neither blocks nor log segments found. Creating new log.
I20260601 13:42:03.688768 23171 tablet_bootstrap.cc:492] T 0cc5077e062d46beade2be09881fb52c P cb377d2ab2b1467f859478ee9fd45a8b: Bootstrap starting.
I20260601 13:42:03.689066 23175 tablet_bootstrap.cc:492] T 0cc5077e062d46beade2be09881fb52c P 03341d9e32bd4273aeda71eadafbb09b: Bootstrap starting.
I20260601 13:42:03.689102 23179 raft_consensus.cc:493] T 251564471f0e47bfb846d56141d1fda3 P 03341d9e32bd4273aeda71eadafbb09b [term 0 FOLLOWER]: Starting pre-election (no leader contacted us within the election timeout)
I20260601 13:42:03.689280 23179 raft_consensus.cc:515] T 251564471f0e47bfb846d56141d1fda3 P 03341d9e32bd4273aeda71eadafbb09b [term 0 FOLLOWER]: Starting pre-election with config: opid_index: -1 OBSOLETE_local: false peers { permanent_uuid: "fd2007a46d6a467eafd215dfdde308a6" member_type: VOTER last_known_addr { host: "127.18.30.129" port: 39169 } } peers { permanent_uuid: "03341d9e32bd4273aeda71eadafbb09b" member_type: VOTER last_known_addr { host: "127.18.30.130" port: 41765 } } peers { permanent_uuid: "cb377d2ab2b1467f859478ee9fd45a8b" member_type: VOTER last_known_addr { host: "127.18.30.131" port: 39787 } }
I20260601 13:42:03.689734 23171 tablet_bootstrap.cc:654] T 0cc5077e062d46beade2be09881fb52c P cb377d2ab2b1467f859478ee9fd45a8b: Neither blocks nor log segments found. Creating new log.
I20260601 13:42:03.689847 23179 leader_election.cc:290] T 251564471f0e47bfb846d56141d1fda3 P 03341d9e32bd4273aeda71eadafbb09b [CANDIDATE]: Term 1 pre-election: Requested pre-vote from peers fd2007a46d6a467eafd215dfdde308a6 (127.18.30.129:39169), cb377d2ab2b1467f859478ee9fd45a8b (127.18.30.131:39787)
I20260601 13:42:03.690119 23175 tablet_bootstrap.cc:654] T 0cc5077e062d46beade2be09881fb52c P 03341d9e32bd4273aeda71eadafbb09b: Neither blocks nor log segments found. Creating new log.
I20260601 13:42:03.690918 23172 tablet_bootstrap.cc:492] T 4fcdd59f283c476a8c24025d1f45e502 P fd2007a46d6a467eafd215dfdde308a6: No bootstrap required, opened a new log
I20260601 13:42:03.691037 23172 ts_tablet_manager.cc:1403] T 4fcdd59f283c476a8c24025d1f45e502 P fd2007a46d6a467eafd215dfdde308a6: Time spent bootstrapping tablet: real 0.004s	user 0.001s	sys 0.001s
I20260601 13:42:03.691493 23172 raft_consensus.cc:359] T 4fcdd59f283c476a8c24025d1f45e502 P fd2007a46d6a467eafd215dfdde308a6 [term 0 FOLLOWER]: Replica starting. Triggering 0 pending ops. Active config: opid_index: -1 OBSOLETE_local: false peers { permanent_uuid: "fd2007a46d6a467eafd215dfdde308a6" member_type: VOTER last_known_addr { host: "127.18.30.129" port: 39169 } } peers { permanent_uuid: "03341d9e32bd4273aeda71eadafbb09b" member_type: VOTER last_known_addr { host: "127.18.30.130" port: 41765 } } peers { permanent_uuid: "cb377d2ab2b1467f859478ee9fd45a8b" member_type: VOTER last_known_addr { host: "127.18.30.131" port: 39787 } }
I20260601 13:42:03.691588 23172 raft_consensus.cc:385] T 4fcdd59f283c476a8c24025d1f45e502 P fd2007a46d6a467eafd215dfdde308a6 [term 0 FOLLOWER]: Consensus starting up: Expiring failure detector timer to make a prompt election more likely
I20260601 13:42:03.691619 23172 raft_consensus.cc:740] T 4fcdd59f283c476a8c24025d1f45e502 P fd2007a46d6a467eafd215dfdde308a6 [term 0 FOLLOWER]: Becoming Follower/Learner. State: Replica: fd2007a46d6a467eafd215dfdde308a6, State: Initialized, Role: FOLLOWER
I20260601 13:42:03.691694 23175 tablet_bootstrap.cc:492] T 0cc5077e062d46beade2be09881fb52c P 03341d9e32bd4273aeda71eadafbb09b: No bootstrap required, opened a new log
I20260601 13:42:03.691761 23175 ts_tablet_manager.cc:1403] T 0cc5077e062d46beade2be09881fb52c P 03341d9e32bd4273aeda71eadafbb09b: Time spent bootstrapping tablet: real 0.003s	user 0.001s	sys 0.000s
I20260601 13:42:03.691735 23172 consensus_queue.cc:260] T 4fcdd59f283c476a8c24025d1f45e502 P fd2007a46d6a467eafd215dfdde308a6 [NON_LEADER]: Queue going to NON_LEADER mode. State: All replicated index: 0, Majority replicated index: 0, Committed index: 0, Last appended: 0.0, Last appended by leader: 0, Current term: 0, Majority size: -1, State: 0, Mode: NON_LEADER, active raft config: opid_index: -1 OBSOLETE_local: false peers { permanent_uuid: "fd2007a46d6a467eafd215dfdde308a6" member_type: VOTER last_known_addr { host: "127.18.30.129" port: 39169 } } peers { permanent_uuid: "03341d9e32bd4273aeda71eadafbb09b" member_type: VOTER last_known_addr { host: "127.18.30.130" port: 41765 } } peers { permanent_uuid: "cb377d2ab2b1467f859478ee9fd45a8b" member_type: VOTER last_known_addr { host: "127.18.30.131" port: 39787 } }
I20260601 13:42:03.691820 23171 tablet_bootstrap.cc:492] T 0cc5077e062d46beade2be09881fb52c P cb377d2ab2b1467f859478ee9fd45a8b: No bootstrap required, opened a new log
I20260601 13:42:03.691912 23171 ts_tablet_manager.cc:1403] T 0cc5077e062d46beade2be09881fb52c P cb377d2ab2b1467f859478ee9fd45a8b: Time spent bootstrapping tablet: real 0.003s	user 0.002s	sys 0.000s
I20260601 13:42:03.692008 23172 ts_tablet_manager.cc:1434] T 4fcdd59f283c476a8c24025d1f45e502 P fd2007a46d6a467eafd215dfdde308a6: Time spent starting tablet: real 0.001s	user 0.000s	sys 0.000s
I20260601 13:42:03.692178 23172 tablet_bootstrap.cc:492] T 89e2f641a72341cabbf69e5e49a13ae1 P fd2007a46d6a467eafd215dfdde308a6: Bootstrap starting.
I20260601 13:42:03.692333 23171 raft_consensus.cc:359] T 0cc5077e062d46beade2be09881fb52c P cb377d2ab2b1467f859478ee9fd45a8b [term 0 FOLLOWER]: Replica starting. Triggering 0 pending ops. Active config: opid_index: -1 OBSOLETE_local: false peers { permanent_uuid: "fd2007a46d6a467eafd215dfdde308a6" member_type: VOTER last_known_addr { host: "127.18.30.129" port: 39169 } } peers { permanent_uuid: "03341d9e32bd4273aeda71eadafbb09b" member_type: VOTER last_known_addr { host: "127.18.30.130" port: 41765 } } peers { permanent_uuid: "cb377d2ab2b1467f859478ee9fd45a8b" member_type: VOTER last_known_addr { host: "127.18.30.131" port: 39787 } }
I20260601 13:42:03.692430 23171 raft_consensus.cc:385] T 0cc5077e062d46beade2be09881fb52c P cb377d2ab2b1467f859478ee9fd45a8b [term 0 FOLLOWER]: Consensus starting up: Expiring failure detector timer to make a prompt election more likely
I20260601 13:42:03.692466 23171 raft_consensus.cc:740] T 0cc5077e062d46beade2be09881fb52c P cb377d2ab2b1467f859478ee9fd45a8b [term 0 FOLLOWER]: Becoming Follower/Learner. State: Replica: cb377d2ab2b1467f859478ee9fd45a8b, State: Initialized, Role: FOLLOWER
I20260601 13:42:03.692575 23171 consensus_queue.cc:260] T 0cc5077e062d46beade2be09881fb52c P cb377d2ab2b1467f859478ee9fd45a8b [NON_LEADER]: Queue going to NON_LEADER mode. State: All replicated index: 0, Majority replicated index: 0, Committed index: 0, Last appended: 0.0, Last appended by leader: 0, Current term: 0, Majority size: -1, State: 0, Mode: NON_LEADER, active raft config: opid_index: -1 OBSOLETE_local: false peers { permanent_uuid: "fd2007a46d6a467eafd215dfdde308a6" member_type: VOTER last_known_addr { host: "127.18.30.129" port: 39169 } } peers { permanent_uuid: "03341d9e32bd4273aeda71eadafbb09b" member_type: VOTER last_known_addr { host: "127.18.30.130" port: 41765 } } peers { permanent_uuid: "cb377d2ab2b1467f859478ee9fd45a8b" member_type: VOTER last_known_addr { host: "127.18.30.131" port: 39787 } }
I20260601 13:42:03.692819 23171 ts_tablet_manager.cc:1434] T 0cc5077e062d46beade2be09881fb52c P cb377d2ab2b1467f859478ee9fd45a8b: Time spent starting tablet: real 0.001s	user 0.000s	sys 0.000s
I20260601 13:42:03.692962 23171 tablet_bootstrap.cc:492] T 9c38d47698c04a29b03a6704fe6aa75e P cb377d2ab2b1467f859478ee9fd45a8b: Bootstrap starting.
I20260601 13:42:03.693496 23172 tablet_bootstrap.cc:654] T 89e2f641a72341cabbf69e5e49a13ae1 P fd2007a46d6a467eafd215dfdde308a6: Neither blocks nor log segments found. Creating new log.
I20260601 13:42:03.693940 23171 tablet_bootstrap.cc:654] T 9c38d47698c04a29b03a6704fe6aa75e P cb377d2ab2b1467f859478ee9fd45a8b: Neither blocks nor log segments found. Creating new log.
I20260601 13:42:03.692171 23175 raft_consensus.cc:359] T 0cc5077e062d46beade2be09881fb52c P 03341d9e32bd4273aeda71eadafbb09b [term 0 FOLLOWER]: Replica starting. Triggering 0 pending ops. Active config: opid_index: -1 OBSOLETE_local: false peers { permanent_uuid: "fd2007a46d6a467eafd215dfdde308a6" member_type: VOTER last_known_addr { host: "127.18.30.129" port: 39169 } } peers { permanent_uuid: "03341d9e32bd4273aeda71eadafbb09b" member_type: VOTER last_known_addr { host: "127.18.30.130" port: 41765 } } peers { permanent_uuid: "cb377d2ab2b1467f859478ee9fd45a8b" member_type: VOTER last_known_addr { host: "127.18.30.131" port: 39787 } }
I20260601 13:42:03.694275 23175 raft_consensus.cc:385] T 0cc5077e062d46beade2be09881fb52c P 03341d9e32bd4273aeda71eadafbb09b [term 0 FOLLOWER]: Consensus starting up: Expiring failure detector timer to make a prompt election more likely
I20260601 13:42:03.694334 23175 raft_consensus.cc:740] T 0cc5077e062d46beade2be09881fb52c P 03341d9e32bd4273aeda71eadafbb09b [term 0 FOLLOWER]: Becoming Follower/Learner. State: Replica: 03341d9e32bd4273aeda71eadafbb09b, State: Initialized, Role: FOLLOWER
I20260601 13:42:03.694516 23175 consensus_queue.cc:260] T 0cc5077e062d46beade2be09881fb52c P 03341d9e32bd4273aeda71eadafbb09b [NON_LEADER]: Queue going to NON_LEADER mode. State: All replicated index: 0, Majority replicated index: 0, Committed index: 0, Last appended: 0.0, Last appended by leader: 0, Current term: 0, Majority size: -1, State: 0, Mode: NON_LEADER, active raft config: opid_index: -1 OBSOLETE_local: false peers { permanent_uuid: "fd2007a46d6a467eafd215dfdde308a6" member_type: VOTER last_known_addr { host: "127.18.30.129" port: 39169 } } peers { permanent_uuid: "03341d9e32bd4273aeda71eadafbb09b" member_type: VOTER last_known_addr { host: "127.18.30.130" port: 41765 } } peers { permanent_uuid: "cb377d2ab2b1467f859478ee9fd45a8b" member_type: VOTER last_known_addr { host: "127.18.30.131" port: 39787 } }
I20260601 13:42:03.694967 23175 ts_tablet_manager.cc:1434] T 0cc5077e062d46beade2be09881fb52c P 03341d9e32bd4273aeda71eadafbb09b: Time spent starting tablet: real 0.003s	user 0.001s	sys 0.000s
I20260601 13:42:03.696841 23172 tablet_bootstrap.cc:492] T 89e2f641a72341cabbf69e5e49a13ae1 P fd2007a46d6a467eafd215dfdde308a6: No bootstrap required, opened a new log
I20260601 13:42:03.696862 23175 tablet_bootstrap.cc:492] T 5d774097f9ad4c0a9d80cc8c74c6ca3d P 03341d9e32bd4273aeda71eadafbb09b: Bootstrap starting.
I20260601 13:42:03.696918 23172 ts_tablet_manager.cc:1403] T 89e2f641a72341cabbf69e5e49a13ae1 P fd2007a46d6a467eafd215dfdde308a6: Time spent bootstrapping tablet: real 0.005s	user 0.000s	sys 0.002s
I20260601 13:42:03.697517 23125 tablet_service.cc:1917] Received RequestConsensusVote() RPC: tablet_id: "251564471f0e47bfb846d56141d1fda3" candidate_uuid: "03341d9e32bd4273aeda71eadafbb09b" candidate_term: 1 candidate_status { last_received { term: 0 index: 0 } } ignore_live_leader: false dest_uuid: "cb377d2ab2b1467f859478ee9fd45a8b" is_pre_election: true
I20260601 13:42:03.697829 23175 tablet_bootstrap.cc:654] T 5d774097f9ad4c0a9d80cc8c74c6ca3d P 03341d9e32bd4273aeda71eadafbb09b: Neither blocks nor log segments found. Creating new log.
W20260601 13:42:03.698413 23014 leader_election.cc:343] T 251564471f0e47bfb846d56141d1fda3 P 03341d9e32bd4273aeda71eadafbb09b [CANDIDATE]: Term 1 pre-election: Tablet error from VoteRequest() call to peer cb377d2ab2b1467f859478ee9fd45a8b (127.18.30.131:39787): Illegal state: must be running to vote when last-logged opid is not known
I20260601 13:42:03.698446 23171 tablet_bootstrap.cc:492] T 9c38d47698c04a29b03a6704fe6aa75e P cb377d2ab2b1467f859478ee9fd45a8b: No bootstrap required, opened a new log
I20260601 13:42:03.698577 23171 ts_tablet_manager.cc:1403] T 9c38d47698c04a29b03a6704fe6aa75e P cb377d2ab2b1467f859478ee9fd45a8b: Time spent bootstrapping tablet: real 0.006s	user 0.002s	sys 0.000s
I20260601 13:42:03.698721 23172 raft_consensus.cc:359] T 89e2f641a72341cabbf69e5e49a13ae1 P fd2007a46d6a467eafd215dfdde308a6 [term 0 FOLLOWER]: Replica starting. Triggering 0 pending ops. Active config: opid_index: -1 OBSOLETE_local: false peers { permanent_uuid: "fd2007a46d6a467eafd215dfdde308a6" member_type: VOTER last_known_addr { host: "127.18.30.129" port: 39169 } } peers { permanent_uuid: "03341d9e32bd4273aeda71eadafbb09b" member_type: VOTER last_known_addr { host: "127.18.30.130" port: 41765 } } peers { permanent_uuid: "cb377d2ab2b1467f859478ee9fd45a8b" member_type: VOTER last_known_addr { host: "127.18.30.131" port: 39787 } }
I20260601 13:42:03.698820 23172 raft_consensus.cc:385] T 89e2f641a72341cabbf69e5e49a13ae1 P fd2007a46d6a467eafd215dfdde308a6 [term 0 FOLLOWER]: Consensus starting up: Expiring failure detector timer to make a prompt election more likely
I20260601 13:42:03.698843 23172 raft_consensus.cc:740] T 89e2f641a72341cabbf69e5e49a13ae1 P fd2007a46d6a467eafd215dfdde308a6 [term 0 FOLLOWER]: Becoming Follower/Learner. State: Replica: fd2007a46d6a467eafd215dfdde308a6, State: Initialized, Role: FOLLOWER
I20260601 13:42:03.698937 23172 consensus_queue.cc:260] T 89e2f641a72341cabbf69e5e49a13ae1 P fd2007a46d6a467eafd215dfdde308a6 [NON_LEADER]: Queue going to NON_LEADER mode. State: All replicated index: 0, Majority replicated index: 0, Committed index: 0, Last appended: 0.0, Last appended by leader: 0, Current term: 0, Majority size: -1, State: 0, Mode: NON_LEADER, active raft config: opid_index: -1 OBSOLETE_local: false peers { permanent_uuid: "fd2007a46d6a467eafd215dfdde308a6" member_type: VOTER last_known_addr { host: "127.18.30.129" port: 39169 } } peers { permanent_uuid: "03341d9e32bd4273aeda71eadafbb09b" member_type: VOTER last_known_addr { host: "127.18.30.130" port: 41765 } } peers { permanent_uuid: "cb377d2ab2b1467f859478ee9fd45a8b" member_type: VOTER last_known_addr { host: "127.18.30.131" port: 39787 } }
I20260601 13:42:03.699040 23171 raft_consensus.cc:359] T 9c38d47698c04a29b03a6704fe6aa75e P cb377d2ab2b1467f859478ee9fd45a8b [term 0 FOLLOWER]: Replica starting. Triggering 0 pending ops. Active config: opid_index: -1 OBSOLETE_local: false peers { permanent_uuid: "fd2007a46d6a467eafd215dfdde308a6" member_type: VOTER last_known_addr { host: "127.18.30.129" port: 39169 } } peers { permanent_uuid: "03341d9e32bd4273aeda71eadafbb09b" member_type: VOTER last_known_addr { host: "127.18.30.130" port: 41765 } } peers { permanent_uuid: "cb377d2ab2b1467f859478ee9fd45a8b" member_type: VOTER last_known_addr { host: "127.18.30.131" port: 39787 } }
I20260601 13:42:03.699150 23171 raft_consensus.cc:385] T 9c38d47698c04a29b03a6704fe6aa75e P cb377d2ab2b1467f859478ee9fd45a8b [term 0 FOLLOWER]: Consensus starting up: Expiring failure detector timer to make a prompt election more likely
I20260601 13:42:03.699186 23172 ts_tablet_manager.cc:1434] T 89e2f641a72341cabbf69e5e49a13ae1 P fd2007a46d6a467eafd215dfdde308a6: Time spent starting tablet: real 0.002s	user 0.000s	sys 0.000s
I20260601 13:42:03.699406 23172 tablet_bootstrap.cc:492] T b3b0932da6b64b5abc177e3868df9f13 P fd2007a46d6a467eafd215dfdde308a6: Bootstrap starting.
I20260601 13:42:03.699191 23171 raft_consensus.cc:740] T 9c38d47698c04a29b03a6704fe6aa75e P cb377d2ab2b1467f859478ee9fd45a8b [term 0 FOLLOWER]: Becoming Follower/Learner. State: Replica: cb377d2ab2b1467f859478ee9fd45a8b, State: Initialized, Role: FOLLOWER
I20260601 13:42:03.700064 23171 consensus_queue.cc:260] T 9c38d47698c04a29b03a6704fe6aa75e P cb377d2ab2b1467f859478ee9fd45a8b [NON_LEADER]: Queue going to NON_LEADER mode. State: All replicated index: 0, Majority replicated index: 0, Committed index: 0, Last appended: 0.0, Last appended by leader: 0, Current term: 0, Majority size: -1, State: 0, Mode: NON_LEADER, active raft config: opid_index: -1 OBSOLETE_local: false peers { permanent_uuid: "fd2007a46d6a467eafd215dfdde308a6" member_type: VOTER last_known_addr { host: "127.18.30.129" port: 39169 } } peers { permanent_uuid: "03341d9e32bd4273aeda71eadafbb09b" member_type: VOTER last_known_addr { host: "127.18.30.130" port: 41765 } } peers { permanent_uuid: "cb377d2ab2b1467f859478ee9fd45a8b" member_type: VOTER last_known_addr { host: "127.18.30.131" port: 39787 } }
I20260601 13:42:03.700140 22974 tablet_service.cc:1917] Received RequestConsensusVote() RPC: tablet_id: "251564471f0e47bfb846d56141d1fda3" candidate_uuid: "03341d9e32bd4273aeda71eadafbb09b" candidate_term: 1 candidate_status { last_received { term: 0 index: 0 } } ignore_live_leader: false dest_uuid: "fd2007a46d6a467eafd215dfdde308a6" is_pre_election: true
I20260601 13:42:03.700299 23172 tablet_bootstrap.cc:654] T b3b0932da6b64b5abc177e3868df9f13 P fd2007a46d6a467eafd215dfdde308a6: Neither blocks nor log segments found. Creating new log.
I20260601 13:42:03.700472 23171 ts_tablet_manager.cc:1434] T 9c38d47698c04a29b03a6704fe6aa75e P cb377d2ab2b1467f859478ee9fd45a8b: Time spent starting tablet: real 0.002s	user 0.001s	sys 0.000s
W20260601 13:42:03.700482 23014 leader_election.cc:343] T 251564471f0e47bfb846d56141d1fda3 P 03341d9e32bd4273aeda71eadafbb09b [CANDIDATE]: Term 1 pre-election: Tablet error from VoteRequest() call to peer fd2007a46d6a467eafd215dfdde308a6 (127.18.30.129:39169): Illegal state: must be running to vote when last-logged opid is not known
I20260601 13:42:03.700593 23014 leader_election.cc:304] T 251564471f0e47bfb846d56141d1fda3 P 03341d9e32bd4273aeda71eadafbb09b [CANDIDATE]: Term 1 pre-election: Election decided. Result: candidate lost. Election summary: received 3 responses out of 3 voters: 1 yes votes; 2 no votes. yes voters: 03341d9e32bd4273aeda71eadafbb09b; no voters: cb377d2ab2b1467f859478ee9fd45a8b, fd2007a46d6a467eafd215dfdde308a6
I20260601 13:42:03.700709 23171 tablet_bootstrap.cc:492] T b3b0932da6b64b5abc177e3868df9f13 P cb377d2ab2b1467f859478ee9fd45a8b: Bootstrap starting.
I20260601 13:42:03.700793 23179 raft_consensus.cc:2749] T 251564471f0e47bfb846d56141d1fda3 P 03341d9e32bd4273aeda71eadafbb09b [term 0 FOLLOWER]: Leader pre-election lost for term 1. Reason: could not achieve majority
I20260601 13:42:03.701604 23175 tablet_bootstrap.cc:492] T 5d774097f9ad4c0a9d80cc8c74c6ca3d P 03341d9e32bd4273aeda71eadafbb09b: No bootstrap required, opened a new log
I20260601 13:42:03.701709 23175 ts_tablet_manager.cc:1403] T 5d774097f9ad4c0a9d80cc8c74c6ca3d P 03341d9e32bd4273aeda71eadafbb09b: Time spent bootstrapping tablet: real 0.005s	user 0.002s	sys 0.000s
I20260601 13:42:03.701892 23171 tablet_bootstrap.cc:654] T b3b0932da6b64b5abc177e3868df9f13 P cb377d2ab2b1467f859478ee9fd45a8b: Neither blocks nor log segments found. Creating new log.
I20260601 13:42:03.702172 23172 tablet_bootstrap.cc:492] T b3b0932da6b64b5abc177e3868df9f13 P fd2007a46d6a467eafd215dfdde308a6: No bootstrap required, opened a new log
I20260601 13:42:03.702131 23175 raft_consensus.cc:359] T 5d774097f9ad4c0a9d80cc8c74c6ca3d P 03341d9e32bd4273aeda71eadafbb09b [term 0 FOLLOWER]: Replica starting. Triggering 0 pending ops. Active config: opid_index: -1 OBSOLETE_local: false peers { permanent_uuid: "fd2007a46d6a467eafd215dfdde308a6" member_type: VOTER last_known_addr { host: "127.18.30.129" port: 39169 } } peers { permanent_uuid: "03341d9e32bd4273aeda71eadafbb09b" member_type: VOTER last_known_addr { host: "127.18.30.130" port: 41765 } } peers { permanent_uuid: "cb377d2ab2b1467f859478ee9fd45a8b" member_type: VOTER last_known_addr { host: "127.18.30.131" port: 39787 } }
I20260601 13:42:03.702240 23175 raft_consensus.cc:385] T 5d774097f9ad4c0a9d80cc8c74c6ca3d P 03341d9e32bd4273aeda71eadafbb09b [term 0 FOLLOWER]: Consensus starting up: Expiring failure detector timer to make a prompt election more likely
I20260601 13:42:03.702268 23172 ts_tablet_manager.cc:1403] T b3b0932da6b64b5abc177e3868df9f13 P fd2007a46d6a467eafd215dfdde308a6: Time spent bootstrapping tablet: real 0.003s	user 0.000s	sys 0.002s
I20260601 13:42:03.702282 23175 raft_consensus.cc:740] T 5d774097f9ad4c0a9d80cc8c74c6ca3d P 03341d9e32bd4273aeda71eadafbb09b [term 0 FOLLOWER]: Becoming Follower/Learner. State: Replica: 03341d9e32bd4273aeda71eadafbb09b, State: Initialized, Role: FOLLOWER
I20260601 13:42:03.702450 23175 consensus_queue.cc:260] T 5d774097f9ad4c0a9d80cc8c74c6ca3d P 03341d9e32bd4273aeda71eadafbb09b [NON_LEADER]: Queue going to NON_LEADER mode. State: All replicated index: 0, Majority replicated index: 0, Committed index: 0, Last appended: 0.0, Last appended by leader: 0, Current term: 0, Majority size: -1, State: 0, Mode: NON_LEADER, active raft config: opid_index: -1 OBSOLETE_local: false peers { permanent_uuid: "fd2007a46d6a467eafd215dfdde308a6" member_type: VOTER last_known_addr { host: "127.18.30.129" port: 39169 } } peers { permanent_uuid: "03341d9e32bd4273aeda71eadafbb09b" member_type: VOTER last_known_addr { host: "127.18.30.130" port: 41765 } } peers { permanent_uuid: "cb377d2ab2b1467f859478ee9fd45a8b" member_type: VOTER last_known_addr { host: "127.18.30.131" port: 39787 } }
I20260601 13:42:03.702718 23175 ts_tablet_manager.cc:1434] T 5d774097f9ad4c0a9d80cc8c74c6ca3d P 03341d9e32bd4273aeda71eadafbb09b: Time spent starting tablet: real 0.001s	user 0.000s	sys 0.000s
I20260601 13:42:03.702747 23172 raft_consensus.cc:359] T b3b0932da6b64b5abc177e3868df9f13 P fd2007a46d6a467eafd215dfdde308a6 [term 0 FOLLOWER]: Replica starting. Triggering 0 pending ops. Active config: opid_index: -1 OBSOLETE_local: false peers { permanent_uuid: "fd2007a46d6a467eafd215dfdde308a6" member_type: VOTER last_known_addr { host: "127.18.30.129" port: 39169 } } peers { permanent_uuid: "03341d9e32bd4273aeda71eadafbb09b" member_type: VOTER last_known_addr { host: "127.18.30.130" port: 41765 } } peers { permanent_uuid: "cb377d2ab2b1467f859478ee9fd45a8b" member_type: VOTER last_known_addr { host: "127.18.30.131" port: 39787 } }
