I20260601 13:41:29.387674  1011 raft_consensus.cc:3060] T 425c1096643e481e8a7930d936d26edc P 4742f7ccde024292a51bf653e636617c [term 0 FOLLOWER]: Advancing to term 1
I20260601 13:41:29.388733  1011 raft_consensus.cc:515] T 425c1096643e481e8a7930d936d26edc P 4742f7ccde024292a51bf653e636617c [term 1 FOLLOWER]: Starting leader election with config: opid_index: -1 OBSOLETE_local: false peers { permanent_uuid: "4742f7ccde024292a51bf653e636617c" member_type: VOTER last_known_addr { host: "127.29.114.196" port: 40757 } } peers { permanent_uuid: "1c2869c854ee49bc956526d929c33503" member_type: VOTER last_known_addr { host: "127.29.114.195" port: 40811 } } peers { permanent_uuid: "4358f1f13f41493693f8a8bf7637002c" member_type: VOTER last_known_addr { host: "127.29.114.194" port: 40627 } }
I20260601 13:41:29.389083  1011 leader_election.cc:290] T 425c1096643e481e8a7930d936d26edc P 4742f7ccde024292a51bf653e636617c [CANDIDATE]: Term 1 election: Requested vote from peers 1c2869c854ee49bc956526d929c33503 (127.29.114.195:40811), 4358f1f13f41493693f8a8bf7637002c (127.29.114.194:40627)
I20260601 13:41:29.389364   821 tablet_service.cc:1917] Received RequestConsensusVote() RPC: tablet_id: "425c1096643e481e8a7930d936d26edc" candidate_uuid: "4742f7ccde024292a51bf653e636617c" candidate_term: 1 candidate_status { last_received { term: 0 index: 0 } } ignore_live_leader: false dest_uuid: "1c2869c854ee49bc956526d929c33503"
I20260601 13:41:29.389464   821 raft_consensus.cc:3060] T 425c1096643e481e8a7930d936d26edc P 1c2869c854ee49bc956526d929c33503 [term 0 FOLLOWER]: Advancing to term 1
I20260601 13:41:29.389853   746 tablet_service.cc:1917] Received RequestConsensusVote() RPC: tablet_id: "425c1096643e481e8a7930d936d26edc" candidate_uuid: "4742f7ccde024292a51bf653e636617c" candidate_term: 1 candidate_status { last_received { term: 0 index: 0 } } ignore_live_leader: false dest_uuid: "4358f1f13f41493693f8a8bf7637002c"
I20260601 13:41:29.389982   746 raft_consensus.cc:3060] T 425c1096643e481e8a7930d936d26edc P 4358f1f13f41493693f8a8bf7637002c [term 0 FOLLOWER]: Advancing to term 1
I20260601 13:41:29.390473   821 raft_consensus.cc:2468] T 425c1096643e481e8a7930d936d26edc P 1c2869c854ee49bc956526d929c33503 [term 1 FOLLOWER]: Leader election vote request: Granting yes vote for candidate 4742f7ccde024292a51bf653e636617c in term 1.
I20260601 13:41:29.390734   931 leader_election.cc:304] T 425c1096643e481e8a7930d936d26edc P 4742f7ccde024292a51bf653e636617c [CANDIDATE]: Term 1 election: Election decided. Result: candidate won. Election summary: received 2 responses out of 3 voters: 2 yes votes; 0 no votes. yes voters: 1c2869c854ee49bc956526d929c33503, 4742f7ccde024292a51bf653e636617c; no voters: 
I20260601 13:41:29.390901  1011 raft_consensus.cc:2804] T 425c1096643e481e8a7930d936d26edc P 4742f7ccde024292a51bf653e636617c [term 1 FOLLOWER]: Leader election won for term 1
I20260601 13:41:29.390914   746 raft_consensus.cc:2468] T 425c1096643e481e8a7930d936d26edc P 4358f1f13f41493693f8a8bf7637002c [term 1 FOLLOWER]: Leader election vote request: Granting yes vote for candidate 4742f7ccde024292a51bf653e636617c in term 1.
I20260601 13:41:29.391031  1011 raft_consensus.cc:697] T 425c1096643e481e8a7930d936d26edc P 4742f7ccde024292a51bf653e636617c [term 1 LEADER]: Becoming Leader. State: Replica: 4742f7ccde024292a51bf653e636617c, State: Running, Role: LEADER
I20260601 13:41:29.391147  1011 consensus_queue.cc:237] T 425c1096643e481e8a7930d936d26edc P 4742f7ccde024292a51bf653e636617c [LEADER]: Queue going to LEADER mode. State: All replicated index: 0, Majority replicated index: 0, Committed index: 0, Last appended: 0.0, Last appended by leader: 0, Current term: 1, Majority size: 2, State: 0, Mode: LEADER, active raft config: opid_index: -1 OBSOLETE_local: false peers { permanent_uuid: "4742f7ccde024292a51bf653e636617c" member_type: VOTER last_known_addr { host: "127.29.114.196" port: 40757 } } peers { permanent_uuid: "1c2869c854ee49bc956526d929c33503" member_type: VOTER last_known_addr { host: "127.29.114.195" port: 40811 } } peers { permanent_uuid: "4358f1f13f41493693f8a8bf7637002c" member_type: VOTER last_known_addr { host: "127.29.114.194" port: 40627 } }
I20260601 13:41:29.392735   566 catalog_manager.cc:5696] T 425c1096643e481e8a7930d936d26edc P 4742f7ccde024292a51bf653e636617c reported cstate change: term changed from 0 to 1, leader changed from <none> to 4742f7ccde024292a51bf653e636617c (127.29.114.196). New cstate: current_term: 1 leader_uuid: "4742f7ccde024292a51bf653e636617c" committed_config { opid_index: -1 OBSOLETE_local: false peers { permanent_uuid: "4742f7ccde024292a51bf653e636617c" member_type: VOTER last_known_addr { host: "127.29.114.196" port: 40757 } health_report { overall_health: HEALTHY } } peers { permanent_uuid: "1c2869c854ee49bc956526d929c33503" member_type: VOTER last_known_addr { host: "127.29.114.195" port: 40811 } health_report { overall_health: UNKNOWN } } peers { permanent_uuid: "4358f1f13f41493693f8a8bf7637002c" member_type: VOTER last_known_addr { host: "127.29.114.194" port: 40627 } health_report { overall_health: UNKNOWN } } }
I20260601 13:41:29.398718  1044 raft_consensus.cc:493] T 8def2e5eb89140f497e25a977673e8b1 P a6e4eb0cf1674b1f9f2b7901b9b95d76 [term 0 FOLLOWER]: Starting pre-election (no leader contacted us within the election timeout)
I20260601 13:41:29.398836  1044 raft_consensus.cc:515] T 8def2e5eb89140f497e25a977673e8b1 P a6e4eb0cf1674b1f9f2b7901b9b95d76 [term 0 FOLLOWER]: Starting pre-election with config: opid_index: -1 OBSOLETE_local: false peers { permanent_uuid: "4742f7ccde024292a51bf653e636617c" member_type: VOTER last_known_addr { host: "127.29.114.196" port: 40757 } } peers { permanent_uuid: "a6e4eb0cf1674b1f9f2b7901b9b95d76" member_type: VOTER last_known_addr { host: "127.29.114.193" port: 35291 } } peers { permanent_uuid: "4358f1f13f41493693f8a8bf7637002c" member_type: VOTER last_known_addr { host: "127.29.114.194" port: 40627 } }
I20260601 13:41:29.399191  1044 leader_election.cc:290] T 8def2e5eb89140f497e25a977673e8b1 P a6e4eb0cf1674b1f9f2b7901b9b95d76 [CANDIDATE]: Term 1 pre-election: Requested pre-vote from peers 4742f7ccde024292a51bf653e636617c (127.29.114.196:40757), 4358f1f13f41493693f8a8bf7637002c (127.29.114.194:40627)
I20260601 13:41:29.399479   965 tablet_service.cc:1917] Received RequestConsensusVote() RPC: tablet_id: "8def2e5eb89140f497e25a977673e8b1" candidate_uuid: "a6e4eb0cf1674b1f9f2b7901b9b95d76" candidate_term: 1 candidate_status { last_received { term: 0 index: 0 } } ignore_live_leader: false dest_uuid: "4742f7ccde024292a51bf653e636617c" is_pre_election: true
I20260601 13:41:29.399509   746 tablet_service.cc:1917] Received RequestConsensusVote() RPC: tablet_id: "8def2e5eb89140f497e25a977673e8b1" candidate_uuid: "a6e4eb0cf1674b1f9f2b7901b9b95d76" candidate_term: 1 candidate_status { last_received { term: 0 index: 0 } } ignore_live_leader: false dest_uuid: "4358f1f13f41493693f8a8bf7637002c" is_pre_election: true
I20260601 13:41:29.399621   965 raft_consensus.cc:2468] T 8def2e5eb89140f497e25a977673e8b1 P 4742f7ccde024292a51bf653e636617c [term 0 FOLLOWER]: Leader pre-election vote request: Granting yes vote for candidate a6e4eb0cf1674b1f9f2b7901b9b95d76 in term 0.
I20260601 13:41:29.399641   746 raft_consensus.cc:2468] T 8def2e5eb89140f497e25a977673e8b1 P 4358f1f13f41493693f8a8bf7637002c [term 0 FOLLOWER]: Leader pre-election vote request: Granting yes vote for candidate a6e4eb0cf1674b1f9f2b7901b9b95d76 in term 0.
I20260601 13:41:29.399933   633 leader_election.cc:304] T 8def2e5eb89140f497e25a977673e8b1 P a6e4eb0cf1674b1f9f2b7901b9b95d76 [CANDIDATE]: Term 1 pre-election: Election decided. Result: candidate won. Election summary: received 2 responses out of 3 voters: 2 yes votes; 0 no votes. yes voters: 4358f1f13f41493693f8a8bf7637002c, a6e4eb0cf1674b1f9f2b7901b9b95d76; no voters: 
I20260601 13:41:29.400085  1044 raft_consensus.cc:2804] T 8def2e5eb89140f497e25a977673e8b1 P a6e4eb0cf1674b1f9f2b7901b9b95d76 [term 0 FOLLOWER]: Leader pre-election won for term 1
I20260601 13:41:29.400141  1044 raft_consensus.cc:493] T 8def2e5eb89140f497e25a977673e8b1 P a6e4eb0cf1674b1f9f2b7901b9b95d76 [term 0 FOLLOWER]: Starting leader election (no leader contacted us within the election timeout)
I20260601 13:41:29.400236  1044 raft_consensus.cc:3060] T 8def2e5eb89140f497e25a977673e8b1 P a6e4eb0cf1674b1f9f2b7901b9b95d76 [term 0 FOLLOWER]: Advancing to term 1
I20260601 13:41:29.400988  1044 raft_consensus.cc:515] T 8def2e5eb89140f497e25a977673e8b1 P a6e4eb0cf1674b1f9f2b7901b9b95d76 [term 1 FOLLOWER]: Starting leader election with config: opid_index: -1 OBSOLETE_local: false peers { permanent_uuid: "4742f7ccde024292a51bf653e636617c" member_type: VOTER last_known_addr { host: "127.29.114.196" port: 40757 } } peers { permanent_uuid: "a6e4eb0cf1674b1f9f2b7901b9b95d76" member_type: VOTER last_known_addr { host: "127.29.114.193" port: 35291 } } peers { permanent_uuid: "4358f1f13f41493693f8a8bf7637002c" member_type: VOTER last_known_addr { host: "127.29.114.194" port: 40627 } }
I20260601 13:41:29.401294  1044 leader_election.cc:290] T 8def2e5eb89140f497e25a977673e8b1 P a6e4eb0cf1674b1f9f2b7901b9b95d76 [CANDIDATE]: Term 1 election: Requested vote from peers 4742f7ccde024292a51bf653e636617c (127.29.114.196:40757), 4358f1f13f41493693f8a8bf7637002c (127.29.114.194:40627)
I20260601 13:41:29.401613   746 tablet_service.cc:1917] Received RequestConsensusVote() RPC: tablet_id: "8def2e5eb89140f497e25a977673e8b1" candidate_uuid: "a6e4eb0cf1674b1f9f2b7901b9b95d76" candidate_term: 1 candidate_status { last_received { term: 0 index: 0 } } ignore_live_leader: false dest_uuid: "4358f1f13f41493693f8a8bf7637002c"
I20260601 13:41:29.401647   965 tablet_service.cc:1917] Received RequestConsensusVote() RPC: tablet_id: "8def2e5eb89140f497e25a977673e8b1" candidate_uuid: "a6e4eb0cf1674b1f9f2b7901b9b95d76" candidate_term: 1 candidate_status { last_received { term: 0 index: 0 } } ignore_live_leader: false dest_uuid: "4742f7ccde024292a51bf653e636617c"
I20260601 13:41:29.401703   746 raft_consensus.cc:3060] T 8def2e5eb89140f497e25a977673e8b1 P 4358f1f13f41493693f8a8bf7637002c [term 0 FOLLOWER]: Advancing to term 1
I20260601 13:41:29.401777   965 raft_consensus.cc:3060] T 8def2e5eb89140f497e25a977673e8b1 P 4742f7ccde024292a51bf653e636617c [term 0 FOLLOWER]: Advancing to term 1
I20260601 13:41:29.402375   746 raft_consensus.cc:2468] T 8def2e5eb89140f497e25a977673e8b1 P 4358f1f13f41493693f8a8bf7637002c [term 1 FOLLOWER]: Leader election vote request: Granting yes vote for candidate a6e4eb0cf1674b1f9f2b7901b9b95d76 in term 1.
I20260601 13:41:29.402485   965 raft_consensus.cc:2468] T 8def2e5eb89140f497e25a977673e8b1 P 4742f7ccde024292a51bf653e636617c [term 1 FOLLOWER]: Leader election vote request: Granting yes vote for candidate a6e4eb0cf1674b1f9f2b7901b9b95d76 in term 1.
I20260601 13:41:29.402685   633 leader_election.cc:304] T 8def2e5eb89140f497e25a977673e8b1 P a6e4eb0cf1674b1f9f2b7901b9b95d76 [CANDIDATE]: Term 1 election: Election decided. Result: candidate won. Election summary: received 2 responses out of 3 voters: 2 yes votes; 0 no votes. yes voters: 4358f1f13f41493693f8a8bf7637002c, a6e4eb0cf1674b1f9f2b7901b9b95d76; no voters: 
I20260601 13:41:29.402859  1044 raft_consensus.cc:2804] T 8def2e5eb89140f497e25a977673e8b1 P a6e4eb0cf1674b1f9f2b7901b9b95d76 [term 1 FOLLOWER]: Leader election won for term 1
I20260601 13:41:29.402978  1044 raft_consensus.cc:697] T 8def2e5eb89140f497e25a977673e8b1 P a6e4eb0cf1674b1f9f2b7901b9b95d76 [term 1 LEADER]: Becoming Leader. State: Replica: a6e4eb0cf1674b1f9f2b7901b9b95d76, State: Running, Role: LEADER
I20260601 13:41:29.403141  1044 consensus_queue.cc:237] T 8def2e5eb89140f497e25a977673e8b1 P a6e4eb0cf1674b1f9f2b7901b9b95d76 [LEADER]: Queue going to LEADER mode. State: All replicated index: 0, Majority replicated index: 0, Committed index: 0, Last appended: 0.0, Last appended by leader: 0, Current term: 1, Majority size: 2, State: 0, Mode: LEADER, active raft config: opid_index: -1 OBSOLETE_local: false peers { permanent_uuid: "4742f7ccde024292a51bf653e636617c" member_type: VOTER last_known_addr { host: "127.29.114.196" port: 40757 } } peers { permanent_uuid: "a6e4eb0cf1674b1f9f2b7901b9b95d76" member_type: VOTER last_known_addr { host: "127.29.114.193" port: 35291 } } peers { permanent_uuid: "4358f1f13f41493693f8a8bf7637002c" member_type: VOTER last_known_addr { host: "127.29.114.194" port: 40627 } }
I20260601 13:41:29.404898   566 catalog_manager.cc:5696] T 8def2e5eb89140f497e25a977673e8b1 P a6e4eb0cf1674b1f9f2b7901b9b95d76 reported cstate change: term changed from 0 to 1, leader changed from <none> to a6e4eb0cf1674b1f9f2b7901b9b95d76 (127.29.114.193). New cstate: current_term: 1 leader_uuid: "a6e4eb0cf1674b1f9f2b7901b9b95d76" committed_config { opid_index: -1 OBSOLETE_local: false peers { permanent_uuid: "4742f7ccde024292a51bf653e636617c" member_type: VOTER last_known_addr { host: "127.29.114.196" port: 40757 } health_report { overall_health: UNKNOWN } } peers { permanent_uuid: "a6e4eb0cf1674b1f9f2b7901b9b95d76" member_type: VOTER last_known_addr { host: "127.29.114.193" port: 35291 } health_report { overall_health: HEALTHY } } peers { permanent_uuid: "4358f1f13f41493693f8a8bf7637002c" member_type: VOTER last_known_addr { host: "127.29.114.194" port: 40627 } health_report { overall_health: UNKNOWN } } }
I20260601 13:41:29.425833   874 raft_consensus.cc:493] T 2a9d73c95f124ca0bffaa18cf40246e3 P 4358f1f13f41493693f8a8bf7637002c [term 0 FOLLOWER]: Starting pre-election (no leader contacted us within the election timeout)
I20260601 13:41:29.425997   874 raft_consensus.cc:515] T 2a9d73c95f124ca0bffaa18cf40246e3 P 4358f1f13f41493693f8a8bf7637002c [term 0 FOLLOWER]: Starting pre-election with config: opid_index: -1 OBSOLETE_local: false peers { permanent_uuid: "4742f7ccde024292a51bf653e636617c" member_type: VOTER last_known_addr { host: "127.29.114.196" port: 40757 } } peers { permanent_uuid: "4358f1f13f41493693f8a8bf7637002c" member_type: VOTER last_known_addr { host: "127.29.114.194" port: 40627 } } peers { permanent_uuid: "1c2869c854ee49bc956526d929c33503" member_type: VOTER last_known_addr { host: "127.29.114.195" port: 40811 } }
I20260601 13:41:29.426437   874 leader_election.cc:290] T 2a9d73c95f124ca0bffaa18cf40246e3 P 4358f1f13f41493693f8a8bf7637002c [CANDIDATE]: Term 1 pre-election: Requested pre-vote from peers 4742f7ccde024292a51bf653e636617c (127.29.114.196:40757), 1c2869c854ee49bc956526d929c33503 (127.29.114.195:40811)
I20260601 13:41:29.426807   965 tablet_service.cc:1917] Received RequestConsensusVote() RPC: tablet_id: "2a9d73c95f124ca0bffaa18cf40246e3" candidate_uuid: "4358f1f13f41493693f8a8bf7637002c" candidate_term: 1 candidate_status { last_received { term: 0 index: 0 } } ignore_live_leader: false dest_uuid: "4742f7ccde024292a51bf653e636617c" is_pre_election: true
I20260601 13:41:29.426949   965 raft_consensus.cc:2468] T 2a9d73c95f124ca0bffaa18cf40246e3 P 4742f7ccde024292a51bf653e636617c [term 0 FOLLOWER]: Leader pre-election vote request: Granting yes vote for candidate 4358f1f13f41493693f8a8bf7637002c in term 0.
I20260601 13:41:29.426901   821 tablet_service.cc:1917] Received RequestConsensusVote() RPC: tablet_id: "2a9d73c95f124ca0bffaa18cf40246e3" candidate_uuid: "4358f1f13f41493693f8a8bf7637002c" candidate_term: 1 candidate_status { last_received { term: 0 index: 0 } } ignore_live_leader: false dest_uuid: "1c2869c854ee49bc956526d929c33503" is_pre_election: true
I20260601 13:41:29.427112   821 raft_consensus.cc:2468] T 2a9d73c95f124ca0bffaa18cf40246e3 P 1c2869c854ee49bc956526d929c33503 [term 0 FOLLOWER]: Leader pre-election vote request: Granting yes vote for candidate 4358f1f13f41493693f8a8bf7637002c in term 0.
I20260601 13:41:29.427273   709 leader_election.cc:304] T 2a9d73c95f124ca0bffaa18cf40246e3 P 4358f1f13f41493693f8a8bf7637002c [CANDIDATE]: Term 1 pre-election: Election decided. Result: candidate won. Election summary: received 2 responses out of 3 voters: 2 yes votes; 0 no votes. yes voters: 4358f1f13f41493693f8a8bf7637002c, 4742f7ccde024292a51bf653e636617c; no voters: 
I20260601 13:41:29.427436   874 raft_consensus.cc:2804] T 2a9d73c95f124ca0bffaa18cf40246e3 P 4358f1f13f41493693f8a8bf7637002c [term 0 FOLLOWER]: Leader pre-election won for term 1
I20260601 13:41:29.427495   874 raft_consensus.cc:493] T 2a9d73c95f124ca0bffaa18cf40246e3 P 4358f1f13f41493693f8a8bf7637002c [term 0 FOLLOWER]: Starting leader election (no leader contacted us within the election timeout)
I20260601 13:41:29.427534   874 raft_consensus.cc:3060] T 2a9d73c95f124ca0bffaa18cf40246e3 P 4358f1f13f41493693f8a8bf7637002c [term 0 FOLLOWER]: Advancing to term 1
I20260601 13:41:29.428452   874 raft_consensus.cc:515] T 2a9d73c95f124ca0bffaa18cf40246e3 P 4358f1f13f41493693f8a8bf7637002c [term 1 FOLLOWER]: Starting leader election with config: opid_index: -1 OBSOLETE_local: false peers { permanent_uuid: "4742f7ccde024292a51bf653e636617c" member_type: VOTER last_known_addr { host: "127.29.114.196" port: 40757 } } peers { permanent_uuid: "4358f1f13f41493693f8a8bf7637002c" member_type: VOTER last_known_addr { host: "127.29.114.194" port: 40627 } } peers { permanent_uuid: "1c2869c854ee49bc956526d929c33503" member_type: VOTER last_known_addr { host: "127.29.114.195" port: 40811 } }
I20260601 13:41:29.428790   874 leader_election.cc:290] T 2a9d73c95f124ca0bffaa18cf40246e3 P 4358f1f13f41493693f8a8bf7637002c [CANDIDATE]: Term 1 election: Requested vote from peers 4742f7ccde024292a51bf653e636617c (127.29.114.196:40757), 1c2869c854ee49bc956526d929c33503 (127.29.114.195:40811)
I20260601 13:41:29.429056   965 tablet_service.cc:1917] Received RequestConsensusVote() RPC: tablet_id: "2a9d73c95f124ca0bffaa18cf40246e3" candidate_uuid: "4358f1f13f41493693f8a8bf7637002c" candidate_term: 1 candidate_status { last_received { term: 0 index: 0 } } ignore_live_leader: false dest_uuid: "4742f7ccde024292a51bf653e636617c"
I20260601 13:41:29.429165   965 raft_consensus.cc:3060] T 2a9d73c95f124ca0bffaa18cf40246e3 P 4742f7ccde024292a51bf653e636617c [term 0 FOLLOWER]: Advancing to term 1
I20260601 13:41:29.429204   821 tablet_service.cc:1917] Received RequestConsensusVote() RPC: tablet_id: "2a9d73c95f124ca0bffaa18cf40246e3" candidate_uuid: "4358f1f13f41493693f8a8bf7637002c" candidate_term: 1 candidate_status { last_received { term: 0 index: 0 } } ignore_live_leader: false dest_uuid: "1c2869c854ee49bc956526d929c33503"
I20260601 13:41:29.429339   821 raft_consensus.cc:3060] T 2a9d73c95f124ca0bffaa18cf40246e3 P 1c2869c854ee49bc956526d929c33503 [term 0 FOLLOWER]: Advancing to term 1
I20260601 13:41:29.429922   965 raft_consensus.cc:2468] T 2a9d73c95f124ca0bffaa18cf40246e3 P 4742f7ccde024292a51bf653e636617c [term 1 FOLLOWER]: Leader election vote request: Granting yes vote for candidate 4358f1f13f41493693f8a8bf7637002c in term 1.
I20260601 13:41:29.430116   821 raft_consensus.cc:2468] T 2a9d73c95f124ca0bffaa18cf40246e3 P 1c2869c854ee49bc956526d929c33503 [term 1 FOLLOWER]: Leader election vote request: Granting yes vote for candidate 4358f1f13f41493693f8a8bf7637002c in term 1.
I20260601 13:41:29.430214   709 leader_election.cc:304] T 2a9d73c95f124ca0bffaa18cf40246e3 P 4358f1f13f41493693f8a8bf7637002c [CANDIDATE]: Term 1 election: Election decided. Result: candidate won. Election summary: received 2 responses out of 3 voters: 2 yes votes; 0 no votes. yes voters: 4358f1f13f41493693f8a8bf7637002c, 4742f7ccde024292a51bf653e636617c; no voters: 
I20260601 13:41:29.430389   874 raft_consensus.cc:2804] T 2a9d73c95f124ca0bffaa18cf40246e3 P 4358f1f13f41493693f8a8bf7637002c [term 1 FOLLOWER]: Leader election won for term 1
I20260601 13:41:29.430473   874 raft_consensus.cc:697] T 2a9d73c95f124ca0bffaa18cf40246e3 P 4358f1f13f41493693f8a8bf7637002c [term 1 LEADER]: Becoming Leader. State: Replica: 4358f1f13f41493693f8a8bf7637002c, State: Running, Role: LEADER
I20260601 13:41:29.430625   874 consensus_queue.cc:237] T 2a9d73c95f124ca0bffaa18cf40246e3 P 4358f1f13f41493693f8a8bf7637002c [LEADER]: Queue going to LEADER mode. State: All replicated index: 0, Majority replicated index: 0, Committed index: 0, Last appended: 0.0, Last appended by leader: 0, Current term: 1, Majority size: 2, State: 0, Mode: LEADER, active raft config: opid_index: -1 OBSOLETE_local: false peers { permanent_uuid: "4742f7ccde024292a51bf653e636617c" member_type: VOTER last_known_addr { host: "127.29.114.196" port: 40757 } } peers { permanent_uuid: "4358f1f13f41493693f8a8bf7637002c" member_type: VOTER last_known_addr { host: "127.29.114.194" port: 40627 } } peers { permanent_uuid: "1c2869c854ee49bc956526d929c33503" member_type: VOTER last_known_addr { host: "127.29.114.195" port: 40811 } }
I20260601 13:41:29.432099   566 catalog_manager.cc:5696] T 2a9d73c95f124ca0bffaa18cf40246e3 P 4358f1f13f41493693f8a8bf7637002c reported cstate change: term changed from 0 to 1, leader changed from <none> to 4358f1f13f41493693f8a8bf7637002c (127.29.114.194). New cstate: current_term: 1 leader_uuid: "4358f1f13f41493693f8a8bf7637002c" committed_config { opid_index: -1 OBSOLETE_local: false peers { permanent_uuid: "4742f7ccde024292a51bf653e636617c" member_type: VOTER last_known_addr { host: "127.29.114.196" port: 40757 } health_report { overall_health: UNKNOWN } } peers { permanent_uuid: "4358f1f13f41493693f8a8bf7637002c" member_type: VOTER last_known_addr { host: "127.29.114.194" port: 40627 } health_report { overall_health: HEALTHY } } peers { permanent_uuid: "1c2869c854ee49bc956526d929c33503" member_type: VOTER last_known_addr { host: "127.29.114.195" port: 40811 } health_report { overall_health: UNKNOWN } } }
I20260601 13:41:29.452939  1044 consensus_queue.cc:1048] T b8fa6f81171548ad8ceb3179330b2f42 P a6e4eb0cf1674b1f9f2b7901b9b95d76 [LEADER]: Connected to new peer: Peer: permanent_uuid: "4358f1f13f41493693f8a8bf7637002c" member_type: VOTER last_known_addr { host: "127.29.114.194" port: 40627 }, Status: LMP_MISMATCH, Last received: 0.0, Next index: 1, Last known committed idx: 0, Time since last communication: 0.000s
I20260601 13:41:29.455858  1038 consensus_queue.cc:1048] T b8fa6f81171548ad8ceb3179330b2f42 P a6e4eb0cf1674b1f9f2b7901b9b95d76 [LEADER]: Connected to new peer: Peer: permanent_uuid: "1c2869c854ee49bc956526d929c33503" member_type: VOTER last_known_addr { host: "127.29.114.195" port: 40811 }, Status: LMP_MISMATCH, Last received: 0.0, Next index: 1, Last known committed idx: 0, Time since last communication: 0.000s
I20260601 13:41:29.533957   874 consensus_queue.cc:1048] T f9cfc140ce7a47849b8c4dff4d3f8d22 P 4358f1f13f41493693f8a8bf7637002c [LEADER]: Connected to new peer: Peer: permanent_uuid: "1c2869c854ee49bc956526d929c33503" member_type: VOTER last_known_addr { host: "127.29.114.195" port: 40811 }, Status: LMP_MISMATCH, Last received: 0.0, Next index: 1, Last known committed idx: 0, Time since last communication: 0.000s
I20260601 13:41:29.537252  1052 consensus_queue.cc:1048] T f9cfc140ce7a47849b8c4dff4d3f8d22 P 4358f1f13f41493693f8a8bf7637002c [LEADER]: Connected to new peer: Peer: permanent_uuid: "a6e4eb0cf1674b1f9f2b7901b9b95d76" member_type: VOTER last_known_addr { host: "127.29.114.193" port: 35291 }, Status: LMP_MISMATCH, Last received: 0.0, Next index: 1, Last known committed idx: 0, Time since last communication: 0.000s
I20260601 13:41:29.540414   621 auto_leader_rebalancer.cc:140] leader rebalance for table range_aware_rebalance_new_range
I20260601 13:41:29.547549   670 tablet_service.cc:2072] Received LeaderStepDown RPC: tablet_id: "8def2e5eb89140f497e25a977673e8b1"
dest_uuid: "a6e4eb0cf1674b1f9f2b7901b9b95d76"
mode: GRACEFUL
new_leader_uuid: "4742f7ccde024292a51bf653e636617c"
 from {username='slave'} at 127.0.0.1:59132
I20260601 13:41:29.547688   670 raft_consensus.cc:606] T 8def2e5eb89140f497e25a977673e8b1 P a6e4eb0cf1674b1f9f2b7901b9b95d76 [term 1 LEADER]: Received request to transfer leadership to TS 4742f7ccde024292a51bf653e636617c
I20260601 13:41:29.548641   670 tablet_service.cc:2072] Received LeaderStepDown RPC: tablet_id: "b8fa6f81171548ad8ceb3179330b2f42"
dest_uuid: "a6e4eb0cf1674b1f9f2b7901b9b95d76"
mode: GRACEFUL
new_leader_uuid: "4358f1f13f41493693f8a8bf7637002c"
 from {username='slave'} at 127.0.0.1:59132
I20260601 13:41:29.548836   670 raft_consensus.cc:606] T b8fa6f81171548ad8ceb3179330b2f42 P a6e4eb0cf1674b1f9f2b7901b9b95d76 [term 1 LEADER]: Received request to transfer leadership to TS 4358f1f13f41493693f8a8bf7637002c
I20260601 13:41:29.549170   820 consensus_queue.cc:237] T b5abae0076424a8a999ad6991dc6e72b P 1c2869c854ee49bc956526d929c33503 [LEADER]: Queue going to LEADER mode. State: All replicated index: 0, Majority replicated index: 1, Committed index: 1, Last appended: 1.1, Last appended by leader: 0, Current term: 1, Majority size: 2, State: 0, Mode: LEADER, active raft config: opid_index: 2 OBSOLETE_local: false peers { permanent_uuid: "4358f1f13f41493693f8a8bf7637002c" member_type: VOTER last_known_addr { host: "127.29.114.194" port: 40627 } } peers { permanent_uuid: "a6e4eb0cf1674b1f9f2b7901b9b95d76" member_type: VOTER last_known_addr { host: "127.29.114.193" port: 35291 } attrs { replace: true } } peers { permanent_uuid: "1c2869c854ee49bc956526d929c33503" member_type: VOTER last_known_addr { host: "127.29.114.195" port: 40811 } } peers { permanent_uuid: "4742f7ccde024292a51bf653e636617c" member_type: NON_VOTER last_known_addr { host: "127.29.114.196" port: 40757 } attrs { promote: true } }
I20260601 13:41:29.549536   670 tablet_service.cc:2072] Received LeaderStepDown RPC: tablet_id: "efab5368229e4afa84d6493bf143d98c"
dest_uuid: "a6e4eb0cf1674b1f9f2b7901b9b95d76"
mode: GRACEFUL
new_leader_uuid: "4742f7ccde024292a51bf653e636617c"
 from {username='slave'} at 127.0.0.1:59132
I20260601 13:41:29.549636   670 raft_consensus.cc:606] T efab5368229e4afa84d6493bf143d98c P a6e4eb0cf1674b1f9f2b7901b9b95d76 [term 1 LEADER]: Received request to transfer leadership to TS 4742f7ccde024292a51bf653e636617c
I20260601 13:41:29.549924   621 auto_leader_rebalancer.cc:388] table: range_aware_rebalance_new_range, leader rebalance finish, leader transfer count: 3
I20260601 13:41:29.550041   621 auto_leader_rebalancer.cc:451] All tables' leader rebalancing finished this round
I20260601 13:41:29.550580   670 raft_consensus.cc:1275] T b5abae0076424a8a999ad6991dc6e72b P a6e4eb0cf1674b1f9f2b7901b9b95d76 [term 1 FOLLOWER]: Refusing update from remote peer 1c2869c854ee49bc956526d929c33503: Log matching property violated. Preceding OpId in replica: term: 1 index: 1. Preceding OpId from leader: term: 1 index: 2. (index mismatch)
I20260601 13:41:29.550603   746 raft_consensus.cc:1275] T b5abae0076424a8a999ad6991dc6e72b P 4358f1f13f41493693f8a8bf7637002c [term 1 FOLLOWER]: Refusing update from remote peer 1c2869c854ee49bc956526d929c33503: Log matching property violated. Preceding OpId in replica: term: 1 index: 1. Preceding OpId from leader: term: 1 index: 2. (index mismatch)
W20260601 13:41:29.550806   784 consensus_peers.cc:597] T b5abae0076424a8a999ad6991dc6e72b P 1c2869c854ee49bc956526d929c33503 -> Peer 4742f7ccde024292a51bf653e636617c (127.29.114.196:40757): Couldn't send request to peer 4742f7ccde024292a51bf653e636617c. Error code: TABLET_NOT_FOUND (6). Status: Not found: Tablet not found: b5abae0076424a8a999ad6991dc6e72b. This is attempt 1: this message will repeat every 5th retry.
I20260601 13:41:29.551025  1017 consensus_queue.cc:1048] T b5abae0076424a8a999ad6991dc6e72b P 1c2869c854ee49bc956526d929c33503 [LEADER]: Connected to new peer: Peer: permanent_uuid: "4358f1f13f41493693f8a8bf7637002c" member_type: VOTER last_known_addr { host: "127.29.114.194" port: 40627 }, Status: LMP_MISMATCH, Last received: 0.0, Next index: 2, Last known committed idx: 1, Time since last communication: 0.000s
I20260601 13:41:29.551147   873 consensus_queue.cc:1048] T b5abae0076424a8a999ad6991dc6e72b P 1c2869c854ee49bc956526d929c33503 [LEADER]: Connected to new peer: Peer: permanent_uuid: "a6e4eb0cf1674b1f9f2b7901b9b95d76" member_type: VOTER last_known_addr { host: "127.29.114.193" port: 35291 } attrs { replace: true }, Status: LMP_MISMATCH, Last received: 0.0, Next index: 2, Last known committed idx: 1, Time since last communication: 0.000s
I20260601 13:41:29.551445   873 consensus_queue.cc:1048] T bf170bd8965e40a499f76b33bcc03064 P 1c2869c854ee49bc956526d929c33503 [LEADER]: Connected to new peer: Peer: permanent_uuid: "a6e4eb0cf1674b1f9f2b7901b9b95d76" member_type: VOTER last_known_addr { host: "127.29.114.193" port: 35291 }, Status: LMP_MISMATCH, Last received: 0.0, Next index: 1, Last known committed idx: 0, Time since last communication: 0.000s
I20260601 13:41:29.552846  1017 raft_consensus.cc:2955] T b5abae0076424a8a999ad6991dc6e72b P 1c2869c854ee49bc956526d929c33503 [term 1 LEADER]: Committing config change with OpId 1.2: config changed from index -1 to 2, NON_VOTER 4742f7ccde024292a51bf653e636617c (127.29.114.196) added. New config: { opid_index: 2 OBSOLETE_local: false peers { permanent_uuid: "4358f1f13f41493693f8a8bf7637002c" member_type: VOTER last_known_addr { host: "127.29.114.194" port: 40627 } } peers { permanent_uuid: "a6e4eb0cf1674b1f9f2b7901b9b95d76" member_type: VOTER last_known_addr { host: "127.29.114.193" port: 35291 } attrs { replace: true } } peers { permanent_uuid: "1c2869c854ee49bc956526d929c33503" member_type: VOTER last_known_addr { host: "127.29.114.195" port: 40811 } } peers { permanent_uuid: "4742f7ccde024292a51bf653e636617c" member_type: NON_VOTER last_known_addr { host: "127.29.114.196" port: 40757 } attrs { promote: true } } }
I20260601 13:41:29.553215   746 raft_consensus.cc:2955] T b5abae0076424a8a999ad6991dc6e72b P 4358f1f13f41493693f8a8bf7637002c [term 1 FOLLOWER]: Committing config change with OpId 1.2: config changed from index -1 to 2, NON_VOTER 4742f7ccde024292a51bf653e636617c (127.29.114.196) added. New config: { opid_index: 2 OBSOLETE_local: false peers { permanent_uuid: "4358f1f13f41493693f8a8bf7637002c" member_type: VOTER last_known_addr { host: "127.29.114.194" port: 40627 } } peers { permanent_uuid: "a6e4eb0cf1674b1f9f2b7901b9b95d76" member_type: VOTER last_known_addr { host: "127.29.114.193" port: 35291 } attrs { replace: true } } peers { permanent_uuid: "1c2869c854ee49bc956526d929c33503" member_type: VOTER last_known_addr { host: "127.29.114.195" port: 40811 } } peers { permanent_uuid: "4742f7ccde024292a51bf653e636617c" member_type: NON_VOTER last_known_addr { host: "127.29.114.196" port: 40757 } attrs { promote: true } } }
I20260601 13:41:29.553582   670 raft_consensus.cc:2955] T b5abae0076424a8a999ad6991dc6e72b P a6e4eb0cf1674b1f9f2b7901b9b95d76 [term 1 FOLLOWER]: Committing config change with OpId 1.2: config changed from index -1 to 2, NON_VOTER 4742f7ccde024292a51bf653e636617c (127.29.114.196) added. New config: { opid_index: 2 OBSOLETE_local: false peers { permanent_uuid: "4358f1f13f41493693f8a8bf7637002c" member_type: VOTER last_known_addr { host: "127.29.114.194" port: 40627 } } peers { permanent_uuid: "a6e4eb0cf1674b1f9f2b7901b9b95d76" member_type: VOTER last_known_addr { host: "127.29.114.193" port: 35291 } attrs { replace: true } } peers { permanent_uuid: "1c2869c854ee49bc956526d929c33503" member_type: VOTER last_known_addr { host: "127.29.114.195" port: 40811 } } peers { permanent_uuid: "4742f7ccde024292a51bf653e636617c" member_type: NON_VOTER last_known_addr { host: "127.29.114.196" port: 40757 } attrs { promote: true } } }
I20260601 13:41:29.555416   566 catalog_manager.cc:5696] T b5abae0076424a8a999ad6991dc6e72b P 1c2869c854ee49bc956526d929c33503 reported cstate change: config changed from index -1 to 2, NON_VOTER 4742f7ccde024292a51bf653e636617c (127.29.114.196) added. New cstate: current_term: 1 leader_uuid: "1c2869c854ee49bc956526d929c33503" committed_config { opid_index: 2 OBSOLETE_local: false peers { permanent_uuid: "4358f1f13f41493693f8a8bf7637002c" member_type: VOTER last_known_addr { host: "127.29.114.194" port: 40627 } health_report { overall_health: HEALTHY } } peers { permanent_uuid: "a6e4eb0cf1674b1f9f2b7901b9b95d76" member_type: VOTER last_known_addr { host: "127.29.114.193" port: 35291 } attrs { replace: true } health_report { overall_health: HEALTHY } } peers { permanent_uuid: "1c2869c854ee49bc956526d929c33503" member_type: VOTER last_known_addr { host: "127.29.114.195" port: 40811 } health_report { overall_health: HEALTHY } } peers { permanent_uuid: "4742f7ccde024292a51bf653e636617c" member_type: NON_VOTER last_known_addr { host: "127.29.114.196" port: 40757 } attrs { promote: true } health_report { overall_health: UNKNOWN } } }
I20260601 13:41:29.557034   873 consensus_queue.cc:1048] T bf170bd8965e40a499f76b33bcc03064 P 1c2869c854ee49bc956526d929c33503 [LEADER]: Connected to new peer: Peer: permanent_uuid: "4358f1f13f41493693f8a8bf7637002c" member_type: VOTER last_known_addr { host: "127.29.114.194" port: 40627 }, Status: LMP_MISMATCH, Last received: 0.0, Next index: 1, Last known committed idx: 0, Time since last communication: 0.000s
I20260601 13:41:29.561939   670 consensus_queue.cc:237] T 9de65e99314242bdbae3b4ba8a9cc3c7 P a6e4eb0cf1674b1f9f2b7901b9b95d76 [LEADER]: Queue going to LEADER mode. State: All replicated index: 0, Majority replicated index: 1, Committed index: 1, Last appended: 1.1, Last appended by leader: 0, Current term: 1, Majority size: 2, State: 0, Mode: LEADER, active raft config: opid_index: 2 OBSOLETE_local: false peers { permanent_uuid: "a6e4eb0cf1674b1f9f2b7901b9b95d76" member_type: VOTER last_known_addr { host: "127.29.114.193" port: 35291 } } peers { permanent_uuid: "4358f1f13f41493693f8a8bf7637002c" member_type: VOTER last_known_addr { host: "127.29.114.194" port: 40627 } } peers { permanent_uuid: "1c2869c854ee49bc956526d929c33503" member_type: VOTER last_known_addr { host: "127.29.114.195" port: 40811 } attrs { replace: true } } peers { permanent_uuid: "4742f7ccde024292a51bf653e636617c" member_type: NON_VOTER last_known_addr { host: "127.29.114.196" port: 40757 } attrs { promote: true } }
I20260601 13:41:29.563211   746 raft_consensus.cc:1275] T 9de65e99314242bdbae3b4ba8a9cc3c7 P 4358f1f13f41493693f8a8bf7637002c [term 1 FOLLOWER]: Refusing update from remote peer a6e4eb0cf1674b1f9f2b7901b9b95d76: Log matching property violated. Preceding OpId in replica: term: 1 index: 1. Preceding OpId from leader: term: 1 index: 2. (index mismatch)
W20260601 13:41:29.563346   633 consensus_peers.cc:597] T 9de65e99314242bdbae3b4ba8a9cc3c7 P a6e4eb0cf1674b1f9f2b7901b9b95d76 -> Peer 4742f7ccde024292a51bf653e636617c (127.29.114.196:40757): Couldn't send request to peer 4742f7ccde024292a51bf653e636617c. Error code: TABLET_NOT_FOUND (6). Status: Not found: Tablet not found: 9de65e99314242bdbae3b4ba8a9cc3c7. This is attempt 1: this message will repeat every 5th retry.
I20260601 13:41:29.563556   820 raft_consensus.cc:1275] T 9de65e99314242bdbae3b4ba8a9cc3c7 P 1c2869c854ee49bc956526d929c33503 [term 1 FOLLOWER]: Refusing update from remote peer a6e4eb0cf1674b1f9f2b7901b9b95d76: Log matching property violated. Preceding OpId in replica: term: 1 index: 1. Preceding OpId from leader: term: 1 index: 2. (index mismatch)
I20260601 13:41:29.563666  1044 consensus_queue.cc:1048] T 9de65e99314242bdbae3b4ba8a9cc3c7 P a6e4eb0cf1674b1f9f2b7901b9b95d76 [LEADER]: Connected to new peer: Peer: permanent_uuid: "4358f1f13f41493693f8a8bf7637002c" member_type: VOTER last_known_addr { host: "127.29.114.194" port: 40627 }, Status: LMP_MISMATCH, Last received: 0.0, Next index: 2, Last known committed idx: 1, Time since last communication: 0.000s
I20260601 13:41:29.563930  1038 consensus_queue.cc:1048] T 9de65e99314242bdbae3b4ba8a9cc3c7 P a6e4eb0cf1674b1f9f2b7901b9b95d76 [LEADER]: Connected to new peer: Peer: permanent_uuid: "1c2869c854ee49bc956526d929c33503" member_type: VOTER last_known_addr { host: "127.29.114.195" port: 40811 } attrs { replace: true }, Status: LMP_MISMATCH, Last received: 0.0, Next index: 2, Last known committed idx: 1, Time since last communication: 0.000s
I20260601 13:41:29.565379  1044 raft_consensus.cc:2955] T 9de65e99314242bdbae3b4ba8a9cc3c7 P a6e4eb0cf1674b1f9f2b7901b9b95d76 [term 1 LEADER]: Committing config change with OpId 1.2: config changed from index -1 to 2, NON_VOTER 4742f7ccde024292a51bf653e636617c (127.29.114.196) added. New config: { opid_index: 2 OBSOLETE_local: false peers { permanent_uuid: "a6e4eb0cf1674b1f9f2b7901b9b95d76" member_type: VOTER last_known_addr { host: "127.29.114.193" port: 35291 } } peers { permanent_uuid: "4358f1f13f41493693f8a8bf7637002c" member_type: VOTER last_known_addr { host: "127.29.114.194" port: 40627 } } peers { permanent_uuid: "1c2869c854ee49bc956526d929c33503" member_type: VOTER last_known_addr { host: "127.29.114.195" port: 40811 } attrs { replace: true } } peers { permanent_uuid: "4742f7ccde024292a51bf653e636617c" member_type: NON_VOTER last_known_addr { host: "127.29.114.196" port: 40757 } attrs { promote: true } } }
I20260601 13:41:29.565838   820 raft_consensus.cc:2955] T 9de65e99314242bdbae3b4ba8a9cc3c7 P 1c2869c854ee49bc956526d929c33503 [term 1 FOLLOWER]: Committing config change with OpId 1.2: config changed from index -1 to 2, NON_VOTER 4742f7ccde024292a51bf653e636617c (127.29.114.196) added. New config: { opid_index: 2 OBSOLETE_local: false peers { permanent_uuid: "a6e4eb0cf1674b1f9f2b7901b9b95d76" member_type: VOTER last_known_addr { host: "127.29.114.193" port: 35291 } } peers { permanent_uuid: "4358f1f13f41493693f8a8bf7637002c" member_type: VOTER last_known_addr { host: "127.29.114.194" port: 40627 } } peers { permanent_uuid: "1c2869c854ee49bc956526d929c33503" member_type: VOTER last_known_addr { host: "127.29.114.195" port: 40811 } attrs { replace: true } } peers { permanent_uuid: "4742f7ccde024292a51bf653e636617c" member_type: NON_VOTER last_known_addr { host: "127.29.114.196" port: 40757 } attrs { promote: true } } }
I20260601 13:41:29.565881   746 raft_consensus.cc:2955] T 9de65e99314242bdbae3b4ba8a9cc3c7 P 4358f1f13f41493693f8a8bf7637002c [term 1 FOLLOWER]: Committing config change with OpId 1.2: config changed from index -1 to 2, NON_VOTER 4742f7ccde024292a51bf653e636617c (127.29.114.196) added. New config: { opid_index: 2 OBSOLETE_local: false peers { permanent_uuid: "a6e4eb0cf1674b1f9f2b7901b9b95d76" member_type: VOTER last_known_addr { host: "127.29.114.193" port: 35291 } } peers { permanent_uuid: "4358f1f13f41493693f8a8bf7637002c" member_type: VOTER last_known_addr { host: "127.29.114.194" port: 40627 } } peers { permanent_uuid: "1c2869c854ee49bc956526d929c33503" member_type: VOTER last_known_addr { host: "127.29.114.195" port: 40811 } attrs { replace: true } } peers { permanent_uuid: "4742f7ccde024292a51bf653e636617c" member_type: NON_VOTER last_known_addr { host: "127.29.114.196" port: 40757 } attrs { promote: true } } }
I20260601 13:41:29.567768   566 catalog_manager.cc:5696] T 9de65e99314242bdbae3b4ba8a9cc3c7 P a6e4eb0cf1674b1f9f2b7901b9b95d76 reported cstate change: config changed from index -1 to 2, NON_VOTER 4742f7ccde024292a51bf653e636617c (127.29.114.196) added. New cstate: current_term: 1 leader_uuid: "a6e4eb0cf1674b1f9f2b7901b9b95d76" committed_config { opid_index: 2 OBSOLETE_local: false peers { permanent_uuid: "a6e4eb0cf1674b1f9f2b7901b9b95d76" member_type: VOTER last_known_addr { host: "127.29.114.193" port: 35291 } health_report { overall_health: HEALTHY } } peers { permanent_uuid: "4358f1f13f41493693f8a8bf7637002c" member_type: VOTER last_known_addr { host: "127.29.114.194" port: 40627 } health_report { overall_health: HEALTHY } } peers { permanent_uuid: "1c2869c854ee49bc956526d929c33503" member_type: VOTER last_known_addr { host: "127.29.114.195" port: 40811 } attrs { replace: true } health_report { overall_health: HEALTHY } } peers { permanent_uuid: "4742f7ccde024292a51bf653e636617c" member_type: NON_VOTER last_known_addr { host: "127.29.114.196" port: 40757 } attrs { promote: true } health_report { overall_health: UNKNOWN } } }
W20260601 13:41:29.568948   615 auto_rebalancer.cc:591] Failed to schedule move for tablet b8fa6f81171548ad8ceb3179330b2f42: Remote error: Service unavailable: leader transfer in progress
I20260601 13:41:29.573383   746 consensus_queue.cc:237] T f9cfc140ce7a47849b8c4dff4d3f8d22 P 4358f1f13f41493693f8a8bf7637002c [LEADER]: Queue going to LEADER mode. State: All replicated index: 0, Majority replicated index: 1, Committed index: 1, Last appended: 1.1, Last appended by leader: 0, Current term: 1, Majority size: 2, State: 0, Mode: LEADER, active raft config: opid_index: 2 OBSOLETE_local: false peers { permanent_uuid: "a6e4eb0cf1674b1f9f2b7901b9b95d76" member_type: VOTER last_known_addr { host: "127.29.114.193" port: 35291 } attrs { replace: true } } peers { permanent_uuid: "4358f1f13f41493693f8a8bf7637002c" member_type: VOTER last_known_addr { host: "127.29.114.194" port: 40627 } } peers { permanent_uuid: "1c2869c854ee49bc956526d929c33503" member_type: VOTER last_known_addr { host: "127.29.114.195" port: 40811 } } peers { permanent_uuid: "4742f7ccde024292a51bf653e636617c" member_type: NON_VOTER last_known_addr { host: "127.29.114.196" port: 40757 } attrs { promote: true } }
I20260601 13:41:29.574664   670 raft_consensus.cc:1275] T f9cfc140ce7a47849b8c4dff4d3f8d22 P a6e4eb0cf1674b1f9f2b7901b9b95d76 [term 1 FOLLOWER]: Refusing update from remote peer 4358f1f13f41493693f8a8bf7637002c: Log matching property violated. Preceding OpId in replica: term: 1 index: 1. Preceding OpId from leader: term: 1 index: 2. (index mismatch)
W20260601 13:41:29.574776   709 consensus_peers.cc:597] T f9cfc140ce7a47849b8c4dff4d3f8d22 P 4358f1f13f41493693f8a8bf7637002c -> Peer 4742f7ccde024292a51bf653e636617c (127.29.114.196:40757): Couldn't send request to peer 4742f7ccde024292a51bf653e636617c. Error code: TABLET_NOT_FOUND (6). Status: Not found: Tablet not found: f9cfc140ce7a47849b8c4dff4d3f8d22. This is attempt 1: this message will repeat every 5th retry.
I20260601 13:41:29.574998   820 raft_consensus.cc:1275] T f9cfc140ce7a47849b8c4dff4d3f8d22 P 1c2869c854ee49bc956526d929c33503 [term 1 FOLLOWER]: Refusing update from remote peer 4358f1f13f41493693f8a8bf7637002c: Log matching property violated. Preceding OpId in replica: term: 1 index: 1. Preceding OpId from leader: term: 1 index: 2. (index mismatch)
I20260601 13:41:29.575042   874 consensus_queue.cc:1048] T f9cfc140ce7a47849b8c4dff4d3f8d22 P 4358f1f13f41493693f8a8bf7637002c [LEADER]: Connected to new peer: Peer: permanent_uuid: "a6e4eb0cf1674b1f9f2b7901b9b95d76" member_type: VOTER last_known_addr { host: "127.29.114.193" port: 35291 } attrs { replace: true }, Status: LMP_MISMATCH, Last received: 0.0, Next index: 2, Last known committed idx: 1, Time since last communication: 0.000s
I20260601 13:41:29.575327  1052 consensus_queue.cc:1048] T f9cfc140ce7a47849b8c4dff4d3f8d22 P 4358f1f13f41493693f8a8bf7637002c [LEADER]: Connected to new peer: Peer: permanent_uuid: "1c2869c854ee49bc956526d929c33503" member_type: VOTER last_known_addr { host: "127.29.114.195" port: 40811 }, Status: LMP_MISMATCH, Last received: 0.0, Next index: 2, Last known committed idx: 1, Time since last communication: 0.000s
I20260601 13:41:29.576510   874 raft_consensus.cc:2955] T f9cfc140ce7a47849b8c4dff4d3f8d22 P 4358f1f13f41493693f8a8bf7637002c [term 1 LEADER]: Committing config change with OpId 1.2: config changed from index -1 to 2, NON_VOTER 4742f7ccde024292a51bf653e636617c (127.29.114.196) added. New config: { opid_index: 2 OBSOLETE_local: false peers { permanent_uuid: "a6e4eb0cf1674b1f9f2b7901b9b95d76" member_type: VOTER last_known_addr { host: "127.29.114.193" port: 35291 } attrs { replace: true } } peers { permanent_uuid: "4358f1f13f41493693f8a8bf7637002c" member_type: VOTER last_known_addr { host: "127.29.114.194" port: 40627 } } peers { permanent_uuid: "1c2869c854ee49bc956526d929c33503" member_type: VOTER last_known_addr { host: "127.29.114.195" port: 40811 } } peers { permanent_uuid: "4742f7ccde024292a51bf653e636617c" member_type: NON_VOTER last_known_addr { host: "127.29.114.196" port: 40757 } attrs { promote: true } } }
I20260601 13:41:29.577045   670 raft_consensus.cc:2955] T f9cfc140ce7a47849b8c4dff4d3f8d22 P a6e4eb0cf1674b1f9f2b7901b9b95d76 [term 1 FOLLOWER]: Committing config change with OpId 1.2: config changed from index -1 to 2, NON_VOTER 4742f7ccde024292a51bf653e636617c (127.29.114.196) added. New config: { opid_index: 2 OBSOLETE_local: false peers { permanent_uuid: "a6e4eb0cf1674b1f9f2b7901b9b95d76" member_type: VOTER last_known_addr { host: "127.29.114.193" port: 35291 } attrs { replace: true } } peers { permanent_uuid: "4358f1f13f41493693f8a8bf7637002c" member_type: VOTER last_known_addr { host: "127.29.114.194" port: 40627 } } peers { permanent_uuid: "1c2869c854ee49bc956526d929c33503" member_type: VOTER last_known_addr { host: "127.29.114.195" port: 40811 } } peers { permanent_uuid: "4742f7ccde024292a51bf653e636617c" member_type: NON_VOTER last_known_addr { host: "127.29.114.196" port: 40757 } attrs { promote: true } } }
I20260601 13:41:29.577311   820 raft_consensus.cc:2955] T f9cfc140ce7a47849b8c4dff4d3f8d22 P 1c2869c854ee49bc956526d929c33503 [term 1 FOLLOWER]: Committing config change with OpId 1.2: config changed from index -1 to 2, NON_VOTER 4742f7ccde024292a51bf653e636617c (127.29.114.196) added. New config: { opid_index: 2 OBSOLETE_local: false peers { permanent_uuid: "a6e4eb0cf1674b1f9f2b7901b9b95d76" member_type: VOTER last_known_addr { host: "127.29.114.193" port: 35291 } attrs { replace: true } } peers { permanent_uuid: "4358f1f13f41493693f8a8bf7637002c" member_type: VOTER last_known_addr { host: "127.29.114.194" port: 40627 } } peers { permanent_uuid: "1c2869c854ee49bc956526d929c33503" member_type: VOTER last_known_addr { host: "127.29.114.195" port: 40811 } } peers { permanent_uuid: "4742f7ccde024292a51bf653e636617c" member_type: NON_VOTER last_known_addr { host: "127.29.114.196" port: 40757 } attrs { promote: true } } }
I20260601 13:41:29.579356   567 catalog_manager.cc:5696] T f9cfc140ce7a47849b8c4dff4d3f8d22 P 4358f1f13f41493693f8a8bf7637002c reported cstate change: config changed from index -1 to 2, NON_VOTER 4742f7ccde024292a51bf653e636617c (127.29.114.196) added. New cstate: current_term: 1 leader_uuid: "4358f1f13f41493693f8a8bf7637002c" committed_config { opid_index: 2 OBSOLETE_local: false peers { permanent_uuid: "a6e4eb0cf1674b1f9f2b7901b9b95d76" member_type: VOTER last_known_addr { host: "127.29.114.193" port: 35291 } attrs { replace: true } health_report { overall_health: HEALTHY } } peers { permanent_uuid: "4358f1f13f41493693f8a8bf7637002c" member_type: VOTER last_known_addr { host: "127.29.114.194" port: 40627 } health_report { overall_health: HEALTHY } } peers { permanent_uuid: "1c2869c854ee49bc956526d929c33503" member_type: VOTER last_known_addr { host: "127.29.114.195" port: 40811 } health_report { overall_health: HEALTHY } } peers { permanent_uuid: "4742f7ccde024292a51bf653e636617c" member_type: NON_VOTER last_known_addr { host: "127.29.114.196" port: 40757 } attrs { promote: true } health_report { overall_health: UNKNOWN } } }
I20260601 13:41:29.805485   874 consensus_queue.cc:1048] T 838ec46f517b444d81c42831e4be8e53 P 4358f1f13f41493693f8a8bf7637002c [LEADER]: Connected to new peer: Peer: permanent_uuid: "4742f7ccde024292a51bf653e636617c" member_type: VOTER last_known_addr { host: "127.29.114.196" port: 40757 }, Status: LMP_MISMATCH, Last received: 0.0, Next index: 1, Last known committed idx: 0, Time since last communication: 0.000s
I20260601 13:41:29.808523   874 consensus_queue.cc:1048] T 838ec46f517b444d81c42831e4be8e53 P 4358f1f13f41493693f8a8bf7637002c [LEADER]: Connected to new peer: Peer: permanent_uuid: "a6e4eb0cf1674b1f9f2b7901b9b95d76" member_type: VOTER last_known_addr { host: "127.29.114.193" port: 35291 }, Status: LMP_MISMATCH, Last received: 0.0, Next index: 1, Last known committed idx: 0, Time since last communication: 0.000s
I20260601 13:41:29.812318   874 consensus_queue.cc:1048] T 8e15da08fc1442eeb0236900b0767d90 P 4358f1f13f41493693f8a8bf7637002c [LEADER]: Connected to new peer: Peer: permanent_uuid: "a6e4eb0cf1674b1f9f2b7901b9b95d76" member_type: VOTER last_known_addr { host: "127.29.114.193" port: 35291 }, Status: LMP_MISMATCH, Last received: 0.0, Next index: 1, Last known committed idx: 0, Time since last communication: 0.000s
I20260601 13:41:29.814752  1052 consensus_queue.cc:1048] T 8e15da08fc1442eeb0236900b0767d90 P 4358f1f13f41493693f8a8bf7637002c [LEADER]: Connected to new peer: Peer: permanent_uuid: "4742f7ccde024292a51bf653e636617c" member_type: VOTER last_known_addr { host: "127.29.114.196" port: 40757 }, Status: LMP_MISMATCH, Last received: 0.0, Next index: 1, Last known committed idx: 0, Time since last communication: 0.000s
I20260601 13:41:29.852813   965 raft_consensus.cc:3060] T bacecc25e4af4e489830091e5572c3ea P 4742f7ccde024292a51bf653e636617c [term 0 FOLLOWER]: Advancing to term 1
I20260601 13:41:29.854107   873 consensus_queue.cc:1048] T bacecc25e4af4e489830091e5572c3ea P 1c2869c854ee49bc956526d929c33503 [LEADER]: Connected to new peer: Peer: permanent_uuid: "4742f7ccde024292a51bf653e636617c" member_type: VOTER last_known_addr { host: "127.29.114.196" port: 40757 }, Status: LMP_MISMATCH, Last received: 0.0, Next index: 1, Last known committed idx: 0, Time since last communication: 0.000s
I20260601 13:41:29.856956  1017 consensus_queue.cc:1048] T bacecc25e4af4e489830091e5572c3ea P 1c2869c854ee49bc956526d929c33503 [LEADER]: Connected to new peer: Peer: permanent_uuid: "a6e4eb0cf1674b1f9f2b7901b9b95d76" member_type: VOTER last_known_addr { host: "127.29.114.193" port: 35291 }, Status: LMP_MISMATCH, Last received: 0.0, Next index: 1, Last known committed idx: 0, Time since last communication: 0.000s
