I20260601 13:40:33.188925  1151 tablet_server.cc:179] TabletServer@127.1.31.195:0 shutting down...
I20260601 13:40:33.194114  1151 ts_tablet_manager.cc:1507] Shutting down tablet manager...
I20260601 13:40:33.194336  1151 tablet_replica.cc:333] T 08cf0ea65b624419bedbbd4c5b6a3c16 P e95a079e251e40a7a6e4f6b2b95f325f: stopping tablet replica
I20260601 13:40:33.194465  1151 raft_consensus.cc:2243] T 08cf0ea65b624419bedbbd4c5b6a3c16 P e95a079e251e40a7a6e4f6b2b95f325f [term 1 LEADER]: Raft consensus shutting down.
I20260601 13:40:33.194576  1151 raft_consensus.cc:2272] T 08cf0ea65b624419bedbbd4c5b6a3c16 P e95a079e251e40a7a6e4f6b2b95f325f [term 1 FOLLOWER]: Raft consensus is shut down!
I20260601 13:40:33.207113  1151 tablet_server.cc:196] TabletServer@127.1.31.195:0 shutdown complete.
I20260601 13:40:33.209138  1151 master.cc:562] Master@127.1.31.254:35619 shutting down...
I20260601 13:40:33.213105  1151 raft_consensus.cc:2243] T 00000000000000000000000000000000 P cae8b57c64a0450daaa139c0eb726a62 [term 3 FOLLOWER]: Raft consensus shutting down.
I20260601 13:40:33.213279  1151 raft_consensus.cc:2272] T 00000000000000000000000000000000 P cae8b57c64a0450daaa139c0eb726a62 [term 3 FOLLOWER]: Raft consensus is shut down!
I20260601 13:40:33.213335  1151 tablet_replica.cc:333] T 00000000000000000000000000000000 P cae8b57c64a0450daaa139c0eb726a62: stopping tablet replica
I20260601 13:40:33.226811  1151 master.cc:584] Master@127.1.31.254:35619 shutdown complete.
I20260601 13:40:33.229583  1151 master.cc:562] Master@127.1.31.252:35443 shutting down...
I20260601 13:40:33.233028  1151 raft_consensus.cc:2243] T 00000000000000000000000000000000 P d7b86d6ede86444c81487c00dd7f28c8 [term 3 LEADER]: Raft consensus shutting down.
I20260601 13:40:33.233304  1151 raft_consensus.cc:2272] T 00000000000000000000000000000000 P d7b86d6ede86444c81487c00dd7f28c8 [term 3 FOLLOWER]: Raft consensus is shut down!
I20260601 13:40:33.233459  1151 tablet_replica.cc:333] T 00000000000000000000000000000000 P d7b86d6ede86444c81487c00dd7f28c8: stopping tablet replica
I20260601 13:40:33.246961  1151 master.cc:584] Master@127.1.31.252:35443 shutdown complete.
[       OK ] AutoRebalancerTest.NextLeaderResumesAutoRebalancing (6382 ms)
[ RUN      ] AutoRebalancerTest.MovesScheduledIfAddTserver
I20260601 13:40:33.254799  1151 internal_mini_cluster.cc:156] Creating distributed mini masters. Addrs: 127.1.31.254:43763
I20260601 13:40:33.255237  1151 file_cache.cc:492] Constructed file cache file cache with capacity 419430
W20260601 13:40:33.257084  2794 instance_detector.cc:116] could not retrieve Azure instance metadata: Network error: curl error: HTTP response code said error: The requested URL returned error: 404
W20260601 13:40:33.257094  2793 instance_detector.cc:116] could not retrieve AWS instance metadata: Network error: curl error: HTTP response code said error: The requested URL returned error: 404
W20260601 13:40:33.257164  2796 instance_detector.cc:116] could not retrieve OpenStack instance metadata: Network error: curl error: HTTP response code said error: The requested URL returned error: 404
I20260601 13:40:33.257382  1151 server_base.cc:1061] running on GCE node
I20260601 13:40:33.257613  1151 hybrid_clock.cc:584] initializing the hybrid clock with 'system_unsync' time source
W20260601 13:40:33.257687  1151 system_unsync_time.cc:38] NTP support is disabled. Clock error bounds will not be accurate. This configuration is not suitable for distributed clusters.
I20260601 13:40:33.257722  1151 hybrid_clock.cc:648] HybridClock initialized: now 1780321233257721 us; error 0 us; skew 500 ppm
I20260601 13:40:33.258733  1151 webserver.cc:533] Webserver started at http://127.1.31.254:34395/ using document root <none> and password file <none>
I20260601 13:40:33.258941  1151 fs_manager.cc:362] Metadata directory not provided
I20260601 13:40:33.259017  1151 fs_manager.cc:368] Using write-ahead log directory (fs_wal_dir) as metadata directory
I20260601 13:40:33.259099  1151 server_base.cc:909] This appears to be a new deployment of Kudu; creating new FS layout
I20260601 13:40:33.259552  1151 fs_manager.cc:1068] Generated new instance metadata in path /tmp/dist-test-taskg2lNJx/test-tmp/auto_rebalancer-test.0.AutoRebalancerTest.MovesScheduledIfAddTserver.1780321216849699-1151-0/minicluster-data/master-0-root/instance:
uuid: "579e54d8c7864006b9bb4b98eb4b20bb"
format_stamp: "Formatted at 2026-06-01 13:40:33 on dist-test-slave-2m1q"
I20260601 13:40:33.261147  1151 fs_manager.cc:696] Time spent creating directory manager: real 0.001s	user 0.000s	sys 0.002s
I20260601 13:40:33.262243  2801 log_block_manager.cc:4031] Time spent loading block containers with low live blocks: real 0.000s	user 0.000s	sys 0.000s
I20260601 13:40:33.262540  1151 fs_manager.cc:730] Time spent opening block manager: real 0.001s	user 0.000s	sys 0.001s
I20260601 13:40:33.262626  1151 fs_manager.cc:647] Opened local filesystem: /tmp/dist-test-taskg2lNJx/test-tmp/auto_rebalancer-test.0.AutoRebalancerTest.MovesScheduledIfAddTserver.1780321216849699-1151-0/minicluster-data/master-0-root
uuid: "579e54d8c7864006b9bb4b98eb4b20bb"
format_stamp: "Formatted at 2026-06-01 13:40:33 on dist-test-slave-2m1q"
I20260601 13:40:33.262722  1151 fs_report.cc:389] FS layout report
--------------------
wal directory: /tmp/dist-test-taskg2lNJx/test-tmp/auto_rebalancer-test.0.AutoRebalancerTest.MovesScheduledIfAddTserver.1780321216849699-1151-0/minicluster-data/master-0-root
metadata directory: /tmp/dist-test-taskg2lNJx/test-tmp/auto_rebalancer-test.0.AutoRebalancerTest.MovesScheduledIfAddTserver.1780321216849699-1151-0/minicluster-data/master-0-root
1 data directories: /tmp/dist-test-taskg2lNJx/test-tmp/auto_rebalancer-test.0.AutoRebalancerTest.MovesScheduledIfAddTserver.1780321216849699-1151-0/minicluster-data/master-0-root/data
Total live blocks: 0
Total live bytes: 0
Total live bytes (after alignment): 0
Total number of LBM containers: 0 (0 full)
Did not check for missing blocks
Did not check for orphaned blocks
Total full LBM containers with extra space: 0 (0 repaired)
Total full LBM container extra space in bytes: 0 (0 repaired)
Total incomplete LBM containers: 0 (0 repaired)
Total LBM partial records: 0 (0 repaired)
Total corrupted LBM metadata records in RocksDB: 0 (0 repaired)
I20260601 13:40:33.287298  1151 rpc_server.cc:225] running with OpenSSL 1.1.1  11 Sep 2018
I20260601 13:40:33.287757  1151 kserver.cc:163] Server-wide thread pool size limit: 3276
I20260601 13:40:33.291999  1151 rpc_server.cc:307] RPC server started. Bound to: 127.1.31.254:43763
I20260601 13:40:33.295280  2854 acceptor_pool.cc:272] collecting diagnostics on the listening RPC socket 127.1.31.254:43763 every 8 connection(s)
I20260601 13:40:33.295873  2855 data_dirs.cc:400] Could only allocate 1 dirs of requested 3 for tablet 00000000000000000000000000000000. 1 dirs total, 0 dirs full, 0 dirs failed
I20260601 13:40:33.297720  2855 tablet_bootstrap.cc:492] T 00000000000000000000000000000000 P 579e54d8c7864006b9bb4b98eb4b20bb: Bootstrap starting.
I20260601 13:40:33.298585  2855 tablet_bootstrap.cc:654] T 00000000000000000000000000000000 P 579e54d8c7864006b9bb4b98eb4b20bb: Neither blocks nor log segments found. Creating new log.
I20260601 13:40:33.299705  2855 tablet_bootstrap.cc:492] T 00000000000000000000000000000000 P 579e54d8c7864006b9bb4b98eb4b20bb: No bootstrap required, opened a new log
I20260601 13:40:33.300122  2855 raft_consensus.cc:359] T 00000000000000000000000000000000 P 579e54d8c7864006b9bb4b98eb4b20bb [term 0 FOLLOWER]: Replica starting. Triggering 0 pending ops. Active config: opid_index: -1 OBSOLETE_local: true peers { permanent_uuid: "579e54d8c7864006b9bb4b98eb4b20bb" member_type: VOTER }
I20260601 13:40:33.300220  2855 raft_consensus.cc:385] T 00000000000000000000000000000000 P 579e54d8c7864006b9bb4b98eb4b20bb [term 0 FOLLOWER]: Consensus starting up: Expiring failure detector timer to make a prompt election more likely
I20260601 13:40:33.300243  2855 raft_consensus.cc:740] T 00000000000000000000000000000000 P 579e54d8c7864006b9bb4b98eb4b20bb [term 0 FOLLOWER]: Becoming Follower/Learner. State: Replica: 579e54d8c7864006b9bb4b98eb4b20bb, State: Initialized, Role: FOLLOWER
I20260601 13:40:33.300397  2855 consensus_queue.cc:260] T 00000000000000000000000000000000 P 579e54d8c7864006b9bb4b98eb4b20bb [NON_LEADER]: Queue going to NON_LEADER mode. State: All replicated index: 0, Majority replicated index: 0, Committed index: 0, Last appended: 0.0, Last appended by leader: 0, Current term: 0, Majority size: -1, State: 0, Mode: NON_LEADER, active raft config: opid_index: -1 OBSOLETE_local: true peers { permanent_uuid: "579e54d8c7864006b9bb4b98eb4b20bb" member_type: VOTER }
I20260601 13:40:33.300490  2855 raft_consensus.cc:399] T 00000000000000000000000000000000 P 579e54d8c7864006b9bb4b98eb4b20bb [term 0 FOLLOWER]: Only one voter in the Raft config. Triggering election immediately
I20260601 13:40:33.300516  2855 raft_consensus.cc:493] T 00000000000000000000000000000000 P 579e54d8c7864006b9bb4b98eb4b20bb [term 0 FOLLOWER]: Starting leader election (initial election of a single-replica configuration)
I20260601 13:40:33.300549  2855 raft_consensus.cc:3060] T 00000000000000000000000000000000 P 579e54d8c7864006b9bb4b98eb4b20bb [term 0 FOLLOWER]: Advancing to term 1
I20260601 13:40:33.301339  2855 raft_consensus.cc:515] T 00000000000000000000000000000000 P 579e54d8c7864006b9bb4b98eb4b20bb [term 1 FOLLOWER]: Starting leader election with config: opid_index: -1 OBSOLETE_local: true peers { permanent_uuid: "579e54d8c7864006b9bb4b98eb4b20bb" member_type: VOTER }
I20260601 13:40:33.301471  2855 leader_election.cc:304] T 00000000000000000000000000000000 P 579e54d8c7864006b9bb4b98eb4b20bb [CANDIDATE]: Term 1 election: Election decided. Result: candidate won. Election summary: received 1 responses out of 1 voters: 1 yes votes; 0 no votes. yes voters: 579e54d8c7864006b9bb4b98eb4b20bb; no voters: 
I20260601 13:40:33.301641  2855 leader_election.cc:290] T 00000000000000000000000000000000 P 579e54d8c7864006b9bb4b98eb4b20bb [CANDIDATE]: Term 1 election: Requested vote from peers 
I20260601 13:40:33.301846  2858 raft_consensus.cc:2804] T 00000000000000000000000000000000 P 579e54d8c7864006b9bb4b98eb4b20bb [term 1 FOLLOWER]: Leader election won for term 1
I20260601 13:40:33.302088  2858 raft_consensus.cc:697] T 00000000000000000000000000000000 P 579e54d8c7864006b9bb4b98eb4b20bb [term 1 LEADER]: Becoming Leader. State: Replica: 579e54d8c7864006b9bb4b98eb4b20bb, State: Running, Role: LEADER
I20260601 13:40:33.302248  2858 consensus_queue.cc:237] T 00000000000000000000000000000000 P 579e54d8c7864006b9bb4b98eb4b20bb [LEADER]: Queue going to LEADER mode. State: All replicated index: 0, Majority replicated index: 0, Committed index: 0, Last appended: 0.0, Last appended by leader: 0, Current term: 1, Majority size: 1, State: 0, Mode: LEADER, active raft config: opid_index: -1 OBSOLETE_local: true peers { permanent_uuid: "579e54d8c7864006b9bb4b98eb4b20bb" member_type: VOTER }
I20260601 13:40:33.302258  2855 sys_catalog.cc:565] T 00000000000000000000000000000000 P 579e54d8c7864006b9bb4b98eb4b20bb [sys.catalog]: configured and running, proceeding with master startup.
I20260601 13:40:33.302743  2859 sys_catalog.cc:455] T 00000000000000000000000000000000 P 579e54d8c7864006b9bb4b98eb4b20bb [sys.catalog]: SysCatalogTable state changed. Reason: RaftConsensus started. Latest consensus state: current_term: 1 leader_uuid: "579e54d8c7864006b9bb4b98eb4b20bb" committed_config { opid_index: -1 OBSOLETE_local: true peers { permanent_uuid: "579e54d8c7864006b9bb4b98eb4b20bb" member_type: VOTER } }
I20260601 13:40:33.302758  2860 sys_catalog.cc:455] T 00000000000000000000000000000000 P 579e54d8c7864006b9bb4b98eb4b20bb [sys.catalog]: SysCatalogTable state changed. Reason: New leader 579e54d8c7864006b9bb4b98eb4b20bb. Latest consensus state: current_term: 1 leader_uuid: "579e54d8c7864006b9bb4b98eb4b20bb" committed_config { opid_index: -1 OBSOLETE_local: true peers { permanent_uuid: "579e54d8c7864006b9bb4b98eb4b20bb" member_type: VOTER } }
I20260601 13:40:33.302872  2860 sys_catalog.cc:458] T 00000000000000000000000000000000 P 579e54d8c7864006b9bb4b98eb4b20bb [sys.catalog]: This master's current role is: LEADER
I20260601 13:40:33.303105  2859 sys_catalog.cc:458] T 00000000000000000000000000000000 P 579e54d8c7864006b9bb4b98eb4b20bb [sys.catalog]: This master's current role is: LEADER
I20260601 13:40:33.303186  2862 catalog_manager.cc:1510] Loading table and tablet metadata into memory...
I20260601 13:40:33.304073  2862 catalog_manager.cc:1519] Initializing Kudu cluster ID...
I20260601 13:40:33.304562  1151 internal_mini_cluster.cc:184] Waiting to initialize catalog manager on master 0
I20260601 13:40:33.306365  2862 catalog_manager.cc:1382] Generated new cluster ID: 6660959501854f6e868bd1f1e178569b
I20260601 13:40:33.306440  2862 catalog_manager.cc:1530] Initializing Kudu internal certificate authority...
I20260601 13:40:33.320966  2862 catalog_manager.cc:1405] Generated new certificate authority record
I20260601 13:40:33.321637  2862 catalog_manager.cc:1539] Loading token signing keys...
I20260601 13:40:33.332744  2862 catalog_manager.cc:6069] T 00000000000000000000000000000000 P 579e54d8c7864006b9bb4b98eb4b20bb: Generated new TSK 0
I20260601 13:40:33.332989  2862 catalog_manager.cc:1549] Initializing in-progress tserver states...
I20260601 13:40:33.337306  1151 file_cache.cc:492] Constructed file cache file cache with capacity 419430
W20260601 13:40:33.339423  2877 instance_detector.cc:116] could not retrieve AWS instance metadata: Network error: curl error: HTTP response code said error: The requested URL returned error: 404
W20260601 13:40:33.339543  2878 instance_detector.cc:116] could not retrieve Azure instance metadata: Network error: curl error: HTTP response code said error: The requested URL returned error: 404
I20260601 13:40:33.339571  1151 server_base.cc:1061] running on GCE node
W20260601 13:40:33.339644  2880 instance_detector.cc:116] could not retrieve OpenStack instance metadata: Network error: curl error: HTTP response code said error: The requested URL returned error: 404
I20260601 13:40:33.339895  1151 hybrid_clock.cc:584] initializing the hybrid clock with 'system_unsync' time source
W20260601 13:40:33.339937  1151 system_unsync_time.cc:38] NTP support is disabled. Clock error bounds will not be accurate. This configuration is not suitable for distributed clusters.
I20260601 13:40:33.339953  1151 hybrid_clock.cc:648] HybridClock initialized: now 1780321233339954 us; error 0 us; skew 500 ppm
I20260601 13:40:33.340777  1151 webserver.cc:533] Webserver started at http://127.1.31.193:36789/ using document root <none> and password file <none>
I20260601 13:40:33.340909  1151 fs_manager.cc:362] Metadata directory not provided
I20260601 13:40:33.340953  1151 fs_manager.cc:368] Using write-ahead log directory (fs_wal_dir) as metadata directory
I20260601 13:40:33.341007  1151 server_base.cc:909] This appears to be a new deployment of Kudu; creating new FS layout
I20260601 13:40:33.341380  1151 fs_manager.cc:1068] Generated new instance metadata in path /tmp/dist-test-taskg2lNJx/test-tmp/auto_rebalancer-test.0.AutoRebalancerTest.MovesScheduledIfAddTserver.1780321216849699-1151-0/minicluster-data/ts-0-root/instance:
uuid: "316837105faf4c7d8ad9493c3defeeff"
format_stamp: "Formatted at 2026-06-01 13:40:33 on dist-test-slave-2m1q"
I20260601 13:40:33.342994  1151 fs_manager.cc:696] Time spent creating directory manager: real 0.001s	user 0.002s	sys 0.000s
I20260601 13:40:33.343932  2885 log_block_manager.cc:4031] Time spent loading block containers with low live blocks: real 0.000s	user 0.000s	sys 0.000s
I20260601 13:40:33.344172  1151 fs_manager.cc:730] Time spent opening block manager: real 0.001s	user 0.001s	sys 0.000s
I20260601 13:40:33.344235  1151 fs_manager.cc:647] Opened local filesystem: /tmp/dist-test-taskg2lNJx/test-tmp/auto_rebalancer-test.0.AutoRebalancerTest.MovesScheduledIfAddTserver.1780321216849699-1151-0/minicluster-data/ts-0-root
uuid: "316837105faf4c7d8ad9493c3defeeff"
format_stamp: "Formatted at 2026-06-01 13:40:33 on dist-test-slave-2m1q"
I20260601 13:40:33.344305  1151 fs_report.cc:389] FS layout report
--------------------
wal directory: /tmp/dist-test-taskg2lNJx/test-tmp/auto_rebalancer-test.0.AutoRebalancerTest.MovesScheduledIfAddTserver.1780321216849699-1151-0/minicluster-data/ts-0-root
metadata directory: /tmp/dist-test-taskg2lNJx/test-tmp/auto_rebalancer-test.0.AutoRebalancerTest.MovesScheduledIfAddTserver.1780321216849699-1151-0/minicluster-data/ts-0-root
1 data directories: /tmp/dist-test-taskg2lNJx/test-tmp/auto_rebalancer-test.0.AutoRebalancerTest.MovesScheduledIfAddTserver.1780321216849699-1151-0/minicluster-data/ts-0-root/data
Total live blocks: 0
Total live bytes: 0
Total live bytes (after alignment): 0
Total number of LBM containers: 0 (0 full)
Did not check for missing blocks
Did not check for orphaned blocks
Total full LBM containers with extra space: 0 (0 repaired)
Total full LBM container extra space in bytes: 0 (0 repaired)
Total incomplete LBM containers: 0 (0 repaired)
Total LBM partial records: 0 (0 repaired)
Total corrupted LBM metadata records in RocksDB: 0 (0 repaired)
I20260601 13:40:33.350317  1151 rpc_server.cc:225] running with OpenSSL 1.1.1  11 Sep 2018
I20260601 13:40:33.350716  1151 kserver.cc:163] Server-wide thread pool size limit: 3276
I20260601 13:40:33.350967  1151 txn_system_client.cc:432] TxnSystemClient initialization is disabled...
I20260601 13:40:33.351462  1151 ts_tablet_manager.cc:585] Loaded tablet metadata (0 total tablets, 0 live tablets)
I20260601 13:40:33.351500  1151 ts_tablet_manager.cc:531] Time spent load tablet metadata: real 0.000s	user 0.000s	sys 0.000s
I20260601 13:40:33.351558  1151 ts_tablet_manager.cc:616] Registered 0 tablets
I20260601 13:40:33.351596  1151 ts_tablet_manager.cc:595] Time spent register tablets: real 0.000s	user 0.000s	sys 0.000s
I20260601 13:40:33.355988  1151 rpc_server.cc:307] RPC server started. Bound to: 127.1.31.193:34673
I20260601 13:40:33.355996  2949 acceptor_pool.cc:272] collecting diagnostics on the listening RPC socket 127.1.31.193:34673 every 8 connection(s)
I20260601 13:40:33.357014  1151 file_cache.cc:492] Constructed file cache file cache with capacity 419430
W20260601 13:40:33.359000  2955 instance_detector.cc:116] could not retrieve Azure instance metadata: Network error: curl error: HTTP response code said error: The requested URL returned error: 404
W20260601 13:40:33.359009  2954 instance_detector.cc:116] could not retrieve AWS instance metadata: Network error: curl error: HTTP response code said error: The requested URL returned error: 404
I20260601 13:40:33.359323  1151 server_base.cc:1061] running on GCE node
W20260601 13:40:33.359122  2957 instance_detector.cc:116] could not retrieve OpenStack instance metadata: Network error: curl error: HTTP response code said error: The requested URL returned error: 404
I20260601 13:40:33.359558  1151 hybrid_clock.cc:584] initializing the hybrid clock with 'system_unsync' time source
W20260601 13:40:33.359618  1151 system_unsync_time.cc:38] NTP support is disabled. Clock error bounds will not be accurate. This configuration is not suitable for distributed clusters.
I20260601 13:40:33.359652  1151 hybrid_clock.cc:648] HybridClock initialized: now 1780321233359651 us; error 0 us; skew 500 ppm
I20260601 13:40:33.360714  1151 webserver.cc:533] Webserver started at http://127.1.31.194:39463/ using document root <none> and password file <none>
I20260601 13:40:33.360910  1151 fs_manager.cc:362] Metadata directory not provided
I20260601 13:40:33.360981  1151 fs_manager.cc:368] Using write-ahead log directory (fs_wal_dir) as metadata directory
I20260601 13:40:33.361068  1151 server_base.cc:909] This appears to be a new deployment of Kudu; creating new FS layout
I20260601 13:40:33.361454  1151 fs_manager.cc:1068] Generated new instance metadata in path /tmp/dist-test-taskg2lNJx/test-tmp/auto_rebalancer-test.0.AutoRebalancerTest.MovesScheduledIfAddTserver.1780321216849699-1151-0/minicluster-data/ts-1-root/instance:
uuid: "3fee78ce80b74ef08098e6766e5821c5"
format_stamp: "Formatted at 2026-06-01 13:40:33 on dist-test-slave-2m1q"
I20260601 13:40:33.363076  1151 fs_manager.cc:696] Time spent creating directory manager: real 0.001s	user 0.000s	sys 0.002s
I20260601 13:40:33.364411  2962 log_block_manager.cc:4031] Time spent loading block containers with low live blocks: real 0.000s	user 0.000s	sys 0.000s
I20260601 13:40:33.364735  1151 fs_manager.cc:730] Time spent opening block manager: real 0.001s	user 0.000s	sys 0.001s
I20260601 13:40:33.364825  1151 fs_manager.cc:647] Opened local filesystem: /tmp/dist-test-taskg2lNJx/test-tmp/auto_rebalancer-test.0.AutoRebalancerTest.MovesScheduledIfAddTserver.1780321216849699-1151-0/minicluster-data/ts-1-root
uuid: "3fee78ce80b74ef08098e6766e5821c5"
format_stamp: "Formatted at 2026-06-01 13:40:33 on dist-test-slave-2m1q"
I20260601 13:40:33.364936  1151 fs_report.cc:389] FS layout report
--------------------
wal directory: /tmp/dist-test-taskg2lNJx/test-tmp/auto_rebalancer-test.0.AutoRebalancerTest.MovesScheduledIfAddTserver.1780321216849699-1151-0/minicluster-data/ts-1-root
metadata directory: /tmp/dist-test-taskg2lNJx/test-tmp/auto_rebalancer-test.0.AutoRebalancerTest.MovesScheduledIfAddTserver.1780321216849699-1151-0/minicluster-data/ts-1-root
1 data directories: /tmp/dist-test-taskg2lNJx/test-tmp/auto_rebalancer-test.0.AutoRebalancerTest.MovesScheduledIfAddTserver.1780321216849699-1151-0/minicluster-data/ts-1-root/data
Total live blocks: 0
Total live bytes: 0
Total live bytes (after alignment): 0
Total number of LBM containers: 0 (0 full)
Did not check for missing blocks
Did not check for orphaned blocks
Total full LBM containers with extra space: 0 (0 repaired)
Total full LBM container extra space in bytes: 0 (0 repaired)
Total incomplete LBM containers: 0 (0 repaired)
Total LBM partial records: 0 (0 repaired)
Total corrupted LBM metadata records in RocksDB: 0 (0 repaired)
I20260601 13:40:33.365589  2950 heartbeater.cc:344] Connected to a master server at 127.1.31.254:43763
I20260601 13:40:33.365721  2950 heartbeater.cc:461] Registering TS with master...
I20260601 13:40:33.366042  2950 heartbeater.cc:507] Master 127.1.31.254:43763 requested a full tablet report, sending...
I20260601 13:40:33.366705  2818 ts_manager.cc:194] Registered new tserver with Master: 316837105faf4c7d8ad9493c3defeeff (127.1.31.193:34673)
I20260601 13:40:33.367465  2818 master_service.cc:502] Signed X509 certificate for tserver {username='slave'} at 127.0.0.1:39450
I20260601 13:40:33.391497  1151 rpc_server.cc:225] running with OpenSSL 1.1.1  11 Sep 2018
I20260601 13:40:33.392042  1151 kserver.cc:163] Server-wide thread pool size limit: 3276
I20260601 13:40:33.392437  1151 txn_system_client.cc:432] TxnSystemClient initialization is disabled...
I20260601 13:40:33.392957  1151 ts_tablet_manager.cc:585] Loaded tablet metadata (0 total tablets, 0 live tablets)
I20260601 13:40:33.392997  1151 ts_tablet_manager.cc:531] Time spent load tablet metadata: real 0.000s	user 0.000s	sys 0.000s
I20260601 13:40:33.393054  1151 ts_tablet_manager.cc:616] Registered 0 tablets
I20260601 13:40:33.393093  1151 ts_tablet_manager.cc:595] Time spent register tablets: real 0.000s	user 0.000s	sys 0.000s
I20260601 13:40:33.397527  1151 rpc_server.cc:307] RPC server started. Bound to: 127.1.31.194:44335
I20260601 13:40:33.397565  3026 acceptor_pool.cc:272] collecting diagnostics on the listening RPC socket 127.1.31.194:44335 every 8 connection(s)
I20260601 13:40:33.398478  1151 file_cache.cc:492] Constructed file cache file cache with capacity 419430
W20260601 13:40:33.400434  3030 instance_detector.cc:116] could not retrieve AWS instance metadata: Network error: curl error: HTTP response code said error: The requested URL returned error: 404
W20260601 13:40:33.400552  3033 instance_detector.cc:116] could not retrieve OpenStack instance metadata: Network error: curl error: HTTP response code said error: The requested URL returned error: 404
W20260601 13:40:33.400484  3031 instance_detector.cc:116] could not retrieve Azure instance metadata: Network error: curl error: HTTP response code said error: The requested URL returned error: 404
I20260601 13:40:33.400765  1151 server_base.cc:1061] running on GCE node
I20260601 13:40:33.400983  1151 hybrid_clock.cc:584] initializing the hybrid clock with 'system_unsync' time source
W20260601 13:40:33.401024  1151 system_unsync_time.cc:38] NTP support is disabled. Clock error bounds will not be accurate. This configuration is not suitable for distributed clusters.
I20260601 13:40:33.401041  1151 hybrid_clock.cc:648] HybridClock initialized: now 1780321233401041 us; error 0 us; skew 500 ppm
I20260601 13:40:33.402146  1151 webserver.cc:533] Webserver started at http://127.1.31.195:45813/ using document root <none> and password file <none>
I20260601 13:40:33.402338  1151 fs_manager.cc:362] Metadata directory not provided
I20260601 13:40:33.402405  1151 fs_manager.cc:368] Using write-ahead log directory (fs_wal_dir) as metadata directory
I20260601 13:40:33.402482  1151 server_base.cc:909] This appears to be a new deployment of Kudu; creating new FS layout
I20260601 13:40:33.403003  1151 fs_manager.cc:1068] Generated new instance metadata in path /tmp/dist-test-taskg2lNJx/test-tmp/auto_rebalancer-test.0.AutoRebalancerTest.MovesScheduledIfAddTserver.1780321216849699-1151-0/minicluster-data/ts-2-root/instance:
uuid: "063d6b00c8c1407c8003a9a55a6ab61d"
format_stamp: "Formatted at 2026-06-01 13:40:33 on dist-test-slave-2m1q"
I20260601 13:40:33.403131  3027 heartbeater.cc:344] Connected to a master server at 127.1.31.254:43763
I20260601 13:40:33.403232  3027 heartbeater.cc:461] Registering TS with master...
I20260601 13:40:33.403525  3027 heartbeater.cc:507] Master 127.1.31.254:43763 requested a full tablet report, sending...
I20260601 13:40:33.404362  2818 ts_manager.cc:194] Registered new tserver with Master: 3fee78ce80b74ef08098e6766e5821c5 (127.1.31.194:44335)
I20260601 13:40:33.405081  2818 master_service.cc:502] Signed X509 certificate for tserver {username='slave'} at 127.0.0.1:39462
I20260601 13:40:33.405104  1151 fs_manager.cc:696] Time spent creating directory manager: real 0.002s	user 0.000s	sys 0.003s
I20260601 13:40:33.406368  3038 log_block_manager.cc:4031] Time spent loading block containers with low live blocks: real 0.000s	user 0.000s	sys 0.000s
I20260601 13:40:33.406661  1151 fs_manager.cc:730] Time spent opening block manager: real 0.001s	user 0.000s	sys 0.001s
I20260601 13:40:33.406726  1151 fs_manager.cc:647] Opened local filesystem: /tmp/dist-test-taskg2lNJx/test-tmp/auto_rebalancer-test.0.AutoRebalancerTest.MovesScheduledIfAddTserver.1780321216849699-1151-0/minicluster-data/ts-2-root
uuid: "063d6b00c8c1407c8003a9a55a6ab61d"
format_stamp: "Formatted at 2026-06-01 13:40:33 on dist-test-slave-2m1q"
I20260601 13:40:33.406822  1151 fs_report.cc:389] FS layout report
--------------------
wal directory: /tmp/dist-test-taskg2lNJx/test-tmp/auto_rebalancer-test.0.AutoRebalancerTest.MovesScheduledIfAddTserver.1780321216849699-1151-0/minicluster-data/ts-2-root
metadata directory: /tmp/dist-test-taskg2lNJx/test-tmp/auto_rebalancer-test.0.AutoRebalancerTest.MovesScheduledIfAddTserver.1780321216849699-1151-0/minicluster-data/ts-2-root
1 data directories: /tmp/dist-test-taskg2lNJx/test-tmp/auto_rebalancer-test.0.AutoRebalancerTest.MovesScheduledIfAddTserver.1780321216849699-1151-0/minicluster-data/ts-2-root/data
Total live blocks: 0
Total live bytes: 0
Total live bytes (after alignment): 0
Total number of LBM containers: 0 (0 full)
Did not check for missing blocks
Did not check for orphaned blocks
Total full LBM containers with extra space: 0 (0 repaired)
Total full LBM container extra space in bytes: 0 (0 repaired)
Total incomplete LBM containers: 0 (0 repaired)
Total LBM partial records: 0 (0 repaired)
Total corrupted LBM metadata records in RocksDB: 0 (0 repaired)
I20260601 13:40:33.419986  1151 rpc_server.cc:225] running with OpenSSL 1.1.1  11 Sep 2018
I20260601 13:40:33.420482  1151 kserver.cc:163] Server-wide thread pool size limit: 3276
I20260601 13:40:33.420817  1151 txn_system_client.cc:432] TxnSystemClient initialization is disabled...
I20260601 13:40:33.421342  1151 ts_tablet_manager.cc:585] Loaded tablet metadata (0 total tablets, 0 live tablets)
I20260601 13:40:33.421412  1151 ts_tablet_manager.cc:531] Time spent load tablet metadata: real 0.000s	user 0.000s	sys 0.000s
I20260601 13:40:33.421475  1151 ts_tablet_manager.cc:616] Registered 0 tablets
I20260601 13:40:33.421509  1151 ts_tablet_manager.cc:595] Time spent register tablets: real 0.000s	user 0.000s	sys 0.000s
I20260601 13:40:33.426513  1151 rpc_server.cc:307] RPC server started. Bound to: 127.1.31.195:41141
I20260601 13:40:33.426607  3101 acceptor_pool.cc:272] collecting diagnostics on the listening RPC socket 127.1.31.195:41141 every 8 connection(s)
I20260601 13:40:33.431593  3102 heartbeater.cc:344] Connected to a master server at 127.1.31.254:43763
I20260601 13:40:33.431770  3102 heartbeater.cc:461] Registering TS with master...
I20260601 13:40:33.432039  3102 heartbeater.cc:507] Master 127.1.31.254:43763 requested a full tablet report, sending...
I20260601 13:40:33.432839  2818 ts_manager.cc:194] Registered new tserver with Master: 063d6b00c8c1407c8003a9a55a6ab61d (127.1.31.195:41141)
I20260601 13:40:33.433401  2818 master_service.cc:502] Signed X509 certificate for tserver {username='slave'} at 127.0.0.1:39478
I20260601 13:40:33.433852  1151 internal_mini_cluster.cc:371] 3 TS(s) registered with all masters after 0.006848537s
I20260601 13:40:34.368490  2950 heartbeater.cc:499] Master 127.1.31.254:43763 was elected leader, sending a full tablet report...
I20260601 13:40:34.406188  3027 heartbeater.cc:499] Master 127.1.31.254:43763 was elected leader, sending a full tablet report...
I20260601 13:40:34.434506  3102 heartbeater.cc:499] Master 127.1.31.254:43763 was elected leader, sending a full tablet report...
I20260601 13:40:34.469774  2818 catalog_manager.cc:2282] Servicing CreateTable request from {username='slave'} at 127.0.0.1:36210:
name: "test-workload"
schema {
  columns {
    name: "key"
    type: INT32
    is_key: true
    is_nullable: false
    encoding: AUTO_ENCODING
    compression: DEFAULT_COMPRESSION
    cfile_block_size: 0
    immutable: false
  }
  columns {
    name: "int_val"
    type: INT32
    is_key: false
    is_nullable: false
    encoding: AUTO_ENCODING
    compression: DEFAULT_COMPRESSION
    cfile_block_size: 0
    immutable: false
  }
  columns {
    name: "string_val"
    type: STRING
    is_key: false
    is_nullable: true
    encoding: AUTO_ENCODING
    compression: DEFAULT_COMPRESSION
    cfile_block_size: 0
    immutable: false
  }
}
num_replicas: 3
split_rows_range_bounds {
  rows: "\004\001\000\377\377\377?""\004\001\000\377\377\377?"
  indirect_data: """"
}
partition_schema {
  range_schema {
    columns {
      name: "key"
    }
  }
}
W20260601 13:40:34.470362  2818 catalog_manager.cc:7076] The number of live tablet servers is not enough to re-replicate a tablet replica of the newly created table test-workload in case of a server failure: 4 tablet servers would be needed, 3 are available. Consider bringing up more tablet servers.
I20260601 13:40:34.481547  3066 tablet_service.cc:1511] Processing CreateTablet for tablet 6aeab4993bef4148be3af7d336c86cfb (DEFAULT_TABLE table=test-workload [id=1706dc04f3e0481a8be0ff9eadbbe4b9]), partition=RANGE (key) PARTITION VALUES < 1073741823
I20260601 13:40:34.481760  2913 tablet_service.cc:1511] Processing CreateTablet for tablet 7909e7d0d2b747a3a2de848f65c5e726 (DEFAULT_TABLE table=test-workload [id=1706dc04f3e0481a8be0ff9eadbbe4b9]), partition=RANGE (key) PARTITION 1073741823 <= VALUES
I20260601 13:40:34.481974  3066 data_dirs.cc:400] Could only allocate 1 dirs of requested 3 for tablet 6aeab4993bef4148be3af7d336c86cfb. 1 dirs total, 0 dirs full, 0 dirs failed
I20260601 13:40:34.482081  2913 data_dirs.cc:400] Could only allocate 1 dirs of requested 3 for tablet 7909e7d0d2b747a3a2de848f65c5e726. 1 dirs total, 0 dirs full, 0 dirs failed
I20260601 13:40:34.482290  2989 tablet_service.cc:1511] Processing CreateTablet for tablet 7909e7d0d2b747a3a2de848f65c5e726 (DEFAULT_TABLE table=test-workload [id=1706dc04f3e0481a8be0ff9eadbbe4b9]), partition=RANGE (key) PARTITION 1073741823 <= VALUES
I20260601 13:40:34.482527  2989 data_dirs.cc:400] Could only allocate 1 dirs of requested 3 for tablet 7909e7d0d2b747a3a2de848f65c5e726. 1 dirs total, 0 dirs full, 0 dirs failed
I20260601 13:40:34.484004  3122 tablet_bootstrap.cc:492] T 6aeab4993bef4148be3af7d336c86cfb P 063d6b00c8c1407c8003a9a55a6ab61d: Bootstrap starting.
I20260601 13:40:34.484475  3123 tablet_bootstrap.cc:492] T 7909e7d0d2b747a3a2de848f65c5e726 P 316837105faf4c7d8ad9493c3defeeff: Bootstrap starting.
I20260601 13:40:34.484795  2990 tablet_service.cc:1511] Processing CreateTablet for tablet 6aeab4993bef4148be3af7d336c86cfb (DEFAULT_TABLE table=test-workload [id=1706dc04f3e0481a8be0ff9eadbbe4b9]), partition=RANGE (key) PARTITION VALUES < 1073741823
I20260601 13:40:34.481561  2914 tablet_service.cc:1511] Processing CreateTablet for tablet 6aeab4993bef4148be3af7d336c86cfb (DEFAULT_TABLE table=test-workload [id=1706dc04f3e0481a8be0ff9eadbbe4b9]), partition=RANGE (key) PARTITION VALUES < 1073741823
I20260601 13:40:34.485055  2990 data_dirs.cc:400] Could only allocate 1 dirs of requested 3 for tablet 6aeab4993bef4148be3af7d336c86cfb. 1 dirs total, 0 dirs full, 0 dirs failed
I20260601 13:40:34.485327  3124 tablet_bootstrap.cc:492] T 7909e7d0d2b747a3a2de848f65c5e726 P 3fee78ce80b74ef08098e6766e5821c5: Bootstrap starting.
I20260601 13:40:34.485385  3122 tablet_bootstrap.cc:654] T 6aeab4993bef4148be3af7d336c86cfb P 063d6b00c8c1407c8003a9a55a6ab61d: Neither blocks nor log segments found. Creating new log.
I20260601 13:40:34.485538  3123 tablet_bootstrap.cc:654] T 7909e7d0d2b747a3a2de848f65c5e726 P 316837105faf4c7d8ad9493c3defeeff: Neither blocks nor log segments found. Creating new log.
I20260601 13:40:34.486363  3124 tablet_bootstrap.cc:654] T 7909e7d0d2b747a3a2de848f65c5e726 P 3fee78ce80b74ef08098e6766e5821c5: Neither blocks nor log segments found. Creating new log.
I20260601 13:40:34.486622  3123 tablet_bootstrap.cc:492] T 7909e7d0d2b747a3a2de848f65c5e726 P 316837105faf4c7d8ad9493c3defeeff: No bootstrap required, opened a new log
I20260601 13:40:34.486660  3122 tablet_bootstrap.cc:492] T 6aeab4993bef4148be3af7d336c86cfb P 063d6b00c8c1407c8003a9a55a6ab61d: No bootstrap required, opened a new log
I20260601 13:40:34.486703  3123 ts_tablet_manager.cc:1403] T 7909e7d0d2b747a3a2de848f65c5e726 P 316837105faf4c7d8ad9493c3defeeff: Time spent bootstrapping tablet: real 0.002s	user 0.002s	sys 0.000s
I20260601 13:40:34.486712  3122 ts_tablet_manager.cc:1403] T 6aeab4993bef4148be3af7d336c86cfb P 063d6b00c8c1407c8003a9a55a6ab61d: Time spent bootstrapping tablet: real 0.003s	user 0.001s	sys 0.001s
I20260601 13:40:34.487182  3122 raft_consensus.cc:359] T 6aeab4993bef4148be3af7d336c86cfb P 063d6b00c8c1407c8003a9a55a6ab61d [term 0 FOLLOWER]: Replica starting. Triggering 0 pending ops. Active config: opid_index: -1 OBSOLETE_local: false peers { permanent_uuid: "316837105faf4c7d8ad9493c3defeeff" member_type: VOTER last_known_addr { host: "127.1.31.193" port: 34673 } } peers { permanent_uuid: "063d6b00c8c1407c8003a9a55a6ab61d" member_type: VOTER last_known_addr { host: "127.1.31.195" port: 41141 } } peers { permanent_uuid: "3fee78ce80b74ef08098e6766e5821c5" member_type: VOTER last_known_addr { host: "127.1.31.194" port: 44335 } }
I20260601 13:40:34.487182  3123 raft_consensus.cc:359] T 7909e7d0d2b747a3a2de848f65c5e726 P 316837105faf4c7d8ad9493c3defeeff [term 0 FOLLOWER]: Replica starting. Triggering 0 pending ops. Active config: opid_index: -1 OBSOLETE_local: false peers { permanent_uuid: "316837105faf4c7d8ad9493c3defeeff" member_type: VOTER last_known_addr { host: "127.1.31.193" port: 34673 } } peers { permanent_uuid: "3fee78ce80b74ef08098e6766e5821c5" member_type: VOTER last_known_addr { host: "127.1.31.194" port: 44335 } } peers { permanent_uuid: "063d6b00c8c1407c8003a9a55a6ab61d" member_type: VOTER last_known_addr { host: "127.1.31.195" port: 41141 } }
I20260601 13:40:34.487324  3122 raft_consensus.cc:385] T 6aeab4993bef4148be3af7d336c86cfb P 063d6b00c8c1407c8003a9a55a6ab61d [term 0 FOLLOWER]: Consensus starting up: Expiring failure detector timer to make a prompt election more likely
I20260601 13:40:34.487334  3123 raft_consensus.cc:385] T 7909e7d0d2b747a3a2de848f65c5e726 P 316837105faf4c7d8ad9493c3defeeff [term 0 FOLLOWER]: Consensus starting up: Expiring failure detector timer to make a prompt election more likely
I20260601 13:40:34.487371  3122 raft_consensus.cc:740] T 6aeab4993bef4148be3af7d336c86cfb P 063d6b00c8c1407c8003a9a55a6ab61d [term 0 FOLLOWER]: Becoming Follower/Learner. State: Replica: 063d6b00c8c1407c8003a9a55a6ab61d, State: Initialized, Role: FOLLOWER
I20260601 13:40:34.487386  3123 raft_consensus.cc:740] T 7909e7d0d2b747a3a2de848f65c5e726 P 316837105faf4c7d8ad9493c3defeeff [term 0 FOLLOWER]: Becoming Follower/Learner. State: Replica: 316837105faf4c7d8ad9493c3defeeff, State: Initialized, Role: FOLLOWER
I20260601 13:40:34.487462  3124 tablet_bootstrap.cc:492] T 7909e7d0d2b747a3a2de848f65c5e726 P 3fee78ce80b74ef08098e6766e5821c5: No bootstrap required, opened a new log
I20260601 13:40:34.487553  3124 ts_tablet_manager.cc:1403] T 7909e7d0d2b747a3a2de848f65c5e726 P 3fee78ce80b74ef08098e6766e5821c5: Time spent bootstrapping tablet: real 0.002s	user 0.000s	sys 0.002s
I20260601 13:40:34.485067  2914 data_dirs.cc:400] Could only allocate 1 dirs of requested 3 for tablet 6aeab4993bef4148be3af7d336c86cfb. 1 dirs total, 0 dirs full, 0 dirs failed
I20260601 13:40:34.487538  3123 consensus_queue.cc:260] T 7909e7d0d2b747a3a2de848f65c5e726 P 316837105faf4c7d8ad9493c3defeeff [NON_LEADER]: Queue going to NON_LEADER mode. State: All replicated index: 0, Majority replicated index: 0, Committed index: 0, Last appended: 0.0, Last appended by leader: 0, Current term: 0, Majority size: -1, State: 0, Mode: NON_LEADER, active raft config: opid_index: -1 OBSOLETE_local: false peers { permanent_uuid: "316837105faf4c7d8ad9493c3defeeff" member_type: VOTER last_known_addr { host: "127.1.31.193" port: 34673 } } peers { permanent_uuid: "3fee78ce80b74ef08098e6766e5821c5" member_type: VOTER last_known_addr { host: "127.1.31.194" port: 44335 } } peers { permanent_uuid: "063d6b00c8c1407c8003a9a55a6ab61d" member_type: VOTER last_known_addr { host: "127.1.31.195" port: 41141 } }
I20260601 13:40:34.481561  3065 tablet_service.cc:1511] Processing CreateTablet for tablet 7909e7d0d2b747a3a2de848f65c5e726 (DEFAULT_TABLE table=test-workload [id=1706dc04f3e0481a8be0ff9eadbbe4b9]), partition=RANGE (key) PARTITION 1073741823 <= VALUES
I20260601 13:40:34.487933  3065 data_dirs.cc:400] Could only allocate 1 dirs of requested 3 for tablet 7909e7d0d2b747a3a2de848f65c5e726. 1 dirs total, 0 dirs full, 0 dirs failed
I20260601 13:40:34.487915  3123 ts_tablet_manager.cc:1434] T 7909e7d0d2b747a3a2de848f65c5e726 P 316837105faf4c7d8ad9493c3defeeff: Time spent starting tablet: real 0.001s	user 0.002s	sys 0.000s
I20260601 13:40:34.488019  3124 raft_consensus.cc:359] T 7909e7d0d2b747a3a2de848f65c5e726 P 3fee78ce80b74ef08098e6766e5821c5 [term 0 FOLLOWER]: Replica starting. Triggering 0 pending ops. Active config: opid_index: -1 OBSOLETE_local: false peers { permanent_uuid: "316837105faf4c7d8ad9493c3defeeff" member_type: VOTER last_known_addr { host: "127.1.31.193" port: 34673 } } peers { permanent_uuid: "3fee78ce80b74ef08098e6766e5821c5" member_type: VOTER last_known_addr { host: "127.1.31.194" port: 44335 } } peers { permanent_uuid: "063d6b00c8c1407c8003a9a55a6ab61d" member_type: VOTER last_known_addr { host: "127.1.31.195" port: 41141 } }
I20260601 13:40:34.488101  3124 raft_consensus.cc:385] T 7909e7d0d2b747a3a2de848f65c5e726 P 3fee78ce80b74ef08098e6766e5821c5 [term 0 FOLLOWER]: Consensus starting up: Expiring failure detector timer to make a prompt election more likely
I20260601 13:40:34.488130  3124 raft_consensus.cc:740] T 7909e7d0d2b747a3a2de848f65c5e726 P 3fee78ce80b74ef08098e6766e5821c5 [term 0 FOLLOWER]: Becoming Follower/Learner. State: Replica: 3fee78ce80b74ef08098e6766e5821c5, State: Initialized, Role: FOLLOWER
I20260601 13:40:34.488233  3124 consensus_queue.cc:260] T 7909e7d0d2b747a3a2de848f65c5e726 P 3fee78ce80b74ef08098e6766e5821c5 [NON_LEADER]: Queue going to NON_LEADER mode. State: All replicated index: 0, Majority replicated index: 0, Committed index: 0, Last appended: 0.0, Last appended by leader: 0, Current term: 0, Majority size: -1, State: 0, Mode: NON_LEADER, active raft config: opid_index: -1 OBSOLETE_local: false peers { permanent_uuid: "316837105faf4c7d8ad9493c3defeeff" member_type: VOTER last_known_addr { host: "127.1.31.193" port: 34673 } } peers { permanent_uuid: "3fee78ce80b74ef08098e6766e5821c5" member_type: VOTER last_known_addr { host: "127.1.31.194" port: 44335 } } peers { permanent_uuid: "063d6b00c8c1407c8003a9a55a6ab61d" member_type: VOTER last_known_addr { host: "127.1.31.195" port: 41141 } }
I20260601 13:40:34.488559  3124 ts_tablet_manager.cc:1434] T 7909e7d0d2b747a3a2de848f65c5e726 P 3fee78ce80b74ef08098e6766e5821c5: Time spent starting tablet: real 0.001s	user 0.000s	sys 0.001s
I20260601 13:40:34.488755  3124 tablet_bootstrap.cc:492] T 6aeab4993bef4148be3af7d336c86cfb P 3fee78ce80b74ef08098e6766e5821c5: Bootstrap starting.
I20260601 13:40:34.489511  3124 tablet_bootstrap.cc:654] T 6aeab4993bef4148be3af7d336c86cfb P 3fee78ce80b74ef08098e6766e5821c5: Neither blocks nor log segments found. Creating new log.
I20260601 13:40:34.489667  3123 tablet_bootstrap.cc:492] T 6aeab4993bef4148be3af7d336c86cfb P 316837105faf4c7d8ad9493c3defeeff: Bootstrap starting.
I20260601 13:40:34.487538  3122 consensus_queue.cc:260] T 6aeab4993bef4148be3af7d336c86cfb P 063d6b00c8c1407c8003a9a55a6ab61d [NON_LEADER]: Queue going to NON_LEADER mode. State: All replicated index: 0, Majority replicated index: 0, Committed index: 0, Last appended: 0.0, Last appended by leader: 0, Current term: 0, Majority size: -1, State: 0, Mode: NON_LEADER, active raft config: opid_index: -1 OBSOLETE_local: false peers { permanent_uuid: "316837105faf4c7d8ad9493c3defeeff" member_type: VOTER last_known_addr { host: "127.1.31.193" port: 34673 } } peers { permanent_uuid: "063d6b00c8c1407c8003a9a55a6ab61d" member_type: VOTER last_known_addr { host: "127.1.31.195" port: 41141 } } peers { permanent_uuid: "3fee78ce80b74ef08098e6766e5821c5" member_type: VOTER last_known_addr { host: "127.1.31.194" port: 44335 } }
I20260601 13:40:34.490543  3122 ts_tablet_manager.cc:1434] T 6aeab4993bef4148be3af7d336c86cfb P 063d6b00c8c1407c8003a9a55a6ab61d: Time spent starting tablet: real 0.004s	user 0.000s	sys 0.001s
I20260601 13:40:34.490705  3123 tablet_bootstrap.cc:654] T 6aeab4993bef4148be3af7d336c86cfb P 316837105faf4c7d8ad9493c3defeeff: Neither blocks nor log segments found. Creating new log.
I20260601 13:40:34.491355  3122 tablet_bootstrap.cc:492] T 7909e7d0d2b747a3a2de848f65c5e726 P 063d6b00c8c1407c8003a9a55a6ab61d: Bootstrap starting.
I20260601 13:40:34.491518  3124 tablet_bootstrap.cc:492] T 6aeab4993bef4148be3af7d336c86cfb P 3fee78ce80b74ef08098e6766e5821c5: No bootstrap required, opened a new log
I20260601 13:40:34.491619  3124 ts_tablet_manager.cc:1403] T 6aeab4993bef4148be3af7d336c86cfb P 3fee78ce80b74ef08098e6766e5821c5: Time spent bootstrapping tablet: real 0.003s	user 0.001s	sys 0.000s
I20260601 13:40:34.491768  3123 tablet_bootstrap.cc:492] T 6aeab4993bef4148be3af7d336c86cfb P 316837105faf4c7d8ad9493c3defeeff: No bootstrap required, opened a new log
I20260601 13:40:34.491861  3123 ts_tablet_manager.cc:1403] T 6aeab4993bef4148be3af7d336c86cfb P 316837105faf4c7d8ad9493c3defeeff: Time spent bootstrapping tablet: real 0.002s	user 0.002s	sys 0.000s
I20260601 13:40:34.492121  3124 raft_consensus.cc:359] T 6aeab4993bef4148be3af7d336c86cfb P 3fee78ce80b74ef08098e6766e5821c5 [term 0 FOLLOWER]: Replica starting. Triggering 0 pending ops. Active config: opid_index: -1 OBSOLETE_local: false peers { permanent_uuid: "316837105faf4c7d8ad9493c3defeeff" member_type: VOTER last_known_addr { host: "127.1.31.193" port: 34673 } } peers { permanent_uuid: "063d6b00c8c1407c8003a9a55a6ab61d" member_type: VOTER last_known_addr { host: "127.1.31.195" port: 41141 } } peers { permanent_uuid: "3fee78ce80b74ef08098e6766e5821c5" member_type: VOTER last_known_addr { host: "127.1.31.194" port: 44335 } }
I20260601 13:40:34.492226  3124 raft_consensus.cc:385] T 6aeab4993bef4148be3af7d336c86cfb P 3fee78ce80b74ef08098e6766e5821c5 [term 0 FOLLOWER]: Consensus starting up: Expiring failure detector timer to make a prompt election more likely
I20260601 13:40:34.492260  3124 raft_consensus.cc:740] T 6aeab4993bef4148be3af7d336c86cfb P 3fee78ce80b74ef08098e6766e5821c5 [term 0 FOLLOWER]: Becoming Follower/Learner. State: Replica: 3fee78ce80b74ef08098e6766e5821c5, State: Initialized, Role: FOLLOWER
I20260601 13:40:34.492283  3123 raft_consensus.cc:359] T 6aeab4993bef4148be3af7d336c86cfb P 316837105faf4c7d8ad9493c3defeeff [term 0 FOLLOWER]: Replica starting. Triggering 0 pending ops. Active config: opid_index: -1 OBSOLETE_local: false peers { permanent_uuid: "316837105faf4c7d8ad9493c3defeeff" member_type: VOTER last_known_addr { host: "127.1.31.193" port: 34673 } } peers { permanent_uuid: "063d6b00c8c1407c8003a9a55a6ab61d" member_type: VOTER last_known_addr { host: "127.1.31.195" port: 41141 } } peers { permanent_uuid: "3fee78ce80b74ef08098e6766e5821c5" member_type: VOTER last_known_addr { host: "127.1.31.194" port: 44335 } }
I20260601 13:40:34.492413  3122 tablet_bootstrap.cc:654] T 7909e7d0d2b747a3a2de848f65c5e726 P 063d6b00c8c1407c8003a9a55a6ab61d: Neither blocks nor log segments found. Creating new log.
I20260601 13:40:34.492409  3124 consensus_queue.cc:260] T 6aeab4993bef4148be3af7d336c86cfb P 3fee78ce80b74ef08098e6766e5821c5 [NON_LEADER]: Queue going to NON_LEADER mode. State: All replicated index: 0, Majority replicated index: 0, Committed index: 0, Last appended: 0.0, Last appended by leader: 0, Current term: 0, Majority size: -1, State: 0, Mode: NON_LEADER, active raft config: opid_index: -1 OBSOLETE_local: false peers { permanent_uuid: "316837105faf4c7d8ad9493c3defeeff" member_type: VOTER last_known_addr { host: "127.1.31.193" port: 34673 } } peers { permanent_uuid: "063d6b00c8c1407c8003a9a55a6ab61d" member_type: VOTER last_known_addr { host: "127.1.31.195" port: 41141 } } peers { permanent_uuid: "3fee78ce80b74ef08098e6766e5821c5" member_type: VOTER last_known_addr { host: "127.1.31.194" port: 44335 } }
I20260601 13:40:34.492703  3124 ts_tablet_manager.cc:1434] T 6aeab4993bef4148be3af7d336c86cfb P 3fee78ce80b74ef08098e6766e5821c5: Time spent starting tablet: real 0.001s	user 0.001s	sys 0.000s
I20260601 13:40:34.492409  3123 raft_consensus.cc:385] T 6aeab4993bef4148be3af7d336c86cfb P 316837105faf4c7d8ad9493c3defeeff [term 0 FOLLOWER]: Consensus starting up: Expiring failure detector timer to make a prompt election more likely
I20260601 13:40:34.493150  3123 raft_consensus.cc:740] T 6aeab4993bef4148be3af7d336c86cfb P 316837105faf4c7d8ad9493c3defeeff [term 0 FOLLOWER]: Becoming Follower/Learner. State: Replica: 316837105faf4c7d8ad9493c3defeeff, State: Initialized, Role: FOLLOWER
I20260601 13:40:34.493264  3123 consensus_queue.cc:260] T 6aeab4993bef4148be3af7d336c86cfb P 316837105faf4c7d8ad9493c3defeeff [NON_LEADER]: Queue going to NON_LEADER mode. State: All replicated index: 0, Majority replicated index: 0, Committed index: 0, Last appended: 0.0, Last appended by leader: 0, Current term: 0, Majority size: -1, State: 0, Mode: NON_LEADER, active raft config: opid_index: -1 OBSOLETE_local: false peers { permanent_uuid: "316837105faf4c7d8ad9493c3defeeff" member_type: VOTER last_known_addr { host: "127.1.31.193" port: 34673 } } peers { permanent_uuid: "063d6b00c8c1407c8003a9a55a6ab61d" member_type: VOTER last_known_addr { host: "127.1.31.195" port: 41141 } } peers { permanent_uuid: "3fee78ce80b74ef08098e6766e5821c5" member_type: VOTER last_known_addr { host: "127.1.31.194" port: 44335 } }
I20260601 13:40:34.493686  3123 ts_tablet_manager.cc:1434] T 6aeab4993bef4148be3af7d336c86cfb P 316837105faf4c7d8ad9493c3defeeff: Time spent starting tablet: real 0.002s	user 0.001s	sys 0.000s
I20260601 13:40:34.494210  3122 tablet_bootstrap.cc:492] T 7909e7d0d2b747a3a2de848f65c5e726 P 063d6b00c8c1407c8003a9a55a6ab61d: No bootstrap required, opened a new log
I20260601 13:40:34.494325  3122 ts_tablet_manager.cc:1403] T 7909e7d0d2b747a3a2de848f65c5e726 P 063d6b00c8c1407c8003a9a55a6ab61d: Time spent bootstrapping tablet: real 0.003s	user 0.000s	sys 0.002s
I20260601 13:40:34.494824  3122 raft_consensus.cc:359] T 7909e7d0d2b747a3a2de848f65c5e726 P 063d6b00c8c1407c8003a9a55a6ab61d [term 0 FOLLOWER]: Replica starting. Triggering 0 pending ops. Active config: opid_index: -1 OBSOLETE_local: false peers { permanent_uuid: "316837105faf4c7d8ad9493c3defeeff" member_type: VOTER last_known_addr { host: "127.1.31.193" port: 34673 } } peers { permanent_uuid: "3fee78ce80b74ef08098e6766e5821c5" member_type: VOTER last_known_addr { host: "127.1.31.194" port: 44335 } } peers { permanent_uuid: "063d6b00c8c1407c8003a9a55a6ab61d" member_type: VOTER last_known_addr { host: "127.1.31.195" port: 41141 } }
I20260601 13:40:34.494959  3122 raft_consensus.cc:385] T 7909e7d0d2b747a3a2de848f65c5e726 P 063d6b00c8c1407c8003a9a55a6ab61d [term 0 FOLLOWER]: Consensus starting up: Expiring failure detector timer to make a prompt election more likely
