I20260601 13:23:09.504958 11517 consensus_queue.cc:237] T 113c2791bc00488980b3f51f88a9767b P cc17aab766044486a4dcb687e0a0b6a5 [LEADER]: Queue going to LEADER mode. State: All replicated index: 0, Majority replicated index: 0, Committed index: 0, Last appended: 0.0, Last appended by leader: 0, Current term: 1, Majority size: 2, State: 0, Mode: LEADER, active raft config: opid_index: -1 OBSOLETE_local: false peers { permanent_uuid: "cc17aab766044486a4dcb687e0a0b6a5" member_type: VOTER last_known_addr { host: "127.8.122.129" port: 33953 } } peers { permanent_uuid: "4826ef1fc87845bdba47bd2f1249b7d2" member_type: VOTER last_known_addr { host: "127.8.122.130" port: 33965 } } peers { permanent_uuid: "bd14624f903e4c8a8b66bb0bfde07807" member_type: VOTER last_known_addr { host: "127.8.122.131" port: 39299 } }
I20260601 13:23:09.506788 11211 catalog_manager.cc:5696] T 113c2791bc00488980b3f51f88a9767b P cc17aab766044486a4dcb687e0a0b6a5 reported cstate change: term changed from 0 to 1, leader changed from <none> to cc17aab766044486a4dcb687e0a0b6a5 (127.8.122.129). New cstate: current_term: 1 leader_uuid: "cc17aab766044486a4dcb687e0a0b6a5" committed_config { opid_index: -1 OBSOLETE_local: false peers { permanent_uuid: "cc17aab766044486a4dcb687e0a0b6a5" member_type: VOTER last_known_addr { host: "127.8.122.129" port: 33953 } health_report { overall_health: HEALTHY } } peers { permanent_uuid: "4826ef1fc87845bdba47bd2f1249b7d2" member_type: VOTER last_known_addr { host: "127.8.122.130" port: 33965 } health_report { overall_health: UNKNOWN } } peers { permanent_uuid: "bd14624f903e4c8a8b66bb0bfde07807" member_type: VOTER last_known_addr { host: "127.8.122.131" port: 39299 } health_report { overall_health: UNKNOWN } } }
W20260601 13:23:09.541572 11343 tablet.cc:2404] T 113c2791bc00488980b3f51f88a9767b P cc17aab766044486a4dcb687e0a0b6a5: Can't schedule compaction. Clean time has not been advanced past its initial value.
I20260601 13:23:09.656584 11517 raft_consensus.cc:493] T 359f72973003427dbe1e98170eab9917 P cc17aab766044486a4dcb687e0a0b6a5 [term 0 FOLLOWER]: Starting pre-election (no leader contacted us within the election timeout)
I20260601 13:23:09.656785 11517 raft_consensus.cc:515] T 359f72973003427dbe1e98170eab9917 P cc17aab766044486a4dcb687e0a0b6a5 [term 0 FOLLOWER]: Starting pre-election with config: opid_index: -1 OBSOLETE_local: false peers { permanent_uuid: "cc17aab766044486a4dcb687e0a0b6a5" member_type: VOTER last_known_addr { host: "127.8.122.129" port: 33953 } } peers { permanent_uuid: "4826ef1fc87845bdba47bd2f1249b7d2" member_type: VOTER last_known_addr { host: "127.8.122.130" port: 33965 } } peers { permanent_uuid: "bd14624f903e4c8a8b66bb0bfde07807" member_type: VOTER last_known_addr { host: "127.8.122.131" port: 39299 } }
I20260601 13:23:09.657239 11517 leader_election.cc:290] T 359f72973003427dbe1e98170eab9917 P cc17aab766044486a4dcb687e0a0b6a5 [CANDIDATE]: Term 1 pre-election: Requested pre-vote from peers 4826ef1fc87845bdba47bd2f1249b7d2 (127.8.122.130:33965), bd14624f903e4c8a8b66bb0bfde07807 (127.8.122.131:39299)
I20260601 13:23:09.657757 11468 tablet_service.cc:1917] Received RequestConsensusVote() RPC: tablet_id: "359f72973003427dbe1e98170eab9917" candidate_uuid: "cc17aab766044486a4dcb687e0a0b6a5" candidate_term: 1 candidate_status { last_received { term: 0 index: 0 } } ignore_live_leader: false dest_uuid: "bd14624f903e4c8a8b66bb0bfde07807" is_pre_election: true
I20260601 13:23:09.657757 11393 tablet_service.cc:1917] Received RequestConsensusVote() RPC: tablet_id: "359f72973003427dbe1e98170eab9917" candidate_uuid: "cc17aab766044486a4dcb687e0a0b6a5" candidate_term: 1 candidate_status { last_received { term: 0 index: 0 } } ignore_live_leader: false dest_uuid: "4826ef1fc87845bdba47bd2f1249b7d2" is_pre_election: true
I20260601 13:23:09.657930 11468 raft_consensus.cc:2468] T 359f72973003427dbe1e98170eab9917 P bd14624f903e4c8a8b66bb0bfde07807 [term 0 FOLLOWER]: Leader pre-election vote request: Granting yes vote for candidate cc17aab766044486a4dcb687e0a0b6a5 in term 0.
I20260601 13:23:09.657946 11393 raft_consensus.cc:2468] T 359f72973003427dbe1e98170eab9917 P 4826ef1fc87845bdba47bd2f1249b7d2 [term 0 FOLLOWER]: Leader pre-election vote request: Granting yes vote for candidate cc17aab766044486a4dcb687e0a0b6a5 in term 0.
I20260601 13:23:09.658245 11282 leader_election.cc:304] T 359f72973003427dbe1e98170eab9917 P cc17aab766044486a4dcb687e0a0b6a5 [CANDIDATE]: Term 1 pre-election: Election decided. Result: candidate won. Election summary: received 2 responses out of 3 voters: 2 yes votes; 0 no votes. yes voters: 4826ef1fc87845bdba47bd2f1249b7d2, cc17aab766044486a4dcb687e0a0b6a5; no voters: 
I20260601 13:23:09.658493 11517 raft_consensus.cc:2804] T 359f72973003427dbe1e98170eab9917 P cc17aab766044486a4dcb687e0a0b6a5 [term 0 FOLLOWER]: Leader pre-election won for term 1
I20260601 13:23:09.658561 11517 raft_consensus.cc:493] T 359f72973003427dbe1e98170eab9917 P cc17aab766044486a4dcb687e0a0b6a5 [term 0 FOLLOWER]: Starting leader election (no leader contacted us within the election timeout)
I20260601 13:23:09.658591 11517 raft_consensus.cc:3060] T 359f72973003427dbe1e98170eab9917 P cc17aab766044486a4dcb687e0a0b6a5 [term 0 FOLLOWER]: Advancing to term 1
I20260601 13:23:09.659454 11517 raft_consensus.cc:515] T 359f72973003427dbe1e98170eab9917 P cc17aab766044486a4dcb687e0a0b6a5 [term 1 FOLLOWER]: Starting leader election with config: opid_index: -1 OBSOLETE_local: false peers { permanent_uuid: "cc17aab766044486a4dcb687e0a0b6a5" member_type: VOTER last_known_addr { host: "127.8.122.129" port: 33953 } } peers { permanent_uuid: "4826ef1fc87845bdba47bd2f1249b7d2" member_type: VOTER last_known_addr { host: "127.8.122.130" port: 33965 } } peers { permanent_uuid: "bd14624f903e4c8a8b66bb0bfde07807" member_type: VOTER last_known_addr { host: "127.8.122.131" port: 39299 } }
I20260601 13:23:09.659874 11517 leader_election.cc:290] T 359f72973003427dbe1e98170eab9917 P cc17aab766044486a4dcb687e0a0b6a5 [CANDIDATE]: Term 1 election: Requested vote from peers 4826ef1fc87845bdba47bd2f1249b7d2 (127.8.122.130:33965), bd14624f903e4c8a8b66bb0bfde07807 (127.8.122.131:39299)
I20260601 13:23:09.660209 11468 tablet_service.cc:1917] Received RequestConsensusVote() RPC: tablet_id: "359f72973003427dbe1e98170eab9917" candidate_uuid: "cc17aab766044486a4dcb687e0a0b6a5" candidate_term: 1 candidate_status { last_received { term: 0 index: 0 } } ignore_live_leader: false dest_uuid: "bd14624f903e4c8a8b66bb0bfde07807"
I20260601 13:23:09.660209 11393 tablet_service.cc:1917] Received RequestConsensusVote() RPC: tablet_id: "359f72973003427dbe1e98170eab9917" candidate_uuid: "cc17aab766044486a4dcb687e0a0b6a5" candidate_term: 1 candidate_status { last_received { term: 0 index: 0 } } ignore_live_leader: false dest_uuid: "4826ef1fc87845bdba47bd2f1249b7d2"
I20260601 13:23:09.660351 11468 raft_consensus.cc:3060] T 359f72973003427dbe1e98170eab9917 P bd14624f903e4c8a8b66bb0bfde07807 [term 0 FOLLOWER]: Advancing to term 1
I20260601 13:23:09.660351 11393 raft_consensus.cc:3060] T 359f72973003427dbe1e98170eab9917 P 4826ef1fc87845bdba47bd2f1249b7d2 [term 0 FOLLOWER]: Advancing to term 1
I20260601 13:23:09.661355 11393 raft_consensus.cc:2468] T 359f72973003427dbe1e98170eab9917 P 4826ef1fc87845bdba47bd2f1249b7d2 [term 1 FOLLOWER]: Leader election vote request: Granting yes vote for candidate cc17aab766044486a4dcb687e0a0b6a5 in term 1.
I20260601 13:23:09.661355 11468 raft_consensus.cc:2468] T 359f72973003427dbe1e98170eab9917 P bd14624f903e4c8a8b66bb0bfde07807 [term 1 FOLLOWER]: Leader election vote request: Granting yes vote for candidate cc17aab766044486a4dcb687e0a0b6a5 in term 1.
I20260601 13:23:09.661682 11282 leader_election.cc:304] T 359f72973003427dbe1e98170eab9917 P cc17aab766044486a4dcb687e0a0b6a5 [CANDIDATE]: Term 1 election: Election decided. Result: candidate won. Election summary: received 2 responses out of 3 voters: 2 yes votes; 0 no votes. yes voters: 4826ef1fc87845bdba47bd2f1249b7d2, cc17aab766044486a4dcb687e0a0b6a5; no voters: 
I20260601 13:23:09.661880 11517 raft_consensus.cc:2804] T 359f72973003427dbe1e98170eab9917 P cc17aab766044486a4dcb687e0a0b6a5 [term 1 FOLLOWER]: Leader election won for term 1
I20260601 13:23:09.661988 11517 raft_consensus.cc:697] T 359f72973003427dbe1e98170eab9917 P cc17aab766044486a4dcb687e0a0b6a5 [term 1 LEADER]: Becoming Leader. State: Replica: cc17aab766044486a4dcb687e0a0b6a5, State: Running, Role: LEADER
I20260601 13:23:09.662150 11517 consensus_queue.cc:237] T 359f72973003427dbe1e98170eab9917 P cc17aab766044486a4dcb687e0a0b6a5 [LEADER]: Queue going to LEADER mode. State: All replicated index: 0, Majority replicated index: 0, Committed index: 0, Last appended: 0.0, Last appended by leader: 0, Current term: 1, Majority size: 2, State: 0, Mode: LEADER, active raft config: opid_index: -1 OBSOLETE_local: false peers { permanent_uuid: "cc17aab766044486a4dcb687e0a0b6a5" member_type: VOTER last_known_addr { host: "127.8.122.129" port: 33953 } } peers { permanent_uuid: "4826ef1fc87845bdba47bd2f1249b7d2" member_type: VOTER last_known_addr { host: "127.8.122.130" port: 33965 } } peers { permanent_uuid: "bd14624f903e4c8a8b66bb0bfde07807" member_type: VOTER last_known_addr { host: "127.8.122.131" port: 39299 } }
I20260601 13:23:09.663851 11211 catalog_manager.cc:5696] T 359f72973003427dbe1e98170eab9917 P cc17aab766044486a4dcb687e0a0b6a5 reported cstate change: term changed from 0 to 1, leader changed from <none> to cc17aab766044486a4dcb687e0a0b6a5 (127.8.122.129). New cstate: current_term: 1 leader_uuid: "cc17aab766044486a4dcb687e0a0b6a5" committed_config { opid_index: -1 OBSOLETE_local: false peers { permanent_uuid: "cc17aab766044486a4dcb687e0a0b6a5" member_type: VOTER last_known_addr { host: "127.8.122.129" port: 33953 } health_report { overall_health: HEALTHY } } peers { permanent_uuid: "4826ef1fc87845bdba47bd2f1249b7d2" member_type: VOTER last_known_addr { host: "127.8.122.130" port: 33965 } health_report { overall_health: UNKNOWN } } peers { permanent_uuid: "bd14624f903e4c8a8b66bb0bfde07807" member_type: VOTER last_known_addr { host: "127.8.122.131" port: 39299 } health_report { overall_health: UNKNOWN } } }
I20260601 13:23:09.688314  8682 tablet_server.cc:179] TabletServer@127.8.122.129:0 shutting down...
I20260601 13:23:09.692612  8682 ts_tablet_manager.cc:1507] Shutting down tablet manager...
I20260601 13:23:09.692884  8682 tablet_replica.cc:333] T 113c2791bc00488980b3f51f88a9767b P cc17aab766044486a4dcb687e0a0b6a5: stopping tablet replica
I20260601 13:23:09.693009  8682 raft_consensus.cc:2243] T 113c2791bc00488980b3f51f88a9767b P cc17aab766044486a4dcb687e0a0b6a5 [term 1 LEADER]: Raft consensus shutting down.
I20260601 13:23:09.693147  8682 pending_rounds.cc:70] T 113c2791bc00488980b3f51f88a9767b P cc17aab766044486a4dcb687e0a0b6a5: Trying to abort 1 pending ops.
I20260601 13:23:09.693204  8682 pending_rounds.cc:77] T 113c2791bc00488980b3f51f88a9767b P cc17aab766044486a4dcb687e0a0b6a5: Aborting op as it isn't in flight: id { term: 1 index: 1 } timestamp: 7292191496214306816 op_type: NO_OP noop_request { }
I20260601 13:23:09.693272  8682 raft_consensus.cc:2889] T 113c2791bc00488980b3f51f88a9767b P cc17aab766044486a4dcb687e0a0b6a5 [term 1 LEADER]: NO_OP replication failed: Aborted: Op aborted
I20260601 13:23:09.693315  8682 raft_consensus.cc:2272] T 113c2791bc00488980b3f51f88a9767b P cc17aab766044486a4dcb687e0a0b6a5 [term 1 FOLLOWER]: Raft consensus is shut down!
I20260601 13:23:09.693918  8682 tablet_replica.cc:333] T 8234f0b6cdd34562904d8644f37c556e P cc17aab766044486a4dcb687e0a0b6a5: stopping tablet replica
I20260601 13:23:09.693995  8682 raft_consensus.cc:2243] T 8234f0b6cdd34562904d8644f37c556e P cc17aab766044486a4dcb687e0a0b6a5 [term 1 FOLLOWER]: Raft consensus shutting down.
I20260601 13:23:09.694062  8682 raft_consensus.cc:2272] T 8234f0b6cdd34562904d8644f37c556e P cc17aab766044486a4dcb687e0a0b6a5 [term 1 FOLLOWER]: Raft consensus is shut down!
I20260601 13:23:09.694370  8682 tablet_replica.cc:333] T 359f72973003427dbe1e98170eab9917 P cc17aab766044486a4dcb687e0a0b6a5: stopping tablet replica
I20260601 13:23:09.694442  8682 raft_consensus.cc:2243] T 359f72973003427dbe1e98170eab9917 P cc17aab766044486a4dcb687e0a0b6a5 [term 1 LEADER]: Raft consensus shutting down.
I20260601 13:23:09.694600  8682 pending_rounds.cc:70] T 359f72973003427dbe1e98170eab9917 P cc17aab766044486a4dcb687e0a0b6a5: Trying to abort 1 pending ops.
I20260601 13:23:09.694629  8682 pending_rounds.cc:77] T 359f72973003427dbe1e98170eab9917 P cc17aab766044486a4dcb687e0a0b6a5: Aborting op as it isn't in flight: id { term: 1 index: 1 } timestamp: 7292191496858021888 op_type: NO_OP noop_request { }
I20260601 13:23:09.694674  8682 raft_consensus.cc:2889] T 359f72973003427dbe1e98170eab9917 P cc17aab766044486a4dcb687e0a0b6a5 [term 1 LEADER]: NO_OP replication failed: Aborted: Op aborted
I20260601 13:23:09.694713  8682 raft_consensus.cc:2272] T 359f72973003427dbe1e98170eab9917 P cc17aab766044486a4dcb687e0a0b6a5 [term 1 FOLLOWER]: Raft consensus is shut down!
I20260601 13:23:09.695182  8682 tablet_replica.cc:333] T e791fdf72d264470bbd13530414c4f74 P cc17aab766044486a4dcb687e0a0b6a5: stopping tablet replica
I20260601 13:23:09.695250  8682 raft_consensus.cc:2243] T e791fdf72d264470bbd13530414c4f74 P cc17aab766044486a4dcb687e0a0b6a5 [term 1 FOLLOWER]: Raft consensus shutting down.
I20260601 13:23:09.695307  8682 raft_consensus.cc:2272] T e791fdf72d264470bbd13530414c4f74 P cc17aab766044486a4dcb687e0a0b6a5 [term 1 FOLLOWER]: Raft consensus is shut down!
I20260601 13:23:09.708756  8682 tablet_server.cc:196] TabletServer@127.8.122.129:0 shutdown complete.
I20260601 13:23:09.711175  8682 tablet_server.cc:179] TabletServer@127.8.122.130:0 shutting down...
I20260601 13:23:09.715219  8682 ts_tablet_manager.cc:1507] Shutting down tablet manager...
I20260601 13:23:09.715471  8682 tablet_replica.cc:333] T 113c2791bc00488980b3f51f88a9767b P 4826ef1fc87845bdba47bd2f1249b7d2: stopping tablet replica
I20260601 13:23:09.715627  8682 raft_consensus.cc:2243] T 113c2791bc00488980b3f51f88a9767b P 4826ef1fc87845bdba47bd2f1249b7d2 [term 1 FOLLOWER]: Raft consensus shutting down.
I20260601 13:23:09.715760  8682 raft_consensus.cc:2272] T 113c2791bc00488980b3f51f88a9767b P 4826ef1fc87845bdba47bd2f1249b7d2 [term 1 FOLLOWER]: Raft consensus is shut down!
I20260601 13:23:09.716249  8682 tablet_replica.cc:333] T e791fdf72d264470bbd13530414c4f74 P 4826ef1fc87845bdba47bd2f1249b7d2: stopping tablet replica
I20260601 13:23:09.716367  8682 raft_consensus.cc:2243] T e791fdf72d264470bbd13530414c4f74 P 4826ef1fc87845bdba47bd2f1249b7d2 [term 1 LEADER]: Raft consensus shutting down.
I20260601 13:23:09.716531  8682 pending_rounds.cc:70] T e791fdf72d264470bbd13530414c4f74 P 4826ef1fc87845bdba47bd2f1249b7d2: Trying to abort 1 pending ops.
I20260601 13:23:09.716575  8682 pending_rounds.cc:77] T e791fdf72d264470bbd13530414c4f74 P 4826ef1fc87845bdba47bd2f1249b7d2: Aborting op as it isn't in flight: id { term: 1 index: 1 } timestamp: 7292191496179294208 op_type: NO_OP noop_request { }
I20260601 13:23:09.716653  8682 raft_consensus.cc:2889] T e791fdf72d264470bbd13530414c4f74 P 4826ef1fc87845bdba47bd2f1249b7d2 [term 1 LEADER]: NO_OP replication failed: Aborted: Op aborted
I20260601 13:23:09.716712  8682 raft_consensus.cc:2272] T e791fdf72d264470bbd13530414c4f74 P 4826ef1fc87845bdba47bd2f1249b7d2 [term 1 FOLLOWER]: Raft consensus is shut down!
I20260601 13:23:09.717258  8682 tablet_replica.cc:333] T 359f72973003427dbe1e98170eab9917 P 4826ef1fc87845bdba47bd2f1249b7d2: stopping tablet replica
I20260601 13:23:09.717366  8682 raft_consensus.cc:2243] T 359f72973003427dbe1e98170eab9917 P 4826ef1fc87845bdba47bd2f1249b7d2 [term 1 FOLLOWER]: Raft consensus shutting down.
I20260601 13:23:09.717458  8682 raft_consensus.cc:2272] T 359f72973003427dbe1e98170eab9917 P 4826ef1fc87845bdba47bd2f1249b7d2 [term 1 FOLLOWER]: Raft consensus is shut down!
I20260601 13:23:09.717917  8682 tablet_replica.cc:333] T 8234f0b6cdd34562904d8644f37c556e P 4826ef1fc87845bdba47bd2f1249b7d2: stopping tablet replica
I20260601 13:23:09.718021  8682 raft_consensus.cc:2243] T 8234f0b6cdd34562904d8644f37c556e P 4826ef1fc87845bdba47bd2f1249b7d2 [term 1 LEADER]: Raft consensus shutting down.
I20260601 13:23:09.718142  8682 pending_rounds.cc:70] T 8234f0b6cdd34562904d8644f37c556e P 4826ef1fc87845bdba47bd2f1249b7d2: Trying to abort 1 pending ops.
I20260601 13:23:09.718194  8682 pending_rounds.cc:77] T 8234f0b6cdd34562904d8644f37c556e P 4826ef1fc87845bdba47bd2f1249b7d2: Aborting op as it isn't in flight: id { term: 1 index: 1 } timestamp: 7292191495967916032 op_type: NO_OP noop_request { }
I20260601 13:23:09.718253  8682 raft_consensus.cc:2889] T 8234f0b6cdd34562904d8644f37c556e P 4826ef1fc87845bdba47bd2f1249b7d2 [term 1 LEADER]: NO_OP replication failed: Aborted: Op aborted
I20260601 13:23:09.718310  8682 raft_consensus.cc:2272] T 8234f0b6cdd34562904d8644f37c556e P 4826ef1fc87845bdba47bd2f1249b7d2 [term 1 FOLLOWER]: Raft consensus is shut down!
I20260601 13:23:09.721361  8682 tablet_server.cc:196] TabletServer@127.8.122.130:0 shutdown complete.
I20260601 13:23:09.723510  8682 tablet_server.cc:179] TabletServer@127.8.122.131:0 shutting down...
I20260601 13:23:09.727680  8682 ts_tablet_manager.cc:1507] Shutting down tablet manager...
I20260601 13:23:09.727928  8682 tablet_replica.cc:333] T 359f72973003427dbe1e98170eab9917 P bd14624f903e4c8a8b66bb0bfde07807: stopping tablet replica
I20260601 13:23:09.728053  8682 raft_consensus.cc:2243] T 359f72973003427dbe1e98170eab9917 P bd14624f903e4c8a8b66bb0bfde07807 [term 1 FOLLOWER]: Raft consensus shutting down.
I20260601 13:23:09.728150  8682 raft_consensus.cc:2272] T 359f72973003427dbe1e98170eab9917 P bd14624f903e4c8a8b66bb0bfde07807 [term 1 FOLLOWER]: Raft consensus is shut down!
I20260601 13:23:09.728570  8682 tablet_replica.cc:333] T 8234f0b6cdd34562904d8644f37c556e P bd14624f903e4c8a8b66bb0bfde07807: stopping tablet replica
I20260601 13:23:09.728646  8682 raft_consensus.cc:2243] T 8234f0b6cdd34562904d8644f37c556e P bd14624f903e4c8a8b66bb0bfde07807 [term 1 FOLLOWER]: Raft consensus shutting down.
I20260601 13:23:09.728717  8682 raft_consensus.cc:2272] T 8234f0b6cdd34562904d8644f37c556e P bd14624f903e4c8a8b66bb0bfde07807 [term 1 FOLLOWER]: Raft consensus is shut down!
I20260601 13:23:09.729055  8682 tablet_replica.cc:333] T 113c2791bc00488980b3f51f88a9767b P bd14624f903e4c8a8b66bb0bfde07807: stopping tablet replica
I20260601 13:23:09.729140  8682 raft_consensus.cc:2243] T 113c2791bc00488980b3f51f88a9767b P bd14624f903e4c8a8b66bb0bfde07807 [term 1 FOLLOWER]: Raft consensus shutting down.
I20260601 13:23:09.729205  8682 raft_consensus.cc:2272] T 113c2791bc00488980b3f51f88a9767b P bd14624f903e4c8a8b66bb0bfde07807 [term 1 FOLLOWER]: Raft consensus is shut down!
I20260601 13:23:09.729583  8682 tablet_replica.cc:333] T e791fdf72d264470bbd13530414c4f74 P bd14624f903e4c8a8b66bb0bfde07807: stopping tablet replica
I20260601 13:23:09.729650  8682 raft_consensus.cc:2243] T e791fdf72d264470bbd13530414c4f74 P bd14624f903e4c8a8b66bb0bfde07807 [term 1 FOLLOWER]: Raft consensus shutting down.
I20260601 13:23:09.729717  8682 raft_consensus.cc:2272] T e791fdf72d264470bbd13530414c4f74 P bd14624f903e4c8a8b66bb0bfde07807 [term 1 FOLLOWER]: Raft consensus is shut down!
I20260601 13:23:09.742923  8682 tablet_server.cc:196] TabletServer@127.8.122.131:0 shutdown complete.
I20260601 13:23:09.745159  8682 master.cc:562] Master@127.8.122.190:38099 shutting down...
I20260601 13:23:09.748517  8682 raft_consensus.cc:2243] T 00000000000000000000000000000000 P b2ac3fceee454c69a0b693c4899a9420 [term 1 LEADER]: Raft consensus shutting down.
I20260601 13:23:09.748689  8682 raft_consensus.cc:2272] T 00000000000000000000000000000000 P b2ac3fceee454c69a0b693c4899a9420 [term 1 FOLLOWER]: Raft consensus is shut down!
I20260601 13:23:09.748771  8682 tablet_replica.cc:333] T 00000000000000000000000000000000 P b2ac3fceee454c69a0b693c4899a9420: stopping tablet replica
I20260601 13:23:09.751575  8682 master.cc:584] Master@127.8.122.190:38099 shutdown complete.
[       OK ] AutoRebalancerTest.RangeAwareBuildClusterInfoGroupsByRange (1562 ms)
[ RUN      ] AutoRebalancerTest.RangeAwareRebalancesNewRangeReplicas
I20260601 13:23:09.759523  8682 internal_mini_cluster.cc:156] Creating distributed mini masters. Addrs: 127.8.122.190:40925
I20260601 13:23:09.759891  8682 file_cache.cc:492] Constructed file cache file cache with capacity 419430
W20260601 13:23:09.761656 11546 instance_detector.cc:116] could not retrieve OpenStack instance metadata: Network error: curl error: HTTP response code said error: The requested URL returned error: 404
W20260601 13:23:09.761718 11543 instance_detector.cc:116] could not retrieve AWS instance metadata: Network error: curl error: HTTP response code said error: The requested URL returned error: 404
W20260601 13:23:09.761656 11544 instance_detector.cc:116] could not retrieve Azure instance metadata: Network error: curl error: HTTP response code said error: The requested URL returned error: 404
I20260601 13:23:09.761746  8682 server_base.cc:1061] running on GCE node
I20260601 13:23:09.762007  8682 hybrid_clock.cc:584] initializing the hybrid clock with 'system_unsync' time source
W20260601 13:23:09.762079  8682 system_unsync_time.cc:38] NTP support is disabled. Clock error bounds will not be accurate. This configuration is not suitable for distributed clusters.
I20260601 13:23:09.762104  8682 hybrid_clock.cc:648] HybridClock initialized: now 1780320189762102 us; error 0 us; skew 500 ppm
I20260601 13:23:09.763006  8682 webserver.cc:533] Webserver started at http://127.8.122.190:41591/ using document root <none> and password file <none>
I20260601 13:23:09.763196  8682 fs_manager.cc:362] Metadata directory not provided
I20260601 13:23:09.763266  8682 fs_manager.cc:368] Using write-ahead log directory (fs_wal_dir) as metadata directory
I20260601 13:23:09.763342  8682 server_base.cc:909] This appears to be a new deployment of Kudu; creating new FS layout
I20260601 13:23:09.763758  8682 fs_manager.cc:1068] Generated new instance metadata in path /tmp/dist-test-taskpIp5O3/test-tmp/auto_rebalancer-test.0.AutoRebalancerTest.RangeAwareRebalancesNewRangeReplicas.1780320120567570-8682-0/minicluster-data/master-0-root/instance:
uuid: "4bc31576f54b4a5aa71e2b62a5e74753"
format_stamp: "Formatted at 2026-06-01 13:23:09 on dist-test-slave-7fjb"
I20260601 13:23:09.765410  8682 fs_manager.cc:696] Time spent creating directory manager: real 0.001s	user 0.002s	sys 0.000s
I20260601 13:23:09.766624 11551 log_block_manager.cc:4031] Time spent loading block containers with low live blocks: real 0.000s	user 0.000s	sys 0.000s
I20260601 13:23:09.766980  8682 fs_manager.cc:730] Time spent opening block manager: real 0.001s	user 0.001s	sys 0.001s
I20260601 13:23:09.767052  8682 fs_manager.cc:647] Opened local filesystem: /tmp/dist-test-taskpIp5O3/test-tmp/auto_rebalancer-test.0.AutoRebalancerTest.RangeAwareRebalancesNewRangeReplicas.1780320120567570-8682-0/minicluster-data/master-0-root
uuid: "4bc31576f54b4a5aa71e2b62a5e74753"
format_stamp: "Formatted at 2026-06-01 13:23:09 on dist-test-slave-7fjb"
I20260601 13:23:09.767114  8682 fs_report.cc:389] FS layout report
--------------------
wal directory: /tmp/dist-test-taskpIp5O3/test-tmp/auto_rebalancer-test.0.AutoRebalancerTest.RangeAwareRebalancesNewRangeReplicas.1780320120567570-8682-0/minicluster-data/master-0-root
metadata directory: /tmp/dist-test-taskpIp5O3/test-tmp/auto_rebalancer-test.0.AutoRebalancerTest.RangeAwareRebalancesNewRangeReplicas.1780320120567570-8682-0/minicluster-data/master-0-root
1 data directories: /tmp/dist-test-taskpIp5O3/test-tmp/auto_rebalancer-test.0.AutoRebalancerTest.RangeAwareRebalancesNewRangeReplicas.1780320120567570-8682-0/minicluster-data/master-0-root/data
Total live blocks: 0
Total live bytes: 0
Total live bytes (after alignment): 0
Total number of LBM containers: 0 (0 full)
Did not check for missing blocks
Did not check for orphaned blocks
Total full LBM containers with extra space: 0 (0 repaired)
Total full LBM container extra space in bytes: 0 (0 repaired)
Total incomplete LBM containers: 0 (0 repaired)
Total LBM partial records: 0 (0 repaired)
Total corrupted LBM metadata records in RocksDB: 0 (0 repaired)
I20260601 13:23:09.775418  8682 rpc_server.cc:225] running with OpenSSL 1.1.1  11 Sep 2018
I20260601 13:23:09.775789  8682 kserver.cc:163] Server-wide thread pool size limit: 3276
I20260601 13:23:09.779983  8682 rpc_server.cc:307] RPC server started. Bound to: 127.8.122.190:40925
I20260601 13:23:09.783062 11603 acceptor_pool.cc:272] collecting diagnostics on the listening RPC socket 127.8.122.190:40925 every 8 connection(s)
I20260601 13:23:09.783574 11604 data_dirs.cc:400] Could only allocate 1 dirs of requested 3 for tablet 00000000000000000000000000000000. 1 dirs total, 0 dirs full, 0 dirs failed
I20260601 13:23:09.785434 11604 tablet_bootstrap.cc:492] T 00000000000000000000000000000000 P 4bc31576f54b4a5aa71e2b62a5e74753: Bootstrap starting.
I20260601 13:23:09.786257 11604 tablet_bootstrap.cc:654] T 00000000000000000000000000000000 P 4bc31576f54b4a5aa71e2b62a5e74753: Neither blocks nor log segments found. Creating new log.
I20260601 13:23:09.787411 11604 tablet_bootstrap.cc:492] T 00000000000000000000000000000000 P 4bc31576f54b4a5aa71e2b62a5e74753: No bootstrap required, opened a new log
I20260601 13:23:09.787889 11604 raft_consensus.cc:359] T 00000000000000000000000000000000 P 4bc31576f54b4a5aa71e2b62a5e74753 [term 0 FOLLOWER]: Replica starting. Triggering 0 pending ops. Active config: opid_index: -1 OBSOLETE_local: true peers { permanent_uuid: "4bc31576f54b4a5aa71e2b62a5e74753" member_type: VOTER }
I20260601 13:23:09.788010 11604 raft_consensus.cc:385] T 00000000000000000000000000000000 P 4bc31576f54b4a5aa71e2b62a5e74753 [term 0 FOLLOWER]: Consensus starting up: Expiring failure detector timer to make a prompt election more likely
I20260601 13:23:09.788061 11604 raft_consensus.cc:740] T 00000000000000000000000000000000 P 4bc31576f54b4a5aa71e2b62a5e74753 [term 0 FOLLOWER]: Becoming Follower/Learner. State: Replica: 4bc31576f54b4a5aa71e2b62a5e74753, State: Initialized, Role: FOLLOWER
I20260601 13:23:09.788206 11604 consensus_queue.cc:260] T 00000000000000000000000000000000 P 4bc31576f54b4a5aa71e2b62a5e74753 [NON_LEADER]: Queue going to NON_LEADER mode. State: All replicated index: 0, Majority replicated index: 0, Committed index: 0, Last appended: 0.0, Last appended by leader: 0, Current term: 0, Majority size: -1, State: 0, Mode: NON_LEADER, active raft config: opid_index: -1 OBSOLETE_local: true peers { permanent_uuid: "4bc31576f54b4a5aa71e2b62a5e74753" member_type: VOTER }
I20260601 13:23:09.788298 11604 raft_consensus.cc:399] T 00000000000000000000000000000000 P 4bc31576f54b4a5aa71e2b62a5e74753 [term 0 FOLLOWER]: Only one voter in the Raft config. Triggering election immediately
I20260601 13:23:09.788345 11604 raft_consensus.cc:493] T 00000000000000000000000000000000 P 4bc31576f54b4a5aa71e2b62a5e74753 [term 0 FOLLOWER]: Starting leader election (initial election of a single-replica configuration)
I20260601 13:23:09.788396 11604 raft_consensus.cc:3060] T 00000000000000000000000000000000 P 4bc31576f54b4a5aa71e2b62a5e74753 [term 0 FOLLOWER]: Advancing to term 1
I20260601 13:23:09.789098 11604 raft_consensus.cc:515] T 00000000000000000000000000000000 P 4bc31576f54b4a5aa71e2b62a5e74753 [term 1 FOLLOWER]: Starting leader election with config: opid_index: -1 OBSOLETE_local: true peers { permanent_uuid: "4bc31576f54b4a5aa71e2b62a5e74753" member_type: VOTER }
I20260601 13:23:09.789242 11604 leader_election.cc:304] T 00000000000000000000000000000000 P 4bc31576f54b4a5aa71e2b62a5e74753 [CANDIDATE]: Term 1 election: Election decided. Result: candidate won. Election summary: received 1 responses out of 1 voters: 1 yes votes; 0 no votes. yes voters: 4bc31576f54b4a5aa71e2b62a5e74753; no voters: 
I20260601 13:23:09.789450 11604 leader_election.cc:290] T 00000000000000000000000000000000 P 4bc31576f54b4a5aa71e2b62a5e74753 [CANDIDATE]: Term 1 election: Requested vote from peers 
I20260601 13:23:09.789582 11607 raft_consensus.cc:2804] T 00000000000000000000000000000000 P 4bc31576f54b4a5aa71e2b62a5e74753 [term 1 FOLLOWER]: Leader election won for term 1
I20260601 13:23:09.789815 11607 raft_consensus.cc:697] T 00000000000000000000000000000000 P 4bc31576f54b4a5aa71e2b62a5e74753 [term 1 LEADER]: Becoming Leader. State: Replica: 4bc31576f54b4a5aa71e2b62a5e74753, State: Running, Role: LEADER
I20260601 13:23:09.789937 11604 sys_catalog.cc:565] T 00000000000000000000000000000000 P 4bc31576f54b4a5aa71e2b62a5e74753 [sys.catalog]: configured and running, proceeding with master startup.
I20260601 13:23:09.789960 11607 consensus_queue.cc:237] T 00000000000000000000000000000000 P 4bc31576f54b4a5aa71e2b62a5e74753 [LEADER]: Queue going to LEADER mode. State: All replicated index: 0, Majority replicated index: 0, Committed index: 0, Last appended: 0.0, Last appended by leader: 0, Current term: 1, Majority size: 1, State: 0, Mode: LEADER, active raft config: opid_index: -1 OBSOLETE_local: true peers { permanent_uuid: "4bc31576f54b4a5aa71e2b62a5e74753" member_type: VOTER }
I20260601 13:23:09.790400 11608 sys_catalog.cc:455] T 00000000000000000000000000000000 P 4bc31576f54b4a5aa71e2b62a5e74753 [sys.catalog]: SysCatalogTable state changed. Reason: RaftConsensus started. Latest consensus state: current_term: 1 leader_uuid: "4bc31576f54b4a5aa71e2b62a5e74753" committed_config { opid_index: -1 OBSOLETE_local: true peers { permanent_uuid: "4bc31576f54b4a5aa71e2b62a5e74753" member_type: VOTER } }
I20260601 13:23:09.790529 11608 sys_catalog.cc:458] T 00000000000000000000000000000000 P 4bc31576f54b4a5aa71e2b62a5e74753 [sys.catalog]: This master's current role is: LEADER
I20260601 13:23:09.790414 11609 sys_catalog.cc:455] T 00000000000000000000000000000000 P 4bc31576f54b4a5aa71e2b62a5e74753 [sys.catalog]: SysCatalogTable state changed. Reason: New leader 4bc31576f54b4a5aa71e2b62a5e74753. Latest consensus state: current_term: 1 leader_uuid: "4bc31576f54b4a5aa71e2b62a5e74753" committed_config { opid_index: -1 OBSOLETE_local: true peers { permanent_uuid: "4bc31576f54b4a5aa71e2b62a5e74753" member_type: VOTER } }
I20260601 13:23:09.790583 11609 sys_catalog.cc:458] T 00000000000000000000000000000000 P 4bc31576f54b4a5aa71e2b62a5e74753 [sys.catalog]: This master's current role is: LEADER
I20260601 13:23:09.791050 11612 catalog_manager.cc:1510] Loading table and tablet metadata into memory...
I20260601 13:23:09.791805 11612 catalog_manager.cc:1519] Initializing Kudu cluster ID...
I20260601 13:23:09.791985  8682 internal_mini_cluster.cc:184] Waiting to initialize catalog manager on master 0
I20260601 13:23:09.793673 11612 catalog_manager.cc:1382] Generated new cluster ID: 8e52b381f0234db78c89919be102aa63
I20260601 13:23:09.793727 11612 catalog_manager.cc:1530] Initializing Kudu internal certificate authority...
I20260601 13:23:09.802876 11612 catalog_manager.cc:1405] Generated new certificate authority record
I20260601 13:23:09.803406 11612 catalog_manager.cc:1539] Loading token signing keys...
I20260601 13:23:09.807848 11612 catalog_manager.cc:6069] T 00000000000000000000000000000000 P 4bc31576f54b4a5aa71e2b62a5e74753: Generated new TSK 0
I20260601 13:23:09.808022 11612 catalog_manager.cc:1549] Initializing in-progress tserver states...
I20260601 13:23:09.824478  8682 file_cache.cc:492] Constructed file cache file cache with capacity 419430
W20260601 13:23:09.826653 11626 instance_detector.cc:116] could not retrieve Azure instance metadata: Network error: curl error: HTTP response code said error: The requested URL returned error: 404
W20260601 13:23:09.826653 11628 instance_detector.cc:116] could not retrieve OpenStack instance metadata: Network error: curl error: HTTP response code said error: The requested URL returned error: 404
W20260601 13:23:09.826886 11625 instance_detector.cc:116] could not retrieve AWS instance metadata: Network error: curl error: HTTP response code said error: The requested URL returned error: 404
I20260601 13:23:09.826830  8682 server_base.cc:1061] running on GCE node
I20260601 13:23:09.827113  8682 hybrid_clock.cc:584] initializing the hybrid clock with 'system_unsync' time source
W20260601 13:23:09.827158  8682 system_unsync_time.cc:38] NTP support is disabled. Clock error bounds will not be accurate. This configuration is not suitable for distributed clusters.
I20260601 13:23:09.827174  8682 hybrid_clock.cc:648] HybridClock initialized: now 1780320189827174 us; error 0 us; skew 500 ppm
I20260601 13:23:09.828054  8682 webserver.cc:533] Webserver started at http://127.8.122.129:38809/ using document root <none> and password file <none>
I20260601 13:23:09.828194  8682 fs_manager.cc:362] Metadata directory not provided
I20260601 13:23:09.828238  8682 fs_manager.cc:368] Using write-ahead log directory (fs_wal_dir) as metadata directory
I20260601 13:23:09.828292  8682 server_base.cc:909] This appears to be a new deployment of Kudu; creating new FS layout
I20260601 13:23:09.828646  8682 fs_manager.cc:1068] Generated new instance metadata in path /tmp/dist-test-taskpIp5O3/test-tmp/auto_rebalancer-test.0.AutoRebalancerTest.RangeAwareRebalancesNewRangeReplicas.1780320120567570-8682-0/minicluster-data/ts-0-root/instance:
uuid: "758168fcd6714ff5a46da650ad9f204f"
format_stamp: "Formatted at 2026-06-01 13:23:09 on dist-test-slave-7fjb"
I20260601 13:23:09.830248  8682 fs_manager.cc:696] Time spent creating directory manager: real 0.001s	user 0.001s	sys 0.000s
I20260601 13:23:09.831342 11633 log_block_manager.cc:4031] Time spent loading block containers with low live blocks: real 0.000s	user 0.000s	sys 0.000s
I20260601 13:23:09.831607  8682 fs_manager.cc:730] Time spent opening block manager: real 0.001s	user 0.001s	sys 0.000s
I20260601 13:23:09.831667  8682 fs_manager.cc:647] Opened local filesystem: /tmp/dist-test-taskpIp5O3/test-tmp/auto_rebalancer-test.0.AutoRebalancerTest.RangeAwareRebalancesNewRangeReplicas.1780320120567570-8682-0/minicluster-data/ts-0-root
uuid: "758168fcd6714ff5a46da650ad9f204f"
format_stamp: "Formatted at 2026-06-01 13:23:09 on dist-test-slave-7fjb"
I20260601 13:23:09.831770  8682 fs_report.cc:389] FS layout report
--------------------
wal directory: /tmp/dist-test-taskpIp5O3/test-tmp/auto_rebalancer-test.0.AutoRebalancerTest.RangeAwareRebalancesNewRangeReplicas.1780320120567570-8682-0/minicluster-data/ts-0-root
metadata directory: /tmp/dist-test-taskpIp5O3/test-tmp/auto_rebalancer-test.0.AutoRebalancerTest.RangeAwareRebalancesNewRangeReplicas.1780320120567570-8682-0/minicluster-data/ts-0-root
1 data directories: /tmp/dist-test-taskpIp5O3/test-tmp/auto_rebalancer-test.0.AutoRebalancerTest.RangeAwareRebalancesNewRangeReplicas.1780320120567570-8682-0/minicluster-data/ts-0-root/data
Total live blocks: 0
Total live bytes: 0
Total live bytes (after alignment): 0
Total number of LBM containers: 0 (0 full)
Did not check for missing blocks
Did not check for orphaned blocks
Total full LBM containers with extra space: 0 (0 repaired)
Total full LBM container extra space in bytes: 0 (0 repaired)
Total incomplete LBM containers: 0 (0 repaired)
Total LBM partial records: 0 (0 repaired)
Total corrupted LBM metadata records in RocksDB: 0 (0 repaired)
I20260601 13:23:09.843904  8682 rpc_server.cc:225] running with OpenSSL 1.1.1  11 Sep 2018
I20260601 13:23:09.844331  8682 kserver.cc:163] Server-wide thread pool size limit: 3276
I20260601 13:23:09.844652  8682 txn_system_client.cc:432] TxnSystemClient initialization is disabled...
I20260601 13:23:09.845153  8682 ts_tablet_manager.cc:585] Loaded tablet metadata (0 total tablets, 0 live tablets)
I20260601 13:23:09.845191  8682 ts_tablet_manager.cc:531] Time spent load tablet metadata: real 0.000s	user 0.000s	sys 0.000s
I20260601 13:23:09.845221  8682 ts_tablet_manager.cc:616] Registered 0 tablets
I20260601 13:23:09.845281  8682 ts_tablet_manager.cc:595] Time spent register tablets: real 0.000s	user 0.000s	sys 0.000s
I20260601 13:23:09.849531  8682 rpc_server.cc:307] RPC server started. Bound to: 127.8.122.129:34095
I20260601 13:23:09.849555 11697 acceptor_pool.cc:272] collecting diagnostics on the listening RPC socket 127.8.122.129:34095 every 8 connection(s)
I20260601 13:23:09.850457  8682 file_cache.cc:492] Constructed file cache file cache with capacity 419430
W20260601 13:23:09.852299 11703 instance_detector.cc:116] could not retrieve Azure instance metadata: Network error: curl error: HTTP response code said error: The requested URL returned error: 404
W20260601 13:23:09.852299 11702 instance_detector.cc:116] could not retrieve AWS instance metadata: Network error: curl error: HTTP response code said error: The requested URL returned error: 404
W20260601 13:23:09.852428 11705 instance_detector.cc:116] could not retrieve OpenStack instance metadata: Network error: curl error: HTTP response code said error: The requested URL returned error: 404
I20260601 13:23:09.852895  8682 server_base.cc:1061] running on GCE node
I20260601 13:23:09.853081  8682 hybrid_clock.cc:584] initializing the hybrid clock with 'system_unsync' time source
W20260601 13:23:09.853134  8682 system_unsync_time.cc:38] NTP support is disabled. Clock error bounds will not be accurate. This configuration is not suitable for distributed clusters.
I20260601 13:23:09.853156  8682 hybrid_clock.cc:648] HybridClock initialized: now 1780320189853156 us; error 0 us; skew 500 ppm
I20260601 13:23:09.854069  8682 webserver.cc:533] Webserver started at http://127.8.122.130:44525/ using document root <none> and password file <none>
I20260601 13:23:09.854238  8682 fs_manager.cc:362] Metadata directory not provided
I20260601 13:23:09.854298  8682 fs_manager.cc:368] Using write-ahead log directory (fs_wal_dir) as metadata directory
I20260601 13:23:09.854423  8682 server_base.cc:909] This appears to be a new deployment of Kudu; creating new FS layout
I20260601 13:23:09.854951  8682 fs_manager.cc:1068] Generated new instance metadata in path /tmp/dist-test-taskpIp5O3/test-tmp/auto_rebalancer-test.0.AutoRebalancerTest.RangeAwareRebalancesNewRangeReplicas.1780320120567570-8682-0/minicluster-data/ts-1-root/instance:
uuid: "c104bfd343b84c7b8f7bb2f0cabceb4f"
format_stamp: "Formatted at 2026-06-01 13:23:09 on dist-test-slave-7fjb"
I20260601 13:23:09.856561 11698 heartbeater.cc:344] Connected to a master server at 127.8.122.190:40925
I20260601 13:23:09.856662 11698 heartbeater.cc:461] Registering TS with master...
I20260601 13:23:09.856834  8682 fs_manager.cc:696] Time spent creating directory manager: real 0.002s	user 0.001s	sys 0.000s
I20260601 13:23:09.856940 11698 heartbeater.cc:507] Master 127.8.122.190:40925 requested a full tablet report, sending...
I20260601 13:23:09.857589 11568 ts_manager.cc:194] Registered new tserver with Master: 758168fcd6714ff5a46da650ad9f204f (127.8.122.129:34095)
I20260601 13:23:09.857913 11710 log_block_manager.cc:4031] Time spent loading block containers with low live blocks: real 0.000s	user 0.000s	sys 0.000s
I20260601 13:23:09.858165  8682 fs_manager.cc:730] Time spent opening block manager: real 0.001s	user 0.001s	sys 0.000s
I20260601 13:23:09.858235  8682 fs_manager.cc:647] Opened local filesystem: /tmp/dist-test-taskpIp5O3/test-tmp/auto_rebalancer-test.0.AutoRebalancerTest.RangeAwareRebalancesNewRangeReplicas.1780320120567570-8682-0/minicluster-data/ts-1-root
uuid: "c104bfd343b84c7b8f7bb2f0cabceb4f"
format_stamp: "Formatted at 2026-06-01 13:23:09 on dist-test-slave-7fjb"
I20260601 13:23:09.858330  8682 fs_report.cc:389] FS layout report
--------------------
wal directory: /tmp/dist-test-taskpIp5O3/test-tmp/auto_rebalancer-test.0.AutoRebalancerTest.RangeAwareRebalancesNewRangeReplicas.1780320120567570-8682-0/minicluster-data/ts-1-root
metadata directory: /tmp/dist-test-taskpIp5O3/test-tmp/auto_rebalancer-test.0.AutoRebalancerTest.RangeAwareRebalancesNewRangeReplicas.1780320120567570-8682-0/minicluster-data/ts-1-root
1 data directories: /tmp/dist-test-taskpIp5O3/test-tmp/auto_rebalancer-test.0.AutoRebalancerTest.RangeAwareRebalancesNewRangeReplicas.1780320120567570-8682-0/minicluster-data/ts-1-root/data
Total live blocks: 0
Total live bytes: 0
Total live bytes (after alignment): 0
Total number of LBM containers: 0 (0 full)
Did not check for missing blocks
Did not check for orphaned blocks
Total full LBM containers with extra space: 0 (0 repaired)
Total full LBM container extra space in bytes: 0 (0 repaired)
Total incomplete LBM containers: 0 (0 repaired)
Total LBM partial records: 0 (0 repaired)
Total corrupted LBM metadata records in RocksDB: 0 (0 repaired)
I20260601 13:23:09.858639 11568 master_service.cc:502] Signed X509 certificate for tserver {username='slave'} at 127.0.0.1:45746
I20260601 13:23:09.872975  8682 rpc_server.cc:225] running with OpenSSL 1.1.1  11 Sep 2018
I20260601 13:23:09.873413  8682 kserver.cc:163] Server-wide thread pool size limit: 3276
I20260601 13:23:09.873741  8682 txn_system_client.cc:432] TxnSystemClient initialization is disabled...
I20260601 13:23:09.874238  8682 ts_tablet_manager.cc:585] Loaded tablet metadata (0 total tablets, 0 live tablets)
I20260601 13:23:09.874279  8682 ts_tablet_manager.cc:531] Time spent load tablet metadata: real 0.000s	user 0.000s	sys 0.000s
I20260601 13:23:09.874308  8682 ts_tablet_manager.cc:616] Registered 0 tablets
I20260601 13:23:09.874382  8682 ts_tablet_manager.cc:595] Time spent register tablets: real 0.000s	user 0.000s	sys 0.000s
I20260601 13:23:09.878645  8682 rpc_server.cc:307] RPC server started. Bound to: 127.8.122.130:41585
I20260601 13:23:09.878679 11774 acceptor_pool.cc:272] collecting diagnostics on the listening RPC socket 127.8.122.130:41585 every 8 connection(s)
I20260601 13:23:09.879508  8682 file_cache.cc:492] Constructed file cache file cache with capacity 419430
W20260601 13:23:09.881793 11778 instance_detector.cc:116] could not retrieve AWS instance metadata: Network error: curl error: HTTP response code said error: The requested URL returned error: 404
W20260601 13:23:09.881901 11779 instance_detector.cc:116] could not retrieve Azure instance metadata: Network error: curl error: HTTP response code said error: The requested URL returned error: 404
W20260601 13:23:09.881968 11781 instance_detector.cc:116] could not retrieve OpenStack instance metadata: Network error: curl error: HTTP response code said error: The requested URL returned error: 404
I20260601 13:23:09.882869  8682 server_base.cc:1061] running on GCE node
I20260601 13:23:09.883052  8682 hybrid_clock.cc:584] initializing the hybrid clock with 'system_unsync' time source
W20260601 13:23:09.883101  8682 system_unsync_time.cc:38] NTP support is disabled. Clock error bounds will not be accurate. This configuration is not suitable for distributed clusters.
I20260601 13:23:09.883121  8682 hybrid_clock.cc:648] HybridClock initialized: now 1780320189883121 us; error 0 us; skew 500 ppm
I20260601 13:23:09.884075 11775 heartbeater.cc:344] Connected to a master server at 127.8.122.190:40925
I20260601 13:23:09.884150  8682 webserver.cc:533] Webserver started at http://127.8.122.131:34275/ using document root <none> and password file <none>
I20260601 13:23:09.884193 11775 heartbeater.cc:461] Registering TS with master...
I20260601 13:23:09.884302  8682 fs_manager.cc:362] Metadata directory not provided
I20260601 13:23:09.884353  8682 fs_manager.cc:368] Using write-ahead log directory (fs_wal_dir) as metadata directory
I20260601 13:23:09.884397 11775 heartbeater.cc:507] Master 127.8.122.190:40925 requested a full tablet report, sending...
I20260601 13:23:09.884423  8682 server_base.cc:909] This appears to be a new deployment of Kudu; creating new FS layout
I20260601 13:23:09.884899  8682 fs_manager.cc:1068] Generated new instance metadata in path /tmp/dist-test-taskpIp5O3/test-tmp/auto_rebalancer-test.0.AutoRebalancerTest.RangeAwareRebalancesNewRangeReplicas.1780320120567570-8682-0/minicluster-data/ts-2-root/instance:
uuid: "0ca46860ba8b4e4eb92f540cf0b7dd49"
format_stamp: "Formatted at 2026-06-01 13:23:09 on dist-test-slave-7fjb"
I20260601 13:23:09.885087 11568 ts_manager.cc:194] Registered new tserver with Master: c104bfd343b84c7b8f7bb2f0cabceb4f (127.8.122.130:41585)
I20260601 13:23:09.885879 11568 master_service.cc:502] Signed X509 certificate for tserver {username='slave'} at 127.0.0.1:45754
I20260601 13:23:09.886940  8682 fs_manager.cc:696] Time spent creating directory manager: real 0.002s	user 0.002s	sys 0.000s
I20260601 13:23:09.887965 11786 log_block_manager.cc:4031] Time spent loading block containers with low live blocks: real 0.000s	user 0.000s	sys 0.000s
I20260601 13:23:09.888201  8682 fs_manager.cc:730] Time spent opening block manager: real 0.001s	user 0.001s	sys 0.000s
I20260601 13:23:09.888263  8682 fs_manager.cc:647] Opened local filesystem: /tmp/dist-test-taskpIp5O3/test-tmp/auto_rebalancer-test.0.AutoRebalancerTest.RangeAwareRebalancesNewRangeReplicas.1780320120567570-8682-0/minicluster-data/ts-2-root
uuid: "0ca46860ba8b4e4eb92f540cf0b7dd49"
format_stamp: "Formatted at 2026-06-01 13:23:09 on dist-test-slave-7fjb"
I20260601 13:23:09.888324  8682 fs_report.cc:389] FS layout report
--------------------
wal directory: /tmp/dist-test-taskpIp5O3/test-tmp/auto_rebalancer-test.0.AutoRebalancerTest.RangeAwareRebalancesNewRangeReplicas.1780320120567570-8682-0/minicluster-data/ts-2-root
metadata directory: /tmp/dist-test-taskpIp5O3/test-tmp/auto_rebalancer-test.0.AutoRebalancerTest.RangeAwareRebalancesNewRangeReplicas.1780320120567570-8682-0/minicluster-data/ts-2-root
1 data directories: /tmp/dist-test-taskpIp5O3/test-tmp/auto_rebalancer-test.0.AutoRebalancerTest.RangeAwareRebalancesNewRangeReplicas.1780320120567570-8682-0/minicluster-data/ts-2-root/data
Total live blocks: 0
Total live bytes: 0
Total live bytes (after alignment): 0
Total number of LBM containers: 0 (0 full)
Did not check for missing blocks
Did not check for orphaned blocks
Total full LBM containers with extra space: 0 (0 repaired)
Total full LBM container extra space in bytes: 0 (0 repaired)
Total incomplete LBM containers: 0 (0 repaired)
Total LBM partial records: 0 (0 repaired)
Total corrupted LBM metadata records in RocksDB: 0 (0 repaired)
I20260601 13:23:09.897619  8682 rpc_server.cc:225] running with OpenSSL 1.1.1  11 Sep 2018
I20260601 13:23:09.898044  8682 kserver.cc:163] Server-wide thread pool size limit: 3276
I20260601 13:23:09.898382  8682 txn_system_client.cc:432] TxnSystemClient initialization is disabled...
I20260601 13:23:09.898993  8682 ts_tablet_manager.cc:585] Loaded tablet metadata (0 total tablets, 0 live tablets)
I20260601 13:23:09.899035  8682 ts_tablet_manager.cc:531] Time spent load tablet metadata: real 0.000s	user 0.000s	sys 0.000s
I20260601 13:23:09.899068  8682 ts_tablet_manager.cc:616] Registered 0 tablets
I20260601 13:23:09.899085  8682 ts_tablet_manager.cc:595] Time spent register tablets: real 0.000s	user 0.000s	sys 0.000s
I20260601 13:23:09.904007  8682 rpc_server.cc:307] RPC server started. Bound to: 127.8.122.131:38725
I20260601 13:23:09.904109 11849 acceptor_pool.cc:272] collecting diagnostics on the listening RPC socket 127.8.122.131:38725 every 8 connection(s)
I20260601 13:23:09.908946 11850 heartbeater.cc:344] Connected to a master server at 127.8.122.190:40925
I20260601 13:23:09.909054 11850 heartbeater.cc:461] Registering TS with master...
I20260601 13:23:09.909282 11850 heartbeater.cc:507] Master 127.8.122.190:40925 requested a full tablet report, sending...
I20260601 13:23:09.909940 11568 ts_manager.cc:194] Registered new tserver with Master: 0ca46860ba8b4e4eb92f540cf0b7dd49 (127.8.122.131:38725)
I20260601 13:23:09.910192  8682 internal_mini_cluster.cc:371] 3 TS(s) registered with all masters after 0.005646692s
I20260601 13:23:09.910604 11568 master_service.cc:502] Signed X509 certificate for tserver {username='slave'} at 127.0.0.1:45762
I20260601 13:23:10.859668 11698 heartbeater.cc:499] Master 127.8.122.190:40925 was elected leader, sending a full tablet report...
I20260601 13:23:10.886911 11775 heartbeater.cc:499] Master 127.8.122.190:40925 was elected leader, sending a full tablet report...
I20260601 13:23:10.911580 11850 heartbeater.cc:499] Master 127.8.122.190:40925 was elected leader, sending a full tablet report...
I20260601 13:23:10.944939 11568 catalog_manager.cc:2282] Servicing CreateTable request from {username='slave'} at 127.0.0.1:45766:
name: "range_aware_rebalance_new_range"
schema {
  columns {
    name: "key"
    type: INT32
    is_key: true
    is_nullable: false
    encoding: AUTO_ENCODING
    compression: DEFAULT_COMPRESSION
    cfile_block_size: 0
    immutable: false
  }
}
num_replicas: 3
split_rows_range_bounds {
  rows: "\006\001\000\000\000\000\007\001\n\000\000\000""\006\001\000\000\000\000\007\001\n\000\000\000"
  indirect_data: """"
}
partition_schema {
  hash_schema {
    columns {
      name: "key"
    }
    num_buckets: 8
    seed: 0
  }
  range_schema {
    columns {
      name: "key"
    }
  }
}
W20260601 13:23:10.945470 11568 catalog_manager.cc:7076] The number of live tablet servers is not enough to re-replicate a tablet replica of the newly created table range_aware_rebalance_new_range in case of a server failure: 4 tablet servers would be needed, 3 are available. Consider bringing up more tablet servers.
I20260601 13:23:10.958648 11813 tablet_service.cc:1511] Processing CreateTablet for tablet b44e8ac7939b4964a3fa181b815b7769 (DEFAULT_TABLE table=range_aware_rebalance_new_range [id=cc66e52d32fa43ec9feaff5a0d233845]), partition=HASH (key) PARTITION 1, RANGE (key) PARTITION 0 <= VALUES < 10
I20260601 13:23:10.959074 11814 tablet_service.cc:1511] Processing CreateTablet for tablet 87a93cb4f33b4e5bbabd9809639fc4ae (DEFAULT_TABLE table=range_aware_rebalance_new_range [id=cc66e52d32fa43ec9feaff5a0d233845]), partition=HASH (key) PARTITION 0, RANGE (key) PARTITION 0 <= VALUES < 10
