I20260601 13:41:29.355020 27349 catalog_manager.cc:5696] T 178e202cb1c84287818242ab22efd65e P e70742429a444c0daa27ce9bb1507f63 reported cstate change: config changed from index 3 to 4, VOTER ad53cdc9adbf4eaab3c4bbfbeb8084e2 (127.23.233.196) evicted. New cstate: current_term: 1 leader_uuid: "a0f65c6a34384069b8101dfffe9aa1ef" committed_config { opid_index: 4 OBSOLETE_local: false peers { permanent_uuid: "a0f65c6a34384069b8101dfffe9aa1ef" member_type: VOTER last_known_addr { host: "127.23.233.195" port: 42693 } } peers { permanent_uuid: "e70742429a444c0daa27ce9bb1507f63" member_type: VOTER last_known_addr { host: "127.23.233.193" port: 43679 } } peers { permanent_uuid: "e6682b7339614a88873735c5b905c7f6" member_type: VOTER last_known_addr { host: "127.23.233.194" port: 46451 } attrs { promote: false } } }
I20260601 13:41:29.357488 27733 tablet_service.cc:1558] Processing DeleteTablet for tablet 178e202cb1c84287818242ab22efd65e with delete_type TABLET_DATA_TOMBSTONED (TS ad53cdc9adbf4eaab3c4bbfbeb8084e2 not found in new config with opid_index 4) from {username='slave'} at 127.0.0.1:43288
I20260601 13:41:29.357702 27997 tablet_replica.cc:333] T 178e202cb1c84287818242ab22efd65e P ad53cdc9adbf4eaab3c4bbfbeb8084e2: stopping tablet replica
I20260601 13:41:29.357851 27997 raft_consensus.cc:2243] T 178e202cb1c84287818242ab22efd65e P ad53cdc9adbf4eaab3c4bbfbeb8084e2 [term 1 FOLLOWER]: Raft consensus shutting down.
I20260601 13:41:29.357991 27997 raft_consensus.cc:2272] T 178e202cb1c84287818242ab22efd65e P ad53cdc9adbf4eaab3c4bbfbeb8084e2 [term 1 FOLLOWER]: Raft consensus is shut down!
I20260601 13:41:29.358599 27997 ts_tablet_manager.cc:1916] T 178e202cb1c84287818242ab22efd65e P ad53cdc9adbf4eaab3c4bbfbeb8084e2: Deleting tablet data with delete state TABLET_DATA_TOMBSTONED
I20260601 13:41:29.360903 27997 ts_tablet_manager.cc:1929] T 178e202cb1c84287818242ab22efd65e P ad53cdc9adbf4eaab3c4bbfbeb8084e2: tablet deleted with delete type TABLET_DATA_TOMBSTONED: last-logged OpId 1.3
I20260601 13:41:29.360989 27997 log.cc:1199] T 178e202cb1c84287818242ab22efd65e P ad53cdc9adbf4eaab3c4bbfbeb8084e2: Deleting WAL directory at /tmp/dist-test-taskc4laCX/test-tmp/auto_rebalancer-test.0.AutoRebalancerTest.RangeAwareRebalancesNewRangeReplicas.1780321215140860-24487-0/minicluster-data/ts-3-root/wals/178e202cb1c84287818242ab22efd65e
I20260601 13:41:29.361562 27338 catalog_manager.cc:5027] TS ad53cdc9adbf4eaab3c4bbfbeb8084e2 (127.23.233.196:39061): tablet 178e202cb1c84287818242ab22efd65e (table range_aware_rebalance_new_range [id=d6fd215eb94647c390ed04151a707a07]) successfully deleted
I20260601 13:41:29.452296 27968 raft_consensus.cc:1064] T 490ffad6063e46f68eb824b68c5531bd P e70742429a444c0daa27ce9bb1507f63: attempting to promote NON_VOTER ad53cdc9adbf4eaab3c4bbfbeb8084e2 to VOTER
I20260601 13:41:29.452771 27968 consensus_queue.cc:237] T 490ffad6063e46f68eb824b68c5531bd P e70742429a444c0daa27ce9bb1507f63 [LEADER]: Queue going to LEADER mode. State: All replicated index: 0, Majority replicated index: 2, Committed index: 2, Last appended: 1.2, Last appended by leader: 0, Current term: 1, Majority size: 3, State: 0, Mode: LEADER, active raft config: opid_index: 3 OBSOLETE_local: false peers { permanent_uuid: "a0f65c6a34384069b8101dfffe9aa1ef" member_type: VOTER last_known_addr { host: "127.23.233.195" port: 42693 } } peers { permanent_uuid: "e6682b7339614a88873735c5b905c7f6" member_type: VOTER last_known_addr { host: "127.23.233.194" port: 46451 } attrs { replace: true } } peers { permanent_uuid: "e70742429a444c0daa27ce9bb1507f63" member_type: VOTER last_known_addr { host: "127.23.233.193" port: 43679 } } peers { permanent_uuid: "ad53cdc9adbf4eaab3c4bbfbeb8084e2" member_type: VOTER last_known_addr { host: "127.23.233.196" port: 39061 } attrs { promote: false } }
I20260601 13:41:29.454437 27603 raft_consensus.cc:1275] T 490ffad6063e46f68eb824b68c5531bd P a0f65c6a34384069b8101dfffe9aa1ef [term 1 FOLLOWER]: Refusing update from remote peer e70742429a444c0daa27ce9bb1507f63: Log matching property violated. Preceding OpId in replica: term: 1 index: 2. Preceding OpId from leader: term: 1 index: 3. (index mismatch)
I20260601 13:41:29.454432 27531 raft_consensus.cc:1275] T 490ffad6063e46f68eb824b68c5531bd P e6682b7339614a88873735c5b905c7f6 [term 1 FOLLOWER]: Refusing update from remote peer e70742429a444c0daa27ce9bb1507f63: Log matching property violated. Preceding OpId in replica: term: 1 index: 2. Preceding OpId from leader: term: 1 index: 3. (index mismatch)
I20260601 13:41:29.454432 27743 raft_consensus.cc:1275] T 490ffad6063e46f68eb824b68c5531bd P ad53cdc9adbf4eaab3c4bbfbeb8084e2 [term 1 LEARNER]: Refusing update from remote peer e70742429a444c0daa27ce9bb1507f63: Log matching property violated. Preceding OpId in replica: term: 1 index: 2. Preceding OpId from leader: term: 1 index: 3. (index mismatch)
I20260601 13:41:29.454946 28004 consensus_queue.cc:1048] T 490ffad6063e46f68eb824b68c5531bd P e70742429a444c0daa27ce9bb1507f63 [LEADER]: Connected to new peer: Peer: permanent_uuid: "a0f65c6a34384069b8101dfffe9aa1ef" member_type: VOTER last_known_addr { host: "127.23.233.195" port: 42693 }, Status: LMP_MISMATCH, Last received: 0.0, Next index: 3, Last known committed idx: 2, Time since last communication: 0.000s
I20260601 13:41:29.455179 27914 consensus_queue.cc:1048] T 490ffad6063e46f68eb824b68c5531bd P e70742429a444c0daa27ce9bb1507f63 [LEADER]: Connected to new peer: Peer: permanent_uuid: "e6682b7339614a88873735c5b905c7f6" member_type: VOTER last_known_addr { host: "127.23.233.194" port: 46451 } attrs { replace: true }, Status: LMP_MISMATCH, Last received: 0.0, Next index: 3, Last known committed idx: 2, Time since last communication: 0.000s
I20260601 13:41:29.455399 27968 consensus_queue.cc:1048] T 490ffad6063e46f68eb824b68c5531bd P e70742429a444c0daa27ce9bb1507f63 [LEADER]: Connected to new peer: Peer: permanent_uuid: "ad53cdc9adbf4eaab3c4bbfbeb8084e2" member_type: VOTER last_known_addr { host: "127.23.233.196" port: 39061 } attrs { promote: false }, Status: LMP_MISMATCH, Last received: 0.0, Next index: 3, Last known committed idx: 2, Time since last communication: 0.000s
I20260601 13:41:29.457388 27914 raft_consensus.cc:2955] T 490ffad6063e46f68eb824b68c5531bd P e70742429a444c0daa27ce9bb1507f63 [term 1 LEADER]: Committing config change with OpId 1.3: config changed from index 2 to 3, ad53cdc9adbf4eaab3c4bbfbeb8084e2 (127.23.233.196) changed from NON_VOTER to VOTER. New config: { opid_index: 3 OBSOLETE_local: false peers { permanent_uuid: "a0f65c6a34384069b8101dfffe9aa1ef" member_type: VOTER last_known_addr { host: "127.23.233.195" port: 42693 } } peers { permanent_uuid: "e6682b7339614a88873735c5b905c7f6" member_type: VOTER last_known_addr { host: "127.23.233.194" port: 46451 } attrs { replace: true } } peers { permanent_uuid: "e70742429a444c0daa27ce9bb1507f63" member_type: VOTER last_known_addr { host: "127.23.233.193" port: 43679 } } peers { permanent_uuid: "ad53cdc9adbf4eaab3c4bbfbeb8084e2" member_type: VOTER last_known_addr { host: "127.23.233.196" port: 39061 } attrs { promote: false } } }
I20260601 13:41:29.457880 27743 raft_consensus.cc:2955] T 490ffad6063e46f68eb824b68c5531bd P ad53cdc9adbf4eaab3c4bbfbeb8084e2 [term 1 FOLLOWER]: Committing config change with OpId 1.3: config changed from index 2 to 3, ad53cdc9adbf4eaab3c4bbfbeb8084e2 (127.23.233.196) changed from NON_VOTER to VOTER. New config: { opid_index: 3 OBSOLETE_local: false peers { permanent_uuid: "a0f65c6a34384069b8101dfffe9aa1ef" member_type: VOTER last_known_addr { host: "127.23.233.195" port: 42693 } } peers { permanent_uuid: "e6682b7339614a88873735c5b905c7f6" member_type: VOTER last_known_addr { host: "127.23.233.194" port: 46451 } attrs { replace: true } } peers { permanent_uuid: "e70742429a444c0daa27ce9bb1507f63" member_type: VOTER last_known_addr { host: "127.23.233.193" port: 43679 } } peers { permanent_uuid: "ad53cdc9adbf4eaab3c4bbfbeb8084e2" member_type: VOTER last_known_addr { host: "127.23.233.196" port: 39061 } attrs { promote: false } } }
I20260601 13:41:29.459445 27603 raft_consensus.cc:2955] T 490ffad6063e46f68eb824b68c5531bd P a0f65c6a34384069b8101dfffe9aa1ef [term 1 FOLLOWER]: Committing config change with OpId 1.3: config changed from index 2 to 3, ad53cdc9adbf4eaab3c4bbfbeb8084e2 (127.23.233.196) changed from NON_VOTER to VOTER. New config: { opid_index: 3 OBSOLETE_local: false peers { permanent_uuid: "a0f65c6a34384069b8101dfffe9aa1ef" member_type: VOTER last_known_addr { host: "127.23.233.195" port: 42693 } } peers { permanent_uuid: "e6682b7339614a88873735c5b905c7f6" member_type: VOTER last_known_addr { host: "127.23.233.194" port: 46451 } attrs { replace: true } } peers { permanent_uuid: "e70742429a444c0daa27ce9bb1507f63" member_type: VOTER last_known_addr { host: "127.23.233.193" port: 43679 } } peers { permanent_uuid: "ad53cdc9adbf4eaab3c4bbfbeb8084e2" member_type: VOTER last_known_addr { host: "127.23.233.196" port: 39061 } attrs { promote: false } } }
I20260601 13:41:29.459900 27531 raft_consensus.cc:2955] T 490ffad6063e46f68eb824b68c5531bd P e6682b7339614a88873735c5b905c7f6 [term 1 FOLLOWER]: Committing config change with OpId 1.3: config changed from index 2 to 3, ad53cdc9adbf4eaab3c4bbfbeb8084e2 (127.23.233.196) changed from NON_VOTER to VOTER. New config: { opid_index: 3 OBSOLETE_local: false peers { permanent_uuid: "a0f65c6a34384069b8101dfffe9aa1ef" member_type: VOTER last_known_addr { host: "127.23.233.195" port: 42693 } } peers { permanent_uuid: "e6682b7339614a88873735c5b905c7f6" member_type: VOTER last_known_addr { host: "127.23.233.194" port: 46451 } attrs { replace: true } } peers { permanent_uuid: "e70742429a444c0daa27ce9bb1507f63" member_type: VOTER last_known_addr { host: "127.23.233.193" port: 43679 } } peers { permanent_uuid: "ad53cdc9adbf4eaab3c4bbfbeb8084e2" member_type: VOTER last_known_addr { host: "127.23.233.196" port: 39061 } attrs { promote: false } } }
I20260601 13:41:29.460382 27352 catalog_manager.cc:5696] T 490ffad6063e46f68eb824b68c5531bd P e70742429a444c0daa27ce9bb1507f63 reported cstate change: config changed from index 2 to 3, ad53cdc9adbf4eaab3c4bbfbeb8084e2 (127.23.233.196) changed from NON_VOTER to VOTER. New cstate: current_term: 1 leader_uuid: "e70742429a444c0daa27ce9bb1507f63" committed_config { opid_index: 3 OBSOLETE_local: false peers { permanent_uuid: "a0f65c6a34384069b8101dfffe9aa1ef" member_type: VOTER last_known_addr { host: "127.23.233.195" port: 42693 } health_report { overall_health: HEALTHY } } peers { permanent_uuid: "e6682b7339614a88873735c5b905c7f6" member_type: VOTER last_known_addr { host: "127.23.233.194" port: 46451 } attrs { replace: true } health_report { overall_health: HEALTHY } } peers { permanent_uuid: "e70742429a444c0daa27ce9bb1507f63" member_type: VOTER last_known_addr { host: "127.23.233.193" port: 43679 } health_report { overall_health: HEALTHY } } peers { permanent_uuid: "ad53cdc9adbf4eaab3c4bbfbeb8084e2" member_type: VOTER last_known_addr { host: "127.23.233.196" port: 39061 } attrs { promote: false } health_report { overall_health: HEALTHY } } }
I20260601 13:41:29.463732 27454 consensus_queue.cc:237] T 490ffad6063e46f68eb824b68c5531bd P e70742429a444c0daa27ce9bb1507f63 [LEADER]: Queue going to LEADER mode. State: All replicated index: 0, Majority replicated index: 3, Committed index: 3, Last appended: 1.3, Last appended by leader: 0, Current term: 1, Majority size: 2, State: 0, Mode: LEADER, active raft config: opid_index: 4 OBSOLETE_local: false peers { permanent_uuid: "a0f65c6a34384069b8101dfffe9aa1ef" member_type: VOTER last_known_addr { host: "127.23.233.195" port: 42693 } } peers { permanent_uuid: "e70742429a444c0daa27ce9bb1507f63" member_type: VOTER last_known_addr { host: "127.23.233.193" port: 43679 } } peers { permanent_uuid: "ad53cdc9adbf4eaab3c4bbfbeb8084e2" member_type: VOTER last_known_addr { host: "127.23.233.196" port: 39061 } attrs { promote: false } }
I20260601 13:41:29.464958 27603 raft_consensus.cc:1275] T 490ffad6063e46f68eb824b68c5531bd P a0f65c6a34384069b8101dfffe9aa1ef [term 1 FOLLOWER]: Refusing update from remote peer e70742429a444c0daa27ce9bb1507f63: Log matching property violated. Preceding OpId in replica: term: 1 index: 3. Preceding OpId from leader: term: 1 index: 4. (index mismatch)
I20260601 13:41:29.464980 27743 raft_consensus.cc:1275] T 490ffad6063e46f68eb824b68c5531bd P ad53cdc9adbf4eaab3c4bbfbeb8084e2 [term 1 FOLLOWER]: Refusing update from remote peer e70742429a444c0daa27ce9bb1507f63: Log matching property violated. Preceding OpId in replica: term: 1 index: 3. Preceding OpId from leader: term: 1 index: 4. (index mismatch)
I20260601 13:41:29.465298 27968 consensus_queue.cc:1048] T 490ffad6063e46f68eb824b68c5531bd P e70742429a444c0daa27ce9bb1507f63 [LEADER]: Connected to new peer: Peer: permanent_uuid: "a0f65c6a34384069b8101dfffe9aa1ef" member_type: VOTER last_known_addr { host: "127.23.233.195" port: 42693 }, Status: LMP_MISMATCH, Last received: 0.0, Next index: 4, Last known committed idx: 3, Time since last communication: 0.000s
I20260601 13:41:29.465472 27914 consensus_queue.cc:1048] T 490ffad6063e46f68eb824b68c5531bd P e70742429a444c0daa27ce9bb1507f63 [LEADER]: Connected to new peer: Peer: permanent_uuid: "ad53cdc9adbf4eaab3c4bbfbeb8084e2" member_type: VOTER last_known_addr { host: "127.23.233.196" port: 39061 } attrs { promote: false }, Status: LMP_MISMATCH, Last received: 0.0, Next index: 4, Last known committed idx: 3, Time since last communication: 0.000s
I20260601 13:41:29.466878 27968 raft_consensus.cc:2955] T 490ffad6063e46f68eb824b68c5531bd P e70742429a444c0daa27ce9bb1507f63 [term 1 LEADER]: Committing config change with OpId 1.4: config changed from index 3 to 4, VOTER e6682b7339614a88873735c5b905c7f6 (127.23.233.194) evicted. New config: { opid_index: 4 OBSOLETE_local: false peers { permanent_uuid: "a0f65c6a34384069b8101dfffe9aa1ef" member_type: VOTER last_known_addr { host: "127.23.233.195" port: 42693 } } peers { permanent_uuid: "e70742429a444c0daa27ce9bb1507f63" member_type: VOTER last_known_addr { host: "127.23.233.193" port: 43679 } } peers { permanent_uuid: "ad53cdc9adbf4eaab3c4bbfbeb8084e2" member_type: VOTER last_known_addr { host: "127.23.233.196" port: 39061 } attrs { promote: false } } }
I20260601 13:41:29.467360 27743 raft_consensus.cc:2955] T 490ffad6063e46f68eb824b68c5531bd P ad53cdc9adbf4eaab3c4bbfbeb8084e2 [term 1 FOLLOWER]: Committing config change with OpId 1.4: config changed from index 3 to 4, VOTER e6682b7339614a88873735c5b905c7f6 (127.23.233.194) evicted. New config: { opid_index: 4 OBSOLETE_local: false peers { permanent_uuid: "a0f65c6a34384069b8101dfffe9aa1ef" member_type: VOTER last_known_addr { host: "127.23.233.195" port: 42693 } } peers { permanent_uuid: "e70742429a444c0daa27ce9bb1507f63" member_type: VOTER last_known_addr { host: "127.23.233.193" port: 43679 } } peers { permanent_uuid: "ad53cdc9adbf4eaab3c4bbfbeb8084e2" member_type: VOTER last_known_addr { host: "127.23.233.196" port: 39061 } attrs { promote: false } } }
I20260601 13:41:29.468544 27336 catalog_manager.cc:5209] ChangeConfig:REMOVE_PEER RPC for tablet 490ffad6063e46f68eb824b68c5531bd with cas_config_opid_index 3: ChangeConfig:REMOVE_PEER succeeded (attempt 1)
I20260601 13:41:29.468571 27603 raft_consensus.cc:2955] T 490ffad6063e46f68eb824b68c5531bd P a0f65c6a34384069b8101dfffe9aa1ef [term 1 FOLLOWER]: Committing config change with OpId 1.4: config changed from index 3 to 4, VOTER e6682b7339614a88873735c5b905c7f6 (127.23.233.194) evicted. New config: { opid_index: 4 OBSOLETE_local: false peers { permanent_uuid: "a0f65c6a34384069b8101dfffe9aa1ef" member_type: VOTER last_known_addr { host: "127.23.233.195" port: 42693 } } peers { permanent_uuid: "e70742429a444c0daa27ce9bb1507f63" member_type: VOTER last_known_addr { host: "127.23.233.193" port: 43679 } } peers { permanent_uuid: "ad53cdc9adbf4eaab3c4bbfbeb8084e2" member_type: VOTER last_known_addr { host: "127.23.233.196" port: 39061 } attrs { promote: false } } }
I20260601 13:41:29.470641 27351 catalog_manager.cc:5696] T 490ffad6063e46f68eb824b68c5531bd P a0f65c6a34384069b8101dfffe9aa1ef reported cstate change: config changed from index 3 to 4, VOTER e6682b7339614a88873735c5b905c7f6 (127.23.233.194) evicted. New cstate: current_term: 1 leader_uuid: "e70742429a444c0daa27ce9bb1507f63" committed_config { opid_index: 4 OBSOLETE_local: false peers { permanent_uuid: "a0f65c6a34384069b8101dfffe9aa1ef" member_type: VOTER last_known_addr { host: "127.23.233.195" port: 42693 } } peers { permanent_uuid: "e70742429a444c0daa27ce9bb1507f63" member_type: VOTER last_known_addr { host: "127.23.233.193" port: 43679 } } peers { permanent_uuid: "ad53cdc9adbf4eaab3c4bbfbeb8084e2" member_type: VOTER last_known_addr { host: "127.23.233.196" port: 39061 } attrs { promote: false } } }
I20260601 13:41:29.473287 27516 tablet_service.cc:1558] Processing DeleteTablet for tablet 490ffad6063e46f68eb824b68c5531bd with delete_type TABLET_DATA_TOMBSTONED (TS e6682b7339614a88873735c5b905c7f6 not found in new config with opid_index 4) from {username='slave'} at 127.0.0.1:48942
I20260601 13:41:29.473950 28008 tablet_replica.cc:333] T 490ffad6063e46f68eb824b68c5531bd P e6682b7339614a88873735c5b905c7f6: stopping tablet replica
I20260601 13:41:29.474100 28008 raft_consensus.cc:2243] T 490ffad6063e46f68eb824b68c5531bd P e6682b7339614a88873735c5b905c7f6 [term 1 FOLLOWER]: Raft consensus shutting down.
I20260601 13:41:29.474287 28008 raft_consensus.cc:2272] T 490ffad6063e46f68eb824b68c5531bd P e6682b7339614a88873735c5b905c7f6 [term 1 FOLLOWER]: Raft consensus is shut down!
I20260601 13:41:29.474936 28008 ts_tablet_manager.cc:1916] T 490ffad6063e46f68eb824b68c5531bd P e6682b7339614a88873735c5b905c7f6: Deleting tablet data with delete state TABLET_DATA_TOMBSTONED
I20260601 13:41:29.476675 28008 ts_tablet_manager.cc:1929] T 490ffad6063e46f68eb824b68c5531bd P e6682b7339614a88873735c5b905c7f6: tablet deleted with delete type TABLET_DATA_TOMBSTONED: last-logged OpId 1.3
I20260601 13:41:29.476773 28008 log.cc:1199] T 490ffad6063e46f68eb824b68c5531bd P e6682b7339614a88873735c5b905c7f6: Deleting WAL directory at /tmp/dist-test-taskc4laCX/test-tmp/auto_rebalancer-test.0.AutoRebalancerTest.RangeAwareRebalancesNewRangeReplicas.1780321215140860-24487-0/minicluster-data/ts-1-root/wals/490ffad6063e46f68eb824b68c5531bd
I20260601 13:41:29.477335 27339 catalog_manager.cc:5027] TS e6682b7339614a88873735c5b905c7f6 (127.23.233.194:46451): tablet 490ffad6063e46f68eb824b68c5531bd (table range_aware_rebalance_new_range [id=d6fd215eb94647c390ed04151a707a07]) successfully deleted
I20260601 13:41:29.548478 27982 raft_consensus.cc:1064] T 2ce363defa8c48cf80ab9dcf0f7e63f7 P e70742429a444c0daa27ce9bb1507f63: attempting to promote NON_VOTER ad53cdc9adbf4eaab3c4bbfbeb8084e2 to VOTER
I20260601 13:41:29.548970 27982 consensus_queue.cc:237] T 2ce363defa8c48cf80ab9dcf0f7e63f7 P e70742429a444c0daa27ce9bb1507f63 [LEADER]: Queue going to LEADER mode. State: All replicated index: 0, Majority replicated index: 2, Committed index: 2, Last appended: 1.2, Last appended by leader: 0, Current term: 1, Majority size: 3, State: 0, Mode: LEADER, active raft config: opid_index: 3 OBSOLETE_local: false peers { permanent_uuid: "e70742429a444c0daa27ce9bb1507f63" member_type: VOTER last_known_addr { host: "127.23.233.193" port: 43679 } } peers { permanent_uuid: "e6682b7339614a88873735c5b905c7f6" member_type: VOTER last_known_addr { host: "127.23.233.194" port: 46451 } } peers { permanent_uuid: "a0f65c6a34384069b8101dfffe9aa1ef" member_type: VOTER last_known_addr { host: "127.23.233.195" port: 42693 } attrs { replace: true } } peers { permanent_uuid: "ad53cdc9adbf4eaab3c4bbfbeb8084e2" member_type: VOTER last_known_addr { host: "127.23.233.196" port: 39061 } attrs { promote: false } }
I20260601 13:41:29.550614 27603 raft_consensus.cc:1275] T 2ce363defa8c48cf80ab9dcf0f7e63f7 P a0f65c6a34384069b8101dfffe9aa1ef [term 1 FOLLOWER]: Refusing update from remote peer e70742429a444c0daa27ce9bb1507f63: Log matching property violated. Preceding OpId in replica: term: 1 index: 2. Preceding OpId from leader: term: 1 index: 3. (index mismatch)
I20260601 13:41:29.550698 27743 raft_consensus.cc:1275] T 2ce363defa8c48cf80ab9dcf0f7e63f7 P ad53cdc9adbf4eaab3c4bbfbeb8084e2 [term 1 LEARNER]: Refusing update from remote peer e70742429a444c0daa27ce9bb1507f63: Log matching property violated. Preceding OpId in replica: term: 1 index: 2. Preceding OpId from leader: term: 1 index: 3. (index mismatch)
I20260601 13:41:29.550763 27531 raft_consensus.cc:1275] T 2ce363defa8c48cf80ab9dcf0f7e63f7 P e6682b7339614a88873735c5b905c7f6 [term 1 FOLLOWER]: Refusing update from remote peer e70742429a444c0daa27ce9bb1507f63: Log matching property violated. Preceding OpId in replica: term: 1 index: 2. Preceding OpId from leader: term: 1 index: 3. (index mismatch)
I20260601 13:41:29.551159 28004 consensus_queue.cc:1048] T 2ce363defa8c48cf80ab9dcf0f7e63f7 P e70742429a444c0daa27ce9bb1507f63 [LEADER]: Connected to new peer: Peer: permanent_uuid: "e6682b7339614a88873735c5b905c7f6" member_type: VOTER last_known_addr { host: "127.23.233.194" port: 46451 }, Status: LMP_MISMATCH, Last received: 0.0, Next index: 3, Last known committed idx: 2, Time since last communication: 0.000s
I20260601 13:41:29.551368 27914 consensus_queue.cc:1048] T 2ce363defa8c48cf80ab9dcf0f7e63f7 P e70742429a444c0daa27ce9bb1507f63 [LEADER]: Connected to new peer: Peer: permanent_uuid: "ad53cdc9adbf4eaab3c4bbfbeb8084e2" member_type: VOTER last_known_addr { host: "127.23.233.196" port: 39061 } attrs { promote: false }, Status: LMP_MISMATCH, Last received: 0.0, Next index: 3, Last known committed idx: 2, Time since last communication: 0.000s
I20260601 13:41:29.551563 27968 consensus_queue.cc:1048] T 2ce363defa8c48cf80ab9dcf0f7e63f7 P e70742429a444c0daa27ce9bb1507f63 [LEADER]: Connected to new peer: Peer: permanent_uuid: "a0f65c6a34384069b8101dfffe9aa1ef" member_type: VOTER last_known_addr { host: "127.23.233.195" port: 42693 } attrs { replace: true }, Status: LMP_MISMATCH, Last received: 0.0, Next index: 3, Last known committed idx: 2, Time since last communication: 0.000s
I20260601 13:41:29.553602 27914 raft_consensus.cc:2955] T 2ce363defa8c48cf80ab9dcf0f7e63f7 P e70742429a444c0daa27ce9bb1507f63 [term 1 LEADER]: Committing config change with OpId 1.3: config changed from index 2 to 3, ad53cdc9adbf4eaab3c4bbfbeb8084e2 (127.23.233.196) changed from NON_VOTER to VOTER. New config: { opid_index: 3 OBSOLETE_local: false peers { permanent_uuid: "e70742429a444c0daa27ce9bb1507f63" member_type: VOTER last_known_addr { host: "127.23.233.193" port: 43679 } } peers { permanent_uuid: "e6682b7339614a88873735c5b905c7f6" member_type: VOTER last_known_addr { host: "127.23.233.194" port: 46451 } } peers { permanent_uuid: "a0f65c6a34384069b8101dfffe9aa1ef" member_type: VOTER last_known_addr { host: "127.23.233.195" port: 42693 } attrs { replace: true } } peers { permanent_uuid: "ad53cdc9adbf4eaab3c4bbfbeb8084e2" member_type: VOTER last_known_addr { host: "127.23.233.196" port: 39061 } attrs { promote: false } } }
I20260601 13:41:29.554047 27531 raft_consensus.cc:2955] T 2ce363defa8c48cf80ab9dcf0f7e63f7 P e6682b7339614a88873735c5b905c7f6 [term 1 FOLLOWER]: Committing config change with OpId 1.3: config changed from index 2 to 3, ad53cdc9adbf4eaab3c4bbfbeb8084e2 (127.23.233.196) changed from NON_VOTER to VOTER. New config: { opid_index: 3 OBSOLETE_local: false peers { permanent_uuid: "e70742429a444c0daa27ce9bb1507f63" member_type: VOTER last_known_addr { host: "127.23.233.193" port: 43679 } } peers { permanent_uuid: "e6682b7339614a88873735c5b905c7f6" member_type: VOTER last_known_addr { host: "127.23.233.194" port: 46451 } } peers { permanent_uuid: "a0f65c6a34384069b8101dfffe9aa1ef" member_type: VOTER last_known_addr { host: "127.23.233.195" port: 42693 } attrs { replace: true } } peers { permanent_uuid: "ad53cdc9adbf4eaab3c4bbfbeb8084e2" member_type: VOTER last_known_addr { host: "127.23.233.196" port: 39061 } attrs { promote: false } } }
I20260601 13:41:29.556206 27603 raft_consensus.cc:2955] T 2ce363defa8c48cf80ab9dcf0f7e63f7 P a0f65c6a34384069b8101dfffe9aa1ef [term 1 FOLLOWER]: Committing config change with OpId 1.3: config changed from index 2 to 3, ad53cdc9adbf4eaab3c4bbfbeb8084e2 (127.23.233.196) changed from NON_VOTER to VOTER. New config: { opid_index: 3 OBSOLETE_local: false peers { permanent_uuid: "e70742429a444c0daa27ce9bb1507f63" member_type: VOTER last_known_addr { host: "127.23.233.193" port: 43679 } } peers { permanent_uuid: "e6682b7339614a88873735c5b905c7f6" member_type: VOTER last_known_addr { host: "127.23.233.194" port: 46451 } } peers { permanent_uuid: "a0f65c6a34384069b8101dfffe9aa1ef" member_type: VOTER last_known_addr { host: "127.23.233.195" port: 42693 } attrs { replace: true } } peers { permanent_uuid: "ad53cdc9adbf4eaab3c4bbfbeb8084e2" member_type: VOTER last_known_addr { host: "127.23.233.196" port: 39061 } attrs { promote: false } } }
I20260601 13:41:29.556643 27349 catalog_manager.cc:5696] T 2ce363defa8c48cf80ab9dcf0f7e63f7 P e6682b7339614a88873735c5b905c7f6 reported cstate change: config changed from index 2 to 3, ad53cdc9adbf4eaab3c4bbfbeb8084e2 (127.23.233.196) changed from NON_VOTER to VOTER. New cstate: current_term: 1 leader_uuid: "e70742429a444c0daa27ce9bb1507f63" committed_config { opid_index: 3 OBSOLETE_local: false peers { permanent_uuid: "e70742429a444c0daa27ce9bb1507f63" member_type: VOTER last_known_addr { host: "127.23.233.193" port: 43679 } } peers { permanent_uuid: "e6682b7339614a88873735c5b905c7f6" member_type: VOTER last_known_addr { host: "127.23.233.194" port: 46451 } } peers { permanent_uuid: "a0f65c6a34384069b8101dfffe9aa1ef" member_type: VOTER last_known_addr { host: "127.23.233.195" port: 42693 } attrs { replace: true } } peers { permanent_uuid: "ad53cdc9adbf4eaab3c4bbfbeb8084e2" member_type: VOTER last_known_addr { host: "127.23.233.196" port: 39061 } attrs { promote: false } } }
I20260601 13:41:29.559080 27743 raft_consensus.cc:2955] T 2ce363defa8c48cf80ab9dcf0f7e63f7 P ad53cdc9adbf4eaab3c4bbfbeb8084e2 [term 1 FOLLOWER]: Committing config change with OpId 1.3: config changed from index 2 to 3, ad53cdc9adbf4eaab3c4bbfbeb8084e2 (127.23.233.196) changed from NON_VOTER to VOTER. New config: { opid_index: 3 OBSOLETE_local: false peers { permanent_uuid: "e70742429a444c0daa27ce9bb1507f63" member_type: VOTER last_known_addr { host: "127.23.233.193" port: 43679 } } peers { permanent_uuid: "e6682b7339614a88873735c5b905c7f6" member_type: VOTER last_known_addr { host: "127.23.233.194" port: 46451 } } peers { permanent_uuid: "a0f65c6a34384069b8101dfffe9aa1ef" member_type: VOTER last_known_addr { host: "127.23.233.195" port: 42693 } attrs { replace: true } } peers { permanent_uuid: "ad53cdc9adbf4eaab3c4bbfbeb8084e2" member_type: VOTER last_known_addr { host: "127.23.233.196" port: 39061 } attrs { promote: false } } }
I20260601 13:41:29.562255 27454 consensus_queue.cc:237] T 2ce363defa8c48cf80ab9dcf0f7e63f7 P e70742429a444c0daa27ce9bb1507f63 [LEADER]: Queue going to LEADER mode. State: All replicated index: 0, Majority replicated index: 3, Committed index: 3, Last appended: 1.3, Last appended by leader: 0, Current term: 1, Majority size: 2, State: 0, Mode: LEADER, active raft config: opid_index: 4 OBSOLETE_local: false peers { permanent_uuid: "e70742429a444c0daa27ce9bb1507f63" member_type: VOTER last_known_addr { host: "127.23.233.193" port: 43679 } } peers { permanent_uuid: "e6682b7339614a88873735c5b905c7f6" member_type: VOTER last_known_addr { host: "127.23.233.194" port: 46451 } } peers { permanent_uuid: "ad53cdc9adbf4eaab3c4bbfbeb8084e2" member_type: VOTER last_known_addr { host: "127.23.233.196" port: 39061 } attrs { promote: false } }
I20260601 13:41:29.563385 27531 raft_consensus.cc:1275] T 2ce363defa8c48cf80ab9dcf0f7e63f7 P e6682b7339614a88873735c5b905c7f6 [term 1 FOLLOWER]: Refusing update from remote peer e70742429a444c0daa27ce9bb1507f63: Log matching property violated. Preceding OpId in replica: term: 1 index: 3. Preceding OpId from leader: term: 1 index: 4. (index mismatch)
I20260601 13:41:29.563392 27743 raft_consensus.cc:1275] T 2ce363defa8c48cf80ab9dcf0f7e63f7 P ad53cdc9adbf4eaab3c4bbfbeb8084e2 [term 1 FOLLOWER]: Refusing update from remote peer e70742429a444c0daa27ce9bb1507f63: Log matching property violated. Preceding OpId in replica: term: 1 index: 3. Preceding OpId from leader: term: 1 index: 4. (index mismatch)
I20260601 13:41:29.563719 28004 consensus_queue.cc:1048] T 2ce363defa8c48cf80ab9dcf0f7e63f7 P e70742429a444c0daa27ce9bb1507f63 [LEADER]: Connected to new peer: Peer: permanent_uuid: "e6682b7339614a88873735c5b905c7f6" member_type: VOTER last_known_addr { host: "127.23.233.194" port: 46451 }, Status: LMP_MISMATCH, Last received: 0.0, Next index: 4, Last known committed idx: 3, Time since last communication: 0.000s
I20260601 13:41:29.563856 27968 consensus_queue.cc:1048] T 2ce363defa8c48cf80ab9dcf0f7e63f7 P e70742429a444c0daa27ce9bb1507f63 [LEADER]: Connected to new peer: Peer: permanent_uuid: "ad53cdc9adbf4eaab3c4bbfbeb8084e2" member_type: VOTER last_known_addr { host: "127.23.233.196" port: 39061 } attrs { promote: false }, Status: LMP_MISMATCH, Last received: 0.0, Next index: 4, Last known committed idx: 3, Time since last communication: 0.000s
I20260601 13:41:29.565338 27982 raft_consensus.cc:2955] T 2ce363defa8c48cf80ab9dcf0f7e63f7 P e70742429a444c0daa27ce9bb1507f63 [term 1 LEADER]: Committing config change with OpId 1.4: config changed from index 3 to 4, VOTER a0f65c6a34384069b8101dfffe9aa1ef (127.23.233.195) evicted. New config: { opid_index: 4 OBSOLETE_local: false peers { permanent_uuid: "e70742429a444c0daa27ce9bb1507f63" member_type: VOTER last_known_addr { host: "127.23.233.193" port: 43679 } } peers { permanent_uuid: "e6682b7339614a88873735c5b905c7f6" member_type: VOTER last_known_addr { host: "127.23.233.194" port: 46451 } } peers { permanent_uuid: "ad53cdc9adbf4eaab3c4bbfbeb8084e2" member_type: VOTER last_known_addr { host: "127.23.233.196" port: 39061 } attrs { promote: false } } }
I20260601 13:41:29.565727 27531 raft_consensus.cc:2955] T 2ce363defa8c48cf80ab9dcf0f7e63f7 P e6682b7339614a88873735c5b905c7f6 [term 1 FOLLOWER]: Committing config change with OpId 1.4: config changed from index 3 to 4, VOTER a0f65c6a34384069b8101dfffe9aa1ef (127.23.233.195) evicted. New config: { opid_index: 4 OBSOLETE_local: false peers { permanent_uuid: "e70742429a444c0daa27ce9bb1507f63" member_type: VOTER last_known_addr { host: "127.23.233.193" port: 43679 } } peers { permanent_uuid: "e6682b7339614a88873735c5b905c7f6" member_type: VOTER last_known_addr { host: "127.23.233.194" port: 46451 } } peers { permanent_uuid: "ad53cdc9adbf4eaab3c4bbfbeb8084e2" member_type: VOTER last_known_addr { host: "127.23.233.196" port: 39061 } attrs { promote: false } } }
I20260601 13:41:29.565732 27743 raft_consensus.cc:2955] T 2ce363defa8c48cf80ab9dcf0f7e63f7 P ad53cdc9adbf4eaab3c4bbfbeb8084e2 [term 1 FOLLOWER]: Committing config change with OpId 1.4: config changed from index 3 to 4, VOTER a0f65c6a34384069b8101dfffe9aa1ef (127.23.233.195) evicted. New config: { opid_index: 4 OBSOLETE_local: false peers { permanent_uuid: "e70742429a444c0daa27ce9bb1507f63" member_type: VOTER last_known_addr { host: "127.23.233.193" port: 43679 } } peers { permanent_uuid: "e6682b7339614a88873735c5b905c7f6" member_type: VOTER last_known_addr { host: "127.23.233.194" port: 46451 } } peers { permanent_uuid: "ad53cdc9adbf4eaab3c4bbfbeb8084e2" member_type: VOTER last_known_addr { host: "127.23.233.196" port: 39061 } attrs { promote: false } } }
I20260601 13:41:29.566990 27336 catalog_manager.cc:5209] ChangeConfig:REMOVE_PEER RPC for tablet 2ce363defa8c48cf80ab9dcf0f7e63f7 with cas_config_opid_index 3: ChangeConfig:REMOVE_PEER succeeded (attempt 1)
I20260601 13:41:29.568059 27351 catalog_manager.cc:5696] T 2ce363defa8c48cf80ab9dcf0f7e63f7 P e70742429a444c0daa27ce9bb1507f63 reported cstate change: config changed from index 3 to 4, VOTER a0f65c6a34384069b8101dfffe9aa1ef (127.23.233.195) evicted. New cstate: current_term: 1 leader_uuid: "e70742429a444c0daa27ce9bb1507f63" committed_config { opid_index: 4 OBSOLETE_local: false peers { permanent_uuid: "e70742429a444c0daa27ce9bb1507f63" member_type: VOTER last_known_addr { host: "127.23.233.193" port: 43679 } health_report { overall_health: HEALTHY } } peers { permanent_uuid: "e6682b7339614a88873735c5b905c7f6" member_type: VOTER last_known_addr { host: "127.23.233.194" port: 46451 } health_report { overall_health: HEALTHY } } peers { permanent_uuid: "ad53cdc9adbf4eaab3c4bbfbeb8084e2" member_type: VOTER last_known_addr { host: "127.23.233.196" port: 39061 } attrs { promote: false } health_report { overall_health: HEALTHY } } }
I20260601 13:41:29.570614 27593 tablet_service.cc:1558] Processing DeleteTablet for tablet 2ce363defa8c48cf80ab9dcf0f7e63f7 with delete_type TABLET_DATA_TOMBSTONED (TS a0f65c6a34384069b8101dfffe9aa1ef not found in new config with opid_index 4) from {username='slave'} at 127.0.0.1:42062
I20260601 13:41:29.571354 28013 tablet_replica.cc:333] T 2ce363defa8c48cf80ab9dcf0f7e63f7 P a0f65c6a34384069b8101dfffe9aa1ef: stopping tablet replica
I20260601 13:41:29.571519 28013 raft_consensus.cc:2243] T 2ce363defa8c48cf80ab9dcf0f7e63f7 P a0f65c6a34384069b8101dfffe9aa1ef [term 1 FOLLOWER]: Raft consensus shutting down.
I20260601 13:41:29.571681 28013 raft_consensus.cc:2272] T 2ce363defa8c48cf80ab9dcf0f7e63f7 P a0f65c6a34384069b8101dfffe9aa1ef [term 1 FOLLOWER]: Raft consensus is shut down!
I20260601 13:41:29.572297 28013 ts_tablet_manager.cc:1916] T 2ce363defa8c48cf80ab9dcf0f7e63f7 P a0f65c6a34384069b8101dfffe9aa1ef: Deleting tablet data with delete state TABLET_DATA_TOMBSTONED
I20260601 13:41:29.574082 28013 ts_tablet_manager.cc:1929] T 2ce363defa8c48cf80ab9dcf0f7e63f7 P a0f65c6a34384069b8101dfffe9aa1ef: tablet deleted with delete type TABLET_DATA_TOMBSTONED: last-logged OpId 1.3
I20260601 13:41:29.574148 28013 log.cc:1199] T 2ce363defa8c48cf80ab9dcf0f7e63f7 P a0f65c6a34384069b8101dfffe9aa1ef: Deleting WAL directory at /tmp/dist-test-taskc4laCX/test-tmp/auto_rebalancer-test.0.AutoRebalancerTest.RangeAwareRebalancesNewRangeReplicas.1780321215140860-24487-0/minicluster-data/ts-2-root/wals/2ce363defa8c48cf80ab9dcf0f7e63f7
I20260601 13:41:29.574744 27337 catalog_manager.cc:5027] TS a0f65c6a34384069b8101dfffe9aa1ef (127.23.233.195:42693): tablet 2ce363defa8c48cf80ab9dcf0f7e63f7 (table range_aware_rebalance_new_range [id=d6fd215eb94647c390ed04151a707a07]) successfully deleted
I20260601 13:41:30.258656 27406 auto_leader_rebalancer.cc:140] leader rebalance for table range_aware_rebalance_new_range
I20260601 13:41:30.260442 27406 auto_leader_rebalancer.cc:388] table: range_aware_rebalance_new_range, leader rebalance finish, leader transfer count: 0
I20260601 13:41:30.260561 27406 auto_leader_rebalancer.cc:451] All tables' leader rebalancing finished this round
I20260601 13:41:30.406850 24487 tablet_server.cc:179] TabletServer@127.23.233.193:0 shutting down...
W20260601 13:41:30.408805 27707 consensus_peers.cc:597] T 617dd257fd1b4cd39d1d5a57e4cb7388 P ad53cdc9adbf4eaab3c4bbfbeb8084e2 -> Peer e70742429a444c0daa27ce9bb1507f63 (127.23.233.193:43679): Couldn't send request to peer e70742429a444c0daa27ce9bb1507f63. Status: Remote error: Service unavailable: service kudu.consensus.ConsensusService not registered on TabletServer. This is attempt 1: this message will repeat every 5th retry.
I20260601 13:41:30.411827 24487 ts_tablet_manager.cc:1507] Shutting down tablet manager...
I20260601 13:41:30.412043 24487 tablet_replica.cc:333] T a6b14e38a3464549a36063fe730614f0 P e70742429a444c0daa27ce9bb1507f63: stopping tablet replica
I20260601 13:41:30.412207 24487 raft_consensus.cc:2243] T a6b14e38a3464549a36063fe730614f0 P e70742429a444c0daa27ce9bb1507f63 [term 1 FOLLOWER]: Raft consensus shutting down.
I20260601 13:41:30.412458 24487 raft_consensus.cc:2272] T a6b14e38a3464549a36063fe730614f0 P e70742429a444c0daa27ce9bb1507f63 [term 1 FOLLOWER]: Raft consensus is shut down!
I20260601 13:41:30.412918 24487 tablet_replica.cc:333] T 47afea5b0e2740cb9952ff88b489a4a8 P e70742429a444c0daa27ce9bb1507f63: stopping tablet replica
I20260601 13:41:30.413005 24487 raft_consensus.cc:2243] T 47afea5b0e2740cb9952ff88b489a4a8 P e70742429a444c0daa27ce9bb1507f63 [term 1 FOLLOWER]: Raft consensus shutting down.
I20260601 13:41:30.413129 24487 raft_consensus.cc:2272] T 47afea5b0e2740cb9952ff88b489a4a8 P e70742429a444c0daa27ce9bb1507f63 [term 1 FOLLOWER]: Raft consensus is shut down!
I20260601 13:41:30.413468 24487 tablet_replica.cc:333] T 178e202cb1c84287818242ab22efd65e P e70742429a444c0daa27ce9bb1507f63: stopping tablet replica
I20260601 13:41:30.413544 24487 raft_consensus.cc:2243] T 178e202cb1c84287818242ab22efd65e P e70742429a444c0daa27ce9bb1507f63 [term 1 FOLLOWER]: Raft consensus shutting down.
I20260601 13:41:30.413683 24487 raft_consensus.cc:2272] T 178e202cb1c84287818242ab22efd65e P e70742429a444c0daa27ce9bb1507f63 [term 1 FOLLOWER]: Raft consensus is shut down!
I20260601 13:41:30.414005 24487 tablet_replica.cc:333] T 490ffad6063e46f68eb824b68c5531bd P e70742429a444c0daa27ce9bb1507f63: stopping tablet replica
I20260601 13:41:30.414124 24487 raft_consensus.cc:2243] T 490ffad6063e46f68eb824b68c5531bd P e70742429a444c0daa27ce9bb1507f63 [term 1 LEADER]: Raft consensus shutting down.
I20260601 13:41:30.414389 24487 raft_consensus.cc:2272] T 490ffad6063e46f68eb824b68c5531bd P e70742429a444c0daa27ce9bb1507f63 [term 1 FOLLOWER]: Raft consensus is shut down!
I20260601 13:41:30.415015 24487 tablet_replica.cc:333] T 617dd257fd1b4cd39d1d5a57e4cb7388 P e70742429a444c0daa27ce9bb1507f63: stopping tablet replica
I20260601 13:41:30.415131 24487 raft_consensus.cc:2243] T 617dd257fd1b4cd39d1d5a57e4cb7388 P e70742429a444c0daa27ce9bb1507f63 [term 2 FOLLOWER]: Raft consensus shutting down.
I20260601 13:41:30.415264 24487 raft_consensus.cc:2272] T 617dd257fd1b4cd39d1d5a57e4cb7388 P e70742429a444c0daa27ce9bb1507f63 [term 2 FOLLOWER]: Raft consensus is shut down!
I20260601 13:41:30.415602 24487 tablet_replica.cc:333] T 422331e0a7b34e1bbc1ef4915c302448 P e70742429a444c0daa27ce9bb1507f63: stopping tablet replica
W20260601 13:41:30.415709 27569 consensus_peers.cc:597] T 178e202cb1c84287818242ab22efd65e P a0f65c6a34384069b8101dfffe9aa1ef -> Peer e70742429a444c0daa27ce9bb1507f63 (127.23.233.193:43679): Couldn't send request to peer e70742429a444c0daa27ce9bb1507f63. Status: Remote error: Service unavailable: service kudu.consensus.ConsensusService not registered on TabletServer. This is attempt 1: this message will repeat every 5th retry.
I20260601 13:41:30.415738 24487 raft_consensus.cc:2243] T 422331e0a7b34e1bbc1ef4915c302448 P e70742429a444c0daa27ce9bb1507f63 [term 1 LEADER]: Raft consensus shutting down.
I20260601 13:41:30.415882 24487 raft_consensus.cc:2272] T 422331e0a7b34e1bbc1ef4915c302448 P e70742429a444c0daa27ce9bb1507f63 [term 1 FOLLOWER]: Raft consensus is shut down!
I20260601 13:41:30.416194 24487 tablet_replica.cc:333] T b71631ce821645c683eba9714b4d3aad P e70742429a444c0daa27ce9bb1507f63: stopping tablet replica
I20260601 13:41:30.416270 24487 raft_consensus.cc:2243] T b71631ce821645c683eba9714b4d3aad P e70742429a444c0daa27ce9bb1507f63 [term 2 FOLLOWER]: Raft consensus shutting down.
I20260601 13:41:30.416332 24487 raft_consensus.cc:2272] T b71631ce821645c683eba9714b4d3aad P e70742429a444c0daa27ce9bb1507f63 [term 2 FOLLOWER]: Raft consensus is shut down!
I20260601 13:41:30.416587 24487 tablet_replica.cc:333] T 64b9d05ccaa5403db4c9323ceb21480e P e70742429a444c0daa27ce9bb1507f63: stopping tablet replica
I20260601 13:41:30.416654 24487 raft_consensus.cc:2243] T 64b9d05ccaa5403db4c9323ceb21480e P e70742429a444c0daa27ce9bb1507f63 [term 1 FOLLOWER]: Raft consensus shutting down.
I20260601 13:41:30.416713 24487 raft_consensus.cc:2272] T 64b9d05ccaa5403db4c9323ceb21480e P e70742429a444c0daa27ce9bb1507f63 [term 1 FOLLOWER]: Raft consensus is shut down!
I20260601 13:41:30.416961 24487 tablet_replica.cc:333] T 41e53871798640b084a4f2d222c1317c P e70742429a444c0daa27ce9bb1507f63: stopping tablet replica
I20260601 13:41:30.417026 24487 raft_consensus.cc:2243] T 41e53871798640b084a4f2d222c1317c P e70742429a444c0daa27ce9bb1507f63 [term 2 FOLLOWER]: Raft consensus shutting down.
I20260601 13:41:30.417085 24487 raft_consensus.cc:2272] T 41e53871798640b084a4f2d222c1317c P e70742429a444c0daa27ce9bb1507f63 [term 2 FOLLOWER]: Raft consensus is shut down!
I20260601 13:41:30.417335 24487 tablet_replica.cc:333] T 4079e87333774cd4969f4d0592f86f69 P e70742429a444c0daa27ce9bb1507f63: stopping tablet replica
I20260601 13:41:30.417399 24487 raft_consensus.cc:2243] T 4079e87333774cd4969f4d0592f86f69 P e70742429a444c0daa27ce9bb1507f63 [term 2 LEADER]: Raft consensus shutting down.
I20260601 13:41:30.417510 24487 raft_consensus.cc:2272] T 4079e87333774cd4969f4d0592f86f69 P e70742429a444c0daa27ce9bb1507f63 [term 2 FOLLOWER]: Raft consensus is shut down!
I20260601 13:41:30.417784 24487 tablet_replica.cc:333] T 2ce363defa8c48cf80ab9dcf0f7e63f7 P e70742429a444c0daa27ce9bb1507f63: stopping tablet replica
I20260601 13:41:30.417847 24487 raft_consensus.cc:2243] T 2ce363defa8c48cf80ab9dcf0f7e63f7 P e70742429a444c0daa27ce9bb1507f63 [term 1 LEADER]: Raft consensus shutting down.
I20260601 13:41:30.417961 24487 raft_consensus.cc:2272] T 2ce363defa8c48cf80ab9dcf0f7e63f7 P e70742429a444c0daa27ce9bb1507f63 [term 1 FOLLOWER]: Raft consensus is shut down!
I20260601 13:41:30.418439 24487 tablet_replica.cc:333] T 60098fcffcf44943ae4f631787d39de3 P e70742429a444c0daa27ce9bb1507f63: stopping tablet replica
I20260601 13:41:30.418529 24487 raft_consensus.cc:2243] T 60098fcffcf44943ae4f631787d39de3 P e70742429a444c0daa27ce9bb1507f63 [term 4 FOLLOWER]: Raft consensus shutting down.
I20260601 13:41:30.418599 24487 raft_consensus.cc:2272] T 60098fcffcf44943ae4f631787d39de3 P e70742429a444c0daa27ce9bb1507f63 [term 4 FOLLOWER]: Raft consensus is shut down!
I20260601 13:41:30.433524 24487 tablet_server.cc:196] TabletServer@127.23.233.193:0 shutdown complete.
I20260601 13:41:30.437327 24487 tablet_server.cc:179] TabletServer@127.23.233.194:0 shutting down...
I20260601 13:41:30.441944 24487 ts_tablet_manager.cc:1507] Shutting down tablet manager...
I20260601 13:41:30.442198 24487 tablet_replica.cc:333] T a6b14e38a3464549a36063fe730614f0 P e6682b7339614a88873735c5b905c7f6: stopping tablet replica
I20260601 13:41:30.442333 24487 raft_consensus.cc:2243] T a6b14e38a3464549a36063fe730614f0 P e6682b7339614a88873735c5b905c7f6 [term 1 LEADER]: Raft consensus shutting down.
I20260601 13:41:30.442617 24487 raft_consensus.cc:2272] T a6b14e38a3464549a36063fe730614f0 P e6682b7339614a88873735c5b905c7f6 [term 1 FOLLOWER]: Raft consensus is shut down!
I20260601 13:41:30.443121 24487 tablet_replica.cc:333] T 178e202cb1c84287818242ab22efd65e P e6682b7339614a88873735c5b905c7f6: stopping tablet replica
I20260601 13:41:30.443265 24487 raft_consensus.cc:2243] T 178e202cb1c84287818242ab22efd65e P e6682b7339614a88873735c5b905c7f6 [term 1 FOLLOWER]: Raft consensus shutting down.
I20260601 13:41:30.443413 24487 raft_consensus.cc:2272] T 178e202cb1c84287818242ab22efd65e P e6682b7339614a88873735c5b905c7f6 [term 1 FOLLOWER]: Raft consensus is shut down!
I20260601 13:41:30.443796 24487 tablet_replica.cc:333] T 47afea5b0e2740cb9952ff88b489a4a8 P e6682b7339614a88873735c5b905c7f6: stopping tablet replica
I20260601 13:41:30.443938 24487 raft_consensus.cc:2243] T 47afea5b0e2740cb9952ff88b489a4a8 P e6682b7339614a88873735c5b905c7f6 [term 1 LEADER]: Raft consensus shutting down.
I20260601 13:41:30.444125 24487 raft_consensus.cc:2272] T 47afea5b0e2740cb9952ff88b489a4a8 P e6682b7339614a88873735c5b905c7f6 [term 1 FOLLOWER]: Raft consensus is shut down!
I20260601 13:41:30.444478 24487 tablet_replica.cc:333] T 2ce363defa8c48cf80ab9dcf0f7e63f7 P e6682b7339614a88873735c5b905c7f6: stopping tablet replica
I20260601 13:41:30.444602 24487 raft_consensus.cc:2243] T 2ce363defa8c48cf80ab9dcf0f7e63f7 P e6682b7339614a88873735c5b905c7f6 [term 1 FOLLOWER]: Raft consensus shutting down.
I20260601 13:41:30.444754 24487 raft_consensus.cc:2272] T 2ce363defa8c48cf80ab9dcf0f7e63f7 P e6682b7339614a88873735c5b905c7f6 [term 1 FOLLOWER]: Raft consensus is shut down!
I20260601 13:41:30.445279 24487 tablet_replica.cc:333] T c78054766c2b4e109a737e3f5bbabb7a P e6682b7339614a88873735c5b905c7f6: stopping tablet replica
I20260601 13:41:30.445360 24487 raft_consensus.cc:2243] T c78054766c2b4e109a737e3f5bbabb7a P e6682b7339614a88873735c5b905c7f6 [term 1 LEADER]: Raft consensus shutting down.
I20260601 13:41:30.445493 24487 raft_consensus.cc:2272] T c78054766c2b4e109a737e3f5bbabb7a P e6682b7339614a88873735c5b905c7f6 [term 1 FOLLOWER]: Raft consensus is shut down!
I20260601 13:41:30.445771 24487 tablet_replica.cc:333] T 422331e0a7b34e1bbc1ef4915c302448 P e6682b7339614a88873735c5b905c7f6: stopping tablet replica
I20260601 13:41:30.445843 24487 raft_consensus.cc:2243] T 422331e0a7b34e1bbc1ef4915c302448 P e6682b7339614a88873735c5b905c7f6 [term 1 FOLLOWER]: Raft consensus shutting down.
I20260601 13:41:30.445940 24487 raft_consensus.cc:2272] T 422331e0a7b34e1bbc1ef4915c302448 P e6682b7339614a88873735c5b905c7f6 [term 1 FOLLOWER]: Raft consensus is shut down!
I20260601 13:41:30.446213 24487 tablet_replica.cc:333] T 3c9c222aec4043d2bb52489c4f90eaab P e6682b7339614a88873735c5b905c7f6: stopping tablet replica
I20260601 13:41:30.446288 24487 raft_consensus.cc:2243] T 3c9c222aec4043d2bb52489c4f90eaab P e6682b7339614a88873735c5b905c7f6 [term 1 LEADER]: Raft consensus shutting down.
I20260601 13:41:30.446465 24487 raft_consensus.cc:2272] T 3c9c222aec4043d2bb52489c4f90eaab P e6682b7339614a88873735c5b905c7f6 [term 1 FOLLOWER]: Raft consensus is shut down!
I20260601 13:41:30.446774 24487 tablet_replica.cc:333] T b71631ce821645c683eba9714b4d3aad P e6682b7339614a88873735c5b905c7f6: stopping tablet replica
I20260601 13:41:30.446856 24487 raft_consensus.cc:2243] T b71631ce821645c683eba9714b4d3aad P e6682b7339614a88873735c5b905c7f6 [term 2 FOLLOWER]: Raft consensus shutting down.
I20260601 13:41:30.446923 24487 raft_consensus.cc:2272] T b71631ce821645c683eba9714b4d3aad P e6682b7339614a88873735c5b905c7f6 [term 2 FOLLOWER]: Raft consensus is shut down!
I20260601 13:41:30.447201 24487 tablet_replica.cc:333] T 93958ded2231434dad98293333934385 P e6682b7339614a88873735c5b905c7f6: stopping tablet replica
I20260601 13:41:30.447269 24487 raft_consensus.cc:2243] T 93958ded2231434dad98293333934385 P e6682b7339614a88873735c5b905c7f6 [term 1 FOLLOWER]: Raft consensus shutting down.
I20260601 13:41:30.447338 24487 raft_consensus.cc:2272] T 93958ded2231434dad98293333934385 P e6682b7339614a88873735c5b905c7f6 [term 1 FOLLOWER]: Raft consensus is shut down!
I20260601 13:41:30.447602 24487 tablet_replica.cc:333] T 6dc7d5ca25474c1d9cbce2be521d38a2 P e6682b7339614a88873735c5b905c7f6: stopping tablet replica
I20260601 13:41:30.447675 24487 raft_consensus.cc:2243] T 6dc7d5ca25474c1d9cbce2be521d38a2 P e6682b7339614a88873735c5b905c7f6 [term 2 FOLLOWER]: Raft consensus shutting down.
I20260601 13:41:30.447762 24487 raft_consensus.cc:2272] T 6dc7d5ca25474c1d9cbce2be521d38a2 P e6682b7339614a88873735c5b905c7f6 [term 2 FOLLOWER]: Raft consensus is shut down!
I20260601 13:41:30.448025 24487 tablet_replica.cc:333] T 64b9d05ccaa5403db4c9323ceb21480e P e6682b7339614a88873735c5b905c7f6: stopping tablet replica
I20260601 13:41:30.448096 24487 raft_consensus.cc:2243] T 64b9d05ccaa5403db4c9323ceb21480e P e6682b7339614a88873735c5b905c7f6 [term 1 FOLLOWER]: Raft consensus shutting down.
I20260601 13:41:30.448166 24487 raft_consensus.cc:2272] T 64b9d05ccaa5403db4c9323ceb21480e P e6682b7339614a88873735c5b905c7f6 [term 1 FOLLOWER]: Raft consensus is shut down!
I20260601 13:41:30.448426 24487 tablet_replica.cc:333] T 4079e87333774cd4969f4d0592f86f69 P e6682b7339614a88873735c5b905c7f6: stopping tablet replica
I20260601 13:41:30.448493 24487 raft_consensus.cc:2243] T 4079e87333774cd4969f4d0592f86f69 P e6682b7339614a88873735c5b905c7f6 [term 2 FOLLOWER]: Raft consensus shutting down.
I20260601 13:41:30.448554 24487 raft_consensus.cc:2272] T 4079e87333774cd4969f4d0592f86f69 P e6682b7339614a88873735c5b905c7f6 [term 2 FOLLOWER]: Raft consensus is shut down!
I20260601 13:41:30.463167 24487 tablet_server.cc:196] TabletServer@127.23.233.194:0 shutdown complete.
W20260601 13:41:30.466071 27572 consensus_peers.cc:597] T 64b9d05ccaa5403db4c9323ceb21480e P a0f65c6a34384069b8101dfffe9aa1ef -> Peer e6682b7339614a88873735c5b905c7f6 (127.23.233.194:46451): Couldn't send request to peer e6682b7339614a88873735c5b905c7f6. Status: Network error: Client connection negotiation failed: client connection to 127.23.233.194:46451: connect: Connection refused (error 111). This is attempt 1: this message will repeat every 5th retry.
I20260601 13:41:30.466784 24487 tablet_server.cc:179] TabletServer@127.23.233.195:0 shutting down...
I20260601 13:41:30.472410 24487 ts_tablet_manager.cc:1507] Shutting down tablet manager...
I20260601 13:41:30.472668 24487 tablet_replica.cc:333] T a6b14e38a3464549a36063fe730614f0 P a0f65c6a34384069b8101dfffe9aa1ef: stopping tablet replica
I20260601 13:41:30.472828 24487 raft_consensus.cc:2243] T a6b14e38a3464549a36063fe730614f0 P a0f65c6a34384069b8101dfffe9aa1ef [term 1 FOLLOWER]: Raft consensus shutting down.
I20260601 13:41:30.472987 24487 raft_consensus.cc:2272] T a6b14e38a3464549a36063fe730614f0 P a0f65c6a34384069b8101dfffe9aa1ef [term 1 FOLLOWER]: Raft consensus is shut down!
I20260601 13:41:30.473445 24487 tablet_replica.cc:333] T 178e202cb1c84287818242ab22efd65e P a0f65c6a34384069b8101dfffe9aa1ef: stopping tablet replica
I20260601 13:41:30.473573 24487 raft_consensus.cc:2243] T 178e202cb1c84287818242ab22efd65e P a0f65c6a34384069b8101dfffe9aa1ef [term 1 LEADER]: Raft consensus shutting down.
I20260601 13:41:30.473795 24487 raft_consensus.cc:2272] T 178e202cb1c84287818242ab22efd65e P a0f65c6a34384069b8101dfffe9aa1ef [term 1 FOLLOWER]: Raft consensus is shut down!
