[       OK ] AutoRebalancerTest.NextLeaderResumesAutoRebalancing (6624 ms)
[ RUN      ] AutoRebalancerTest.MovesScheduledIfAddTserver
I20260601 13:40:30.734257  3798 internal_mini_cluster.cc:156] Creating distributed mini masters. Addrs: 127.3.181.190:43673
I20260601 13:40:30.734563  3798 file_cache.cc:492] Constructed file cache file cache with capacity 419430
W20260601 13:40:30.736018  5429 instance_detector.cc:116] could not retrieve AWS instance metadata: Network error: curl error: HTTP response code said error: The requested URL returned error: 404
W20260601 13:40:30.736052  5430 instance_detector.cc:116] could not retrieve Azure instance metadata: Network error: curl error: HTTP response code said error: The requested URL returned error: 404
W20260601 13:40:30.736083  5432 instance_detector.cc:116] could not retrieve OpenStack instance metadata: Network error: curl error: HTTP response code said error: The requested URL returned error: 404
I20260601 13:40:30.736073  3798 server_base.cc:1061] running on GCE node
I20260601 13:40:30.736364  3798 hybrid_clock.cc:584] initializing the hybrid clock with 'system_unsync' time source
W20260601 13:40:30.736399  3798 system_unsync_time.cc:38] NTP support is disabled. Clock error bounds will not be accurate. This configuration is not suitable for distributed clusters.
I20260601 13:40:30.736421  3798 hybrid_clock.cc:648] HybridClock initialized: now 1780321230736421 us; error 0 us; skew 500 ppm
I20260601 13:40:30.737179  3798 webserver.cc:533] Webserver started at http://127.3.181.190:33491/ using document root <none> and password file <none>
I20260601 13:40:30.737286  3798 fs_manager.cc:362] Metadata directory not provided
I20260601 13:40:30.737321  3798 fs_manager.cc:368] Using write-ahead log directory (fs_wal_dir) as metadata directory
I20260601 13:40:30.737401  3798 server_base.cc:909] This appears to be a new deployment of Kudu; creating new FS layout
I20260601 13:40:30.737720  3798 fs_manager.cc:1068] Generated new instance metadata in path /tmp/dist-test-taskSWDJKe/test-tmp/auto_rebalancer-test.0.AutoRebalancerTest.MovesScheduledIfAddTserver.1780321214344304-3798-0/minicluster-data/master-0-root/instance:
uuid: "1e86017e56c94a548aaa2f296ecfdd8a"
format_stamp: "Formatted at 2026-06-01 13:40:30 on dist-test-slave-dtw1"
I20260601 13:40:30.738904  3798 fs_manager.cc:696] Time spent creating directory manager: real 0.001s	user 0.000s	sys 0.001s
I20260601 13:40:30.739647  5437 log_block_manager.cc:4031] Time spent loading block containers with low live blocks: real 0.000s	user 0.000s	sys 0.000s
I20260601 13:40:30.739845  3798 fs_manager.cc:730] Time spent opening block manager: real 0.001s	user 0.000s	sys 0.001s
I20260601 13:40:30.739902  3798 fs_manager.cc:647] Opened local filesystem: /tmp/dist-test-taskSWDJKe/test-tmp/auto_rebalancer-test.0.AutoRebalancerTest.MovesScheduledIfAddTserver.1780321214344304-3798-0/minicluster-data/master-0-root
uuid: "1e86017e56c94a548aaa2f296ecfdd8a"
format_stamp: "Formatted at 2026-06-01 13:40:30 on dist-test-slave-dtw1"
I20260601 13:40:30.739962  3798 fs_report.cc:389] FS layout report
--------------------
wal directory: /tmp/dist-test-taskSWDJKe/test-tmp/auto_rebalancer-test.0.AutoRebalancerTest.MovesScheduledIfAddTserver.1780321214344304-3798-0/minicluster-data/master-0-root
metadata directory: /tmp/dist-test-taskSWDJKe/test-tmp/auto_rebalancer-test.0.AutoRebalancerTest.MovesScheduledIfAddTserver.1780321214344304-3798-0/minicluster-data/master-0-root
1 data directories: /tmp/dist-test-taskSWDJKe/test-tmp/auto_rebalancer-test.0.AutoRebalancerTest.MovesScheduledIfAddTserver.1780321214344304-3798-0/minicluster-data/master-0-root/data
Total live blocks: 0
Total live bytes: 0
Total live bytes (after alignment): 0
Total number of LBM containers: 0 (0 full)
Did not check for missing blocks
Did not check for orphaned blocks
Total full LBM containers with extra space: 0 (0 repaired)
Total full LBM container extra space in bytes: 0 (0 repaired)
Total incomplete LBM containers: 0 (0 repaired)
Total LBM partial records: 0 (0 repaired)
Total corrupted LBM metadata records in RocksDB: 0 (0 repaired)
I20260601 13:40:30.746917  3798 rpc_server.cc:225] running with OpenSSL 1.1.1  11 Sep 2018
I20260601 13:40:30.747215  3798 kserver.cc:163] Server-wide thread pool size limit: 3276
I20260601 13:40:30.750735  3798 rpc_server.cc:307] RPC server started. Bound to: 127.3.181.190:43673
I20260601 13:40:30.753208  5489 acceptor_pool.cc:272] collecting diagnostics on the listening RPC socket 127.3.181.190:43673 every 8 connection(s)
I20260601 13:40:30.753667  5490 data_dirs.cc:400] Could only allocate 1 dirs of requested 3 for tablet 00000000000000000000000000000000. 1 dirs total, 0 dirs full, 0 dirs failed
I20260601 13:40:30.755214  5490 tablet_bootstrap.cc:492] T 00000000000000000000000000000000 P 1e86017e56c94a548aaa2f296ecfdd8a: Bootstrap starting.
I20260601 13:40:30.755897  5490 tablet_bootstrap.cc:654] T 00000000000000000000000000000000 P 1e86017e56c94a548aaa2f296ecfdd8a: Neither blocks nor log segments found. Creating new log.
I20260601 13:40:30.756709  5490 tablet_bootstrap.cc:492] T 00000000000000000000000000000000 P 1e86017e56c94a548aaa2f296ecfdd8a: No bootstrap required, opened a new log
I20260601 13:40:30.757028  5490 raft_consensus.cc:359] T 00000000000000000000000000000000 P 1e86017e56c94a548aaa2f296ecfdd8a [term 0 FOLLOWER]: Replica starting. Triggering 0 pending ops. Active config: opid_index: -1 OBSOLETE_local: true peers { permanent_uuid: "1e86017e56c94a548aaa2f296ecfdd8a" member_type: VOTER }
I20260601 13:40:30.757103  5490 raft_consensus.cc:385] T 00000000000000000000000000000000 P 1e86017e56c94a548aaa2f296ecfdd8a [term 0 FOLLOWER]: Consensus starting up: Expiring failure detector timer to make a prompt election more likely
I20260601 13:40:30.757123  5490 raft_consensus.cc:740] T 00000000000000000000000000000000 P 1e86017e56c94a548aaa2f296ecfdd8a [term 0 FOLLOWER]: Becoming Follower/Learner. State: Replica: 1e86017e56c94a548aaa2f296ecfdd8a, State: Initialized, Role: FOLLOWER
I20260601 13:40:30.757225  5490 consensus_queue.cc:260] T 00000000000000000000000000000000 P 1e86017e56c94a548aaa2f296ecfdd8a [NON_LEADER]: Queue going to NON_LEADER mode. State: All replicated index: 0, Majority replicated index: 0, Committed index: 0, Last appended: 0.0, Last appended by leader: 0, Current term: 0, Majority size: -1, State: 0, Mode: NON_LEADER, active raft config: opid_index: -1 OBSOLETE_local: true peers { permanent_uuid: "1e86017e56c94a548aaa2f296ecfdd8a" member_type: VOTER }
I20260601 13:40:30.757298  5490 raft_consensus.cc:399] T 00000000000000000000000000000000 P 1e86017e56c94a548aaa2f296ecfdd8a [term 0 FOLLOWER]: Only one voter in the Raft config. Triggering election immediately
I20260601 13:40:30.757329  5490 raft_consensus.cc:493] T 00000000000000000000000000000000 P 1e86017e56c94a548aaa2f296ecfdd8a [term 0 FOLLOWER]: Starting leader election (initial election of a single-replica configuration)
I20260601 13:40:30.757390  5490 raft_consensus.cc:3060] T 00000000000000000000000000000000 P 1e86017e56c94a548aaa2f296ecfdd8a [term 0 FOLLOWER]: Advancing to term 1
I20260601 13:40:30.757994  5490 raft_consensus.cc:515] T 00000000000000000000000000000000 P 1e86017e56c94a548aaa2f296ecfdd8a [term 1 FOLLOWER]: Starting leader election with config: opid_index: -1 OBSOLETE_local: true peers { permanent_uuid: "1e86017e56c94a548aaa2f296ecfdd8a" member_type: VOTER }
I20260601 13:40:30.758095  5490 leader_election.cc:304] T 00000000000000000000000000000000 P 1e86017e56c94a548aaa2f296ecfdd8a [CANDIDATE]: Term 1 election: Election decided. Result: candidate won. Election summary: received 1 responses out of 1 voters: 1 yes votes; 0 no votes. yes voters: 1e86017e56c94a548aaa2f296ecfdd8a; no voters: 
I20260601 13:40:30.758246  5490 leader_election.cc:290] T 00000000000000000000000000000000 P 1e86017e56c94a548aaa2f296ecfdd8a [CANDIDATE]: Term 1 election: Requested vote from peers 
I20260601 13:40:30.758373  5493 raft_consensus.cc:2804] T 00000000000000000000000000000000 P 1e86017e56c94a548aaa2f296ecfdd8a [term 1 FOLLOWER]: Leader election won for term 1
I20260601 13:40:30.758543  5493 raft_consensus.cc:697] T 00000000000000000000000000000000 P 1e86017e56c94a548aaa2f296ecfdd8a [term 1 LEADER]: Becoming Leader. State: Replica: 1e86017e56c94a548aaa2f296ecfdd8a, State: Running, Role: LEADER
I20260601 13:40:30.758635  5490 sys_catalog.cc:565] T 00000000000000000000000000000000 P 1e86017e56c94a548aaa2f296ecfdd8a [sys.catalog]: configured and running, proceeding with master startup.
I20260601 13:40:30.758651  5493 consensus_queue.cc:237] T 00000000000000000000000000000000 P 1e86017e56c94a548aaa2f296ecfdd8a [LEADER]: Queue going to LEADER mode. State: All replicated index: 0, Majority replicated index: 0, Committed index: 0, Last appended: 0.0, Last appended by leader: 0, Current term: 1, Majority size: 1, State: 0, Mode: LEADER, active raft config: opid_index: -1 OBSOLETE_local: true peers { permanent_uuid: "1e86017e56c94a548aaa2f296ecfdd8a" member_type: VOTER }
I20260601 13:40:30.759070  5495 sys_catalog.cc:455] T 00000000000000000000000000000000 P 1e86017e56c94a548aaa2f296ecfdd8a [sys.catalog]: SysCatalogTable state changed. Reason: New leader 1e86017e56c94a548aaa2f296ecfdd8a. Latest consensus state: current_term: 1 leader_uuid: "1e86017e56c94a548aaa2f296ecfdd8a" committed_config { opid_index: -1 OBSOLETE_local: true peers { permanent_uuid: "1e86017e56c94a548aaa2f296ecfdd8a" member_type: VOTER } }
I20260601 13:40:30.759045  5494 sys_catalog.cc:455] T 00000000000000000000000000000000 P 1e86017e56c94a548aaa2f296ecfdd8a [sys.catalog]: SysCatalogTable state changed. Reason: RaftConsensus started. Latest consensus state: current_term: 1 leader_uuid: "1e86017e56c94a548aaa2f296ecfdd8a" committed_config { opid_index: -1 OBSOLETE_local: true peers { permanent_uuid: "1e86017e56c94a548aaa2f296ecfdd8a" member_type: VOTER } }
I20260601 13:40:30.759137  5495 sys_catalog.cc:458] T 00000000000000000000000000000000 P 1e86017e56c94a548aaa2f296ecfdd8a [sys.catalog]: This master's current role is: LEADER
I20260601 13:40:30.759147  5494 sys_catalog.cc:458] T 00000000000000000000000000000000 P 1e86017e56c94a548aaa2f296ecfdd8a [sys.catalog]: This master's current role is: LEADER
I20260601 13:40:30.759387  5498 catalog_manager.cc:1510] Loading table and tablet metadata into memory...
I20260601 13:40:30.760062  5498 catalog_manager.cc:1519] Initializing Kudu cluster ID...
I20260601 13:40:30.760332  3798 internal_mini_cluster.cc:184] Waiting to initialize catalog manager on master 0
I20260601 13:40:30.761673  5498 catalog_manager.cc:1382] Generated new cluster ID: f99afd0ba8c242c891a0c15a77bda555
I20260601 13:40:30.761727  5498 catalog_manager.cc:1530] Initializing Kudu internal certificate authority...
I20260601 13:40:30.789978  5498 catalog_manager.cc:1405] Generated new certificate authority record
I20260601 13:40:30.790498  5498 catalog_manager.cc:1539] Loading token signing keys...
I20260601 13:40:30.800976  5498 catalog_manager.cc:6069] T 00000000000000000000000000000000 P 1e86017e56c94a548aaa2f296ecfdd8a: Generated new TSK 0
I20260601 13:40:30.801144  5498 catalog_manager.cc:1549] Initializing in-progress tserver states...
I20260601 13:40:30.824805  3798 file_cache.cc:492] Constructed file cache file cache with capacity 419430
I20260601 13:40:30.826754  3798 server_base.cc:1061] running on GCE node
W20260601 13:40:30.826740  5512 instance_detector.cc:116] could not retrieve Azure instance metadata: Network error: curl error: HTTP response code said error: The requested URL returned error: 404
W20260601 13:40:30.826833  5514 instance_detector.cc:116] could not retrieve OpenStack instance metadata: Network error: curl error: HTTP response code said error: The requested URL returned error: 404
W20260601 13:40:30.826802  5511 instance_detector.cc:116] could not retrieve AWS instance metadata: Network error: curl error: HTTP response code said error: The requested URL returned error: 404
I20260601 13:40:30.827186  3798 hybrid_clock.cc:584] initializing the hybrid clock with 'system_unsync' time source
W20260601 13:40:30.827230  3798 system_unsync_time.cc:38] NTP support is disabled. Clock error bounds will not be accurate. This configuration is not suitable for distributed clusters.
I20260601 13:40:30.827253  3798 hybrid_clock.cc:648] HybridClock initialized: now 1780321230827253 us; error 0 us; skew 500 ppm
I20260601 13:40:30.827971  3798 webserver.cc:533] Webserver started at http://127.3.181.129:42377/ using document root <none> and password file <none>
I20260601 13:40:30.828111  3798 fs_manager.cc:362] Metadata directory not provided
I20260601 13:40:30.828156  3798 fs_manager.cc:368] Using write-ahead log directory (fs_wal_dir) as metadata directory
I20260601 13:40:30.828235  3798 server_base.cc:909] This appears to be a new deployment of Kudu; creating new FS layout
I20260601 13:40:30.828613  3798 fs_manager.cc:1068] Generated new instance metadata in path /tmp/dist-test-taskSWDJKe/test-tmp/auto_rebalancer-test.0.AutoRebalancerTest.MovesScheduledIfAddTserver.1780321214344304-3798-0/minicluster-data/ts-0-root/instance:
uuid: "2626d15808554bf8a803de68c8bcced5"
format_stamp: "Formatted at 2026-06-01 13:40:30 on dist-test-slave-dtw1"
I20260601 13:40:30.829962  3798 fs_manager.cc:696] Time spent creating directory manager: real 0.001s	user 0.002s	sys 0.000s
I20260601 13:40:30.830904  5519 log_block_manager.cc:4031] Time spent loading block containers with low live blocks: real 0.000s	user 0.000s	sys 0.000s
I20260601 13:40:30.831187  3798 fs_manager.cc:730] Time spent opening block manager: real 0.001s	user 0.001s	sys 0.000s
I20260601 13:40:30.831254  3798 fs_manager.cc:647] Opened local filesystem: /tmp/dist-test-taskSWDJKe/test-tmp/auto_rebalancer-test.0.AutoRebalancerTest.MovesScheduledIfAddTserver.1780321214344304-3798-0/minicluster-data/ts-0-root
uuid: "2626d15808554bf8a803de68c8bcced5"
format_stamp: "Formatted at 2026-06-01 13:40:30 on dist-test-slave-dtw1"
I20260601 13:40:30.831300  3798 fs_report.cc:389] FS layout report
--------------------
wal directory: /tmp/dist-test-taskSWDJKe/test-tmp/auto_rebalancer-test.0.AutoRebalancerTest.MovesScheduledIfAddTserver.1780321214344304-3798-0/minicluster-data/ts-0-root
metadata directory: /tmp/dist-test-taskSWDJKe/test-tmp/auto_rebalancer-test.0.AutoRebalancerTest.MovesScheduledIfAddTserver.1780321214344304-3798-0/minicluster-data/ts-0-root
1 data directories: /tmp/dist-test-taskSWDJKe/test-tmp/auto_rebalancer-test.0.AutoRebalancerTest.MovesScheduledIfAddTserver.1780321214344304-3798-0/minicluster-data/ts-0-root/data
Total live blocks: 0
Total live bytes: 0
Total live bytes (after alignment): 0
Total number of LBM containers: 0 (0 full)
Did not check for missing blocks
Did not check for orphaned blocks
Total full LBM containers with extra space: 0 (0 repaired)
Total full LBM container extra space in bytes: 0 (0 repaired)
Total incomplete LBM containers: 0 (0 repaired)
Total LBM partial records: 0 (0 repaired)
Total corrupted LBM metadata records in RocksDB: 0 (0 repaired)
I20260601 13:40:30.834813  3798 rpc_server.cc:225] running with OpenSSL 1.1.1  11 Sep 2018
I20260601 13:40:30.835084  3798 kserver.cc:163] Server-wide thread pool size limit: 3276
I20260601 13:40:30.835282  3798 txn_system_client.cc:432] TxnSystemClient initialization is disabled...
I20260601 13:40:30.835637  3798 ts_tablet_manager.cc:585] Loaded tablet metadata (0 total tablets, 0 live tablets)
I20260601 13:40:30.835670  3798 ts_tablet_manager.cc:531] Time spent load tablet metadata: real 0.000s	user 0.000s	sys 0.000s
I20260601 13:40:30.835695  3798 ts_tablet_manager.cc:616] Registered 0 tablets
I20260601 13:40:30.835712  3798 ts_tablet_manager.cc:595] Time spent register tablets: real 0.000s	user 0.000s	sys 0.000s
I20260601 13:40:30.839444  3798 rpc_server.cc:307] RPC server started. Bound to: 127.3.181.129:36863
I20260601 13:40:30.839464  5582 acceptor_pool.cc:272] collecting diagnostics on the listening RPC socket 127.3.181.129:36863 every 8 connection(s)
I20260601 13:40:30.840160  3798 file_cache.cc:492] Constructed file cache file cache with capacity 419430
W20260601 13:40:30.841631  5590 instance_detector.cc:116] could not retrieve OpenStack instance metadata: Network error: curl error: HTTP response code said error: The requested URL returned error: 404
W20260601 13:40:30.841675  5588 instance_detector.cc:116] could not retrieve Azure instance metadata: Network error: curl error: HTTP response code said error: The requested URL returned error: 404
W20260601 13:40:30.841638  5587 instance_detector.cc:116] could not retrieve AWS instance metadata: Network error: curl error: HTTP response code said error: The requested URL returned error: 404
I20260601 13:40:30.841996  3798 server_base.cc:1061] running on GCE node
I20260601 13:40:30.842146  3798 hybrid_clock.cc:584] initializing the hybrid clock with 'system_unsync' time source
W20260601 13:40:30.842180  3798 system_unsync_time.cc:38] NTP support is disabled. Clock error bounds will not be accurate. This configuration is not suitable for distributed clusters.
I20260601 13:40:30.842199  3798 hybrid_clock.cc:648] HybridClock initialized: now 1780321230842198 us; error 0 us; skew 500 ppm
I20260601 13:40:30.842938  3798 webserver.cc:533] Webserver started at http://127.3.181.130:42115/ using document root <none> and password file <none>
I20260601 13:40:30.843075  3798 fs_manager.cc:362] Metadata directory not provided
I20260601 13:40:30.843122  3798 fs_manager.cc:368] Using write-ahead log directory (fs_wal_dir) as metadata directory
I20260601 13:40:30.843179  3798 server_base.cc:909] This appears to be a new deployment of Kudu; creating new FS layout
I20260601 13:40:30.843541  3798 fs_manager.cc:1068] Generated new instance metadata in path /tmp/dist-test-taskSWDJKe/test-tmp/auto_rebalancer-test.0.AutoRebalancerTest.MovesScheduledIfAddTserver.1780321214344304-3798-0/minicluster-data/ts-1-root/instance:
uuid: "178ec4279331488f92d3b2802ee9290f"
format_stamp: "Formatted at 2026-06-01 13:40:30 on dist-test-slave-dtw1"
I20260601 13:40:30.844763  3798 fs_manager.cc:696] Time spent creating directory manager: real 0.001s	user 0.002s	sys 0.000s
I20260601 13:40:30.845570  5595 log_block_manager.cc:4031] Time spent loading block containers with low live blocks: real 0.000s	user 0.000s	sys 0.000s
I20260601 13:40:30.845765  3798 fs_manager.cc:730] Time spent opening block manager: real 0.001s	user 0.001s	sys 0.000s
I20260601 13:40:30.845825  3798 fs_manager.cc:647] Opened local filesystem: /tmp/dist-test-taskSWDJKe/test-tmp/auto_rebalancer-test.0.AutoRebalancerTest.MovesScheduledIfAddTserver.1780321214344304-3798-0/minicluster-data/ts-1-root
uuid: "178ec4279331488f92d3b2802ee9290f"
format_stamp: "Formatted at 2026-06-01 13:40:30 on dist-test-slave-dtw1"
I20260601 13:40:30.845890  3798 fs_report.cc:389] FS layout report
--------------------
wal directory: /tmp/dist-test-taskSWDJKe/test-tmp/auto_rebalancer-test.0.AutoRebalancerTest.MovesScheduledIfAddTserver.1780321214344304-3798-0/minicluster-data/ts-1-root
metadata directory: /tmp/dist-test-taskSWDJKe/test-tmp/auto_rebalancer-test.0.AutoRebalancerTest.MovesScheduledIfAddTserver.1780321214344304-3798-0/minicluster-data/ts-1-root
1 data directories: /tmp/dist-test-taskSWDJKe/test-tmp/auto_rebalancer-test.0.AutoRebalancerTest.MovesScheduledIfAddTserver.1780321214344304-3798-0/minicluster-data/ts-1-root/data
Total live blocks: 0
Total live bytes: 0
Total live bytes (after alignment): 0
Total number of LBM containers: 0 (0 full)
Did not check for missing blocks
Did not check for orphaned blocks
Total full LBM containers with extra space: 0 (0 repaired)
Total full LBM container extra space in bytes: 0 (0 repaired)
Total incomplete LBM containers: 0 (0 repaired)
Total LBM partial records: 0 (0 repaired)
Total corrupted LBM metadata records in RocksDB: 0 (0 repaired)
I20260601 13:40:30.848294  5583 heartbeater.cc:344] Connected to a master server at 127.3.181.190:43673
I20260601 13:40:30.848374  5583 heartbeater.cc:461] Registering TS with master...
I20260601 13:40:30.848565  5583 heartbeater.cc:507] Master 127.3.181.190:43673 requested a full tablet report, sending...
I20260601 13:40:30.849085  5454 ts_manager.cc:194] Registered new tserver with Master: 2626d15808554bf8a803de68c8bcced5 (127.3.181.129:36863)
I20260601 13:40:30.849790  5454 master_service.cc:502] Signed X509 certificate for tserver {username='slave'} at 127.0.0.1:49072
I20260601 13:40:30.874791  3798 rpc_server.cc:225] running with OpenSSL 1.1.1  11 Sep 2018
I20260601 13:40:30.875176  3798 kserver.cc:163] Server-wide thread pool size limit: 3276
I20260601 13:40:30.875442  3798 txn_system_client.cc:432] TxnSystemClient initialization is disabled...
I20260601 13:40:30.875862  3798 ts_tablet_manager.cc:585] Loaded tablet metadata (0 total tablets, 0 live tablets)
I20260601 13:40:30.875905  3798 ts_tablet_manager.cc:531] Time spent load tablet metadata: real 0.000s	user 0.000s	sys 0.000s
I20260601 13:40:30.875945  3798 ts_tablet_manager.cc:616] Registered 0 tablets
I20260601 13:40:30.875973  3798 ts_tablet_manager.cc:595] Time spent register tablets: real 0.000s	user 0.000s	sys 0.000s
I20260601 13:40:30.879724  3798 rpc_server.cc:307] RPC server started. Bound to: 127.3.181.130:44721
I20260601 13:40:30.879767  5658 acceptor_pool.cc:272] collecting diagnostics on the listening RPC socket 127.3.181.130:44721 every 8 connection(s)
I20260601 13:40:30.880441  3798 file_cache.cc:492] Constructed file cache file cache with capacity 419430
W20260601 13:40:30.882175  5663 instance_detector.cc:116] could not retrieve Azure instance metadata: Network error: curl error: HTTP response code said error: The requested URL returned error: 404
W20260601 13:40:30.882230  5662 instance_detector.cc:116] could not retrieve AWS instance metadata: Network error: curl error: HTTP response code said error: The requested URL returned error: 404
W20260601 13:40:30.882371  5665 instance_detector.cc:116] could not retrieve OpenStack instance metadata: Network error: curl error: HTTP response code said error: The requested URL returned error: 404
I20260601 13:40:30.882236  3798 server_base.cc:1061] running on GCE node
I20260601 13:40:30.882634  3798 hybrid_clock.cc:584] initializing the hybrid clock with 'system_unsync' time source
W20260601 13:40:30.882674  3798 system_unsync_time.cc:38] NTP support is disabled. Clock error bounds will not be accurate. This configuration is not suitable for distributed clusters.
I20260601 13:40:30.882694  3798 hybrid_clock.cc:648] HybridClock initialized: now 1780321230882694 us; error 0 us; skew 500 ppm
I20260601 13:40:30.883523  3798 webserver.cc:533] Webserver started at http://127.3.181.131:41425/ using document root <none> and password file <none>
I20260601 13:40:30.883662  3798 fs_manager.cc:362] Metadata directory not provided
I20260601 13:40:30.883713  3798 fs_manager.cc:368] Using write-ahead log directory (fs_wal_dir) as metadata directory
I20260601 13:40:30.883786  3798 server_base.cc:909] This appears to be a new deployment of Kudu; creating new FS layout
I20260601 13:40:30.884115  3798 fs_manager.cc:1068] Generated new instance metadata in path /tmp/dist-test-taskSWDJKe/test-tmp/auto_rebalancer-test.0.AutoRebalancerTest.MovesScheduledIfAddTserver.1780321214344304-3798-0/minicluster-data/ts-2-root/instance:
uuid: "47997927bc70498eb458877ab1577f11"
format_stamp: "Formatted at 2026-06-01 13:40:30 on dist-test-slave-dtw1"
I20260601 13:40:30.884212  5659 heartbeater.cc:344] Connected to a master server at 127.3.181.190:43673
I20260601 13:40:30.884301  5659 heartbeater.cc:461] Registering TS with master...
I20260601 13:40:30.884491  5659 heartbeater.cc:507] Master 127.3.181.190:43673 requested a full tablet report, sending...
I20260601 13:40:30.885015  5454 ts_manager.cc:194] Registered new tserver with Master: 178ec4279331488f92d3b2802ee9290f (127.3.181.130:44721)
I20260601 13:40:30.885546  3798 fs_manager.cc:696] Time spent creating directory manager: real 0.001s	user 0.002s	sys 0.000s
I20260601 13:40:30.885605  5454 master_service.cc:502] Signed X509 certificate for tserver {username='slave'} at 127.0.0.1:49074
I20260601 13:40:30.886372  5670 log_block_manager.cc:4031] Time spent loading block containers with low live blocks: real 0.000s	user 0.000s	sys 0.000s
I20260601 13:40:30.886590  3798 fs_manager.cc:730] Time spent opening block manager: real 0.001s	user 0.001s	sys 0.000s
I20260601 13:40:30.886651  3798 fs_manager.cc:647] Opened local filesystem: /tmp/dist-test-taskSWDJKe/test-tmp/auto_rebalancer-test.0.AutoRebalancerTest.MovesScheduledIfAddTserver.1780321214344304-3798-0/minicluster-data/ts-2-root
uuid: "47997927bc70498eb458877ab1577f11"
format_stamp: "Formatted at 2026-06-01 13:40:30 on dist-test-slave-dtw1"
I20260601 13:40:30.886701  3798 fs_report.cc:389] FS layout report
--------------------
wal directory: /tmp/dist-test-taskSWDJKe/test-tmp/auto_rebalancer-test.0.AutoRebalancerTest.MovesScheduledIfAddTserver.1780321214344304-3798-0/minicluster-data/ts-2-root
metadata directory: /tmp/dist-test-taskSWDJKe/test-tmp/auto_rebalancer-test.0.AutoRebalancerTest.MovesScheduledIfAddTserver.1780321214344304-3798-0/minicluster-data/ts-2-root
1 data directories: /tmp/dist-test-taskSWDJKe/test-tmp/auto_rebalancer-test.0.AutoRebalancerTest.MovesScheduledIfAddTserver.1780321214344304-3798-0/minicluster-data/ts-2-root/data
Total live blocks: 0
Total live bytes: 0
Total live bytes (after alignment): 0
Total number of LBM containers: 0 (0 full)
Did not check for missing blocks
Did not check for orphaned blocks
Total full LBM containers with extra space: 0 (0 repaired)
Total full LBM container extra space in bytes: 0 (0 repaired)
Total incomplete LBM containers: 0 (0 repaired)
Total LBM partial records: 0 (0 repaired)
Total corrupted LBM metadata records in RocksDB: 0 (0 repaired)
I20260601 13:40:30.893059  3798 rpc_server.cc:225] running with OpenSSL 1.1.1  11 Sep 2018
I20260601 13:40:30.893349  3798 kserver.cc:163] Server-wide thread pool size limit: 3276
I20260601 13:40:30.893646  3798 txn_system_client.cc:432] TxnSystemClient initialization is disabled...
I20260601 13:40:30.893990  3798 ts_tablet_manager.cc:585] Loaded tablet metadata (0 total tablets, 0 live tablets)
I20260601 13:40:30.894024  3798 ts_tablet_manager.cc:531] Time spent load tablet metadata: real 0.000s	user 0.000s	sys 0.000s
I20260601 13:40:30.894049  3798 ts_tablet_manager.cc:616] Registered 0 tablets
I20260601 13:40:30.894068  3798 ts_tablet_manager.cc:595] Time spent register tablets: real 0.000s	user 0.000s	sys 0.000s
I20260601 13:40:30.898099  3798 rpc_server.cc:307] RPC server started. Bound to: 127.3.181.131:45505
I20260601 13:40:30.898149  5733 acceptor_pool.cc:272] collecting diagnostics on the listening RPC socket 127.3.181.131:45505 every 8 connection(s)
I20260601 13:40:30.901906  5734 heartbeater.cc:344] Connected to a master server at 127.3.181.190:43673
I20260601 13:40:30.901989  5734 heartbeater.cc:461] Registering TS with master...
I20260601 13:40:30.902186  5734 heartbeater.cc:507] Master 127.3.181.190:43673 requested a full tablet report, sending...
I20260601 13:40:30.902691  5454 ts_manager.cc:194] Registered new tserver with Master: 47997927bc70498eb458877ab1577f11 (127.3.181.131:45505)
I20260601 13:40:30.902926  3798 internal_mini_cluster.cc:371] 3 TS(s) registered with all masters after 0.004449541s
I20260601 13:40:30.903190  5454 master_service.cc:502] Signed X509 certificate for tserver {username='slave'} at 127.0.0.1:49086
I20260601 13:40:31.850603  5583 heartbeater.cc:499] Master 127.3.181.190:43673 was elected leader, sending a full tablet report...
I20260601 13:40:31.886441  5659 heartbeater.cc:499] Master 127.3.181.190:43673 was elected leader, sending a full tablet report...
I20260601 13:40:31.903930  5734 heartbeater.cc:499] Master 127.3.181.190:43673 was elected leader, sending a full tablet report...
I20260601 13:40:31.936177  5454 catalog_manager.cc:2282] Servicing CreateTable request from {username='slave'} at 127.0.0.1:51170:
name: "test-workload"
schema {
  columns {
    name: "key"
    type: INT32
    is_key: true
    is_nullable: false
    encoding: AUTO_ENCODING
    compression: DEFAULT_COMPRESSION
    cfile_block_size: 0
    immutable: false
  }
  columns {
    name: "int_val"
    type: INT32
    is_key: false
    is_nullable: false
    encoding: AUTO_ENCODING
    compression: DEFAULT_COMPRESSION
    cfile_block_size: 0
    immutable: false
  }
  columns {
    name: "string_val"
    type: STRING
    is_key: false
    is_nullable: true
    encoding: AUTO_ENCODING
    compression: DEFAULT_COMPRESSION
    cfile_block_size: 0
    immutable: false
  }
}
num_replicas: 3
split_rows_range_bounds {
  rows: "\004\001\000\377\377\377?""\004\001\000\377\377\377?"
  indirect_data: """"
}
partition_schema {
  range_schema {
    columns {
      name: "key"
    }
  }
}
W20260601 13:40:31.936646  5454 catalog_manager.cc:7076] The number of live tablet servers is not enough to re-replicate a tablet replica of the newly created table test-workload in case of a server failure: 4 tablet servers would be needed, 3 are available. Consider bringing up more tablet servers.
I20260601 13:40:31.946024  5623 tablet_service.cc:1511] Processing CreateTablet for tablet a6d03f808bbc46e69d8a4dee0733fc29 (DEFAULT_TABLE table=test-workload [id=f72adeb07cae45fbb256762641759850]), partition=RANGE (key) PARTITION VALUES < 1073741823
I20260601 13:40:31.946034  5622 tablet_service.cc:1511] Processing CreateTablet for tablet 252def2947cc4cda8f681ac5d7775893 (DEFAULT_TABLE table=test-workload [id=f72adeb07cae45fbb256762641759850]), partition=RANGE (key) PARTITION 1073741823 <= VALUES
I20260601 13:40:31.946412  5623 data_dirs.cc:400] Could only allocate 1 dirs of requested 3 for tablet a6d03f808bbc46e69d8a4dee0733fc29. 1 dirs total, 0 dirs full, 0 dirs failed
I20260601 13:40:31.946480  5698 tablet_service.cc:1511] Processing CreateTablet for tablet a6d03f808bbc46e69d8a4dee0733fc29 (DEFAULT_TABLE table=test-workload [id=f72adeb07cae45fbb256762641759850]), partition=RANGE (key) PARTITION VALUES < 1073741823
I20260601 13:40:31.946580  5622 data_dirs.cc:400] Could only allocate 1 dirs of requested 3 for tablet 252def2947cc4cda8f681ac5d7775893. 1 dirs total, 0 dirs full, 0 dirs failed
I20260601 13:40:31.946687  5698 data_dirs.cc:400] Could only allocate 1 dirs of requested 3 for tablet a6d03f808bbc46e69d8a4dee0733fc29. 1 dirs total, 0 dirs full, 0 dirs failed
I20260601 13:40:31.946581  5697 tablet_service.cc:1511] Processing CreateTablet for tablet 252def2947cc4cda8f681ac5d7775893 (DEFAULT_TABLE table=test-workload [id=f72adeb07cae45fbb256762641759850]), partition=RANGE (key) PARTITION 1073741823 <= VALUES
I20260601 13:40:31.946897  5697 data_dirs.cc:400] Could only allocate 1 dirs of requested 3 for tablet 252def2947cc4cda8f681ac5d7775893. 1 dirs total, 0 dirs full, 0 dirs failed
I20260601 13:40:31.949550  5755 tablet_bootstrap.cc:492] T a6d03f808bbc46e69d8a4dee0733fc29 P 47997927bc70498eb458877ab1577f11: Bootstrap starting.
I20260601 13:40:31.949572  5754 tablet_bootstrap.cc:492] T 252def2947cc4cda8f681ac5d7775893 P 178ec4279331488f92d3b2802ee9290f: Bootstrap starting.
I20260601 13:40:31.950146  5547 tablet_service.cc:1511] Processing CreateTablet for tablet a6d03f808bbc46e69d8a4dee0733fc29 (DEFAULT_TABLE table=test-workload [id=f72adeb07cae45fbb256762641759850]), partition=RANGE (key) PARTITION VALUES < 1073741823
I20260601 13:40:31.950366  5547 data_dirs.cc:400] Could only allocate 1 dirs of requested 3 for tablet a6d03f808bbc46e69d8a4dee0733fc29. 1 dirs total, 0 dirs full, 0 dirs failed
I20260601 13:40:31.950603  5754 tablet_bootstrap.cc:654] T 252def2947cc4cda8f681ac5d7775893 P 178ec4279331488f92d3b2802ee9290f: Neither blocks nor log segments found. Creating new log.
I20260601 13:40:31.950603  5755 tablet_bootstrap.cc:654] T a6d03f808bbc46e69d8a4dee0733fc29 P 47997927bc70498eb458877ab1577f11: Neither blocks nor log segments found. Creating new log.
I20260601 13:40:31.951720  5755 tablet_bootstrap.cc:492] T a6d03f808bbc46e69d8a4dee0733fc29 P 47997927bc70498eb458877ab1577f11: No bootstrap required, opened a new log
I20260601 13:40:31.951813  5755 ts_tablet_manager.cc:1403] T a6d03f808bbc46e69d8a4dee0733fc29 P 47997927bc70498eb458877ab1577f11: Time spent bootstrapping tablet: real 0.002s	user 0.002s	sys 0.000s
I20260601 13:40:31.951848  5754 tablet_bootstrap.cc:492] T 252def2947cc4cda8f681ac5d7775893 P 178ec4279331488f92d3b2802ee9290f: No bootstrap required, opened a new log
I20260601 13:40:31.951961  5754 ts_tablet_manager.cc:1403] T 252def2947cc4cda8f681ac5d7775893 P 178ec4279331488f92d3b2802ee9290f: Time spent bootstrapping tablet: real 0.002s	user 0.002s	sys 0.000s
I20260601 13:40:31.952271  5755 raft_consensus.cc:359] T a6d03f808bbc46e69d8a4dee0733fc29 P 47997927bc70498eb458877ab1577f11 [term 0 FOLLOWER]: Replica starting. Triggering 0 pending ops. Active config: opid_index: -1 OBSOLETE_local: false peers { permanent_uuid: "178ec4279331488f92d3b2802ee9290f" member_type: VOTER last_known_addr { host: "127.3.181.130" port: 44721 } } peers { permanent_uuid: "2626d15808554bf8a803de68c8bcced5" member_type: VOTER last_known_addr { host: "127.3.181.129" port: 36863 } } peers { permanent_uuid: "47997927bc70498eb458877ab1577f11" member_type: VOTER last_known_addr { host: "127.3.181.131" port: 45505 } }
I20260601 13:40:31.952409  5755 raft_consensus.cc:385] T a6d03f808bbc46e69d8a4dee0733fc29 P 47997927bc70498eb458877ab1577f11 [term 0 FOLLOWER]: Consensus starting up: Expiring failure detector timer to make a prompt election more likely
I20260601 13:40:31.952301  5546 tablet_service.cc:1511] Processing CreateTablet for tablet 252def2947cc4cda8f681ac5d7775893 (DEFAULT_TABLE table=test-workload [id=f72adeb07cae45fbb256762641759850]), partition=RANGE (key) PARTITION 1073741823 <= VALUES
I20260601 13:40:31.952484  5755 raft_consensus.cc:740] T a6d03f808bbc46e69d8a4dee0733fc29 P 47997927bc70498eb458877ab1577f11 [term 0 FOLLOWER]: Becoming Follower/Learner. State: Replica: 47997927bc70498eb458877ab1577f11, State: Initialized, Role: FOLLOWER
I20260601 13:40:31.952327  5754 raft_consensus.cc:359] T 252def2947cc4cda8f681ac5d7775893 P 178ec4279331488f92d3b2802ee9290f [term 0 FOLLOWER]: Replica starting. Triggering 0 pending ops. Active config: opid_index: -1 OBSOLETE_local: false peers { permanent_uuid: "2626d15808554bf8a803de68c8bcced5" member_type: VOTER last_known_addr { host: "127.3.181.129" port: 36863 } } peers { permanent_uuid: "178ec4279331488f92d3b2802ee9290f" member_type: VOTER last_known_addr { host: "127.3.181.130" port: 44721 } } peers { permanent_uuid: "47997927bc70498eb458877ab1577f11" member_type: VOTER last_known_addr { host: "127.3.181.131" port: 45505 } }
I20260601 13:40:31.952647  5546 data_dirs.cc:400] Could only allocate 1 dirs of requested 3 for tablet 252def2947cc4cda8f681ac5d7775893. 1 dirs total, 0 dirs full, 0 dirs failed
I20260601 13:40:31.952641  5755 consensus_queue.cc:260] T a6d03f808bbc46e69d8a4dee0733fc29 P 47997927bc70498eb458877ab1577f11 [NON_LEADER]: Queue going to NON_LEADER mode. State: All replicated index: 0, Majority replicated index: 0, Committed index: 0, Last appended: 0.0, Last appended by leader: 0, Current term: 0, Majority size: -1, State: 0, Mode: NON_LEADER, active raft config: opid_index: -1 OBSOLETE_local: false peers { permanent_uuid: "178ec4279331488f92d3b2802ee9290f" member_type: VOTER last_known_addr { host: "127.3.181.130" port: 44721 } } peers { permanent_uuid: "2626d15808554bf8a803de68c8bcced5" member_type: VOTER last_known_addr { host: "127.3.181.129" port: 36863 } } peers { permanent_uuid: "47997927bc70498eb458877ab1577f11" member_type: VOTER last_known_addr { host: "127.3.181.131" port: 45505 } }
I20260601 13:40:31.952754  5754 raft_consensus.cc:385] T 252def2947cc4cda8f681ac5d7775893 P 178ec4279331488f92d3b2802ee9290f [term 0 FOLLOWER]: Consensus starting up: Expiring failure detector timer to make a prompt election more likely
I20260601 13:40:31.952852  5754 raft_consensus.cc:740] T 252def2947cc4cda8f681ac5d7775893 P 178ec4279331488f92d3b2802ee9290f [term 0 FOLLOWER]: Becoming Follower/Learner. State: Replica: 178ec4279331488f92d3b2802ee9290f, State: Initialized, Role: FOLLOWER
I20260601 13:40:31.952927  5758 tablet_bootstrap.cc:492] T a6d03f808bbc46e69d8a4dee0733fc29 P 2626d15808554bf8a803de68c8bcced5: Bootstrap starting.
I20260601 13:40:31.953102  5755 ts_tablet_manager.cc:1434] T a6d03f808bbc46e69d8a4dee0733fc29 P 47997927bc70498eb458877ab1577f11: Time spent starting tablet: real 0.001s	user 0.001s	sys 0.000s
I20260601 13:40:31.953047  5754 consensus_queue.cc:260] T 252def2947cc4cda8f681ac5d7775893 P 178ec4279331488f92d3b2802ee9290f [NON_LEADER]: Queue going to NON_LEADER mode. State: All replicated index: 0, Majority replicated index: 0, Committed index: 0, Last appended: 0.0, Last appended by leader: 0, Current term: 0, Majority size: -1, State: 0, Mode: NON_LEADER, active raft config: opid_index: -1 OBSOLETE_local: false peers { permanent_uuid: "2626d15808554bf8a803de68c8bcced5" member_type: VOTER last_known_addr { host: "127.3.181.129" port: 36863 } } peers { permanent_uuid: "178ec4279331488f92d3b2802ee9290f" member_type: VOTER last_known_addr { host: "127.3.181.130" port: 44721 } } peers { permanent_uuid: "47997927bc70498eb458877ab1577f11" member_type: VOTER last_known_addr { host: "127.3.181.131" port: 45505 } }
I20260601 13:40:31.953313  5755 tablet_bootstrap.cc:492] T 252def2947cc4cda8f681ac5d7775893 P 47997927bc70498eb458877ab1577f11: Bootstrap starting.
I20260601 13:40:31.953476  5754 ts_tablet_manager.cc:1434] T 252def2947cc4cda8f681ac5d7775893 P 178ec4279331488f92d3b2802ee9290f: Time spent starting tablet: real 0.001s	user 0.001s	sys 0.000s
I20260601 13:40:31.953639  5754 tablet_bootstrap.cc:492] T a6d03f808bbc46e69d8a4dee0733fc29 P 178ec4279331488f92d3b2802ee9290f: Bootstrap starting.
I20260601 13:40:31.953974  5758 tablet_bootstrap.cc:654] T a6d03f808bbc46e69d8a4dee0733fc29 P 2626d15808554bf8a803de68c8bcced5: Neither blocks nor log segments found. Creating new log.
I20260601 13:40:31.954200  5755 tablet_bootstrap.cc:654] T 252def2947cc4cda8f681ac5d7775893 P 47997927bc70498eb458877ab1577f11: Neither blocks nor log segments found. Creating new log.
I20260601 13:40:31.954527  5754 tablet_bootstrap.cc:654] T a6d03f808bbc46e69d8a4dee0733fc29 P 178ec4279331488f92d3b2802ee9290f: Neither blocks nor log segments found. Creating new log.
I20260601 13:40:31.955905  5758 tablet_bootstrap.cc:492] T a6d03f808bbc46e69d8a4dee0733fc29 P 2626d15808554bf8a803de68c8bcced5: No bootstrap required, opened a new log
I20260601 13:40:31.955989  5758 ts_tablet_manager.cc:1403] T a6d03f808bbc46e69d8a4dee0733fc29 P 2626d15808554bf8a803de68c8bcced5: Time spent bootstrapping tablet: real 0.003s	user 0.002s	sys 0.000s
I20260601 13:40:31.956244  5755 tablet_bootstrap.cc:492] T 252def2947cc4cda8f681ac5d7775893 P 47997927bc70498eb458877ab1577f11: No bootstrap required, opened a new log
I20260601 13:40:31.956321  5755 ts_tablet_manager.cc:1403] T 252def2947cc4cda8f681ac5d7775893 P 47997927bc70498eb458877ab1577f11: Time spent bootstrapping tablet: real 0.003s	user 0.001s	sys 0.000s
I20260601 13:40:31.956415  5758 raft_consensus.cc:359] T a6d03f808bbc46e69d8a4dee0733fc29 P 2626d15808554bf8a803de68c8bcced5 [term 0 FOLLOWER]: Replica starting. Triggering 0 pending ops. Active config: opid_index: -1 OBSOLETE_local: false peers { permanent_uuid: "178ec4279331488f92d3b2802ee9290f" member_type: VOTER last_known_addr { host: "127.3.181.130" port: 44721 } } peers { permanent_uuid: "2626d15808554bf8a803de68c8bcced5" member_type: VOTER last_known_addr { host: "127.3.181.129" port: 36863 } } peers { permanent_uuid: "47997927bc70498eb458877ab1577f11" member_type: VOTER last_known_addr { host: "127.3.181.131" port: 45505 } }
I20260601 13:40:31.956517  5758 raft_consensus.cc:385] T a6d03f808bbc46e69d8a4dee0733fc29 P 2626d15808554bf8a803de68c8bcced5 [term 0 FOLLOWER]: Consensus starting up: Expiring failure detector timer to make a prompt election more likely
I20260601 13:40:31.956552  5758 raft_consensus.cc:740] T a6d03f808bbc46e69d8a4dee0733fc29 P 2626d15808554bf8a803de68c8bcced5 [term 0 FOLLOWER]: Becoming Follower/Learner. State: Replica: 2626d15808554bf8a803de68c8bcced5, State: Initialized, Role: FOLLOWER
I20260601 13:40:31.956658  5758 consensus_queue.cc:260] T a6d03f808bbc46e69d8a4dee0733fc29 P 2626d15808554bf8a803de68c8bcced5 [NON_LEADER]: Queue going to NON_LEADER mode. State: All replicated index: 0, Majority replicated index: 0, Committed index: 0, Last appended: 0.0, Last appended by leader: 0, Current term: 0, Majority size: -1, State: 0, Mode: NON_LEADER, active raft config: opid_index: -1 OBSOLETE_local: false peers { permanent_uuid: "178ec4279331488f92d3b2802ee9290f" member_type: VOTER last_known_addr { host: "127.3.181.130" port: 44721 } } peers { permanent_uuid: "2626d15808554bf8a803de68c8bcced5" member_type: VOTER last_known_addr { host: "127.3.181.129" port: 36863 } } peers { permanent_uuid: "47997927bc70498eb458877ab1577f11" member_type: VOTER last_known_addr { host: "127.3.181.131" port: 45505 } }
I20260601 13:40:31.956725  5755 raft_consensus.cc:359] T 252def2947cc4cda8f681ac5d7775893 P 47997927bc70498eb458877ab1577f11 [term 0 FOLLOWER]: Replica starting. Triggering 0 pending ops. Active config: opid_index: -1 OBSOLETE_local: false peers { permanent_uuid: "2626d15808554bf8a803de68c8bcced5" member_type: VOTER last_known_addr { host: "127.3.181.129" port: 36863 } } peers { permanent_uuid: "178ec4279331488f92d3b2802ee9290f" member_type: VOTER last_known_addr { host: "127.3.181.130" port: 44721 } } peers { permanent_uuid: "47997927bc70498eb458877ab1577f11" member_type: VOTER last_known_addr { host: "127.3.181.131" port: 45505 } }
I20260601 13:40:31.956795  5755 raft_consensus.cc:385] T 252def2947cc4cda8f681ac5d7775893 P 47997927bc70498eb458877ab1577f11 [term 0 FOLLOWER]: Consensus starting up: Expiring failure detector timer to make a prompt election more likely
I20260601 13:40:31.956815  5755 raft_consensus.cc:740] T 252def2947cc4cda8f681ac5d7775893 P 47997927bc70498eb458877ab1577f11 [term 0 FOLLOWER]: Becoming Follower/Learner. State: Replica: 47997927bc70498eb458877ab1577f11, State: Initialized, Role: FOLLOWER
I20260601 13:40:31.956909  5755 consensus_queue.cc:260] T 252def2947cc4cda8f681ac5d7775893 P 47997927bc70498eb458877ab1577f11 [NON_LEADER]: Queue going to NON_LEADER mode. State: All replicated index: 0, Majority replicated index: 0, Committed index: 0, Last appended: 0.0, Last appended by leader: 0, Current term: 0, Majority size: -1, State: 0, Mode: NON_LEADER, active raft config: opid_index: -1 OBSOLETE_local: false peers { permanent_uuid: "2626d15808554bf8a803de68c8bcced5" member_type: VOTER last_known_addr { host: "127.3.181.129" port: 36863 } } peers { permanent_uuid: "178ec4279331488f92d3b2802ee9290f" member_type: VOTER last_known_addr { host: "127.3.181.130" port: 44721 } } peers { permanent_uuid: "47997927bc70498eb458877ab1577f11" member_type: VOTER last_known_addr { host: "127.3.181.131" port: 45505 } }
I20260601 13:40:31.956975  5758 ts_tablet_manager.cc:1434] T a6d03f808bbc46e69d8a4dee0733fc29 P 2626d15808554bf8a803de68c8bcced5: Time spent starting tablet: real 0.001s	user 0.001s	sys 0.000s
I20260601 13:40:31.957123  5758 tablet_bootstrap.cc:492] T 252def2947cc4cda8f681ac5d7775893 P 2626d15808554bf8a803de68c8bcced5: Bootstrap starting.
I20260601 13:40:31.957504  5754 tablet_bootstrap.cc:492] T a6d03f808bbc46e69d8a4dee0733fc29 P 178ec4279331488f92d3b2802ee9290f: No bootstrap required, opened a new log
I20260601 13:40:31.957572  5754 ts_tablet_manager.cc:1403] T a6d03f808bbc46e69d8a4dee0733fc29 P 178ec4279331488f92d3b2802ee9290f: Time spent bootstrapping tablet: real 0.004s	user 0.002s	sys 0.000s
I20260601 13:40:31.957942  5754 raft_consensus.cc:359] T a6d03f808bbc46e69d8a4dee0733fc29 P 178ec4279331488f92d3b2802ee9290f [term 0 FOLLOWER]: Replica starting. Triggering 0 pending ops. Active config: opid_index: -1 OBSOLETE_local: false peers { permanent_uuid: "178ec4279331488f92d3b2802ee9290f" member_type: VOTER last_known_addr { host: "127.3.181.130" port: 44721 } } peers { permanent_uuid: "2626d15808554bf8a803de68c8bcced5" member_type: VOTER last_known_addr { host: "127.3.181.129" port: 36863 } } peers { permanent_uuid: "47997927bc70498eb458877ab1577f11" member_type: VOTER last_known_addr { host: "127.3.181.131" port: 45505 } }
I20260601 13:40:31.958024  5754 raft_consensus.cc:385] T a6d03f808bbc46e69d8a4dee0733fc29 P 178ec4279331488f92d3b2802ee9290f [term 0 FOLLOWER]: Consensus starting up: Expiring failure detector timer to make a prompt election more likely
I20260601 13:40:31.958051  5754 raft_consensus.cc:740] T a6d03f808bbc46e69d8a4dee0733fc29 P 178ec4279331488f92d3b2802ee9290f [term 0 FOLLOWER]: Becoming Follower/Learner. State: Replica: 178ec4279331488f92d3b2802ee9290f, State: Initialized, Role: FOLLOWER
I20260601 13:40:31.958078  5758 tablet_bootstrap.cc:654] T 252def2947cc4cda8f681ac5d7775893 P 2626d15808554bf8a803de68c8bcced5: Neither blocks nor log segments found. Creating new log.
I20260601 13:40:31.958149  5754 consensus_queue.cc:260] T a6d03f808bbc46e69d8a4dee0733fc29 P 178ec4279331488f92d3b2802ee9290f [NON_LEADER]: Queue going to NON_LEADER mode. State: All replicated index: 0, Majority replicated index: 0, Committed index: 0, Last appended: 0.0, Last appended by leader: 0, Current term: 0, Majority size: -1, State: 0, Mode: NON_LEADER, active raft config: opid_index: -1 OBSOLETE_local: false peers { permanent_uuid: "178ec4279331488f92d3b2802ee9290f" member_type: VOTER last_known_addr { host: "127.3.181.130" port: 44721 } } peers { permanent_uuid: "2626d15808554bf8a803de68c8bcced5" member_type: VOTER last_known_addr { host: "127.3.181.129" port: 36863 } } peers { permanent_uuid: "47997927bc70498eb458877ab1577f11" member_type: VOTER last_known_addr { host: "127.3.181.131" port: 45505 } }
I20260601 13:40:31.958353  5754 ts_tablet_manager.cc:1434] T a6d03f808bbc46e69d8a4dee0733fc29 P 178ec4279331488f92d3b2802ee9290f: Time spent starting tablet: real 0.001s	user 0.000s	sys 0.000s
I20260601 13:40:31.959442  5758 tablet_bootstrap.cc:492] T 252def2947cc4cda8f681ac5d7775893 P 2626d15808554bf8a803de68c8bcced5: No bootstrap required, opened a new log
I20260601 13:40:31.959524  5758 ts_tablet_manager.cc:1403] T 252def2947cc4cda8f681ac5d7775893 P 2626d15808554bf8a803de68c8bcced5: Time spent bootstrapping tablet: real 0.002s	user 0.002s	sys 0.000s
I20260601 13:40:31.960004  5758 raft_consensus.cc:359] T 252def2947cc4cda8f681ac5d7775893 P 2626d15808554bf8a803de68c8bcced5 [term 0 FOLLOWER]: Replica starting. Triggering 0 pending ops. Active config: opid_index: -1 OBSOLETE_local: false peers { permanent_uuid: "2626d15808554bf8a803de68c8bcced5" member_type: VOTER last_known_addr { host: "127.3.181.129" port: 36863 } } peers { permanent_uuid: "178ec4279331488f92d3b2802ee9290f" member_type: VOTER last_known_addr { host: "127.3.181.130" port: 44721 } } peers { permanent_uuid: "47997927bc70498eb458877ab1577f11" member_type: VOTER last_known_addr { host: "127.3.181.131" port: 45505 } }
I20260601 13:40:31.960100  5758 raft_consensus.cc:385] T 252def2947cc4cda8f681ac5d7775893 P 2626d15808554bf8a803de68c8bcced5 [term 0 FOLLOWER]: Consensus starting up: Expiring failure detector timer to make a prompt election more likely
I20260601 13:40:31.960127  5758 raft_consensus.cc:740] T 252def2947cc4cda8f681ac5d7775893 P 2626d15808554bf8a803de68c8bcced5 [term 0 FOLLOWER]: Becoming Follower/Learner. State: Replica: 2626d15808554bf8a803de68c8bcced5, State: Initialized, Role: FOLLOWER
I20260601 13:40:31.960213  5758 consensus_queue.cc:260] T 252def2947cc4cda8f681ac5d7775893 P 2626d15808554bf8a803de68c8bcced5 [NON_LEADER]: Queue going to NON_LEADER mode. State: All replicated index: 0, Majority replicated index: 0, Committed index: 0, Last appended: 0.0, Last appended by leader: 0, Current term: 0, Majority size: -1, State: 0, Mode: NON_LEADER, active raft config: opid_index: -1 OBSOLETE_local: false peers { permanent_uuid: "2626d15808554bf8a803de68c8bcced5" member_type: VOTER last_known_addr { host: "127.3.181.129" port: 36863 } } peers { permanent_uuid: "178ec4279331488f92d3b2802ee9290f" member_type: VOTER last_known_addr { host: "127.3.181.130" port: 44721 } } peers { permanent_uuid: "47997927bc70498eb458877ab1577f11" member_type: VOTER last_known_addr { host: "127.3.181.131" port: 45505 } }
I20260601 13:40:31.960422  5758 ts_tablet_manager.cc:1434] T 252def2947cc4cda8f681ac5d7775893 P 2626d15808554bf8a803de68c8bcced5: Time spent starting tablet: real 0.001s	user 0.001s	sys 0.000s
I20260601 13:40:31.957127  5755 ts_tablet_manager.cc:1434] T 252def2947cc4cda8f681ac5d7775893 P 47997927bc70498eb458877ab1577f11: Time spent starting tablet: real 0.001s	user 0.000s	sys 0.000s
I20260601 13:40:32.053588  5760 raft_consensus.cc:493] T a6d03f808bbc46e69d8a4dee0733fc29 P 178ec4279331488f92d3b2802ee9290f [term 0 FOLLOWER]: Starting pre-election (no leader contacted us within the election timeout)
I20260601 13:40:32.053743  5760 raft_consensus.cc:515] T a6d03f808bbc46e69d8a4dee0733fc29 P 178ec4279331488f92d3b2802ee9290f [term 0 FOLLOWER]: Starting pre-election with config: opid_index: -1 OBSOLETE_local: false peers { permanent_uuid: "178ec4279331488f92d3b2802ee9290f" member_type: VOTER last_known_addr { host: "127.3.181.130" port: 44721 } } peers { permanent_uuid: "2626d15808554bf8a803de68c8bcced5" member_type: VOTER last_known_addr { host: "127.3.181.129" port: 36863 } } peers { permanent_uuid: "47997927bc70498eb458877ab1577f11" member_type: VOTER last_known_addr { host: "127.3.181.131" port: 45505 } }
