I20260601 13:41:17.205808  2548 tablet_service.cc:1917] Received RequestConsensusVote() RPC: tablet_id: "0fb20772d46c4e748ce752c7f2f3355a" candidate_uuid: "6f086bc20b60424b880f8798cd45511f" candidate_term: 1 candidate_status { last_received { term: 0 index: 0 } } ignore_live_leader: false dest_uuid: "84705183b1df4864926aa6701aee182a"
I20260601 13:41:17.205968  2548 raft_consensus.cc:2393] T 0fb20772d46c4e748ce752c7f2f3355a P 84705183b1df4864926aa6701aee182a [term 1 FOLLOWER]: Leader election vote request: Denying vote to candidate 6f086bc20b60424b880f8798cd45511f in current term 1: Already voted for candidate 5cafeca7f73a4c3f8f96a2ed3fcd36a3 in this term.
I20260601 13:41:17.205976  2547 tablet_service.cc:1917] Received RequestConsensusVote() RPC: tablet_id: "0fb20772d46c4e748ce752c7f2f3355a" candidate_uuid: "6f086bc20b60424b880f8798cd45511f" candidate_term: 1 candidate_status { last_received { term: 0 index: 0 } } ignore_live_leader: false dest_uuid: "84705183b1df4864926aa6701aee182a" is_pre_election: true
I20260601 13:41:17.206032  2334 tablet_service.cc:1917] Received RequestConsensusVote() RPC: tablet_id: "11fd0bdb3b9247e99073a1a5ffaedf76" candidate_uuid: "84705183b1df4864926aa6701aee182a" candidate_term: 1 candidate_status { last_received { term: 0 index: 0 } } ignore_live_leader: false dest_uuid: "6f086bc20b60424b880f8798cd45511f" is_pre_election: true
I20260601 13:41:17.206111  2547 raft_consensus.cc:2393] T 0fb20772d46c4e748ce752c7f2f3355a P 84705183b1df4864926aa6701aee182a [term 1 FOLLOWER]: Leader pre-election vote request: Denying vote to candidate 6f086bc20b60424b880f8798cd45511f in current term 1: Already voted for candidate 5cafeca7f73a4c3f8f96a2ed3fcd36a3 in this term.
I20260601 13:41:17.206121  2334 raft_consensus.cc:2468] T 11fd0bdb3b9247e99073a1a5ffaedf76 P 6f086bc20b60424b880f8798cd45511f [term 0 FOLLOWER]: Leader pre-election vote request: Granting yes vote for candidate 84705183b1df4864926aa6701aee182a in term 0.
I20260601 13:41:17.206525  2512 leader_election.cc:304] T 11fd0bdb3b9247e99073a1a5ffaedf76 P 84705183b1df4864926aa6701aee182a [CANDIDATE]: Term 1 pre-election: Election decided. Result: candidate won. Election summary: received 2 responses out of 3 voters: 2 yes votes; 0 no votes. yes voters: 6f086bc20b60424b880f8798cd45511f, 84705183b1df4864926aa6701aee182a; no voters: 
I20260601 13:41:17.206663  2607 raft_consensus.cc:2804] T 11fd0bdb3b9247e99073a1a5ffaedf76 P 84705183b1df4864926aa6701aee182a [term 0 FOLLOWER]: Leader pre-election won for term 1
I20260601 13:41:17.206712  2607 raft_consensus.cc:493] T 11fd0bdb3b9247e99073a1a5ffaedf76 P 84705183b1df4864926aa6701aee182a [term 0 FOLLOWER]: Starting leader election (no leader contacted us within the election timeout)
I20260601 13:41:17.206754  2607 raft_consensus.cc:3060] T 11fd0bdb3b9247e99073a1a5ffaedf76 P 84705183b1df4864926aa6701aee182a [term 0 FOLLOWER]: Advancing to term 1
I20260601 13:41:17.207063  2153 catalog_manager.cc:5696] T 0fb20772d46c4e748ce752c7f2f3355a P 5cafeca7f73a4c3f8f96a2ed3fcd36a3 reported cstate change: term changed from 0 to 1, leader changed from <none> to 5cafeca7f73a4c3f8f96a2ed3fcd36a3 (127.31.4.3). New cstate: current_term: 1 leader_uuid: "5cafeca7f73a4c3f8f96a2ed3fcd36a3" committed_config { opid_index: -1 OBSOLETE_local: false peers { permanent_uuid: "5cafeca7f73a4c3f8f96a2ed3fcd36a3" member_type: VOTER last_known_addr { host: "127.31.4.3" port: 35729 } health_report { overall_health: HEALTHY } } peers { permanent_uuid: "84705183b1df4864926aa6701aee182a" member_type: VOTER last_known_addr { host: "127.31.4.4" port: 43755 } health_report { overall_health: UNKNOWN } } peers { permanent_uuid: "6f086bc20b60424b880f8798cd45511f" member_type: VOTER last_known_addr { host: "127.31.4.2" port: 34923 } health_report { overall_health: UNKNOWN } } }
I20260601 13:41:17.207659  2607 raft_consensus.cc:515] T 11fd0bdb3b9247e99073a1a5ffaedf76 P 84705183b1df4864926aa6701aee182a [term 1 FOLLOWER]: Starting leader election with config: opid_index: -1 OBSOLETE_local: false peers { permanent_uuid: "6f086bc20b60424b880f8798cd45511f" member_type: VOTER last_known_addr { host: "127.31.4.2" port: 34923 } } peers { permanent_uuid: "5cafeca7f73a4c3f8f96a2ed3fcd36a3" member_type: VOTER last_known_addr { host: "127.31.4.3" port: 35729 } } peers { permanent_uuid: "84705183b1df4864926aa6701aee182a" member_type: VOTER last_known_addr { host: "127.31.4.4" port: 43755 } }
I20260601 13:41:17.207826  2298 leader_election.cc:304] T 0fb20772d46c4e748ce752c7f2f3355a P 6f086bc20b60424b880f8798cd45511f [CANDIDATE]: Term 1 election: Election decided. Result: candidate lost. Election summary: received 3 responses out of 3 voters: 1 yes votes; 2 no votes. yes voters: 6f086bc20b60424b880f8798cd45511f; no voters: 5cafeca7f73a4c3f8f96a2ed3fcd36a3, 84705183b1df4864926aa6701aee182a
I20260601 13:41:17.208029  2607 leader_election.cc:290] T 11fd0bdb3b9247e99073a1a5ffaedf76 P 84705183b1df4864926aa6701aee182a [CANDIDATE]: Term 1 election: Requested vote from peers 6f086bc20b60424b880f8798cd45511f (127.31.4.2:34923), 5cafeca7f73a4c3f8f96a2ed3fcd36a3 (127.31.4.3:35729)
I20260601 13:41:17.208227  2615 raft_consensus.cc:2749] T 0fb20772d46c4e748ce752c7f2f3355a P 6f086bc20b60424b880f8798cd45511f [term 1 FOLLOWER]: Leader election lost for term 1. Reason: could not achieve majority
I20260601 13:41:17.208503  2334 tablet_service.cc:1917] Received RequestConsensusVote() RPC: tablet_id: "11fd0bdb3b9247e99073a1a5ffaedf76" candidate_uuid: "84705183b1df4864926aa6701aee182a" candidate_term: 1 candidate_status { last_received { term: 0 index: 0 } } ignore_live_leader: false dest_uuid: "6f086bc20b60424b880f8798cd45511f"
I20260601 13:41:17.208604  2334 raft_consensus.cc:3060] T 11fd0bdb3b9247e99073a1a5ffaedf76 P 6f086bc20b60424b880f8798cd45511f [term 0 FOLLOWER]: Advancing to term 1
I20260601 13:41:17.209461  2408 tablet_service.cc:1917] Received RequestConsensusVote() RPC: tablet_id: "11fd0bdb3b9247e99073a1a5ffaedf76" candidate_uuid: "84705183b1df4864926aa6701aee182a" candidate_term: 1 candidate_status { last_received { term: 0 index: 0 } } ignore_live_leader: false dest_uuid: "5cafeca7f73a4c3f8f96a2ed3fcd36a3" is_pre_election: true
I20260601 13:41:17.209537  2334 raft_consensus.cc:2468] T 11fd0bdb3b9247e99073a1a5ffaedf76 P 6f086bc20b60424b880f8798cd45511f [term 1 FOLLOWER]: Leader election vote request: Granting yes vote for candidate 84705183b1df4864926aa6701aee182a in term 1.
I20260601 13:41:17.209618  2409 tablet_service.cc:1917] Received RequestConsensusVote() RPC: tablet_id: "11fd0bdb3b9247e99073a1a5ffaedf76" candidate_uuid: "84705183b1df4864926aa6701aee182a" candidate_term: 1 candidate_status { last_received { term: 0 index: 0 } } ignore_live_leader: false dest_uuid: "5cafeca7f73a4c3f8f96a2ed3fcd36a3"
I20260601 13:41:17.209563  2408 raft_consensus.cc:2468] T 11fd0bdb3b9247e99073a1a5ffaedf76 P 5cafeca7f73a4c3f8f96a2ed3fcd36a3 [term 0 FOLLOWER]: Leader pre-election vote request: Granting yes vote for candidate 84705183b1df4864926aa6701aee182a in term 0.
I20260601 13:41:17.210407  2512 leader_election.cc:304] T 11fd0bdb3b9247e99073a1a5ffaedf76 P 84705183b1df4864926aa6701aee182a [CANDIDATE]: Term 1 election: Election decided. Result: candidate won. Election summary: received 3 responses out of 3 voters: 2 yes votes; 1 no votes. yes voters: 6f086bc20b60424b880f8798cd45511f, 84705183b1df4864926aa6701aee182a; no voters: 5cafeca7f73a4c3f8f96a2ed3fcd36a3
I20260601 13:41:17.210601  2607 raft_consensus.cc:2804] T 11fd0bdb3b9247e99073a1a5ffaedf76 P 84705183b1df4864926aa6701aee182a [term 1 FOLLOWER]: Leader election won for term 1
I20260601 13:41:17.210678  2607 raft_consensus.cc:697] T 11fd0bdb3b9247e99073a1a5ffaedf76 P 84705183b1df4864926aa6701aee182a [term 1 LEADER]: Becoming Leader. State: Replica: 84705183b1df4864926aa6701aee182a, State: Running, Role: LEADER
I20260601 13:41:17.210793  2607 consensus_queue.cc:237] T 11fd0bdb3b9247e99073a1a5ffaedf76 P 84705183b1df4864926aa6701aee182a [LEADER]: Queue going to LEADER mode. State: All replicated index: 0, Majority replicated index: 0, Committed index: 0, Last appended: 0.0, Last appended by leader: 0, Current term: 1, Majority size: 2, State: 0, Mode: LEADER, active raft config: opid_index: -1 OBSOLETE_local: false peers { permanent_uuid: "6f086bc20b60424b880f8798cd45511f" member_type: VOTER last_known_addr { host: "127.31.4.2" port: 34923 } } peers { permanent_uuid: "5cafeca7f73a4c3f8f96a2ed3fcd36a3" member_type: VOTER last_known_addr { host: "127.31.4.3" port: 35729 } } peers { permanent_uuid: "84705183b1df4864926aa6701aee182a" member_type: VOTER last_known_addr { host: "127.31.4.4" port: 43755 } }
I20260601 13:41:17.210955  2491 consensus_queue.cc:1048] T 35dc64fe57d544e3bf7892d7677e38e2 P 6f086bc20b60424b880f8798cd45511f [LEADER]: Connected to new peer: Peer: permanent_uuid: "5cafeca7f73a4c3f8f96a2ed3fcd36a3" member_type: VOTER last_known_addr { host: "127.31.4.3" port: 35729 }, Status: LMP_MISMATCH, Last received: 0.0, Next index: 1, Last known committed idx: 0, Time since last communication: 0.000s
I20260601 13:41:17.212136  2155 catalog_manager.cc:5696] T 11fd0bdb3b9247e99073a1a5ffaedf76 P 84705183b1df4864926aa6701aee182a reported cstate change: term changed from 0 to 1, leader changed from <none> to 84705183b1df4864926aa6701aee182a (127.31.4.4). New cstate: current_term: 1 leader_uuid: "84705183b1df4864926aa6701aee182a" committed_config { opid_index: -1 OBSOLETE_local: false peers { permanent_uuid: "6f086bc20b60424b880f8798cd45511f" member_type: VOTER last_known_addr { host: "127.31.4.2" port: 34923 } health_report { overall_health: UNKNOWN } } peers { permanent_uuid: "5cafeca7f73a4c3f8f96a2ed3fcd36a3" member_type: VOTER last_known_addr { host: "127.31.4.3" port: 35729 } health_report { overall_health: UNKNOWN } } peers { permanent_uuid: "84705183b1df4864926aa6701aee182a" member_type: VOTER last_known_addr { host: "127.31.4.4" port: 43755 } health_report { overall_health: HEALTHY } } }
I20260601 13:41:17.244403  2618 raft_consensus.cc:493] T bad36009331f42e3aa4a5bb1ca2baea6 P cf206e99bad142c49de164024c4a6cda [term 0 FOLLOWER]: Starting pre-election (no leader contacted us within the election timeout)
I20260601 13:41:17.244537  2618 raft_consensus.cc:515] T bad36009331f42e3aa4a5bb1ca2baea6 P cf206e99bad142c49de164024c4a6cda [term 0 FOLLOWER]: Starting pre-election with config: opid_index: -1 OBSOLETE_local: false peers { permanent_uuid: "84705183b1df4864926aa6701aee182a" member_type: VOTER last_known_addr { host: "127.31.4.4" port: 43755 } } peers { permanent_uuid: "5cafeca7f73a4c3f8f96a2ed3fcd36a3" member_type: VOTER last_known_addr { host: "127.31.4.3" port: 35729 } } peers { permanent_uuid: "cf206e99bad142c49de164024c4a6cda" member_type: VOTER last_known_addr { host: "127.31.4.1" port: 44339 } }
I20260601 13:41:17.244984  2618 leader_election.cc:290] T bad36009331f42e3aa4a5bb1ca2baea6 P cf206e99bad142c49de164024c4a6cda [CANDIDATE]: Term 1 pre-election: Requested pre-vote from peers 84705183b1df4864926aa6701aee182a (127.31.4.4:43755), 5cafeca7f73a4c3f8f96a2ed3fcd36a3 (127.31.4.3:35729)
I20260601 13:41:17.245334  2547 tablet_service.cc:1917] Received RequestConsensusVote() RPC: tablet_id: "bad36009331f42e3aa4a5bb1ca2baea6" candidate_uuid: "cf206e99bad142c49de164024c4a6cda" candidate_term: 1 candidate_status { last_received { term: 0 index: 0 } } ignore_live_leader: false dest_uuid: "84705183b1df4864926aa6701aee182a" is_pre_election: true
I20260601 13:41:17.245335  2408 tablet_service.cc:1917] Received RequestConsensusVote() RPC: tablet_id: "bad36009331f42e3aa4a5bb1ca2baea6" candidate_uuid: "cf206e99bad142c49de164024c4a6cda" candidate_term: 1 candidate_status { last_received { term: 0 index: 0 } } ignore_live_leader: false dest_uuid: "5cafeca7f73a4c3f8f96a2ed3fcd36a3" is_pre_election: true
I20260601 13:41:17.245489  2547 raft_consensus.cc:2468] T bad36009331f42e3aa4a5bb1ca2baea6 P 84705183b1df4864926aa6701aee182a [term 0 FOLLOWER]: Leader pre-election vote request: Granting yes vote for candidate cf206e99bad142c49de164024c4a6cda in term 0.
I20260601 13:41:17.245523  2408 raft_consensus.cc:2468] T bad36009331f42e3aa4a5bb1ca2baea6 P 5cafeca7f73a4c3f8f96a2ed3fcd36a3 [term 0 FOLLOWER]: Leader pre-election vote request: Granting yes vote for candidate cf206e99bad142c49de164024c4a6cda in term 0.
I20260601 13:41:17.245805  2222 leader_election.cc:304] T bad36009331f42e3aa4a5bb1ca2baea6 P cf206e99bad142c49de164024c4a6cda [CANDIDATE]: Term 1 pre-election: Election decided. Result: candidate won. Election summary: received 2 responses out of 3 voters: 2 yes votes; 0 no votes. yes voters: 84705183b1df4864926aa6701aee182a, cf206e99bad142c49de164024c4a6cda; no voters: 
I20260601 13:41:17.245988  2618 raft_consensus.cc:2804] T bad36009331f42e3aa4a5bb1ca2baea6 P cf206e99bad142c49de164024c4a6cda [term 0 FOLLOWER]: Leader pre-election won for term 1
I20260601 13:41:17.246050  2618 raft_consensus.cc:493] T bad36009331f42e3aa4a5bb1ca2baea6 P cf206e99bad142c49de164024c4a6cda [term 0 FOLLOWER]: Starting leader election (no leader contacted us within the election timeout)
I20260601 13:41:17.246105  2618 raft_consensus.cc:3060] T bad36009331f42e3aa4a5bb1ca2baea6 P cf206e99bad142c49de164024c4a6cda [term 0 FOLLOWER]: Advancing to term 1
I20260601 13:41:17.246969  2618 raft_consensus.cc:515] T bad36009331f42e3aa4a5bb1ca2baea6 P cf206e99bad142c49de164024c4a6cda [term 1 FOLLOWER]: Starting leader election with config: opid_index: -1 OBSOLETE_local: false peers { permanent_uuid: "84705183b1df4864926aa6701aee182a" member_type: VOTER last_known_addr { host: "127.31.4.4" port: 43755 } } peers { permanent_uuid: "5cafeca7f73a4c3f8f96a2ed3fcd36a3" member_type: VOTER last_known_addr { host: "127.31.4.3" port: 35729 } } peers { permanent_uuid: "cf206e99bad142c49de164024c4a6cda" member_type: VOTER last_known_addr { host: "127.31.4.1" port: 44339 } }
I20260601 13:41:17.247359  2618 leader_election.cc:290] T bad36009331f42e3aa4a5bb1ca2baea6 P cf206e99bad142c49de164024c4a6cda [CANDIDATE]: Term 1 election: Requested vote from peers 84705183b1df4864926aa6701aee182a (127.31.4.4:43755), 5cafeca7f73a4c3f8f96a2ed3fcd36a3 (127.31.4.3:35729)
I20260601 13:41:17.247694  2408 tablet_service.cc:1917] Received RequestConsensusVote() RPC: tablet_id: "bad36009331f42e3aa4a5bb1ca2baea6" candidate_uuid: "cf206e99bad142c49de164024c4a6cda" candidate_term: 1 candidate_status { last_received { term: 0 index: 0 } } ignore_live_leader: false dest_uuid: "5cafeca7f73a4c3f8f96a2ed3fcd36a3"
I20260601 13:41:17.247694  2547 tablet_service.cc:1917] Received RequestConsensusVote() RPC: tablet_id: "bad36009331f42e3aa4a5bb1ca2baea6" candidate_uuid: "cf206e99bad142c49de164024c4a6cda" candidate_term: 1 candidate_status { last_received { term: 0 index: 0 } } ignore_live_leader: false dest_uuid: "84705183b1df4864926aa6701aee182a"
I20260601 13:41:17.247838  2408 raft_consensus.cc:3060] T bad36009331f42e3aa4a5bb1ca2baea6 P 5cafeca7f73a4c3f8f96a2ed3fcd36a3 [term 0 FOLLOWER]: Advancing to term 1
I20260601 13:41:17.247867  2547 raft_consensus.cc:3060] T bad36009331f42e3aa4a5bb1ca2baea6 P 84705183b1df4864926aa6701aee182a [term 0 FOLLOWER]: Advancing to term 1
I20260601 13:41:17.248608  2408 raft_consensus.cc:2468] T bad36009331f42e3aa4a5bb1ca2baea6 P 5cafeca7f73a4c3f8f96a2ed3fcd36a3 [term 1 FOLLOWER]: Leader election vote request: Granting yes vote for candidate cf206e99bad142c49de164024c4a6cda in term 1.
I20260601 13:41:17.248628  2547 raft_consensus.cc:2468] T bad36009331f42e3aa4a5bb1ca2baea6 P 84705183b1df4864926aa6701aee182a [term 1 FOLLOWER]: Leader election vote request: Granting yes vote for candidate cf206e99bad142c49de164024c4a6cda in term 1.
I20260601 13:41:17.248896  2224 leader_election.cc:304] T bad36009331f42e3aa4a5bb1ca2baea6 P cf206e99bad142c49de164024c4a6cda [CANDIDATE]: Term 1 election: Election decided. Result: candidate won. Election summary: received 2 responses out of 3 voters: 2 yes votes; 0 no votes. yes voters: 5cafeca7f73a4c3f8f96a2ed3fcd36a3, cf206e99bad142c49de164024c4a6cda; no voters: 
I20260601 13:41:17.249043  2618 raft_consensus.cc:2804] T bad36009331f42e3aa4a5bb1ca2baea6 P cf206e99bad142c49de164024c4a6cda [term 1 FOLLOWER]: Leader election won for term 1
I20260601 13:41:17.249138  2618 raft_consensus.cc:697] T bad36009331f42e3aa4a5bb1ca2baea6 P cf206e99bad142c49de164024c4a6cda [term 1 LEADER]: Becoming Leader. State: Replica: cf206e99bad142c49de164024c4a6cda, State: Running, Role: LEADER
I20260601 13:41:17.249284  2618 consensus_queue.cc:237] T bad36009331f42e3aa4a5bb1ca2baea6 P cf206e99bad142c49de164024c4a6cda [LEADER]: Queue going to LEADER mode. State: All replicated index: 0, Majority replicated index: 0, Committed index: 0, Last appended: 0.0, Last appended by leader: 0, Current term: 1, Majority size: 2, State: 0, Mode: LEADER, active raft config: opid_index: -1 OBSOLETE_local: false peers { permanent_uuid: "84705183b1df4864926aa6701aee182a" member_type: VOTER last_known_addr { host: "127.31.4.4" port: 43755 } } peers { permanent_uuid: "5cafeca7f73a4c3f8f96a2ed3fcd36a3" member_type: VOTER last_known_addr { host: "127.31.4.3" port: 35729 } } peers { permanent_uuid: "cf206e99bad142c49de164024c4a6cda" member_type: VOTER last_known_addr { host: "127.31.4.1" port: 44339 } }
I20260601 13:41:17.250794  2155 catalog_manager.cc:5696] T bad36009331f42e3aa4a5bb1ca2baea6 P cf206e99bad142c49de164024c4a6cda reported cstate change: term changed from 0 to 1, leader changed from <none> to cf206e99bad142c49de164024c4a6cda (127.31.4.1). New cstate: current_term: 1 leader_uuid: "cf206e99bad142c49de164024c4a6cda" committed_config { opid_index: -1 OBSOLETE_local: false peers { permanent_uuid: "84705183b1df4864926aa6701aee182a" member_type: VOTER last_known_addr { host: "127.31.4.4" port: 43755 } health_report { overall_health: UNKNOWN } } peers { permanent_uuid: "5cafeca7f73a4c3f8f96a2ed3fcd36a3" member_type: VOTER last_known_addr { host: "127.31.4.3" port: 35729 } health_report { overall_health: UNKNOWN } } peers { permanent_uuid: "cf206e99bad142c49de164024c4a6cda" member_type: VOTER last_known_addr { host: "127.31.4.1" port: 44339 } health_report { overall_health: HEALTHY } } }
I20260601 13:41:17.274123  2485 consensus_queue.cc:1048] T b6f425a5fbdd4fa2a044b51bd5ec426f P 5cafeca7f73a4c3f8f96a2ed3fcd36a3 [LEADER]: Connected to new peer: Peer: permanent_uuid: "cf206e99bad142c49de164024c4a6cda" member_type: VOTER last_known_addr { host: "127.31.4.1" port: 44339 }, Status: LMP_MISMATCH, Last received: 0.0, Next index: 1, Last known committed idx: 0, Time since last communication: 0.000s
I20260601 13:41:17.277377  2461 consensus_queue.cc:1048] T b6f425a5fbdd4fa2a044b51bd5ec426f P 5cafeca7f73a4c3f8f96a2ed3fcd36a3 [LEADER]: Connected to new peer: Peer: permanent_uuid: "6f086bc20b60424b880f8798cd45511f" member_type: VOTER last_known_addr { host: "127.31.4.2" port: 34923 }, Status: LMP_MISMATCH, Last received: 0.0, Next index: 1, Last known committed idx: 0, Time since last communication: 0.000s
I20260601 13:41:17.278904  2491 raft_consensus.cc:493] T 67de7eed5daa43fe8e592e573789bcb9 P 6f086bc20b60424b880f8798cd45511f [term 0 FOLLOWER]: Starting pre-election (no leader contacted us within the election timeout)
I20260601 13:41:17.279012  2491 raft_consensus.cc:515] T 67de7eed5daa43fe8e592e573789bcb9 P 6f086bc20b60424b880f8798cd45511f [term 0 FOLLOWER]: Starting pre-election with config: opid_index: -1 OBSOLETE_local: false peers { permanent_uuid: "84705183b1df4864926aa6701aee182a" member_type: VOTER last_known_addr { host: "127.31.4.4" port: 43755 } } peers { permanent_uuid: "6f086bc20b60424b880f8798cd45511f" member_type: VOTER last_known_addr { host: "127.31.4.2" port: 34923 } } peers { permanent_uuid: "cf206e99bad142c49de164024c4a6cda" member_type: VOTER last_known_addr { host: "127.31.4.1" port: 44339 } }
I20260601 13:41:17.279409  2491 leader_election.cc:290] T 67de7eed5daa43fe8e592e573789bcb9 P 6f086bc20b60424b880f8798cd45511f [CANDIDATE]: Term 1 pre-election: Requested pre-vote from peers 84705183b1df4864926aa6701aee182a (127.31.4.4:43755), cf206e99bad142c49de164024c4a6cda (127.31.4.1:44339)
I20260601 13:41:17.279685  2258 tablet_service.cc:1917] Received RequestConsensusVote() RPC: tablet_id: "67de7eed5daa43fe8e592e573789bcb9" candidate_uuid: "6f086bc20b60424b880f8798cd45511f" candidate_term: 1 candidate_status { last_received { term: 0 index: 0 } } ignore_live_leader: false dest_uuid: "cf206e99bad142c49de164024c4a6cda" is_pre_election: true
I20260601 13:41:17.279800  2547 tablet_service.cc:1917] Received RequestConsensusVote() RPC: tablet_id: "67de7eed5daa43fe8e592e573789bcb9" candidate_uuid: "6f086bc20b60424b880f8798cd45511f" candidate_term: 1 candidate_status { last_received { term: 0 index: 0 } } ignore_live_leader: false dest_uuid: "84705183b1df4864926aa6701aee182a" is_pre_election: true
I20260601 13:41:17.279909  2547 raft_consensus.cc:2468] T 67de7eed5daa43fe8e592e573789bcb9 P 84705183b1df4864926aa6701aee182a [term 0 FOLLOWER]: Leader pre-election vote request: Granting yes vote for candidate 6f086bc20b60424b880f8798cd45511f in term 0.
I20260601 13:41:17.279805  2258 raft_consensus.cc:2468] T 67de7eed5daa43fe8e592e573789bcb9 P cf206e99bad142c49de164024c4a6cda [term 0 FOLLOWER]: Leader pre-election vote request: Granting yes vote for candidate 6f086bc20b60424b880f8798cd45511f in term 0.
I20260601 13:41:17.280174  2298 leader_election.cc:304] T 67de7eed5daa43fe8e592e573789bcb9 P 6f086bc20b60424b880f8798cd45511f [CANDIDATE]: Term 1 pre-election: Election decided. Result: candidate won. Election summary: received 2 responses out of 3 voters: 2 yes votes; 0 no votes. yes voters: 6f086bc20b60424b880f8798cd45511f, 84705183b1df4864926aa6701aee182a; no voters: 
I20260601 13:41:17.280375  2491 raft_consensus.cc:2804] T 67de7eed5daa43fe8e592e573789bcb9 P 6f086bc20b60424b880f8798cd45511f [term 0 FOLLOWER]: Leader pre-election won for term 1
I20260601 13:41:17.280464  2491 raft_consensus.cc:493] T 67de7eed5daa43fe8e592e573789bcb9 P 6f086bc20b60424b880f8798cd45511f [term 0 FOLLOWER]: Starting leader election (no leader contacted us within the election timeout)
I20260601 13:41:17.280506  2491 raft_consensus.cc:3060] T 67de7eed5daa43fe8e592e573789bcb9 P 6f086bc20b60424b880f8798cd45511f [term 0 FOLLOWER]: Advancing to term 1
I20260601 13:41:17.281541  2491 raft_consensus.cc:515] T 67de7eed5daa43fe8e592e573789bcb9 P 6f086bc20b60424b880f8798cd45511f [term 1 FOLLOWER]: Starting leader election with config: opid_index: -1 OBSOLETE_local: false peers { permanent_uuid: "84705183b1df4864926aa6701aee182a" member_type: VOTER last_known_addr { host: "127.31.4.4" port: 43755 } } peers { permanent_uuid: "6f086bc20b60424b880f8798cd45511f" member_type: VOTER last_known_addr { host: "127.31.4.2" port: 34923 } } peers { permanent_uuid: "cf206e99bad142c49de164024c4a6cda" member_type: VOTER last_known_addr { host: "127.31.4.1" port: 44339 } }
I20260601 13:41:17.281867  2491 leader_election.cc:290] T 67de7eed5daa43fe8e592e573789bcb9 P 6f086bc20b60424b880f8798cd45511f [CANDIDATE]: Term 1 election: Requested vote from peers 84705183b1df4864926aa6701aee182a (127.31.4.4:43755), cf206e99bad142c49de164024c4a6cda (127.31.4.1:44339)
I20260601 13:41:17.282162  2258 tablet_service.cc:1917] Received RequestConsensusVote() RPC: tablet_id: "67de7eed5daa43fe8e592e573789bcb9" candidate_uuid: "6f086bc20b60424b880f8798cd45511f" candidate_term: 1 candidate_status { last_received { term: 0 index: 0 } } ignore_live_leader: false dest_uuid: "cf206e99bad142c49de164024c4a6cda"
I20260601 13:41:17.282245  2258 raft_consensus.cc:3060] T 67de7eed5daa43fe8e592e573789bcb9 P cf206e99bad142c49de164024c4a6cda [term 0 FOLLOWER]: Advancing to term 1
I20260601 13:41:17.282929  2258 raft_consensus.cc:2468] T 67de7eed5daa43fe8e592e573789bcb9 P cf206e99bad142c49de164024c4a6cda [term 1 FOLLOWER]: Leader election vote request: Granting yes vote for candidate 6f086bc20b60424b880f8798cd45511f in term 1.
I20260601 13:41:17.283162  2547 tablet_service.cc:1917] Received RequestConsensusVote() RPC: tablet_id: "67de7eed5daa43fe8e592e573789bcb9" candidate_uuid: "6f086bc20b60424b880f8798cd45511f" candidate_term: 1 candidate_status { last_received { term: 0 index: 0 } } ignore_live_leader: false dest_uuid: "84705183b1df4864926aa6701aee182a"
I20260601 13:41:17.283214  2299 leader_election.cc:304] T 67de7eed5daa43fe8e592e573789bcb9 P 6f086bc20b60424b880f8798cd45511f [CANDIDATE]: Term 1 election: Election decided. Result: candidate won. Election summary: received 2 responses out of 3 voters: 2 yes votes; 0 no votes. yes voters: 6f086bc20b60424b880f8798cd45511f, cf206e99bad142c49de164024c4a6cda; no voters: 
I20260601 13:41:17.283298  2547 raft_consensus.cc:3060] T 67de7eed5daa43fe8e592e573789bcb9 P 84705183b1df4864926aa6701aee182a [term 0 FOLLOWER]: Advancing to term 1
I20260601 13:41:17.283382  2491 raft_consensus.cc:2804] T 67de7eed5daa43fe8e592e573789bcb9 P 6f086bc20b60424b880f8798cd45511f [term 1 FOLLOWER]: Leader election won for term 1
I20260601 13:41:17.283466  2491 raft_consensus.cc:697] T 67de7eed5daa43fe8e592e573789bcb9 P 6f086bc20b60424b880f8798cd45511f [term 1 LEADER]: Becoming Leader. State: Replica: 6f086bc20b60424b880f8798cd45511f, State: Running, Role: LEADER
I20260601 13:41:17.283581  2491 consensus_queue.cc:237] T 67de7eed5daa43fe8e592e573789bcb9 P 6f086bc20b60424b880f8798cd45511f [LEADER]: Queue going to LEADER mode. State: All replicated index: 0, Majority replicated index: 0, Committed index: 0, Last appended: 0.0, Last appended by leader: 0, Current term: 1, Majority size: 2, State: 0, Mode: LEADER, active raft config: opid_index: -1 OBSOLETE_local: false peers { permanent_uuid: "84705183b1df4864926aa6701aee182a" member_type: VOTER last_known_addr { host: "127.31.4.4" port: 43755 } } peers { permanent_uuid: "6f086bc20b60424b880f8798cd45511f" member_type: VOTER last_known_addr { host: "127.31.4.2" port: 34923 } } peers { permanent_uuid: "cf206e99bad142c49de164024c4a6cda" member_type: VOTER last_known_addr { host: "127.31.4.1" port: 44339 } }
I20260601 13:41:17.284165  2547 raft_consensus.cc:2468] T 67de7eed5daa43fe8e592e573789bcb9 P 84705183b1df4864926aa6701aee182a [term 1 FOLLOWER]: Leader election vote request: Granting yes vote for candidate 6f086bc20b60424b880f8798cd45511f in term 1.
I20260601 13:41:17.285058  2153 catalog_manager.cc:5696] T 67de7eed5daa43fe8e592e573789bcb9 P 6f086bc20b60424b880f8798cd45511f reported cstate change: term changed from 0 to 1, leader changed from <none> to 6f086bc20b60424b880f8798cd45511f (127.31.4.2). New cstate: current_term: 1 leader_uuid: "6f086bc20b60424b880f8798cd45511f" committed_config { opid_index: -1 OBSOLETE_local: false peers { permanent_uuid: "84705183b1df4864926aa6701aee182a" member_type: VOTER last_known_addr { host: "127.31.4.4" port: 43755 } health_report { overall_health: UNKNOWN } } peers { permanent_uuid: "6f086bc20b60424b880f8798cd45511f" member_type: VOTER last_known_addr { host: "127.31.4.2" port: 34923 } health_report { overall_health: HEALTHY } } peers { permanent_uuid: "cf206e99bad142c49de164024c4a6cda" member_type: VOTER last_known_addr { host: "127.31.4.1" port: 44339 } health_report { overall_health: UNKNOWN } } }
I20260601 13:41:17.309752  2618 consensus_queue.cc:1048] T fcda85eca34f4adead415f4bb0b22e0e P cf206e99bad142c49de164024c4a6cda [LEADER]: Connected to new peer: Peer: permanent_uuid: "6f086bc20b60424b880f8798cd45511f" member_type: VOTER last_known_addr { host: "127.31.4.2" port: 34923 }, Status: LMP_MISMATCH, Last received: 0.0, Next index: 1, Last known committed idx: 0, Time since last communication: 0.000s
I20260601 13:41:17.312891  2466 consensus_queue.cc:1048] T fcda85eca34f4adead415f4bb0b22e0e P cf206e99bad142c49de164024c4a6cda [LEADER]: Connected to new peer: Peer: permanent_uuid: "5cafeca7f73a4c3f8f96a2ed3fcd36a3" member_type: VOTER last_known_addr { host: "127.31.4.3" port: 35729 }, Status: LMP_MISMATCH, Last received: 0.0, Next index: 1, Last known committed idx: 0, Time since last communication: 0.000s
I20260601 13:41:17.337846  2491 raft_consensus.cc:493] T 2bcff9a9d6db42dfab1e9d0b39dea954 P 6f086bc20b60424b880f8798cd45511f [term 0 FOLLOWER]: Starting pre-election (no leader contacted us within the election timeout)
I20260601 13:41:17.338025  2491 raft_consensus.cc:515] T 2bcff9a9d6db42dfab1e9d0b39dea954 P 6f086bc20b60424b880f8798cd45511f [term 0 FOLLOWER]: Starting pre-election with config: opid_index: -1 OBSOLETE_local: false peers { permanent_uuid: "6f086bc20b60424b880f8798cd45511f" member_type: VOTER last_known_addr { host: "127.31.4.2" port: 34923 } } peers { permanent_uuid: "84705183b1df4864926aa6701aee182a" member_type: VOTER last_known_addr { host: "127.31.4.4" port: 43755 } } peers { permanent_uuid: "cf206e99bad142c49de164024c4a6cda" member_type: VOTER last_known_addr { host: "127.31.4.1" port: 44339 } }
I20260601 13:41:17.338557  2491 leader_election.cc:290] T 2bcff9a9d6db42dfab1e9d0b39dea954 P 6f086bc20b60424b880f8798cd45511f [CANDIDATE]: Term 1 pre-election: Requested pre-vote from peers 84705183b1df4864926aa6701aee182a (127.31.4.4:43755), cf206e99bad142c49de164024c4a6cda (127.31.4.1:44339)
I20260601 13:41:17.338975  2547 tablet_service.cc:1917] Received RequestConsensusVote() RPC: tablet_id: "2bcff9a9d6db42dfab1e9d0b39dea954" candidate_uuid: "6f086bc20b60424b880f8798cd45511f" candidate_term: 1 candidate_status { last_received { term: 0 index: 0 } } ignore_live_leader: false dest_uuid: "84705183b1df4864926aa6701aee182a" is_pre_election: true
I20260601 13:41:17.338971  2258 tablet_service.cc:1917] Received RequestConsensusVote() RPC: tablet_id: "2bcff9a9d6db42dfab1e9d0b39dea954" candidate_uuid: "6f086bc20b60424b880f8798cd45511f" candidate_term: 1 candidate_status { last_received { term: 0 index: 0 } } ignore_live_leader: false dest_uuid: "cf206e99bad142c49de164024c4a6cda" is_pre_election: true
I20260601 13:41:17.339108  2547 raft_consensus.cc:2468] T 2bcff9a9d6db42dfab1e9d0b39dea954 P 84705183b1df4864926aa6701aee182a [term 0 FOLLOWER]: Leader pre-election vote request: Granting yes vote for candidate 6f086bc20b60424b880f8798cd45511f in term 0.
I20260601 13:41:17.339164  2258 raft_consensus.cc:2468] T 2bcff9a9d6db42dfab1e9d0b39dea954 P cf206e99bad142c49de164024c4a6cda [term 0 FOLLOWER]: Leader pre-election vote request: Granting yes vote for candidate 6f086bc20b60424b880f8798cd45511f in term 0.
I20260601 13:41:17.339424  2298 leader_election.cc:304] T 2bcff9a9d6db42dfab1e9d0b39dea954 P 6f086bc20b60424b880f8798cd45511f [CANDIDATE]: Term 1 pre-election: Election decided. Result: candidate won. Election summary: received 2 responses out of 3 voters: 2 yes votes; 0 no votes. yes voters: 6f086bc20b60424b880f8798cd45511f, 84705183b1df4864926aa6701aee182a; no voters: 
I20260601 13:41:17.339615  2491 raft_consensus.cc:2804] T 2bcff9a9d6db42dfab1e9d0b39dea954 P 6f086bc20b60424b880f8798cd45511f [term 0 FOLLOWER]: Leader pre-election won for term 1
I20260601 13:41:17.339677  2491 raft_consensus.cc:493] T 2bcff9a9d6db42dfab1e9d0b39dea954 P 6f086bc20b60424b880f8798cd45511f [term 0 FOLLOWER]: Starting leader election (no leader contacted us within the election timeout)
I20260601 13:41:17.339751  2491 raft_consensus.cc:3060] T 2bcff9a9d6db42dfab1e9d0b39dea954 P 6f086bc20b60424b880f8798cd45511f [term 0 FOLLOWER]: Advancing to term 1
I20260601 13:41:17.340584  2491 raft_consensus.cc:515] T 2bcff9a9d6db42dfab1e9d0b39dea954 P 6f086bc20b60424b880f8798cd45511f [term 1 FOLLOWER]: Starting leader election with config: opid_index: -1 OBSOLETE_local: false peers { permanent_uuid: "6f086bc20b60424b880f8798cd45511f" member_type: VOTER last_known_addr { host: "127.31.4.2" port: 34923 } } peers { permanent_uuid: "84705183b1df4864926aa6701aee182a" member_type: VOTER last_known_addr { host: "127.31.4.4" port: 43755 } } peers { permanent_uuid: "cf206e99bad142c49de164024c4a6cda" member_type: VOTER last_known_addr { host: "127.31.4.1" port: 44339 } }
I20260601 13:41:17.340956  2491 leader_election.cc:290] T 2bcff9a9d6db42dfab1e9d0b39dea954 P 6f086bc20b60424b880f8798cd45511f [CANDIDATE]: Term 1 election: Requested vote from peers 84705183b1df4864926aa6701aee182a (127.31.4.4:43755), cf206e99bad142c49de164024c4a6cda (127.31.4.1:44339)
I20260601 13:41:17.341177  2547 tablet_service.cc:1917] Received RequestConsensusVote() RPC: tablet_id: "2bcff9a9d6db42dfab1e9d0b39dea954" candidate_uuid: "6f086bc20b60424b880f8798cd45511f" candidate_term: 1 candidate_status { last_received { term: 0 index: 0 } } ignore_live_leader: false dest_uuid: "84705183b1df4864926aa6701aee182a"
I20260601 13:41:17.341256  2258 tablet_service.cc:1917] Received RequestConsensusVote() RPC: tablet_id: "2bcff9a9d6db42dfab1e9d0b39dea954" candidate_uuid: "6f086bc20b60424b880f8798cd45511f" candidate_term: 1 candidate_status { last_received { term: 0 index: 0 } } ignore_live_leader: false dest_uuid: "cf206e99bad142c49de164024c4a6cda"
I20260601 13:41:17.341298  2547 raft_consensus.cc:3060] T 2bcff9a9d6db42dfab1e9d0b39dea954 P 84705183b1df4864926aa6701aee182a [term 0 FOLLOWER]: Advancing to term 1
I20260601 13:41:17.341418  2258 raft_consensus.cc:3060] T 2bcff9a9d6db42dfab1e9d0b39dea954 P cf206e99bad142c49de164024c4a6cda [term 0 FOLLOWER]: Advancing to term 1
I20260601 13:41:17.342298  2209 auto_leader_rebalancer.cc:140] leader rebalance for table range_aware_rebalance_new_range
I20260601 13:41:17.342329  2547 raft_consensus.cc:2468] T 2bcff9a9d6db42dfab1e9d0b39dea954 P 84705183b1df4864926aa6701aee182a [term 1 FOLLOWER]: Leader election vote request: Granting yes vote for candidate 6f086bc20b60424b880f8798cd45511f in term 1.
I20260601 13:41:17.342415  2258 raft_consensus.cc:2468] T 2bcff9a9d6db42dfab1e9d0b39dea954 P cf206e99bad142c49de164024c4a6cda [term 1 FOLLOWER]: Leader election vote request: Granting yes vote for candidate 6f086bc20b60424b880f8798cd45511f in term 1.
W20260601 13:41:17.342564  2204 auto_rebalancer.cc:259] Could not retrieve cluster info: Service unavailable: Tablet not running
W20260601 13:41:17.342689  2209 auto_leader_rebalancer.cc:459] the master instance isn't leader: Service unavailable: Tablet not running
I20260601 13:41:17.342718  2299 leader_election.cc:304] T 2bcff9a9d6db42dfab1e9d0b39dea954 P 6f086bc20b60424b880f8798cd45511f [CANDIDATE]: Term 1 election: Election decided. Result: candidate won. Election summary: received 2 responses out of 3 voters: 2 yes votes; 0 no votes. yes voters: 6f086bc20b60424b880f8798cd45511f, cf206e99bad142c49de164024c4a6cda; no voters: 
I20260601 13:41:17.342887  2491 raft_consensus.cc:2804] T 2bcff9a9d6db42dfab1e9d0b39dea954 P 6f086bc20b60424b880f8798cd45511f [term 1 FOLLOWER]: Leader election won for term 1
I20260601 13:41:17.342988  2491 raft_consensus.cc:697] T 2bcff9a9d6db42dfab1e9d0b39dea954 P 6f086bc20b60424b880f8798cd45511f [term 1 LEADER]: Becoming Leader. State: Replica: 6f086bc20b60424b880f8798cd45511f, State: Running, Role: LEADER
I20260601 13:41:17.343113  2491 consensus_queue.cc:237] T 2bcff9a9d6db42dfab1e9d0b39dea954 P 6f086bc20b60424b880f8798cd45511f [LEADER]: Queue going to LEADER mode. State: All replicated index: 0, Majority replicated index: 0, Committed index: 0, Last appended: 0.0, Last appended by leader: 0, Current term: 1, Majority size: 2, State: 0, Mode: LEADER, active raft config: opid_index: -1 OBSOLETE_local: false peers { permanent_uuid: "6f086bc20b60424b880f8798cd45511f" member_type: VOTER last_known_addr { host: "127.31.4.2" port: 34923 } } peers { permanent_uuid: "84705183b1df4864926aa6701aee182a" member_type: VOTER last_known_addr { host: "127.31.4.4" port: 43755 } } peers { permanent_uuid: "cf206e99bad142c49de164024c4a6cda" member_type: VOTER last_known_addr { host: "127.31.4.1" port: 44339 } }
I20260601 13:41:17.344570  2155 catalog_manager.cc:5696] T 2bcff9a9d6db42dfab1e9d0b39dea954 P 6f086bc20b60424b880f8798cd45511f reported cstate change: term changed from 0 to 1, leader changed from <none> to 6f086bc20b60424b880f8798cd45511f (127.31.4.2). New cstate: current_term: 1 leader_uuid: "6f086bc20b60424b880f8798cd45511f" committed_config { opid_index: -1 OBSOLETE_local: false peers { permanent_uuid: "6f086bc20b60424b880f8798cd45511f" member_type: VOTER last_known_addr { host: "127.31.4.2" port: 34923 } health_report { overall_health: HEALTHY } } peers { permanent_uuid: "84705183b1df4864926aa6701aee182a" member_type: VOTER last_known_addr { host: "127.31.4.4" port: 43755 } health_report { overall_health: UNKNOWN } } peers { permanent_uuid: "cf206e99bad142c49de164024c4a6cda" member_type: VOTER last_known_addr { host: "127.31.4.1" port: 44339 } health_report { overall_health: UNKNOWN } } }
I20260601 13:41:17.363152  2497 consensus_queue.cc:1048] T dba06c21754043ed87d2d085c632e236 P cf206e99bad142c49de164024c4a6cda [LEADER]: Connected to new peer: Peer: permanent_uuid: "6f086bc20b60424b880f8798cd45511f" member_type: VOTER last_known_addr { host: "127.31.4.2" port: 34923 }, Status: LMP_MISMATCH, Last received: 0.0, Next index: 1, Last known committed idx: 0, Time since last communication: 0.000s
I20260601 13:41:17.366711  2618 consensus_queue.cc:1048] T dba06c21754043ed87d2d085c632e236 P cf206e99bad142c49de164024c4a6cda [LEADER]: Connected to new peer: Peer: permanent_uuid: "5cafeca7f73a4c3f8f96a2ed3fcd36a3" member_type: VOTER last_known_addr { host: "127.31.4.3" port: 35729 }, Status: LMP_MISMATCH, Last received: 0.0, Next index: 1, Last known committed idx: 0, Time since last communication: 0.000s
I20260601 13:41:17.506946  2618 raft_consensus.cc:493] T 0885deb888f84c97aa9dc0ebdeaef5df P cf206e99bad142c49de164024c4a6cda [term 0 FOLLOWER]: Starting pre-election (no leader contacted us within the election timeout)
I20260601 13:41:17.507107  2618 raft_consensus.cc:515] T 0885deb888f84c97aa9dc0ebdeaef5df P cf206e99bad142c49de164024c4a6cda [term 0 FOLLOWER]: Starting pre-election with config: opid_index: -1 OBSOLETE_local: false peers { permanent_uuid: "5cafeca7f73a4c3f8f96a2ed3fcd36a3" member_type: VOTER last_known_addr { host: "127.31.4.3" port: 35729 } } peers { permanent_uuid: "84705183b1df4864926aa6701aee182a" member_type: VOTER last_known_addr { host: "127.31.4.4" port: 43755 } } peers { permanent_uuid: "cf206e99bad142c49de164024c4a6cda" member_type: VOTER last_known_addr { host: "127.31.4.1" port: 44339 } }
I20260601 13:41:17.507638  2618 leader_election.cc:290] T 0885deb888f84c97aa9dc0ebdeaef5df P cf206e99bad142c49de164024c4a6cda [CANDIDATE]: Term 1 pre-election: Requested pre-vote from peers 5cafeca7f73a4c3f8f96a2ed3fcd36a3 (127.31.4.3:35729), 84705183b1df4864926aa6701aee182a (127.31.4.4:43755)
I20260601 13:41:17.508080  2547 tablet_service.cc:1917] Received RequestConsensusVote() RPC: tablet_id: "0885deb888f84c97aa9dc0ebdeaef5df" candidate_uuid: "cf206e99bad142c49de164024c4a6cda" candidate_term: 1 candidate_status { last_received { term: 0 index: 0 } } ignore_live_leader: false dest_uuid: "84705183b1df4864926aa6701aee182a" is_pre_election: true
I20260601 13:41:17.508083  2408 tablet_service.cc:1917] Received RequestConsensusVote() RPC: tablet_id: "0885deb888f84c97aa9dc0ebdeaef5df" candidate_uuid: "cf206e99bad142c49de164024c4a6cda" candidate_term: 1 candidate_status { last_received { term: 0 index: 0 } } ignore_live_leader: false dest_uuid: "5cafeca7f73a4c3f8f96a2ed3fcd36a3" is_pre_election: true
I20260601 13:41:17.508240  2547 raft_consensus.cc:2468] T 0885deb888f84c97aa9dc0ebdeaef5df P 84705183b1df4864926aa6701aee182a [term 0 FOLLOWER]: Leader pre-election vote request: Granting yes vote for candidate cf206e99bad142c49de164024c4a6cda in term 0.
I20260601 13:41:17.508270  2408 raft_consensus.cc:2468] T 0885deb888f84c97aa9dc0ebdeaef5df P 5cafeca7f73a4c3f8f96a2ed3fcd36a3 [term 0 FOLLOWER]: Leader pre-election vote request: Granting yes vote for candidate cf206e99bad142c49de164024c4a6cda in term 0.
I20260601 13:41:17.508543  2222 leader_election.cc:304] T 0885deb888f84c97aa9dc0ebdeaef5df P cf206e99bad142c49de164024c4a6cda [CANDIDATE]: Term 1 pre-election: Election decided. Result: candidate won. Election summary: received 2 responses out of 3 voters: 2 yes votes; 0 no votes. yes voters: 84705183b1df4864926aa6701aee182a, cf206e99bad142c49de164024c4a6cda; no voters: 
I20260601 13:41:17.508708  2618 raft_consensus.cc:2804] T 0885deb888f84c97aa9dc0ebdeaef5df P cf206e99bad142c49de164024c4a6cda [term 0 FOLLOWER]: Leader pre-election won for term 1
I20260601 13:41:17.508780  2618 raft_consensus.cc:493] T 0885deb888f84c97aa9dc0ebdeaef5df P cf206e99bad142c49de164024c4a6cda [term 0 FOLLOWER]: Starting leader election (no leader contacted us within the election timeout)
I20260601 13:41:17.508850  2618 raft_consensus.cc:3060] T 0885deb888f84c97aa9dc0ebdeaef5df P cf206e99bad142c49de164024c4a6cda [term 0 FOLLOWER]: Advancing to term 1
I20260601 13:41:17.509687  2618 raft_consensus.cc:515] T 0885deb888f84c97aa9dc0ebdeaef5df P cf206e99bad142c49de164024c4a6cda [term 1 FOLLOWER]: Starting leader election with config: opid_index: -1 OBSOLETE_local: false peers { permanent_uuid: "5cafeca7f73a4c3f8f96a2ed3fcd36a3" member_type: VOTER last_known_addr { host: "127.31.4.3" port: 35729 } } peers { permanent_uuid: "84705183b1df4864926aa6701aee182a" member_type: VOTER last_known_addr { host: "127.31.4.4" port: 43755 } } peers { permanent_uuid: "cf206e99bad142c49de164024c4a6cda" member_type: VOTER last_known_addr { host: "127.31.4.1" port: 44339 } }
I20260601 13:41:17.510054  2618 leader_election.cc:290] T 0885deb888f84c97aa9dc0ebdeaef5df P cf206e99bad142c49de164024c4a6cda [CANDIDATE]: Term 1 election: Requested vote from peers 5cafeca7f73a4c3f8f96a2ed3fcd36a3 (127.31.4.3:35729), 84705183b1df4864926aa6701aee182a (127.31.4.4:43755)
I20260601 13:41:17.510340  2547 tablet_service.cc:1917] Received RequestConsensusVote() RPC: tablet_id: "0885deb888f84c97aa9dc0ebdeaef5df" candidate_uuid: "cf206e99bad142c49de164024c4a6cda" candidate_term: 1 candidate_status { last_received { term: 0 index: 0 } } ignore_live_leader: false dest_uuid: "84705183b1df4864926aa6701aee182a"
I20260601 13:41:17.510336  2408 tablet_service.cc:1917] Received RequestConsensusVote() RPC: tablet_id: "0885deb888f84c97aa9dc0ebdeaef5df" candidate_uuid: "cf206e99bad142c49de164024c4a6cda" candidate_term: 1 candidate_status { last_received { term: 0 index: 0 } } ignore_live_leader: false dest_uuid: "5cafeca7f73a4c3f8f96a2ed3fcd36a3"
I20260601 13:41:17.510486  2547 raft_consensus.cc:3060] T 0885deb888f84c97aa9dc0ebdeaef5df P 84705183b1df4864926aa6701aee182a [term 0 FOLLOWER]: Advancing to term 1
I20260601 13:41:17.510510  2408 raft_consensus.cc:3060] T 0885deb888f84c97aa9dc0ebdeaef5df P 5cafeca7f73a4c3f8f96a2ed3fcd36a3 [term 0 FOLLOWER]: Advancing to term 1
I20260601 13:41:17.511174  2547 raft_consensus.cc:2468] T 0885deb888f84c97aa9dc0ebdeaef5df P 84705183b1df4864926aa6701aee182a [term 1 FOLLOWER]: Leader election vote request: Granting yes vote for candidate cf206e99bad142c49de164024c4a6cda in term 1.
I20260601 13:41:17.511261  2408 raft_consensus.cc:2468] T 0885deb888f84c97aa9dc0ebdeaef5df P 5cafeca7f73a4c3f8f96a2ed3fcd36a3 [term 1 FOLLOWER]: Leader election vote request: Granting yes vote for candidate cf206e99bad142c49de164024c4a6cda in term 1.
I20260601 13:41:17.511454  2222 leader_election.cc:304] T 0885deb888f84c97aa9dc0ebdeaef5df P cf206e99bad142c49de164024c4a6cda [CANDIDATE]: Term 1 election: Election decided. Result: candidate won. Election summary: received 2 responses out of 3 voters: 2 yes votes; 0 no votes. yes voters: 84705183b1df4864926aa6701aee182a, cf206e99bad142c49de164024c4a6cda; no voters: 
I20260601 13:41:17.511617  2618 raft_consensus.cc:2804] T 0885deb888f84c97aa9dc0ebdeaef5df P cf206e99bad142c49de164024c4a6cda [term 1 FOLLOWER]: Leader election won for term 1
I20260601 13:41:17.511701  2618 raft_consensus.cc:697] T 0885deb888f84c97aa9dc0ebdeaef5df P cf206e99bad142c49de164024c4a6cda [term 1 LEADER]: Becoming Leader. State: Replica: cf206e99bad142c49de164024c4a6cda, State: Running, Role: LEADER
I20260601 13:41:17.511844  2618 consensus_queue.cc:237] T 0885deb888f84c97aa9dc0ebdeaef5df P cf206e99bad142c49de164024c4a6cda [LEADER]: Queue going to LEADER mode. State: All replicated index: 0, Majority replicated index: 0, Committed index: 0, Last appended: 0.0, Last appended by leader: 0, Current term: 1, Majority size: 2, State: 0, Mode: LEADER, active raft config: opid_index: -1 OBSOLETE_local: false peers { permanent_uuid: "5cafeca7f73a4c3f8f96a2ed3fcd36a3" member_type: VOTER last_known_addr { host: "127.31.4.3" port: 35729 } } peers { permanent_uuid: "84705183b1df4864926aa6701aee182a" member_type: VOTER last_known_addr { host: "127.31.4.4" port: 43755 } } peers { permanent_uuid: "cf206e99bad142c49de164024c4a6cda" member_type: VOTER last_known_addr { host: "127.31.4.1" port: 44339 } }
I20260601 13:41:17.513522  2153 catalog_manager.cc:5696] T 0885deb888f84c97aa9dc0ebdeaef5df P cf206e99bad142c49de164024c4a6cda reported cstate change: term changed from 0 to 1, leader changed from <none> to cf206e99bad142c49de164024c4a6cda (127.31.4.1). New cstate: current_term: 1 leader_uuid: "cf206e99bad142c49de164024c4a6cda" committed_config { opid_index: -1 OBSOLETE_local: false peers { permanent_uuid: "5cafeca7f73a4c3f8f96a2ed3fcd36a3" member_type: VOTER last_known_addr { host: "127.31.4.3" port: 35729 } health_report { overall_health: UNKNOWN } } peers { permanent_uuid: "84705183b1df4864926aa6701aee182a" member_type: VOTER last_known_addr { host: "127.31.4.4" port: 43755 } health_report { overall_health: UNKNOWN } } peers { permanent_uuid: "cf206e99bad142c49de164024c4a6cda" member_type: VOTER last_known_addr { host: "127.31.4.1" port: 44339 } health_report { overall_health: HEALTHY } } }
I20260601 13:41:17.571906  2618 consensus_queue.cc:1048] T 17fb2abc5fc04d1db1f489e643d609b9 P cf206e99bad142c49de164024c4a6cda [LEADER]: Connected to new peer: Peer: permanent_uuid: "84705183b1df4864926aa6701aee182a" member_type: VOTER last_known_addr { host: "127.31.4.4" port: 43755 }, Status: LMP_MISMATCH, Last received: 0.0, Next index: 1, Last known committed idx: 0, Time since last communication: 0.000s
I20260601 13:41:17.575289  2497 consensus_queue.cc:1048] T 17fb2abc5fc04d1db1f489e643d609b9 P cf206e99bad142c49de164024c4a6cda [LEADER]: Connected to new peer: Peer: permanent_uuid: "5cafeca7f73a4c3f8f96a2ed3fcd36a3" member_type: VOTER last_known_addr { host: "127.31.4.3" port: 35729 }, Status: LMP_MISMATCH, Last received: 0.0, Next index: 1, Last known committed idx: 0, Time since last communication: 0.000s
I20260601 13:41:17.611632  2607 consensus_queue.cc:1048] T 772df8f96bbd4ab084d2a2f3b28d94f4 P 84705183b1df4864926aa6701aee182a [LEADER]: Connected to new peer: Peer: permanent_uuid: "cf206e99bad142c49de164024c4a6cda" member_type: VOTER last_known_addr { host: "127.31.4.1" port: 44339 }, Status: LMP_MISMATCH, Last received: 0.0, Next index: 1, Last known committed idx: 0, Time since last communication: 0.000s
I20260601 13:41:17.614957  2607 consensus_queue.cc:1048] T 772df8f96bbd4ab084d2a2f3b28d94f4 P 84705183b1df4864926aa6701aee182a [LEADER]: Connected to new peer: Peer: permanent_uuid: "6f086bc20b60424b880f8798cd45511f" member_type: VOTER last_known_addr { host: "127.31.4.2" port: 34923 }, Status: LMP_MISMATCH, Last received: 0.0, Next index: 1, Last known committed idx: 0, Time since last communication: 0.000s
I20260601 13:41:17.652787  2497 consensus_queue.cc:1048] T bad36009331f42e3aa4a5bb1ca2baea6 P cf206e99bad142c49de164024c4a6cda [LEADER]: Connected to new peer: Peer: permanent_uuid: "5cafeca7f73a4c3f8f96a2ed3fcd36a3" member_type: VOTER last_known_addr { host: "127.31.4.3" port: 35729 }, Status: LMP_MISMATCH, Last received: 0.0, Next index: 1, Last known committed idx: 0, Time since last communication: 0.000s
I20260601 13:41:17.655758  2618 consensus_queue.cc:1048] T bad36009331f42e3aa4a5bb1ca2baea6 P cf206e99bad142c49de164024c4a6cda [LEADER]: Connected to new peer: Peer: permanent_uuid: "84705183b1df4864926aa6701aee182a" member_type: VOTER last_known_addr { host: "127.31.4.4" port: 43755 }, Status: LMP_MISMATCH, Last received: 0.0, Next index: 1, Last known committed idx: 0, Time since last communication: 0.000s
I20260601 13:41:17.662897  2485 consensus_queue.cc:1048] T 0fb20772d46c4e748ce752c7f2f3355a P 5cafeca7f73a4c3f8f96a2ed3fcd36a3 [LEADER]: Connected to new peer: Peer: permanent_uuid: "6f086bc20b60424b880f8798cd45511f" member_type: VOTER last_known_addr { host: "127.31.4.2" port: 34923 }, Status: LMP_MISMATCH, Last received: 0.0, Next index: 1, Last known committed idx: 0, Time since last communication: 0.000s
I20260601 13:41:17.666138  2461 consensus_queue.cc:1048] T 0fb20772d46c4e748ce752c7f2f3355a P 5cafeca7f73a4c3f8f96a2ed3fcd36a3 [LEADER]: Connected to new peer: Peer: permanent_uuid: "84705183b1df4864926aa6701aee182a" member_type: VOTER last_known_addr { host: "127.31.4.4" port: 43755 }, Status: LMP_MISMATCH, Last received: 0.0, Next index: 1, Last known committed idx: 0, Time since last communication: 0.000s
I20260601 13:41:17.706020  2644 consensus_queue.cc:1048] T 11fd0bdb3b9247e99073a1a5ffaedf76 P 84705183b1df4864926aa6701aee182a [LEADER]: Connected to new peer: Peer: permanent_uuid: "6f086bc20b60424b880f8798cd45511f" member_type: VOTER last_known_addr { host: "127.31.4.2" port: 34923 }, Status: LMP_MISMATCH, Last received: 0.0, Next index: 1, Last known committed idx: 0, Time since last communication: 0.000s
I20260601 13:41:17.708794  2408 raft_consensus.cc:3060] T 11fd0bdb3b9247e99073a1a5ffaedf76 P 5cafeca7f73a4c3f8f96a2ed3fcd36a3 [term 0 FOLLOWER]: Advancing to term 1
I20260601 13:41:17.710232  2644 consensus_queue.cc:1048] T 11fd0bdb3b9247e99073a1a5ffaedf76 P 84705183b1df4864926aa6701aee182a [LEADER]: Connected to new peer: Peer: permanent_uuid: "5cafeca7f73a4c3f8f96a2ed3fcd36a3" member_type: VOTER last_known_addr { host: "127.31.4.3" port: 35729 }, Status: LMP_MISMATCH, Last received: 0.0, Next index: 1, Last known committed idx: 0, Time since last communication: 0.000s
