I20260601 13:40:31.717769 22570 master_service.cc:502] Signed X509 certificate for tserver {username='slave'} at 127.0.0.1:58608
I20260601 13:40:32.251425 22750 consensus_queue.cc:237] T bef036d76aef4ca4874ae2e0d64a83b1 P c9178719779e4ecc8f7966204ab1bb3e [LEADER]: Queue going to LEADER mode. State: All replicated index: 0, Majority replicated index: 1, Committed index: 1, Last appended: 1.1, Last appended by leader: 0, Current term: 1, Majority size: 2, State: 0, Mode: LEADER, active raft config: opid_index: 2 OBSOLETE_local: false peers { permanent_uuid: "6c41fca21c9c454dbbd2b7623be2d5f4" member_type: VOTER last_known_addr { host: "127.20.108.1" port: 44567 } } peers { permanent_uuid: "c9178719779e4ecc8f7966204ab1bb3e" member_type: VOTER last_known_addr { host: "127.20.108.2" port: 41429 } } peers { permanent_uuid: "94c1e21c4a494e6eaed63ef5ab879e11" member_type: VOTER last_known_addr { host: "127.20.108.3" port: 34851 } attrs { replace: true } } peers { permanent_uuid: "b8c12efff2834cd5bde8be328e8f77ce" member_type: NON_VOTER last_known_addr { host: "127.20.108.4" port: 41661 } attrs { promote: true } }
I20260601 13:40:32.253125 22825 raft_consensus.cc:1275] T bef036d76aef4ca4874ae2e0d64a83b1 P 94c1e21c4a494e6eaed63ef5ab879e11 [term 1 FOLLOWER]: Refusing update from remote peer c9178719779e4ecc8f7966204ab1bb3e: Log matching property violated. Preceding OpId in replica: term: 1 index: 1. Preceding OpId from leader: term: 1 index: 2. (index mismatch)
I20260601 13:40:32.253250 22674 raft_consensus.cc:1275] T bef036d76aef4ca4874ae2e0d64a83b1 P 6c41fca21c9c454dbbd2b7623be2d5f4 [term 1 FOLLOWER]: Refusing update from remote peer c9178719779e4ecc8f7966204ab1bb3e: Log matching property violated. Preceding OpId in replica: term: 1 index: 1. Preceding OpId from leader: term: 1 index: 2. (index mismatch)
I20260601 13:40:32.253611 22987 consensus_queue.cc:1048] T bef036d76aef4ca4874ae2e0d64a83b1 P c9178719779e4ecc8f7966204ab1bb3e [LEADER]: Connected to new peer: Peer: permanent_uuid: "94c1e21c4a494e6eaed63ef5ab879e11" member_type: VOTER last_known_addr { host: "127.20.108.3" port: 34851 } attrs { replace: true }, Status: LMP_MISMATCH, Last received: 0.0, Next index: 2, Last known committed idx: 1, Time since last communication: 0.000s
I20260601 13:40:32.253865 22906 consensus_queue.cc:1048] T bef036d76aef4ca4874ae2e0d64a83b1 P c9178719779e4ecc8f7966204ab1bb3e [LEADER]: Connected to new peer: Peer: permanent_uuid: "6c41fca21c9c454dbbd2b7623be2d5f4" member_type: VOTER last_known_addr { host: "127.20.108.1" port: 44567 }, Status: LMP_MISMATCH, Last received: 0.0, Next index: 2, Last known committed idx: 1, Time since last communication: 0.000s
I20260601 13:40:32.255461 22906 raft_consensus.cc:2955] T bef036d76aef4ca4874ae2e0d64a83b1 P c9178719779e4ecc8f7966204ab1bb3e [term 1 LEADER]: Committing config change with OpId 1.2: config changed from index -1 to 2, NON_VOTER b8c12efff2834cd5bde8be328e8f77ce (127.20.108.4) added. New config: { opid_index: 2 OBSOLETE_local: false peers { permanent_uuid: "6c41fca21c9c454dbbd2b7623be2d5f4" member_type: VOTER last_known_addr { host: "127.20.108.1" port: 44567 } } peers { permanent_uuid: "c9178719779e4ecc8f7966204ab1bb3e" member_type: VOTER last_known_addr { host: "127.20.108.2" port: 41429 } } peers { permanent_uuid: "94c1e21c4a494e6eaed63ef5ab879e11" member_type: VOTER last_known_addr { host: "127.20.108.3" port: 34851 } attrs { replace: true } } peers { permanent_uuid: "b8c12efff2834cd5bde8be328e8f77ce" member_type: NON_VOTER last_known_addr { host: "127.20.108.4" port: 41661 } attrs { promote: true } } }
W20260601 13:40:32.257081 22713 consensus_peers.cc:597] T bef036d76aef4ca4874ae2e0d64a83b1 P c9178719779e4ecc8f7966204ab1bb3e -> Peer b8c12efff2834cd5bde8be328e8f77ce (127.20.108.4:41661): Couldn't send request to peer b8c12efff2834cd5bde8be328e8f77ce. Error code: TABLET_NOT_FOUND (6). Status: Not found: Tablet not found: bef036d76aef4ca4874ae2e0d64a83b1. This is attempt 1: this message will repeat every 5th retry.
I20260601 13:40:32.257659 22674 raft_consensus.cc:2955] T bef036d76aef4ca4874ae2e0d64a83b1 P 6c41fca21c9c454dbbd2b7623be2d5f4 [term 1 FOLLOWER]: Committing config change with OpId 1.2: config changed from index -1 to 2, NON_VOTER b8c12efff2834cd5bde8be328e8f77ce (127.20.108.4) added. New config: { opid_index: 2 OBSOLETE_local: false peers { permanent_uuid: "6c41fca21c9c454dbbd2b7623be2d5f4" member_type: VOTER last_known_addr { host: "127.20.108.1" port: 44567 } } peers { permanent_uuid: "c9178719779e4ecc8f7966204ab1bb3e" member_type: VOTER last_known_addr { host: "127.20.108.2" port: 41429 } } peers { permanent_uuid: "94c1e21c4a494e6eaed63ef5ab879e11" member_type: VOTER last_known_addr { host: "127.20.108.3" port: 34851 } attrs { replace: true } } peers { permanent_uuid: "b8c12efff2834cd5bde8be328e8f77ce" member_type: NON_VOTER last_known_addr { host: "127.20.108.4" port: 41661 } attrs { promote: true } } }
I20260601 13:40:32.257701 22825 raft_consensus.cc:2955] T bef036d76aef4ca4874ae2e0d64a83b1 P 94c1e21c4a494e6eaed63ef5ab879e11 [term 1 FOLLOWER]: Committing config change with OpId 1.2: config changed from index -1 to 2, NON_VOTER b8c12efff2834cd5bde8be328e8f77ce (127.20.108.4) added. New config: { opid_index: 2 OBSOLETE_local: false peers { permanent_uuid: "6c41fca21c9c454dbbd2b7623be2d5f4" member_type: VOTER last_known_addr { host: "127.20.108.1" port: 44567 } } peers { permanent_uuid: "c9178719779e4ecc8f7966204ab1bb3e" member_type: VOTER last_known_addr { host: "127.20.108.2" port: 41429 } } peers { permanent_uuid: "94c1e21c4a494e6eaed63ef5ab879e11" member_type: VOTER last_known_addr { host: "127.20.108.3" port: 34851 } attrs { replace: true } } peers { permanent_uuid: "b8c12efff2834cd5bde8be328e8f77ce" member_type: NON_VOTER last_known_addr { host: "127.20.108.4" port: 41661 } attrs { promote: true } } }
I20260601 13:40:32.258057 22570 catalog_manager.cc:5696] T bef036d76aef4ca4874ae2e0d64a83b1 P c9178719779e4ecc8f7966204ab1bb3e reported cstate change: config changed from index -1 to 2, NON_VOTER b8c12efff2834cd5bde8be328e8f77ce (127.20.108.4) added. New cstate: current_term: 1 leader_uuid: "c9178719779e4ecc8f7966204ab1bb3e" committed_config { opid_index: 2 OBSOLETE_local: false peers { permanent_uuid: "6c41fca21c9c454dbbd2b7623be2d5f4" member_type: VOTER last_known_addr { host: "127.20.108.1" port: 44567 } health_report { overall_health: HEALTHY } } peers { permanent_uuid: "c9178719779e4ecc8f7966204ab1bb3e" member_type: VOTER last_known_addr { host: "127.20.108.2" port: 41429 } health_report { overall_health: HEALTHY } } peers { permanent_uuid: "94c1e21c4a494e6eaed63ef5ab879e11" member_type: VOTER last_known_addr { host: "127.20.108.3" port: 34851 } attrs { replace: true } health_report { overall_health: HEALTHY } } peers { permanent_uuid: "b8c12efff2834cd5bde8be328e8f77ce" member_type: NON_VOTER last_known_addr { host: "127.20.108.4" port: 41661 } attrs { promote: true } health_report { overall_health: UNKNOWN } } }
I20260601 13:40:32.718689 22979 heartbeater.cc:499] Master 127.20.108.62:35441 was elected leader, sending a full tablet report...
I20260601 13:40:32.872567 22997 ts_tablet_manager.cc:933] T bef036d76aef4ca4874ae2e0d64a83b1 P b8c12efff2834cd5bde8be328e8f77ce: Initiating tablet copy from peer c9178719779e4ecc8f7966204ab1bb3e (127.20.108.2:41429)
I20260601 13:40:32.873226 22997 tablet_copy_client.cc:323] T bef036d76aef4ca4874ae2e0d64a83b1 P b8c12efff2834cd5bde8be328e8f77ce: tablet copy: Beginning tablet copy session from remote peer at address 127.20.108.2:41429
I20260601 13:40:32.877367 22760 tablet_copy_service.cc:140] P c9178719779e4ecc8f7966204ab1bb3e: Received BeginTabletCopySession request for tablet bef036d76aef4ca4874ae2e0d64a83b1 from peer b8c12efff2834cd5bde8be328e8f77ce ({username='slave'} at 127.0.0.1:52276)
I20260601 13:40:32.877511 22760 tablet_copy_service.cc:161] P c9178719779e4ecc8f7966204ab1bb3e: Beginning new tablet copy session on tablet bef036d76aef4ca4874ae2e0d64a83b1 from peer b8c12efff2834cd5bde8be328e8f77ce at {username='slave'} at 127.0.0.1:52276: session id = b8c12efff2834cd5bde8be328e8f77ce-bef036d76aef4ca4874ae2e0d64a83b1
I20260601 13:40:32.878890 22760 tablet_copy_source_session.cc:215] T bef036d76aef4ca4874ae2e0d64a83b1 P c9178719779e4ecc8f7966204ab1bb3e: Tablet Copy: opened 0 blocks and 1 log segments
I20260601 13:40:32.880141 22997 data_dirs.cc:400] Could only allocate 1 dirs of requested 3 for tablet bef036d76aef4ca4874ae2e0d64a83b1. 1 dirs total, 0 dirs full, 0 dirs failed
I20260601 13:40:32.882107 22997 tablet_copy_client.cc:806] T bef036d76aef4ca4874ae2e0d64a83b1 P b8c12efff2834cd5bde8be328e8f77ce: tablet copy: Starting download of 0 data blocks...
I20260601 13:40:32.882313 22997 tablet_copy_client.cc:670] T bef036d76aef4ca4874ae2e0d64a83b1 P b8c12efff2834cd5bde8be328e8f77ce: tablet copy: Starting download of 1 WAL segments...
I20260601 13:40:32.883806 22997 tablet_copy_client.cc:538] T bef036d76aef4ca4874ae2e0d64a83b1 P b8c12efff2834cd5bde8be328e8f77ce: tablet copy: Tablet Copy complete. Replacing tablet superblock.
I20260601 13:40:32.885154 22997 tablet_bootstrap.cc:492] T bef036d76aef4ca4874ae2e0d64a83b1 P b8c12efff2834cd5bde8be328e8f77ce: Bootstrap starting.
I20260601 13:40:32.889137 22997 tablet_bootstrap.cc:492] T bef036d76aef4ca4874ae2e0d64a83b1 P b8c12efff2834cd5bde8be328e8f77ce: Bootstrap replayed 1/1 log segments. Stats: ops{read=2 overwritten=0 applied=2 ignored=0} inserts{seen=0 ignored=0} mutations{seen=0 ignored=0} orphaned_commits=0. Pending: 0 replicates
I20260601 13:40:32.889418 22997 tablet_bootstrap.cc:492] T bef036d76aef4ca4874ae2e0d64a83b1 P b8c12efff2834cd5bde8be328e8f77ce: Bootstrap complete.
I20260601 13:40:32.889604 22997 ts_tablet_manager.cc:1403] T bef036d76aef4ca4874ae2e0d64a83b1 P b8c12efff2834cd5bde8be328e8f77ce: Time spent bootstrapping tablet: real 0.004s	user 0.004s	sys 0.000s
I20260601 13:40:32.890033 22997 raft_consensus.cc:359] T bef036d76aef4ca4874ae2e0d64a83b1 P b8c12efff2834cd5bde8be328e8f77ce [term 1 LEARNER]: Replica starting. Triggering 0 pending ops. Active config: opid_index: 2 OBSOLETE_local: false peers { permanent_uuid: "6c41fca21c9c454dbbd2b7623be2d5f4" member_type: VOTER last_known_addr { host: "127.20.108.1" port: 44567 } } peers { permanent_uuid: "c9178719779e4ecc8f7966204ab1bb3e" member_type: VOTER last_known_addr { host: "127.20.108.2" port: 41429 } } peers { permanent_uuid: "94c1e21c4a494e6eaed63ef5ab879e11" member_type: VOTER last_known_addr { host: "127.20.108.3" port: 34851 } attrs { replace: true } } peers { permanent_uuid: "b8c12efff2834cd5bde8be328e8f77ce" member_type: NON_VOTER last_known_addr { host: "127.20.108.4" port: 41661 } attrs { promote: true } }
I20260601 13:40:32.890139 22997 raft_consensus.cc:740] T bef036d76aef4ca4874ae2e0d64a83b1 P b8c12efff2834cd5bde8be328e8f77ce [term 1 LEARNER]: Becoming Follower/Learner. State: Replica: b8c12efff2834cd5bde8be328e8f77ce, State: Initialized, Role: LEARNER
I20260601 13:40:32.890254 22997 consensus_queue.cc:260] T bef036d76aef4ca4874ae2e0d64a83b1 P b8c12efff2834cd5bde8be328e8f77ce [NON_LEADER]: Queue going to NON_LEADER mode. State: All replicated index: 0, Majority replicated index: 0, Committed index: 2, Last appended: 1.2, Last appended by leader: 2, Current term: 0, Majority size: -1, State: 0, Mode: NON_LEADER, active raft config: opid_index: 2 OBSOLETE_local: false peers { permanent_uuid: "6c41fca21c9c454dbbd2b7623be2d5f4" member_type: VOTER last_known_addr { host: "127.20.108.1" port: 44567 } } peers { permanent_uuid: "c9178719779e4ecc8f7966204ab1bb3e" member_type: VOTER last_known_addr { host: "127.20.108.2" port: 41429 } } peers { permanent_uuid: "94c1e21c4a494e6eaed63ef5ab879e11" member_type: VOTER last_known_addr { host: "127.20.108.3" port: 34851 } attrs { replace: true } } peers { permanent_uuid: "b8c12efff2834cd5bde8be328e8f77ce" member_type: NON_VOTER last_known_addr { host: "127.20.108.4" port: 41661 } attrs { promote: true } }
I20260601 13:40:32.890681 22997 ts_tablet_manager.cc:1434] T bef036d76aef4ca4874ae2e0d64a83b1 P b8c12efff2834cd5bde8be328e8f77ce: Time spent starting tablet: real 0.001s	user 0.003s	sys 0.000s
I20260601 13:40:32.891487 22760 tablet_copy_service.cc:342] P c9178719779e4ecc8f7966204ab1bb3e: Request end of tablet copy session b8c12efff2834cd5bde8be328e8f77ce-bef036d76aef4ca4874ae2e0d64a83b1 received from {username='slave'} at 127.0.0.1:52276
I20260601 13:40:32.891592 22760 tablet_copy_service.cc:434] P c9178719779e4ecc8f7966204ab1bb3e: ending tablet copy session b8c12efff2834cd5bde8be328e8f77ce-bef036d76aef4ca4874ae2e0d64a83b1 on tablet bef036d76aef4ca4874ae2e0d64a83b1 with peer b8c12efff2834cd5bde8be328e8f77ce
I20260601 13:40:33.240504 22625 auto_leader_rebalancer.cc:140] leader rebalance for table test-workload
I20260601 13:40:33.241065 22625 auto_leader_rebalancer.cc:388] table: test-workload, leader rebalance finish, leader transfer count: 0
I20260601 13:40:33.241154 22625 auto_leader_rebalancer.cc:451] All tables' leader rebalancing finished this round
I20260601 13:40:33.365037 22953 raft_consensus.cc:1217] T bef036d76aef4ca4874ae2e0d64a83b1 P b8c12efff2834cd5bde8be328e8f77ce [term 1 LEARNER]: Deduplicated request from leader. Original: 1.1->[1.2-1.2]   Dedup: 1.2->[]
I20260601 13:40:33.930920 23003 raft_consensus.cc:1064] T bef036d76aef4ca4874ae2e0d64a83b1 P c9178719779e4ecc8f7966204ab1bb3e: attempting to promote NON_VOTER b8c12efff2834cd5bde8be328e8f77ce to VOTER
I20260601 13:40:33.931448 23003 consensus_queue.cc:237] T bef036d76aef4ca4874ae2e0d64a83b1 P c9178719779e4ecc8f7966204ab1bb3e [LEADER]: Queue going to LEADER mode. State: All replicated index: 0, Majority replicated index: 2, Committed index: 2, Last appended: 1.2, Last appended by leader: 0, Current term: 1, Majority size: 3, State: 0, Mode: LEADER, active raft config: opid_index: 3 OBSOLETE_local: false peers { permanent_uuid: "6c41fca21c9c454dbbd2b7623be2d5f4" member_type: VOTER last_known_addr { host: "127.20.108.1" port: 44567 } } peers { permanent_uuid: "c9178719779e4ecc8f7966204ab1bb3e" member_type: VOTER last_known_addr { host: "127.20.108.2" port: 41429 } } peers { permanent_uuid: "94c1e21c4a494e6eaed63ef5ab879e11" member_type: VOTER last_known_addr { host: "127.20.108.3" port: 34851 } attrs { replace: true } } peers { permanent_uuid: "b8c12efff2834cd5bde8be328e8f77ce" member_type: VOTER last_known_addr { host: "127.20.108.4" port: 41661 } attrs { promote: false } }
I20260601 13:40:33.932755 22953 raft_consensus.cc:1275] T bef036d76aef4ca4874ae2e0d64a83b1 P b8c12efff2834cd5bde8be328e8f77ce [term 1 LEARNER]: Refusing update from remote peer c9178719779e4ecc8f7966204ab1bb3e: Log matching property violated. Preceding OpId in replica: term: 1 index: 2. Preceding OpId from leader: term: 1 index: 3. (index mismatch)
I20260601 13:40:33.932852 22674 raft_consensus.cc:1275] T bef036d76aef4ca4874ae2e0d64a83b1 P 6c41fca21c9c454dbbd2b7623be2d5f4 [term 1 FOLLOWER]: Refusing update from remote peer c9178719779e4ecc8f7966204ab1bb3e: Log matching property violated. Preceding OpId in replica: term: 1 index: 2. Preceding OpId from leader: term: 1 index: 3. (index mismatch)
I20260601 13:40:33.932981 22825 raft_consensus.cc:1275] T bef036d76aef4ca4874ae2e0d64a83b1 P 94c1e21c4a494e6eaed63ef5ab879e11 [term 1 FOLLOWER]: Refusing update from remote peer c9178719779e4ecc8f7966204ab1bb3e: Log matching property violated. Preceding OpId in replica: term: 1 index: 2. Preceding OpId from leader: term: 1 index: 3. (index mismatch)
I20260601 13:40:33.933202 23005 consensus_queue.cc:1048] T bef036d76aef4ca4874ae2e0d64a83b1 P c9178719779e4ecc8f7966204ab1bb3e [LEADER]: Connected to new peer: Peer: permanent_uuid: "b8c12efff2834cd5bde8be328e8f77ce" member_type: VOTER last_known_addr { host: "127.20.108.4" port: 41661 } attrs { promote: false }, Status: LMP_MISMATCH, Last received: 0.0, Next index: 3, Last known committed idx: 2, Time since last communication: 0.000s
I20260601 13:40:33.933434 23007 consensus_queue.cc:1048] T bef036d76aef4ca4874ae2e0d64a83b1 P c9178719779e4ecc8f7966204ab1bb3e [LEADER]: Connected to new peer: Peer: permanent_uuid: "94c1e21c4a494e6eaed63ef5ab879e11" member_type: VOTER last_known_addr { host: "127.20.108.3" port: 34851 } attrs { replace: true }, Status: LMP_MISMATCH, Last received: 0.0, Next index: 3, Last known committed idx: 2, Time since last communication: 0.000s
I20260601 13:40:33.933609 23008 consensus_queue.cc:1048] T bef036d76aef4ca4874ae2e0d64a83b1 P c9178719779e4ecc8f7966204ab1bb3e [LEADER]: Connected to new peer: Peer: permanent_uuid: "6c41fca21c9c454dbbd2b7623be2d5f4" member_type: VOTER last_known_addr { host: "127.20.108.1" port: 44567 }, Status: LMP_MISMATCH, Last received: 0.0, Next index: 3, Last known committed idx: 2, Time since last communication: 0.000s
I20260601 13:40:33.935618 23007 raft_consensus.cc:2955] T bef036d76aef4ca4874ae2e0d64a83b1 P c9178719779e4ecc8f7966204ab1bb3e [term 1 LEADER]: Committing config change with OpId 1.3: config changed from index 2 to 3, b8c12efff2834cd5bde8be328e8f77ce (127.20.108.4) changed from NON_VOTER to VOTER. New config: { opid_index: 3 OBSOLETE_local: false peers { permanent_uuid: "6c41fca21c9c454dbbd2b7623be2d5f4" member_type: VOTER last_known_addr { host: "127.20.108.1" port: 44567 } } peers { permanent_uuid: "c9178719779e4ecc8f7966204ab1bb3e" member_type: VOTER last_known_addr { host: "127.20.108.2" port: 41429 } } peers { permanent_uuid: "94c1e21c4a494e6eaed63ef5ab879e11" member_type: VOTER last_known_addr { host: "127.20.108.3" port: 34851 } attrs { replace: true } } peers { permanent_uuid: "b8c12efff2834cd5bde8be328e8f77ce" member_type: VOTER last_known_addr { host: "127.20.108.4" port: 41661 } attrs { promote: false } } }
I20260601 13:40:33.935984 22953 raft_consensus.cc:2955] T bef036d76aef4ca4874ae2e0d64a83b1 P b8c12efff2834cd5bde8be328e8f77ce [term 1 FOLLOWER]: Committing config change with OpId 1.3: config changed from index 2 to 3, b8c12efff2834cd5bde8be328e8f77ce (127.20.108.4) changed from NON_VOTER to VOTER. New config: { opid_index: 3 OBSOLETE_local: false peers { permanent_uuid: "6c41fca21c9c454dbbd2b7623be2d5f4" member_type: VOTER last_known_addr { host: "127.20.108.1" port: 44567 } } peers { permanent_uuid: "c9178719779e4ecc8f7966204ab1bb3e" member_type: VOTER last_known_addr { host: "127.20.108.2" port: 41429 } } peers { permanent_uuid: "94c1e21c4a494e6eaed63ef5ab879e11" member_type: VOTER last_known_addr { host: "127.20.108.3" port: 34851 } attrs { replace: true } } peers { permanent_uuid: "b8c12efff2834cd5bde8be328e8f77ce" member_type: VOTER last_known_addr { host: "127.20.108.4" port: 41661 } attrs { promote: false } } }
I20260601 13:40:33.937347 22674 raft_consensus.cc:2955] T bef036d76aef4ca4874ae2e0d64a83b1 P 6c41fca21c9c454dbbd2b7623be2d5f4 [term 1 FOLLOWER]: Committing config change with OpId 1.3: config changed from index 2 to 3, b8c12efff2834cd5bde8be328e8f77ce (127.20.108.4) changed from NON_VOTER to VOTER. New config: { opid_index: 3 OBSOLETE_local: false peers { permanent_uuid: "6c41fca21c9c454dbbd2b7623be2d5f4" member_type: VOTER last_known_addr { host: "127.20.108.1" port: 44567 } } peers { permanent_uuid: "c9178719779e4ecc8f7966204ab1bb3e" member_type: VOTER last_known_addr { host: "127.20.108.2" port: 41429 } } peers { permanent_uuid: "94c1e21c4a494e6eaed63ef5ab879e11" member_type: VOTER last_known_addr { host: "127.20.108.3" port: 34851 } attrs { replace: true } } peers { permanent_uuid: "b8c12efff2834cd5bde8be328e8f77ce" member_type: VOTER last_known_addr { host: "127.20.108.4" port: 41661 } attrs { promote: false } } }
I20260601 13:40:33.938311 22569 catalog_manager.cc:5696] T bef036d76aef4ca4874ae2e0d64a83b1 P c9178719779e4ecc8f7966204ab1bb3e reported cstate change: config changed from index 2 to 3, b8c12efff2834cd5bde8be328e8f77ce (127.20.108.4) changed from NON_VOTER to VOTER. New cstate: current_term: 1 leader_uuid: "c9178719779e4ecc8f7966204ab1bb3e" committed_config { opid_index: 3 OBSOLETE_local: false peers { permanent_uuid: "6c41fca21c9c454dbbd2b7623be2d5f4" member_type: VOTER last_known_addr { host: "127.20.108.1" port: 44567 } health_report { overall_health: HEALTHY } } peers { permanent_uuid: "c9178719779e4ecc8f7966204ab1bb3e" member_type: VOTER last_known_addr { host: "127.20.108.2" port: 41429 } health_report { overall_health: HEALTHY } } peers { permanent_uuid: "94c1e21c4a494e6eaed63ef5ab879e11" member_type: VOTER last_known_addr { host: "127.20.108.3" port: 34851 } attrs { replace: true } health_report { overall_health: HEALTHY } } peers { permanent_uuid: "b8c12efff2834cd5bde8be328e8f77ce" member_type: VOTER last_known_addr { host: "127.20.108.4" port: 41661 } attrs { promote: false } health_report { overall_health: HEALTHY } } }
I20260601 13:40:33.937347 22825 raft_consensus.cc:2955] T bef036d76aef4ca4874ae2e0d64a83b1 P 94c1e21c4a494e6eaed63ef5ab879e11 [term 1 FOLLOWER]: Committing config change with OpId 1.3: config changed from index 2 to 3, b8c12efff2834cd5bde8be328e8f77ce (127.20.108.4) changed from NON_VOTER to VOTER. New config: { opid_index: 3 OBSOLETE_local: false peers { permanent_uuid: "6c41fca21c9c454dbbd2b7623be2d5f4" member_type: VOTER last_known_addr { host: "127.20.108.1" port: 44567 } } peers { permanent_uuid: "c9178719779e4ecc8f7966204ab1bb3e" member_type: VOTER last_known_addr { host: "127.20.108.2" port: 41429 } } peers { permanent_uuid: "94c1e21c4a494e6eaed63ef5ab879e11" member_type: VOTER last_known_addr { host: "127.20.108.3" port: 34851 } attrs { replace: true } } peers { permanent_uuid: "b8c12efff2834cd5bde8be328e8f77ce" member_type: VOTER last_known_addr { host: "127.20.108.4" port: 41661 } attrs { promote: false } } }
I20260601 13:40:33.942891 22750 consensus_queue.cc:237] T bef036d76aef4ca4874ae2e0d64a83b1 P c9178719779e4ecc8f7966204ab1bb3e [LEADER]: Queue going to LEADER mode. State: All replicated index: 0, Majority replicated index: 3, Committed index: 3, Last appended: 1.3, Last appended by leader: 0, Current term: 1, Majority size: 2, State: 0, Mode: LEADER, active raft config: opid_index: 4 OBSOLETE_local: false peers { permanent_uuid: "6c41fca21c9c454dbbd2b7623be2d5f4" member_type: VOTER last_known_addr { host: "127.20.108.1" port: 44567 } } peers { permanent_uuid: "c9178719779e4ecc8f7966204ab1bb3e" member_type: VOTER last_known_addr { host: "127.20.108.2" port: 41429 } } peers { permanent_uuid: "b8c12efff2834cd5bde8be328e8f77ce" member_type: VOTER last_known_addr { host: "127.20.108.4" port: 41661 } attrs { promote: false } }
I20260601 13:40:33.944012 22953 raft_consensus.cc:1275] T bef036d76aef4ca4874ae2e0d64a83b1 P b8c12efff2834cd5bde8be328e8f77ce [term 1 FOLLOWER]: Refusing update from remote peer c9178719779e4ecc8f7966204ab1bb3e: Log matching property violated. Preceding OpId in replica: term: 1 index: 3. Preceding OpId from leader: term: 1 index: 4. (index mismatch)
I20260601 13:40:33.944074 22674 raft_consensus.cc:1275] T bef036d76aef4ca4874ae2e0d64a83b1 P 6c41fca21c9c454dbbd2b7623be2d5f4 [term 1 FOLLOWER]: Refusing update from remote peer c9178719779e4ecc8f7966204ab1bb3e: Log matching property violated. Preceding OpId in replica: term: 1 index: 3. Preceding OpId from leader: term: 1 index: 4. (index mismatch)
I20260601 13:40:33.944377 23003 consensus_queue.cc:1048] T bef036d76aef4ca4874ae2e0d64a83b1 P c9178719779e4ecc8f7966204ab1bb3e [LEADER]: Connected to new peer: Peer: permanent_uuid: "6c41fca21c9c454dbbd2b7623be2d5f4" member_type: VOTER last_known_addr { host: "127.20.108.1" port: 44567 }, Status: LMP_MISMATCH, Last received: 0.0, Next index: 4, Last known committed idx: 3, Time since last communication: 0.000s
I20260601 13:40:33.944551 23005 consensus_queue.cc:1048] T bef036d76aef4ca4874ae2e0d64a83b1 P c9178719779e4ecc8f7966204ab1bb3e [LEADER]: Connected to new peer: Peer: permanent_uuid: "b8c12efff2834cd5bde8be328e8f77ce" member_type: VOTER last_known_addr { host: "127.20.108.4" port: 41661 } attrs { promote: false }, Status: LMP_MISMATCH, Last received: 0.0, Next index: 4, Last known committed idx: 3, Time since last communication: 0.000s
I20260601 13:40:33.945894 23008 raft_consensus.cc:2955] T bef036d76aef4ca4874ae2e0d64a83b1 P c9178719779e4ecc8f7966204ab1bb3e [term 1 LEADER]: Committing config change with OpId 1.4: config changed from index 3 to 4, VOTER 94c1e21c4a494e6eaed63ef5ab879e11 (127.20.108.3) evicted. New config: { opid_index: 4 OBSOLETE_local: false peers { permanent_uuid: "6c41fca21c9c454dbbd2b7623be2d5f4" member_type: VOTER last_known_addr { host: "127.20.108.1" port: 44567 } } peers { permanent_uuid: "c9178719779e4ecc8f7966204ab1bb3e" member_type: VOTER last_known_addr { host: "127.20.108.2" port: 41429 } } peers { permanent_uuid: "b8c12efff2834cd5bde8be328e8f77ce" member_type: VOTER last_known_addr { host: "127.20.108.4" port: 41661 } attrs { promote: false } } }
I20260601 13:40:33.946273 22674 raft_consensus.cc:2955] T bef036d76aef4ca4874ae2e0d64a83b1 P 6c41fca21c9c454dbbd2b7623be2d5f4 [term 1 FOLLOWER]: Committing config change with OpId 1.4: config changed from index 3 to 4, VOTER 94c1e21c4a494e6eaed63ef5ab879e11 (127.20.108.3) evicted. New config: { opid_index: 4 OBSOLETE_local: false peers { permanent_uuid: "6c41fca21c9c454dbbd2b7623be2d5f4" member_type: VOTER last_known_addr { host: "127.20.108.1" port: 44567 } } peers { permanent_uuid: "c9178719779e4ecc8f7966204ab1bb3e" member_type: VOTER last_known_addr { host: "127.20.108.2" port: 41429 } } peers { permanent_uuid: "b8c12efff2834cd5bde8be328e8f77ce" member_type: VOTER last_known_addr { host: "127.20.108.4" port: 41661 } attrs { promote: false } } }
I20260601 13:40:33.947331 22556 catalog_manager.cc:5209] ChangeConfig:REMOVE_PEER RPC for tablet bef036d76aef4ca4874ae2e0d64a83b1 with cas_config_opid_index 3: ChangeConfig:REMOVE_PEER succeeded (attempt 1)
I20260601 13:40:33.947700 22953 raft_consensus.cc:2955] T bef036d76aef4ca4874ae2e0d64a83b1 P b8c12efff2834cd5bde8be328e8f77ce [term 1 FOLLOWER]: Committing config change with OpId 1.4: config changed from index 3 to 4, VOTER 94c1e21c4a494e6eaed63ef5ab879e11 (127.20.108.3) evicted. New config: { opid_index: 4 OBSOLETE_local: false peers { permanent_uuid: "6c41fca21c9c454dbbd2b7623be2d5f4" member_type: VOTER last_known_addr { host: "127.20.108.1" port: 44567 } } peers { permanent_uuid: "c9178719779e4ecc8f7966204ab1bb3e" member_type: VOTER last_known_addr { host: "127.20.108.2" port: 41429 } } peers { permanent_uuid: "b8c12efff2834cd5bde8be328e8f77ce" member_type: VOTER last_known_addr { host: "127.20.108.4" port: 41661 } attrs { promote: false } } }
I20260601 13:40:33.947988 22571 catalog_manager.cc:5696] T bef036d76aef4ca4874ae2e0d64a83b1 P c9178719779e4ecc8f7966204ab1bb3e reported cstate change: config changed from index 3 to 4, VOTER 94c1e21c4a494e6eaed63ef5ab879e11 (127.20.108.3) evicted. New cstate: current_term: 1 leader_uuid: "c9178719779e4ecc8f7966204ab1bb3e" committed_config { opid_index: 4 OBSOLETE_local: false peers { permanent_uuid: "6c41fca21c9c454dbbd2b7623be2d5f4" member_type: VOTER last_known_addr { host: "127.20.108.1" port: 44567 } health_report { overall_health: HEALTHY } } peers { permanent_uuid: "c9178719779e4ecc8f7966204ab1bb3e" member_type: VOTER last_known_addr { host: "127.20.108.2" port: 41429 } health_report { overall_health: HEALTHY } } peers { permanent_uuid: "b8c12efff2834cd5bde8be328e8f77ce" member_type: VOTER last_known_addr { host: "127.20.108.4" port: 41661 } attrs { promote: false } health_report { overall_health: HEALTHY } } }
I20260601 13:40:33.950723 22814 tablet_service.cc:1558] Processing DeleteTablet for tablet bef036d76aef4ca4874ae2e0d64a83b1 with delete_type TABLET_DATA_TOMBSTONED (TS 94c1e21c4a494e6eaed63ef5ab879e11 not found in new config with opid_index 4) from {username='slave'} at 127.0.0.1:53608
I20260601 13:40:33.951231 23018 tablet_replica.cc:333] T bef036d76aef4ca4874ae2e0d64a83b1 P 94c1e21c4a494e6eaed63ef5ab879e11: stopping tablet replica
I20260601 13:40:33.951360 23018 raft_consensus.cc:2243] T bef036d76aef4ca4874ae2e0d64a83b1 P 94c1e21c4a494e6eaed63ef5ab879e11 [term 1 FOLLOWER]: Raft consensus shutting down.
I20260601 13:40:33.951541 23018 raft_consensus.cc:2272] T bef036d76aef4ca4874ae2e0d64a83b1 P 94c1e21c4a494e6eaed63ef5ab879e11 [term 1 FOLLOWER]: Raft consensus is shut down!
I20260601 13:40:33.952095 23018 ts_tablet_manager.cc:1916] T bef036d76aef4ca4874ae2e0d64a83b1 P 94c1e21c4a494e6eaed63ef5ab879e11: Deleting tablet data with delete state TABLET_DATA_TOMBSTONED
I20260601 13:40:33.953752 23018 ts_tablet_manager.cc:1929] T bef036d76aef4ca4874ae2e0d64a83b1 P 94c1e21c4a494e6eaed63ef5ab879e11: tablet deleted with delete type TABLET_DATA_TOMBSTONED: last-logged OpId 1.3
I20260601 13:40:33.953850 23018 log.cc:1199] T bef036d76aef4ca4874ae2e0d64a83b1 P 94c1e21c4a494e6eaed63ef5ab879e11: Deleting WAL directory at /tmp/dist-test-taskcbpa0S/test-tmp/auto_rebalancer-test.0.AutoRebalancerTest.MovesScheduledIfAddTserver.1780321202945829-20912-0/minicluster-data/ts-2-root/wals/bef036d76aef4ca4874ae2e0d64a83b1
I20260601 13:40:33.954355 22558 catalog_manager.cc:5027] TS 94c1e21c4a494e6eaed63ef5ab879e11 (127.20.108.3:34851): tablet bef036d76aef4ca4874ae2e0d64a83b1 (table test-workload [id=42447709ff0a4321b6bc0b64f5f629d3]) successfully deleted
I20260601 13:40:35.241571 22625 auto_leader_rebalancer.cc:140] leader rebalance for table test-workload
I20260601 13:40:35.242151 22625 auto_leader_rebalancer.cc:388] table: test-workload, leader rebalance finish, leader transfer count: 0
I20260601 13:40:35.242244 22625 auto_leader_rebalancer.cc:451] All tables' leader rebalancing finished this round
I20260601 13:40:37.242708 22625 auto_leader_rebalancer.cc:140] leader rebalance for table test-workload
I20260601 13:40:37.243295 22625 auto_leader_rebalancer.cc:388] table: test-workload, leader rebalance finish, leader transfer count: 0
I20260601 13:40:37.243383 22625 auto_leader_rebalancer.cc:451] All tables' leader rebalancing finished this round
I20260601 13:40:39.243856 22625 auto_leader_rebalancer.cc:140] leader rebalance for table test-workload
I20260601 13:40:39.244429 22625 auto_leader_rebalancer.cc:388] table: test-workload, leader rebalance finish, leader transfer count: 0
I20260601 13:40:39.244530 22625 auto_leader_rebalancer.cc:451] All tables' leader rebalancing finished this round
I20260601 13:40:41.244951 22625 auto_leader_rebalancer.cc:140] leader rebalance for table test-workload
I20260601 13:40:41.245527 22625 auto_leader_rebalancer.cc:388] table: test-workload, leader rebalance finish, leader transfer count: 0
I20260601 13:40:41.245615 22625 auto_leader_rebalancer.cc:451] All tables' leader rebalancing finished this round
I20260601 13:40:43.246048 22625 auto_leader_rebalancer.cc:140] leader rebalance for table test-workload
I20260601 13:40:43.246587 22625 auto_leader_rebalancer.cc:388] table: test-workload, leader rebalance finish, leader transfer count: 0
I20260601 13:40:43.246663 22625 auto_leader_rebalancer.cc:451] All tables' leader rebalancing finished this round
I20260601 13:40:45.247072 22625 auto_leader_rebalancer.cc:140] leader rebalance for table test-workload
I20260601 13:40:45.247632 22625 auto_leader_rebalancer.cc:388] table: test-workload, leader rebalance finish, leader transfer count: 0
I20260601 13:40:45.247710 22625 auto_leader_rebalancer.cc:451] All tables' leader rebalancing finished this round
I20260601 13:40:46.042580 20912 tablet_server.cc:179] TabletServer@127.20.108.1:0 shutting down...
I20260601 13:40:46.046644 20912 ts_tablet_manager.cc:1507] Shutting down tablet manager...
I20260601 13:40:46.046850 20912 tablet_replica.cc:333] T bef036d76aef4ca4874ae2e0d64a83b1 P 6c41fca21c9c454dbbd2b7623be2d5f4: stopping tablet replica
I20260601 13:40:46.046949 20912 raft_consensus.cc:2243] T bef036d76aef4ca4874ae2e0d64a83b1 P 6c41fca21c9c454dbbd2b7623be2d5f4 [term 1 FOLLOWER]: Raft consensus shutting down.
I20260601 13:40:46.047076 20912 raft_consensus.cc:2272] T bef036d76aef4ca4874ae2e0d64a83b1 P 6c41fca21c9c454dbbd2b7623be2d5f4 [term 1 FOLLOWER]: Raft consensus is shut down!
I20260601 13:40:46.047554 20912 tablet_replica.cc:333] T 578b96c1d9ad43a588982892b2e9bbf5 P 6c41fca21c9c454dbbd2b7623be2d5f4: stopping tablet replica
I20260601 13:40:46.047634 20912 raft_consensus.cc:2243] T 578b96c1d9ad43a588982892b2e9bbf5 P 6c41fca21c9c454dbbd2b7623be2d5f4 [term 1 FOLLOWER]: Raft consensus shutting down.
I20260601 13:40:46.047708 20912 raft_consensus.cc:2272] T 578b96c1d9ad43a588982892b2e9bbf5 P 6c41fca21c9c454dbbd2b7623be2d5f4 [term 1 FOLLOWER]: Raft consensus is shut down!
I20260601 13:40:46.060416 20912 tablet_server.cc:196] TabletServer@127.20.108.1:0 shutdown complete.
I20260601 13:40:46.062422 20912 tablet_server.cc:179] TabletServer@127.20.108.2:0 shutting down...
I20260601 13:40:46.066721 20912 ts_tablet_manager.cc:1507] Shutting down tablet manager...
I20260601 13:40:46.066952 20912 tablet_replica.cc:333] T bef036d76aef4ca4874ae2e0d64a83b1 P c9178719779e4ecc8f7966204ab1bb3e: stopping tablet replica
I20260601 13:40:46.067092 20912 raft_consensus.cc:2243] T bef036d76aef4ca4874ae2e0d64a83b1 P c9178719779e4ecc8f7966204ab1bb3e [term 1 LEADER]: Raft consensus shutting down.
I20260601 13:40:46.067270 20912 raft_consensus.cc:2272] T bef036d76aef4ca4874ae2e0d64a83b1 P c9178719779e4ecc8f7966204ab1bb3e [term 1 FOLLOWER]: Raft consensus is shut down!
I20260601 13:40:46.067737 20912 tablet_replica.cc:333] T 578b96c1d9ad43a588982892b2e9bbf5 P c9178719779e4ecc8f7966204ab1bb3e: stopping tablet replica
I20260601 13:40:46.067807 20912 raft_consensus.cc:2243] T 578b96c1d9ad43a588982892b2e9bbf5 P c9178719779e4ecc8f7966204ab1bb3e [term 1 FOLLOWER]: Raft consensus shutting down.
I20260601 13:40:46.067879 20912 raft_consensus.cc:2272] T 578b96c1d9ad43a588982892b2e9bbf5 P c9178719779e4ecc8f7966204ab1bb3e [term 1 FOLLOWER]: Raft consensus is shut down!
I20260601 13:40:46.081745 20912 tablet_server.cc:196] TabletServer@127.20.108.2:0 shutdown complete.
I20260601 13:40:46.083909 20912 tablet_server.cc:179] TabletServer@127.20.108.3:0 shutting down...
I20260601 13:40:46.088403 20912 ts_tablet_manager.cc:1507] Shutting down tablet manager...
I20260601 13:40:46.088656 20912 tablet_replica.cc:333] T 578b96c1d9ad43a588982892b2e9bbf5 P 94c1e21c4a494e6eaed63ef5ab879e11: stopping tablet replica
I20260601 13:40:46.088790 20912 raft_consensus.cc:2243] T 578b96c1d9ad43a588982892b2e9bbf5 P 94c1e21c4a494e6eaed63ef5ab879e11 [term 1 LEADER]: Raft consensus shutting down.
I20260601 13:40:46.089006 20912 raft_consensus.cc:2272] T 578b96c1d9ad43a588982892b2e9bbf5 P 94c1e21c4a494e6eaed63ef5ab879e11 [term 1 FOLLOWER]: Raft consensus is shut down!
I20260601 13:40:46.101558 20912 tablet_server.cc:196] TabletServer@127.20.108.3:0 shutdown complete.
I20260601 13:40:46.103616 20912 tablet_server.cc:179] TabletServer@127.20.108.4:0 shutting down...
I20260601 13:40:46.107622 20912 ts_tablet_manager.cc:1507] Shutting down tablet manager...
I20260601 13:40:46.107825 20912 tablet_replica.cc:333] T bef036d76aef4ca4874ae2e0d64a83b1 P b8c12efff2834cd5bde8be328e8f77ce: stopping tablet replica
I20260601 13:40:46.107952 20912 raft_consensus.cc:2243] T bef036d76aef4ca4874ae2e0d64a83b1 P b8c12efff2834cd5bde8be328e8f77ce [term 1 FOLLOWER]: Raft consensus shutting down.
I20260601 13:40:46.108062 20912 raft_consensus.cc:2272] T bef036d76aef4ca4874ae2e0d64a83b1 P b8c12efff2834cd5bde8be328e8f77ce [term 1 FOLLOWER]: Raft consensus is shut down!
I20260601 13:40:46.120288 20912 tablet_server.cc:196] TabletServer@127.20.108.4:0 shutdown complete.
I20260601 13:40:46.122188 20912 master.cc:562] Master@127.20.108.62:35441 shutting down...
I20260601 13:40:46.125859 20912 raft_consensus.cc:2243] T 00000000000000000000000000000000 P 4c5542f37c914946801d8defca9ccbb6 [term 1 LEADER]: Raft consensus shutting down.
I20260601 13:40:46.126029 20912 raft_consensus.cc:2272] T 00000000000000000000000000000000 P 4c5542f37c914946801d8defca9ccbb6 [term 1 FOLLOWER]: Raft consensus is shut down!
I20260601 13:40:46.126114 20912 tablet_replica.cc:333] T 00000000000000000000000000000000 P 4c5542f37c914946801d8defca9ccbb6: stopping tablet replica
I20260601 13:40:46.139565 20912 master.cc:584] Master@127.20.108.62:35441 shutdown complete.
[       OK ] AutoRebalancerTest.MovesScheduledIfAddTserver (26949 ms)
[ RUN      ] AutoRebalancerTest.NoReplicaMovesIfNoTservers
I20260601 13:40:46.146835 20912 internal_mini_cluster.cc:156] Creating distributed mini masters. Addrs: 127.20.108.62:40485
I20260601 13:40:46.147187 20912 file_cache.cc:492] Constructed file cache file cache with capacity 419430
I20260601 13:40:46.149199 20912 server_base.cc:1061] running on GCE node
W20260601 13:40:46.149315 23023 instance_detector.cc:116] could not retrieve AWS instance metadata: Network error: curl error: HTTP response code said error: The requested URL returned error: 404
W20260601 13:40:46.149294 23024 instance_detector.cc:116] could not retrieve Azure instance metadata: Network error: curl error: HTTP response code said error: The requested URL returned error: 404
W20260601 13:40:46.149302 23026 instance_detector.cc:116] could not retrieve OpenStack instance metadata: Network error: curl error: HTTP response code said error: The requested URL returned error: 404
I20260601 13:40:46.149665 20912 hybrid_clock.cc:584] initializing the hybrid clock with 'system_unsync' time source
W20260601 13:40:46.149706 20912 system_unsync_time.cc:38] NTP support is disabled. Clock error bounds will not be accurate. This configuration is not suitable for distributed clusters.
I20260601 13:40:46.149722 20912 hybrid_clock.cc:648] HybridClock initialized: now 1780321246149722 us; error 0 us; skew 500 ppm
I20260601 13:40:46.150496 20912 webserver.cc:533] Webserver started at http://127.20.108.62:36425/ using document root <none> and password file <none>
I20260601 13:40:46.150663 20912 fs_manager.cc:362] Metadata directory not provided
I20260601 13:40:46.150705 20912 fs_manager.cc:368] Using write-ahead log directory (fs_wal_dir) as metadata directory
I20260601 13:40:46.150794 20912 server_base.cc:909] This appears to be a new deployment of Kudu; creating new FS layout
I20260601 13:40:46.151170 20912 fs_manager.cc:1068] Generated new instance metadata in path /tmp/dist-test-taskcbpa0S/test-tmp/auto_rebalancer-test.0.AutoRebalancerTest.NoReplicaMovesIfNoTservers.1780321202945829-20912-0/minicluster-data/master-0-root/instance:
uuid: "4465b2437bb844d8b7aa4d28518b8728"
format_stamp: "Formatted at 2026-06-01 13:40:46 on dist-test-slave-j0dh"
I20260601 13:40:46.152652 20912 fs_manager.cc:696] Time spent creating directory manager: real 0.001s	user 0.002s	sys 0.000s
I20260601 13:40:46.153616 23031 log_block_manager.cc:4031] Time spent loading block containers with low live blocks: real 0.000s	user 0.000s	sys 0.000s
I20260601 13:40:46.153862 20912 fs_manager.cc:730] Time spent opening block manager: real 0.001s	user 0.001s	sys 0.000s
I20260601 13:40:46.153944 20912 fs_manager.cc:647] Opened local filesystem: /tmp/dist-test-taskcbpa0S/test-tmp/auto_rebalancer-test.0.AutoRebalancerTest.NoReplicaMovesIfNoTservers.1780321202945829-20912-0/minicluster-data/master-0-root
uuid: "4465b2437bb844d8b7aa4d28518b8728"
format_stamp: "Formatted at 2026-06-01 13:40:46 on dist-test-slave-j0dh"
I20260601 13:40:46.154026 20912 fs_report.cc:389] FS layout report
--------------------
wal directory: /tmp/dist-test-taskcbpa0S/test-tmp/auto_rebalancer-test.0.AutoRebalancerTest.NoReplicaMovesIfNoTservers.1780321202945829-20912-0/minicluster-data/master-0-root
metadata directory: /tmp/dist-test-taskcbpa0S/test-tmp/auto_rebalancer-test.0.AutoRebalancerTest.NoReplicaMovesIfNoTservers.1780321202945829-20912-0/minicluster-data/master-0-root
1 data directories: /tmp/dist-test-taskcbpa0S/test-tmp/auto_rebalancer-test.0.AutoRebalancerTest.NoReplicaMovesIfNoTservers.1780321202945829-20912-0/minicluster-data/master-0-root/data
Total live blocks: 0
Total live bytes: 0
Total live bytes (after alignment): 0
Total number of LBM containers: 0 (0 full)
Did not check for missing blocks
Did not check for orphaned blocks
Total full LBM containers with extra space: 0 (0 repaired)
Total full LBM container extra space in bytes: 0 (0 repaired)
Total incomplete LBM containers: 0 (0 repaired)
Total LBM partial records: 0 (0 repaired)
Total corrupted LBM metadata records in RocksDB: 0 (0 repaired)
I20260601 13:40:46.162012 20912 rpc_server.cc:225] running with OpenSSL 1.1.1  11 Sep 2018
I20260601 13:40:46.162336 20912 kserver.cc:163] Server-wide thread pool size limit: 3276
I20260601 13:40:46.166326 20912 rpc_server.cc:307] RPC server started. Bound to: 127.20.108.62:40485
I20260601 13:40:46.169267 23083 acceptor_pool.cc:272] collecting diagnostics on the listening RPC socket 127.20.108.62:40485 every 8 connection(s)
I20260601 13:40:46.169679 23084 data_dirs.cc:400] Could only allocate 1 dirs of requested 3 for tablet 00000000000000000000000000000000. 1 dirs total, 0 dirs full, 0 dirs failed
I20260601 13:40:46.171370 23084 tablet_bootstrap.cc:492] T 00000000000000000000000000000000 P 4465b2437bb844d8b7aa4d28518b8728: Bootstrap starting.
I20260601 13:40:46.172132 23084 tablet_bootstrap.cc:654] T 00000000000000000000000000000000 P 4465b2437bb844d8b7aa4d28518b8728: Neither blocks nor log segments found. Creating new log.
I20260601 13:40:46.173058 23084 tablet_bootstrap.cc:492] T 00000000000000000000000000000000 P 4465b2437bb844d8b7aa4d28518b8728: No bootstrap required, opened a new log
I20260601 13:40:46.173448 23084 raft_consensus.cc:359] T 00000000000000000000000000000000 P 4465b2437bb844d8b7aa4d28518b8728 [term 0 FOLLOWER]: Replica starting. Triggering 0 pending ops. Active config: opid_index: -1 OBSOLETE_local: true peers { permanent_uuid: "4465b2437bb844d8b7aa4d28518b8728" member_type: VOTER }
I20260601 13:40:46.173552 23084 raft_consensus.cc:385] T 00000000000000000000000000000000 P 4465b2437bb844d8b7aa4d28518b8728 [term 0 FOLLOWER]: Consensus starting up: Expiring failure detector timer to make a prompt election more likely
I20260601 13:40:46.173597 23084 raft_consensus.cc:740] T 00000000000000000000000000000000 P 4465b2437bb844d8b7aa4d28518b8728 [term 0 FOLLOWER]: Becoming Follower/Learner. State: Replica: 4465b2437bb844d8b7aa4d28518b8728, State: Initialized, Role: FOLLOWER
I20260601 13:40:46.173748 23084 consensus_queue.cc:260] T 00000000000000000000000000000000 P 4465b2437bb844d8b7aa4d28518b8728 [NON_LEADER]: Queue going to NON_LEADER mode. State: All replicated index: 0, Majority replicated index: 0, Committed index: 0, Last appended: 0.0, Last appended by leader: 0, Current term: 0, Majority size: -1, State: 0, Mode: NON_LEADER, active raft config: opid_index: -1 OBSOLETE_local: true peers { permanent_uuid: "4465b2437bb844d8b7aa4d28518b8728" member_type: VOTER }
I20260601 13:40:46.173849 23084 raft_consensus.cc:399] T 00000000000000000000000000000000 P 4465b2437bb844d8b7aa4d28518b8728 [term 0 FOLLOWER]: Only one voter in the Raft config. Triggering election immediately
I20260601 13:40:46.173893 23084 raft_consensus.cc:493] T 00000000000000000000000000000000 P 4465b2437bb844d8b7aa4d28518b8728 [term 0 FOLLOWER]: Starting leader election (initial election of a single-replica configuration)
I20260601 13:40:46.173941 23084 raft_consensus.cc:3060] T 00000000000000000000000000000000 P 4465b2437bb844d8b7aa4d28518b8728 [term 0 FOLLOWER]: Advancing to term 1
I20260601 13:40:46.174577 23084 raft_consensus.cc:515] T 00000000000000000000000000000000 P 4465b2437bb844d8b7aa4d28518b8728 [term 1 FOLLOWER]: Starting leader election with config: opid_index: -1 OBSOLETE_local: true peers { permanent_uuid: "4465b2437bb844d8b7aa4d28518b8728" member_type: VOTER }
I20260601 13:40:46.174714 23084 leader_election.cc:304] T 00000000000000000000000000000000 P 4465b2437bb844d8b7aa4d28518b8728 [CANDIDATE]: Term 1 election: Election decided. Result: candidate won. Election summary: received 1 responses out of 1 voters: 1 yes votes; 0 no votes. yes voters: 4465b2437bb844d8b7aa4d28518b8728; no voters: 
I20260601 13:40:46.174896 23084 leader_election.cc:290] T 00000000000000000000000000000000 P 4465b2437bb844d8b7aa4d28518b8728 [CANDIDATE]: Term 1 election: Requested vote from peers 
I20260601 13:40:46.175025 23087 raft_consensus.cc:2804] T 00000000000000000000000000000000 P 4465b2437bb844d8b7aa4d28518b8728 [term 1 FOLLOWER]: Leader election won for term 1
I20260601 13:40:46.175232 23087 raft_consensus.cc:697] T 00000000000000000000000000000000 P 4465b2437bb844d8b7aa4d28518b8728 [term 1 LEADER]: Becoming Leader. State: Replica: 4465b2437bb844d8b7aa4d28518b8728, State: Running, Role: LEADER
I20260601 13:40:46.175339 23084 sys_catalog.cc:565] T 00000000000000000000000000000000 P 4465b2437bb844d8b7aa4d28518b8728 [sys.catalog]: configured and running, proceeding with master startup.
I20260601 13:40:46.175400 23087 consensus_queue.cc:237] T 00000000000000000000000000000000 P 4465b2437bb844d8b7aa4d28518b8728 [LEADER]: Queue going to LEADER mode. State: All replicated index: 0, Majority replicated index: 0, Committed index: 0, Last appended: 0.0, Last appended by leader: 0, Current term: 1, Majority size: 1, State: 0, Mode: LEADER, active raft config: opid_index: -1 OBSOLETE_local: true peers { permanent_uuid: "4465b2437bb844d8b7aa4d28518b8728" member_type: VOTER }
I20260601 13:40:46.175824 23088 sys_catalog.cc:455] T 00000000000000000000000000000000 P 4465b2437bb844d8b7aa4d28518b8728 [sys.catalog]: SysCatalogTable state changed. Reason: RaftConsensus started. Latest consensus state: current_term: 1 leader_uuid: "4465b2437bb844d8b7aa4d28518b8728" committed_config { opid_index: -1 OBSOLETE_local: true peers { permanent_uuid: "4465b2437bb844d8b7aa4d28518b8728" member_type: VOTER } }
I20260601 13:40:46.175839 23089 sys_catalog.cc:455] T 00000000000000000000000000000000 P 4465b2437bb844d8b7aa4d28518b8728 [sys.catalog]: SysCatalogTable state changed. Reason: New leader 4465b2437bb844d8b7aa4d28518b8728. Latest consensus state: current_term: 1 leader_uuid: "4465b2437bb844d8b7aa4d28518b8728" committed_config { opid_index: -1 OBSOLETE_local: true peers { permanent_uuid: "4465b2437bb844d8b7aa4d28518b8728" member_type: VOTER } }
I20260601 13:40:46.175930 23089 sys_catalog.cc:458] T 00000000000000000000000000000000 P 4465b2437bb844d8b7aa4d28518b8728 [sys.catalog]: This master's current role is: LEADER
I20260601 13:40:46.176132 23088 sys_catalog.cc:458] T 00000000000000000000000000000000 P 4465b2437bb844d8b7aa4d28518b8728 [sys.catalog]: This master's current role is: LEADER
I20260601 13:40:46.176529 23092 catalog_manager.cc:1510] Loading table and tablet metadata into memory...
I20260601 13:40:46.177182 23092 catalog_manager.cc:1519] Initializing Kudu cluster ID...
I20260601 13:40:46.177417 20912 internal_mini_cluster.cc:184] Waiting to initialize catalog manager on master 0
I20260601 13:40:46.178925 23092 catalog_manager.cc:1382] Generated new cluster ID: 4c75be2b1d19423f944ef4169d0b9b50
I20260601 13:40:46.178977 23092 catalog_manager.cc:1530] Initializing Kudu internal certificate authority...
I20260601 13:40:46.194410 23092 catalog_manager.cc:1405] Generated new certificate authority record
I20260601 13:40:46.194911 23092 catalog_manager.cc:1539] Loading token signing keys...
I20260601 13:40:46.204414 23092 catalog_manager.cc:6069] T 00000000000000000000000000000000 P 4465b2437bb844d8b7aa4d28518b8728: Generated new TSK 0
I20260601 13:40:46.204584 23092 catalog_manager.cc:1549] Initializing in-progress tserver states...
I20260601 13:40:46.209192 20912 internal_mini_cluster.cc:371] 0 TS(s) registered with all masters after 5.2229e-05s
I20260601 13:40:58.287029 20912 master.cc:562] Master@127.20.108.62:40485 shutting down...
I20260601 13:40:58.290738 20912 raft_consensus.cc:2243] T 00000000000000000000000000000000 P 4465b2437bb844d8b7aa4d28518b8728 [term 1 LEADER]: Raft consensus shutting down.
I20260601 13:40:58.290938 20912 raft_consensus.cc:2272] T 00000000000000000000000000000000 P 4465b2437bb844d8b7aa4d28518b8728 [term 1 FOLLOWER]: Raft consensus is shut down!
I20260601 13:40:58.291010 20912 tablet_replica.cc:333] T 00000000000000000000000000000000 P 4465b2437bb844d8b7aa4d28518b8728: stopping tablet replica
I20260601 13:40:58.303174 20912 master.cc:584] Master@127.20.108.62:40485 shutdown complete.
[       OK ] AutoRebalancerTest.NoReplicaMovesIfNoTservers (12160 ms)
[ RUN      ] AutoRebalancerTest.NoReplicaMovesIfNoTablets
I20260601 13:40:58.307377 20912 internal_mini_cluster.cc:156] Creating distributed mini masters. Addrs: 127.20.108.62:44669
I20260601 13:40:58.307766 20912 file_cache.cc:492] Constructed file cache file cache with capacity 419430
W20260601 13:40:58.309346 23106 instance_detector.cc:116] could not retrieve AWS instance metadata: Network error: curl error: HTTP response code said error: The requested URL returned error: 404
W20260601 13:40:58.309404 23107 instance_detector.cc:116] could not retrieve Azure instance metadata: Network error: curl error: HTTP response code said error: The requested URL returned error: 404
W20260601 13:40:58.309422 23109 instance_detector.cc:116] could not retrieve OpenStack instance metadata: Network error: curl error: HTTP response code said error: The requested URL returned error: 404
I20260601 13:40:58.309624 20912 server_base.cc:1061] running on GCE node
I20260601 13:40:58.309764 20912 hybrid_clock.cc:584] initializing the hybrid clock with 'system_unsync' time source
W20260601 13:40:58.309811 20912 system_unsync_time.cc:38] NTP support is disabled. Clock error bounds will not be accurate. This configuration is not suitable for distributed clusters.
I20260601 13:40:58.309847 20912 hybrid_clock.cc:648] HybridClock initialized: now 1780321258309847 us; error 0 us; skew 500 ppm
I20260601 13:40:58.310662 20912 webserver.cc:533] Webserver started at http://127.20.108.62:35747/ using document root <none> and password file <none>
I20260601 13:40:58.310819 20912 fs_manager.cc:362] Metadata directory not provided
