I20260601 13:23:37.394940 18572 raft_consensus.cc:359] T 0a494bbce1454974bd341053a74919ba P c6e8005f14db42068d22a85ec0d4df97 [term 1 LEARNER]: Replica starting. Triggering 0 pending ops. Active config: opid_index: 28 OBSOLETE_local: false peers { permanent_uuid: "6f14d4fbdef742739944cd5fa0343918" member_type: VOTER last_known_addr { host: "127.13.60.1" port: 41641 } } peers { permanent_uuid: "1f5412738f3b4548ade1e07e065ae459" member_type: VOTER last_known_addr { host: "127.13.60.2" port: 38545 } } peers { permanent_uuid: "0377d1594cc44c568ff357bb2b945997" member_type: VOTER last_known_addr { host: "127.13.60.3" port: 38749 } attrs { replace: true } } peers { permanent_uuid: "c6e8005f14db42068d22a85ec0d4df97" member_type: NON_VOTER last_known_addr { host: "127.13.60.5" port: 45921 } attrs { promote: true } }
I20260601 13:23:37.395044 18572 raft_consensus.cc:740] T 0a494bbce1454974bd341053a74919ba P c6e8005f14db42068d22a85ec0d4df97 [term 1 LEARNER]: Becoming Follower/Learner. State: Replica: c6e8005f14db42068d22a85ec0d4df97, State: Initialized, Role: LEARNER
I20260601 13:23:37.395059 18574 consensus_queue.cc:260] T 7cdaa00583884c06873f4ec6767ccd97 P decb0ff2ff34438c8522d7aa674afd77 [NON_LEADER]: Queue going to NON_LEADER mode. State: All replicated index: 0, Majority replicated index: 0, Committed index: 29, Last appended: 1.29, Last appended by leader: 29, Current term: 0, Majority size: -1, State: 0, Mode: NON_LEADER, active raft config: opid_index: 29 OBSOLETE_local: false peers { permanent_uuid: "6f14d4fbdef742739944cd5fa0343918" member_type: VOTER last_known_addr { host: "127.13.60.1" port: 41641 } } peers { permanent_uuid: "1f5412738f3b4548ade1e07e065ae459" member_type: VOTER last_known_addr { host: "127.13.60.2" port: 38545 } } peers { permanent_uuid: "0377d1594cc44c568ff357bb2b945997" member_type: VOTER last_known_addr { host: "127.13.60.3" port: 38749 } attrs { replace: true } } peers { permanent_uuid: "decb0ff2ff34438c8522d7aa674afd77" member_type: NON_VOTER last_known_addr { host: "127.13.60.4" port: 41235 } attrs { promote: true } }
I20260601 13:23:37.395206 18572 consensus_queue.cc:260] T 0a494bbce1454974bd341053a74919ba P c6e8005f14db42068d22a85ec0d4df97 [NON_LEADER]: Queue going to NON_LEADER mode. State: All replicated index: 0, Majority replicated index: 0, Committed index: 28, Last appended: 1.28, Last appended by leader: 28, Current term: 0, Majority size: -1, State: 0, Mode: NON_LEADER, active raft config: opid_index: 28 OBSOLETE_local: false peers { permanent_uuid: "6f14d4fbdef742739944cd5fa0343918" member_type: VOTER last_known_addr { host: "127.13.60.1" port: 41641 } } peers { permanent_uuid: "1f5412738f3b4548ade1e07e065ae459" member_type: VOTER last_known_addr { host: "127.13.60.2" port: 38545 } } peers { permanent_uuid: "0377d1594cc44c568ff357bb2b945997" member_type: VOTER last_known_addr { host: "127.13.60.3" port: 38749 } attrs { replace: true } } peers { permanent_uuid: "c6e8005f14db42068d22a85ec0d4df97" member_type: NON_VOTER last_known_addr { host: "127.13.60.5" port: 45921 } attrs { promote: true } }
I20260601 13:23:37.395478 18574 ts_tablet_manager.cc:1434] T 7cdaa00583884c06873f4ec6767ccd97 P decb0ff2ff34438c8522d7aa674afd77: Time spent starting tablet: real 0.001s	user 0.001s	sys 0.000s
I20260601 13:23:37.395845 18572 ts_tablet_manager.cc:1434] T 0a494bbce1454974bd341053a74919ba P c6e8005f14db42068d22a85ec0d4df97: Time spent starting tablet: real 0.001s	user 0.003s	sys 0.000s
I20260601 13:23:37.396270 18027 tablet_copy_service.cc:342] P 1f5412738f3b4548ade1e07e065ae459: Request end of tablet copy session c6e8005f14db42068d22a85ec0d4df97-0a494bbce1454974bd341053a74919ba received from {username='slave'} at 127.0.0.1:44534
I20260601 13:23:37.396345 18027 tablet_copy_service.cc:434] P 1f5412738f3b4548ade1e07e065ae459: ending tablet copy session c6e8005f14db42068d22a85ec0d4df97-0a494bbce1454974bd341053a74919ba on tablet 0a494bbce1454974bd341053a74919ba with peer c6e8005f14db42068d22a85ec0d4df97
I20260601 13:23:37.396673 17951 tablet_copy_service.cc:342] P 6f14d4fbdef742739944cd5fa0343918: Request end of tablet copy session decb0ff2ff34438c8522d7aa674afd77-7cdaa00583884c06873f4ec6767ccd97 received from {username='slave'} at 127.0.0.1:57050
I20260601 13:23:37.396742 17951 tablet_copy_service.cc:434] P 6f14d4fbdef742739944cd5fa0343918: ending tablet copy session decb0ff2ff34438c8522d7aa674afd77-7cdaa00583884c06873f4ec6767ccd97 on tablet 7cdaa00583884c06873f4ec6767ccd97 with peer decb0ff2ff34438c8522d7aa674afd77
I20260601 13:23:37.399807 18347 raft_consensus.cc:1217] T 7cdaa00583884c06873f4ec6767ccd97 P decb0ff2ff34438c8522d7aa674afd77 [term 1 LEARNER]: Deduplicated request from leader. Original: 1.28->[1.29-1.29]   Dedup: 1.29->[]
I20260601 13:23:37.466713 18578 tablet_copy_client.cc:538] T a48ac86aa5564ae39ec7a569b3a5b6a5 P d947e6fb135f4730ac70a1757c4c19a3: tablet copy: Tablet Copy complete. Replacing tablet superblock.
I20260601 13:23:37.468086 18578 tablet_bootstrap.cc:492] T a48ac86aa5564ae39ec7a569b3a5b6a5 P d947e6fb135f4730ac70a1757c4c19a3: Bootstrap starting.
I20260601 13:23:37.488065 18578 tablet_bootstrap.cc:492] T a48ac86aa5564ae39ec7a569b3a5b6a5 P d947e6fb135f4730ac70a1757c4c19a3: Bootstrap replayed 1/1 log segments. Stats: ops{read=29 overwritten=0 applied=29 ignored=0} inserts{seen=129 ignored=0} mutations{seen=0 ignored=0} orphaned_commits=0. Pending: 0 replicates
I20260601 13:23:37.488330 18578 tablet_bootstrap.cc:492] T a48ac86aa5564ae39ec7a569b3a5b6a5 P d947e6fb135f4730ac70a1757c4c19a3: Bootstrap complete.
I20260601 13:23:37.488498 18578 ts_tablet_manager.cc:1403] T a48ac86aa5564ae39ec7a569b3a5b6a5 P d947e6fb135f4730ac70a1757c4c19a3: Time spent bootstrapping tablet: real 0.020s	user 0.018s	sys 0.002s
I20260601 13:23:37.488924 18578 raft_consensus.cc:359] T a48ac86aa5564ae39ec7a569b3a5b6a5 P d947e6fb135f4730ac70a1757c4c19a3 [term 1 LEARNER]: Replica starting. Triggering 0 pending ops. Active config: opid_index: 29 OBSOLETE_local: false peers { permanent_uuid: "6f14d4fbdef742739944cd5fa0343918" member_type: VOTER last_known_addr { host: "127.13.60.1" port: 41641 } } peers { permanent_uuid: "1f5412738f3b4548ade1e07e065ae459" member_type: VOTER last_known_addr { host: "127.13.60.2" port: 38545 } attrs { replace: true } } peers { permanent_uuid: "0377d1594cc44c568ff357bb2b945997" member_type: VOTER last_known_addr { host: "127.13.60.3" port: 38749 } } peers { permanent_uuid: "d947e6fb135f4730ac70a1757c4c19a3" member_type: NON_VOTER last_known_addr { host: "127.13.60.6" port: 42347 } attrs { promote: true } }
I20260601 13:23:37.489037 18578 raft_consensus.cc:740] T a48ac86aa5564ae39ec7a569b3a5b6a5 P d947e6fb135f4730ac70a1757c4c19a3 [term 1 LEARNER]: Becoming Follower/Learner. State: Replica: d947e6fb135f4730ac70a1757c4c19a3, State: Initialized, Role: LEARNER
I20260601 13:23:37.489125 18578 consensus_queue.cc:260] T a48ac86aa5564ae39ec7a569b3a5b6a5 P d947e6fb135f4730ac70a1757c4c19a3 [NON_LEADER]: Queue going to NON_LEADER mode. State: All replicated index: 0, Majority replicated index: 0, Committed index: 29, Last appended: 1.29, Last appended by leader: 29, Current term: 0, Majority size: -1, State: 0, Mode: NON_LEADER, active raft config: opid_index: 29 OBSOLETE_local: false peers { permanent_uuid: "6f14d4fbdef742739944cd5fa0343918" member_type: VOTER last_known_addr { host: "127.13.60.1" port: 41641 } } peers { permanent_uuid: "1f5412738f3b4548ade1e07e065ae459" member_type: VOTER last_known_addr { host: "127.13.60.2" port: 38545 } attrs { replace: true } } peers { permanent_uuid: "0377d1594cc44c568ff357bb2b945997" member_type: VOTER last_known_addr { host: "127.13.60.3" port: 38749 } } peers { permanent_uuid: "d947e6fb135f4730ac70a1757c4c19a3" member_type: NON_VOTER last_known_addr { host: "127.13.60.6" port: 42347 } attrs { promote: true } }
I20260601 13:23:37.489393 18578 ts_tablet_manager.cc:1434] T a48ac86aa5564ae39ec7a569b3a5b6a5 P d947e6fb135f4730ac70a1757c4c19a3: Time spent starting tablet: real 0.001s	user 0.003s	sys 0.000s
I20260601 13:23:37.489929 17951 tablet_copy_service.cc:342] P 6f14d4fbdef742739944cd5fa0343918: Request end of tablet copy session d947e6fb135f4730ac70a1757c4c19a3-a48ac86aa5564ae39ec7a569b3a5b6a5 received from {username='slave'} at 127.0.0.1:57058
I20260601 13:23:37.490010 17951 tablet_copy_service.cc:434] P 6f14d4fbdef742739944cd5fa0343918: ending tablet copy session d947e6fb135f4730ac70a1757c4c19a3-a48ac86aa5564ae39ec7a569b3a5b6a5 on tablet a48ac86aa5564ae39ec7a569b3a5b6a5 with peer d947e6fb135f4730ac70a1757c4c19a3
I20260601 13:23:37.747990 18498 raft_consensus.cc:1217] T a48ac86aa5564ae39ec7a569b3a5b6a5 P d947e6fb135f4730ac70a1757c4c19a3 [term 1 LEARNER]: Deduplicated request from leader. Original: 1.28->[1.29-1.29]   Dedup: 1.29->[]
I20260601 13:23:37.767272 18423 raft_consensus.cc:1217] T ec2e04d30f9640889031c3dc707efcd3 P c6e8005f14db42068d22a85ec0d4df97 [term 1 LEARNER]: Deduplicated request from leader. Original: 1.28->[1.29-1.29]   Dedup: 1.29->[]
I20260601 13:23:37.818456 18423 raft_consensus.cc:1217] T 0a494bbce1454974bd341053a74919ba P c6e8005f14db42068d22a85ec0d4df97 [term 1 LEARNER]: Deduplicated request from leader. Original: 1.27->[1.28-1.28]   Dedup: 1.28->[]
I20260601 13:23:37.838717 18498 raft_consensus.cc:1217] T 6c52bb529d134606afc98fad48036bd9 P d947e6fb135f4730ac70a1757c4c19a3 [term 1 LEARNER]: Deduplicated request from leader. Original: 1.28->[1.29-1.29]   Dedup: 1.29->[]
I20260601 13:23:37.869608 18535 raft_consensus.cc:1064] T 82a37a1833c84c7383944c775d82250c P 0377d1594cc44c568ff357bb2b945997: attempting to promote NON_VOTER decb0ff2ff34438c8522d7aa674afd77 to VOTER
I20260601 13:23:37.870153 18535 consensus_queue.cc:237] T 82a37a1833c84c7383944c775d82250c P 0377d1594cc44c568ff357bb2b945997 [LEADER]: Queue going to LEADER mode. State: All replicated index: 0, Majority replicated index: 29, Committed index: 29, Last appended: 1.29, Last appended by leader: 0, Current term: 1, Majority size: 3, State: 0, Mode: LEADER, active raft config: opid_index: 30 OBSOLETE_local: false peers { permanent_uuid: "6f14d4fbdef742739944cd5fa0343918" member_type: VOTER last_known_addr { host: "127.13.60.1" port: 41641 } attrs { replace: true } } peers { permanent_uuid: "1f5412738f3b4548ade1e07e065ae459" member_type: VOTER last_known_addr { host: "127.13.60.2" port: 38545 } } peers { permanent_uuid: "0377d1594cc44c568ff357bb2b945997" member_type: VOTER last_known_addr { host: "127.13.60.3" port: 38749 } } peers { permanent_uuid: "decb0ff2ff34438c8522d7aa674afd77" member_type: VOTER last_known_addr { host: "127.13.60.4" port: 41235 } attrs { promote: false } }
I20260601 13:23:37.871436 18012 raft_consensus.cc:1275] T 82a37a1833c84c7383944c775d82250c P 1f5412738f3b4548ade1e07e065ae459 [term 1 FOLLOWER]: Refusing update from remote peer 0377d1594cc44c568ff357bb2b945997: Log matching property violated. Preceding OpId in replica: term: 1 index: 29. Preceding OpId from leader: term: 1 index: 30. (index mismatch)
I20260601 13:23:37.871462 18347 raft_consensus.cc:1275] T 82a37a1833c84c7383944c775d82250c P decb0ff2ff34438c8522d7aa674afd77 [term 1 LEARNER]: Refusing update from remote peer 0377d1594cc44c568ff357bb2b945997: Log matching property violated. Preceding OpId in replica: term: 1 index: 29. Preceding OpId from leader: term: 1 index: 30. (index mismatch)
I20260601 13:23:37.871739 18595 consensus_queue.cc:1048] T 82a37a1833c84c7383944c775d82250c P 0377d1594cc44c568ff357bb2b945997 [LEADER]: Connected to new peer: Peer: permanent_uuid: "1f5412738f3b4548ade1e07e065ae459" member_type: VOTER last_known_addr { host: "127.13.60.2" port: 38545 }, Status: LMP_MISMATCH, Last received: 0.0, Next index: 30, Last known committed idx: 29, Time since last communication: 0.000s
I20260601 13:23:37.871996 18594 consensus_queue.cc:1048] T 82a37a1833c84c7383944c775d82250c P 0377d1594cc44c568ff357bb2b945997 [LEADER]: Connected to new peer: Peer: permanent_uuid: "decb0ff2ff34438c8522d7aa674afd77" member_type: VOTER last_known_addr { host: "127.13.60.4" port: 41235 } attrs { promote: false }, Status: LMP_MISMATCH, Last received: 0.0, Next index: 30, Last known committed idx: 29, Time since last communication: 0.000s
I20260601 13:23:37.872586 17934 raft_consensus.cc:1275] T 82a37a1833c84c7383944c775d82250c P 6f14d4fbdef742739944cd5fa0343918 [term 1 FOLLOWER]: Refusing update from remote peer 0377d1594cc44c568ff357bb2b945997: Log matching property violated. Preceding OpId in replica: term: 1 index: 29. Preceding OpId from leader: term: 1 index: 30. (index mismatch)
I20260601 13:23:37.873675 18595 consensus_queue.cc:1048] T 82a37a1833c84c7383944c775d82250c P 0377d1594cc44c568ff357bb2b945997 [LEADER]: Connected to new peer: Peer: permanent_uuid: "6f14d4fbdef742739944cd5fa0343918" member_type: VOTER last_known_addr { host: "127.13.60.1" port: 41641 } attrs { replace: true }, Status: LMP_MISMATCH, Last received: 0.0, Next index: 30, Last known committed idx: 29, Time since last communication: 0.000s
I20260601 13:23:37.875033 18594 raft_consensus.cc:2955] T 82a37a1833c84c7383944c775d82250c P 0377d1594cc44c568ff357bb2b945997 [term 1 LEADER]: Committing config change with OpId 1.30: config changed from index 29 to 30, decb0ff2ff34438c8522d7aa674afd77 (127.13.60.4) changed from NON_VOTER to VOTER. New config: { opid_index: 30 OBSOLETE_local: false peers { permanent_uuid: "6f14d4fbdef742739944cd5fa0343918" member_type: VOTER last_known_addr { host: "127.13.60.1" port: 41641 } attrs { replace: true } } peers { permanent_uuid: "1f5412738f3b4548ade1e07e065ae459" member_type: VOTER last_known_addr { host: "127.13.60.2" port: 38545 } } peers { permanent_uuid: "0377d1594cc44c568ff357bb2b945997" member_type: VOTER last_known_addr { host: "127.13.60.3" port: 38749 } } peers { permanent_uuid: "decb0ff2ff34438c8522d7aa674afd77" member_type: VOTER last_known_addr { host: "127.13.60.4" port: 41235 } attrs { promote: false } } }
I20260601 13:23:37.875437 18012 raft_consensus.cc:2955] T 82a37a1833c84c7383944c775d82250c P 1f5412738f3b4548ade1e07e065ae459 [term 1 FOLLOWER]: Committing config change with OpId 1.30: config changed from index 29 to 30, decb0ff2ff34438c8522d7aa674afd77 (127.13.60.4) changed from NON_VOTER to VOTER. New config: { opid_index: 30 OBSOLETE_local: false peers { permanent_uuid: "6f14d4fbdef742739944cd5fa0343918" member_type: VOTER last_known_addr { host: "127.13.60.1" port: 41641 } attrs { replace: true } } peers { permanent_uuid: "1f5412738f3b4548ade1e07e065ae459" member_type: VOTER last_known_addr { host: "127.13.60.2" port: 38545 } } peers { permanent_uuid: "0377d1594cc44c568ff357bb2b945997" member_type: VOTER last_known_addr { host: "127.13.60.3" port: 38749 } } peers { permanent_uuid: "decb0ff2ff34438c8522d7aa674afd77" member_type: VOTER last_known_addr { host: "127.13.60.4" port: 41235 } attrs { promote: false } } }
I20260601 13:23:37.876911 18347 raft_consensus.cc:2955] T 82a37a1833c84c7383944c775d82250c P decb0ff2ff34438c8522d7aa674afd77 [term 1 FOLLOWER]: Committing config change with OpId 1.30: config changed from index 29 to 30, decb0ff2ff34438c8522d7aa674afd77 (127.13.60.4) changed from NON_VOTER to VOTER. New config: { opid_index: 30 OBSOLETE_local: false peers { permanent_uuid: "6f14d4fbdef742739944cd5fa0343918" member_type: VOTER last_known_addr { host: "127.13.60.1" port: 41641 } attrs { replace: true } } peers { permanent_uuid: "1f5412738f3b4548ade1e07e065ae459" member_type: VOTER last_known_addr { host: "127.13.60.2" port: 38545 } } peers { permanent_uuid: "0377d1594cc44c568ff357bb2b945997" member_type: VOTER last_known_addr { host: "127.13.60.3" port: 38749 } } peers { permanent_uuid: "decb0ff2ff34438c8522d7aa674afd77" member_type: VOTER last_known_addr { host: "127.13.60.4" port: 41235 } attrs { promote: false } } }
I20260601 13:23:37.877962 17934 raft_consensus.cc:2955] T 82a37a1833c84c7383944c775d82250c P 6f14d4fbdef742739944cd5fa0343918 [term 1 FOLLOWER]: Committing config change with OpId 1.30: config changed from index 29 to 30, decb0ff2ff34438c8522d7aa674afd77 (127.13.60.4) changed from NON_VOTER to VOTER. New config: { opid_index: 30 OBSOLETE_local: false peers { permanent_uuid: "6f14d4fbdef742739944cd5fa0343918" member_type: VOTER last_known_addr { host: "127.13.60.1" port: 41641 } attrs { replace: true } } peers { permanent_uuid: "1f5412738f3b4548ade1e07e065ae459" member_type: VOTER last_known_addr { host: "127.13.60.2" port: 38545 } } peers { permanent_uuid: "0377d1594cc44c568ff357bb2b945997" member_type: VOTER last_known_addr { host: "127.13.60.3" port: 38749 } } peers { permanent_uuid: "decb0ff2ff34438c8522d7aa674afd77" member_type: VOTER last_known_addr { host: "127.13.60.4" port: 41235 } attrs { promote: false } } }
I20260601 13:23:37.878006 17832 catalog_manager.cc:5696] T 82a37a1833c84c7383944c775d82250c P 1f5412738f3b4548ade1e07e065ae459 reported cstate change: config changed from index 29 to 30, decb0ff2ff34438c8522d7aa674afd77 (127.13.60.4) changed from NON_VOTER to VOTER. New cstate: current_term: 1 leader_uuid: "0377d1594cc44c568ff357bb2b945997" committed_config { opid_index: 30 OBSOLETE_local: false peers { permanent_uuid: "6f14d4fbdef742739944cd5fa0343918" member_type: VOTER last_known_addr { host: "127.13.60.1" port: 41641 } attrs { replace: true } } peers { permanent_uuid: "1f5412738f3b4548ade1e07e065ae459" member_type: VOTER last_known_addr { host: "127.13.60.2" port: 38545 } } peers { permanent_uuid: "0377d1594cc44c568ff357bb2b945997" member_type: VOTER last_known_addr { host: "127.13.60.3" port: 38749 } } peers { permanent_uuid: "decb0ff2ff34438c8522d7aa674afd77" member_type: VOTER last_known_addr { host: "127.13.60.4" port: 41235 } attrs { promote: false } } }
I20260601 13:23:37.882268 18090 consensus_queue.cc:237] T 82a37a1833c84c7383944c775d82250c P 0377d1594cc44c568ff357bb2b945997 [LEADER]: Queue going to LEADER mode. State: All replicated index: 0, Majority replicated index: 30, Committed index: 30, Last appended: 1.30, Last appended by leader: 0, Current term: 1, Majority size: 2, State: 0, Mode: LEADER, active raft config: opid_index: 31 OBSOLETE_local: false peers { permanent_uuid: "1f5412738f3b4548ade1e07e065ae459" member_type: VOTER last_known_addr { host: "127.13.60.2" port: 38545 } } peers { permanent_uuid: "0377d1594cc44c568ff357bb2b945997" member_type: VOTER last_known_addr { host: "127.13.60.3" port: 38749 } } peers { permanent_uuid: "decb0ff2ff34438c8522d7aa674afd77" member_type: VOTER last_known_addr { host: "127.13.60.4" port: 41235 } attrs { promote: false } }
I20260601 13:23:37.883365 18347 raft_consensus.cc:1275] T 82a37a1833c84c7383944c775d82250c P decb0ff2ff34438c8522d7aa674afd77 [term 1 FOLLOWER]: Refusing update from remote peer 0377d1594cc44c568ff357bb2b945997: Log matching property violated. Preceding OpId in replica: term: 1 index: 30. Preceding OpId from leader: term: 1 index: 31. (index mismatch)
I20260601 13:23:37.883701 18595 consensus_queue.cc:1048] T 82a37a1833c84c7383944c775d82250c P 0377d1594cc44c568ff357bb2b945997 [LEADER]: Connected to new peer: Peer: permanent_uuid: "decb0ff2ff34438c8522d7aa674afd77" member_type: VOTER last_known_addr { host: "127.13.60.4" port: 41235 } attrs { promote: false }, Status: LMP_MISMATCH, Last received: 0.0, Next index: 31, Last known committed idx: 30, Time since last communication: 0.000s
I20260601 13:23:37.884305 18012 raft_consensus.cc:1275] T 82a37a1833c84c7383944c775d82250c P 1f5412738f3b4548ade1e07e065ae459 [term 1 FOLLOWER]: Refusing update from remote peer 0377d1594cc44c568ff357bb2b945997: Log matching property violated. Preceding OpId in replica: term: 1 index: 30. Preceding OpId from leader: term: 1 index: 31. (index mismatch)
I20260601 13:23:37.884702 18595 consensus_queue.cc:1048] T 82a37a1833c84c7383944c775d82250c P 0377d1594cc44c568ff357bb2b945997 [LEADER]: Connected to new peer: Peer: permanent_uuid: "1f5412738f3b4548ade1e07e065ae459" member_type: VOTER last_known_addr { host: "127.13.60.2" port: 38545 }, Status: LMP_MISMATCH, Last received: 0.0, Next index: 31, Last known committed idx: 30, Time since last communication: 0.000s
I20260601 13:23:37.885070 18535 raft_consensus.cc:2955] T 82a37a1833c84c7383944c775d82250c P 0377d1594cc44c568ff357bb2b945997 [term 1 LEADER]: Committing config change with OpId 1.31: config changed from index 30 to 31, VOTER 6f14d4fbdef742739944cd5fa0343918 (127.13.60.1) evicted. New config: { opid_index: 31 OBSOLETE_local: false peers { permanent_uuid: "1f5412738f3b4548ade1e07e065ae459" member_type: VOTER last_known_addr { host: "127.13.60.2" port: 38545 } } peers { permanent_uuid: "0377d1594cc44c568ff357bb2b945997" member_type: VOTER last_known_addr { host: "127.13.60.3" port: 38749 } } peers { permanent_uuid: "decb0ff2ff34438c8522d7aa674afd77" member_type: VOTER last_known_addr { host: "127.13.60.4" port: 41235 } attrs { promote: false } } }
I20260601 13:23:37.885445 18347 raft_consensus.cc:2955] T 82a37a1833c84c7383944c775d82250c P decb0ff2ff34438c8522d7aa674afd77 [term 1 FOLLOWER]: Committing config change with OpId 1.31: config changed from index 30 to 31, VOTER 6f14d4fbdef742739944cd5fa0343918 (127.13.60.1) evicted. New config: { opid_index: 31 OBSOLETE_local: false peers { permanent_uuid: "1f5412738f3b4548ade1e07e065ae459" member_type: VOTER last_known_addr { host: "127.13.60.2" port: 38545 } } peers { permanent_uuid: "0377d1594cc44c568ff357bb2b945997" member_type: VOTER last_known_addr { host: "127.13.60.3" port: 38749 } } peers { permanent_uuid: "decb0ff2ff34438c8522d7aa674afd77" member_type: VOTER last_known_addr { host: "127.13.60.4" port: 41235 } attrs { promote: false } } }
I20260601 13:23:37.886420 18012 raft_consensus.cc:2955] T 82a37a1833c84c7383944c775d82250c P 1f5412738f3b4548ade1e07e065ae459 [term 1 FOLLOWER]: Committing config change with OpId 1.31: config changed from index 30 to 31, VOTER 6f14d4fbdef742739944cd5fa0343918 (127.13.60.1) evicted. New config: { opid_index: 31 OBSOLETE_local: false peers { permanent_uuid: "1f5412738f3b4548ade1e07e065ae459" member_type: VOTER last_known_addr { host: "127.13.60.2" port: 38545 } } peers { permanent_uuid: "0377d1594cc44c568ff357bb2b945997" member_type: VOTER last_known_addr { host: "127.13.60.3" port: 38749 } } peers { permanent_uuid: "decb0ff2ff34438c8522d7aa674afd77" member_type: VOTER last_known_addr { host: "127.13.60.4" port: 41235 } attrs { promote: false } } }
I20260601 13:23:37.887349 17822 catalog_manager.cc:5209] ChangeConfig:REMOVE_PEER RPC for tablet 82a37a1833c84c7383944c775d82250c with cas_config_opid_index 30: ChangeConfig:REMOVE_PEER succeeded (attempt 1)
I20260601 13:23:37.887408 17836 catalog_manager.cc:5696] T 82a37a1833c84c7383944c775d82250c P decb0ff2ff34438c8522d7aa674afd77 reported cstate change: config changed from index 30 to 31, VOTER 6f14d4fbdef742739944cd5fa0343918 (127.13.60.1) evicted. New cstate: current_term: 1 leader_uuid: "0377d1594cc44c568ff357bb2b945997" committed_config { opid_index: 31 OBSOLETE_local: false peers { permanent_uuid: "1f5412738f3b4548ade1e07e065ae459" member_type: VOTER last_known_addr { host: "127.13.60.2" port: 38545 } } peers { permanent_uuid: "0377d1594cc44c568ff357bb2b945997" member_type: VOTER last_known_addr { host: "127.13.60.3" port: 38749 } } peers { permanent_uuid: "decb0ff2ff34438c8522d7aa674afd77" member_type: VOTER last_known_addr { host: "127.13.60.4" port: 41235 } attrs { promote: false } } }
I20260601 13:23:37.890085 17928 tablet_service.cc:1558] Processing DeleteTablet for tablet 82a37a1833c84c7383944c775d82250c with delete_type TABLET_DATA_TOMBSTONED (TS 6f14d4fbdef742739944cd5fa0343918 not found in new config with opid_index 31) from {username='slave'} at 127.0.0.1:57012
I20260601 13:23:37.890417 18605 tablet_replica.cc:333] T 82a37a1833c84c7383944c775d82250c P 6f14d4fbdef742739944cd5fa0343918: stopping tablet replica
I20260601 13:23:37.890569 18605 raft_consensus.cc:2243] T 82a37a1833c84c7383944c775d82250c P 6f14d4fbdef742739944cd5fa0343918 [term 1 FOLLOWER]: Raft consensus shutting down.
I20260601 13:23:37.890748 18605 raft_consensus.cc:2272] T 82a37a1833c84c7383944c775d82250c P 6f14d4fbdef742739944cd5fa0343918 [term 1 FOLLOWER]: Raft consensus is shut down!
I20260601 13:23:37.891333 18605 ts_tablet_manager.cc:1916] T 82a37a1833c84c7383944c775d82250c P 6f14d4fbdef742739944cd5fa0343918: Deleting tablet data with delete state TABLET_DATA_TOMBSTONED
I20260601 13:23:37.893385 18605 ts_tablet_manager.cc:1929] T 82a37a1833c84c7383944c775d82250c P 6f14d4fbdef742739944cd5fa0343918: tablet deleted with delete type TABLET_DATA_TOMBSTONED: last-logged OpId 1.30
I20260601 13:23:37.893461 18605 log.cc:1199] T 82a37a1833c84c7383944c775d82250c P 6f14d4fbdef742739944cd5fa0343918: Deleting WAL directory at /tmp/dist-test-taskqeUV5U/test-tmp/auto_rebalancer-test.0.AutoRebalancerTest.TestMaxMovesPerServer.1780320112413007-13552-0/minicluster-data/ts-0-root/wals/82a37a1833c84c7383944c775d82250c
I20260601 13:23:37.893937 17822 catalog_manager.cc:5027] TS 6f14d4fbdef742739944cd5fa0343918 (127.13.60.1:41641): tablet 82a37a1833c84c7383944c775d82250c (table test-workload [id=9721e097332b4195adaf1fab050e4f16]) successfully deleted
I20260601 13:23:38.007969 18607 raft_consensus.cc:1064] T 7cdaa00583884c06873f4ec6767ccd97 P 6f14d4fbdef742739944cd5fa0343918: attempting to promote NON_VOTER decb0ff2ff34438c8522d7aa674afd77 to VOTER
I20260601 13:23:38.008467 18607 consensus_queue.cc:237] T 7cdaa00583884c06873f4ec6767ccd97 P 6f14d4fbdef742739944cd5fa0343918 [LEADER]: Queue going to LEADER mode. State: All replicated index: 0, Majority replicated index: 29, Committed index: 29, Last appended: 1.29, Last appended by leader: 0, Current term: 1, Majority size: 3, State: 0, Mode: LEADER, active raft config: opid_index: 30 OBSOLETE_local: false peers { permanent_uuid: "6f14d4fbdef742739944cd5fa0343918" member_type: VOTER last_known_addr { host: "127.13.60.1" port: 41641 } } peers { permanent_uuid: "1f5412738f3b4548ade1e07e065ae459" member_type: VOTER last_known_addr { host: "127.13.60.2" port: 38545 } } peers { permanent_uuid: "0377d1594cc44c568ff357bb2b945997" member_type: VOTER last_known_addr { host: "127.13.60.3" port: 38749 } attrs { replace: true } } peers { permanent_uuid: "decb0ff2ff34438c8522d7aa674afd77" member_type: VOTER last_known_addr { host: "127.13.60.4" port: 41235 } attrs { promote: false } }
I20260601 13:23:38.009703 18347 raft_consensus.cc:1275] T 7cdaa00583884c06873f4ec6767ccd97 P decb0ff2ff34438c8522d7aa674afd77 [term 1 LEARNER]: Refusing update from remote peer 6f14d4fbdef742739944cd5fa0343918: Log matching property violated. Preceding OpId in replica: term: 1 index: 29. Preceding OpId from leader: term: 1 index: 30. (index mismatch)
I20260601 13:23:38.009825 18012 raft_consensus.cc:1275] T 7cdaa00583884c06873f4ec6767ccd97 P 1f5412738f3b4548ade1e07e065ae459 [term 1 FOLLOWER]: Refusing update from remote peer 6f14d4fbdef742739944cd5fa0343918: Log matching property violated. Preceding OpId in replica: term: 1 index: 29. Preceding OpId from leader: term: 1 index: 30. (index mismatch)
I20260601 13:23:38.010146 18607 consensus_queue.cc:1048] T 7cdaa00583884c06873f4ec6767ccd97 P 6f14d4fbdef742739944cd5fa0343918 [LEADER]: Connected to new peer: Peer: permanent_uuid: "decb0ff2ff34438c8522d7aa674afd77" member_type: VOTER last_known_addr { host: "127.13.60.4" port: 41235 } attrs { promote: false }, Status: LMP_MISMATCH, Last received: 0.0, Next index: 30, Last known committed idx: 29, Time since last communication: 0.000s
I20260601 13:23:38.010301 18090 raft_consensus.cc:1275] T 7cdaa00583884c06873f4ec6767ccd97 P 0377d1594cc44c568ff357bb2b945997 [term 1 FOLLOWER]: Refusing update from remote peer 6f14d4fbdef742739944cd5fa0343918: Log matching property violated. Preceding OpId in replica: term: 1 index: 29. Preceding OpId from leader: term: 1 index: 30. (index mismatch)
I20260601 13:23:38.010331 18609 consensus_queue.cc:1048] T 7cdaa00583884c06873f4ec6767ccd97 P 6f14d4fbdef742739944cd5fa0343918 [LEADER]: Connected to new peer: Peer: permanent_uuid: "1f5412738f3b4548ade1e07e065ae459" member_type: VOTER last_known_addr { host: "127.13.60.2" port: 38545 }, Status: LMP_MISMATCH, Last received: 0.0, Next index: 30, Last known committed idx: 29, Time since last communication: 0.000s
I20260601 13:23:38.010809 18609 consensus_queue.cc:1048] T 7cdaa00583884c06873f4ec6767ccd97 P 6f14d4fbdef742739944cd5fa0343918 [LEADER]: Connected to new peer: Peer: permanent_uuid: "0377d1594cc44c568ff357bb2b945997" member_type: VOTER last_known_addr { host: "127.13.60.3" port: 38749 } attrs { replace: true }, Status: LMP_MISMATCH, Last received: 0.0, Next index: 30, Last known committed idx: 29, Time since last communication: 0.000s
I20260601 13:23:38.012456 18609 raft_consensus.cc:2955] T 7cdaa00583884c06873f4ec6767ccd97 P 6f14d4fbdef742739944cd5fa0343918 [term 1 LEADER]: Committing config change with OpId 1.30: config changed from index 29 to 30, decb0ff2ff34438c8522d7aa674afd77 (127.13.60.4) changed from NON_VOTER to VOTER. New config: { opid_index: 30 OBSOLETE_local: false peers { permanent_uuid: "6f14d4fbdef742739944cd5fa0343918" member_type: VOTER last_known_addr { host: "127.13.60.1" port: 41641 } } peers { permanent_uuid: "1f5412738f3b4548ade1e07e065ae459" member_type: VOTER last_known_addr { host: "127.13.60.2" port: 38545 } } peers { permanent_uuid: "0377d1594cc44c568ff357bb2b945997" member_type: VOTER last_known_addr { host: "127.13.60.3" port: 38749 } attrs { replace: true } } peers { permanent_uuid: "decb0ff2ff34438c8522d7aa674afd77" member_type: VOTER last_known_addr { host: "127.13.60.4" port: 41235 } attrs { promote: false } } }
I20260601 13:23:38.012931 18090 raft_consensus.cc:2955] T 7cdaa00583884c06873f4ec6767ccd97 P 0377d1594cc44c568ff357bb2b945997 [term 1 FOLLOWER]: Committing config change with OpId 1.30: config changed from index 29 to 30, decb0ff2ff34438c8522d7aa674afd77 (127.13.60.4) changed from NON_VOTER to VOTER. New config: { opid_index: 30 OBSOLETE_local: false peers { permanent_uuid: "6f14d4fbdef742739944cd5fa0343918" member_type: VOTER last_known_addr { host: "127.13.60.1" port: 41641 } } peers { permanent_uuid: "1f5412738f3b4548ade1e07e065ae459" member_type: VOTER last_known_addr { host: "127.13.60.2" port: 38545 } } peers { permanent_uuid: "0377d1594cc44c568ff357bb2b945997" member_type: VOTER last_known_addr { host: "127.13.60.3" port: 38749 } attrs { replace: true } } peers { permanent_uuid: "decb0ff2ff34438c8522d7aa674afd77" member_type: VOTER last_known_addr { host: "127.13.60.4" port: 41235 } attrs { promote: false } } }
I20260601 13:23:38.012941 18347 raft_consensus.cc:2955] T 7cdaa00583884c06873f4ec6767ccd97 P decb0ff2ff34438c8522d7aa674afd77 [term 1 FOLLOWER]: Committing config change with OpId 1.30: config changed from index 29 to 30, decb0ff2ff34438c8522d7aa674afd77 (127.13.60.4) changed from NON_VOTER to VOTER. New config: { opid_index: 30 OBSOLETE_local: false peers { permanent_uuid: "6f14d4fbdef742739944cd5fa0343918" member_type: VOTER last_known_addr { host: "127.13.60.1" port: 41641 } } peers { permanent_uuid: "1f5412738f3b4548ade1e07e065ae459" member_type: VOTER last_known_addr { host: "127.13.60.2" port: 38545 } } peers { permanent_uuid: "0377d1594cc44c568ff357bb2b945997" member_type: VOTER last_known_addr { host: "127.13.60.3" port: 38749 } attrs { replace: true } } peers { permanent_uuid: "decb0ff2ff34438c8522d7aa674afd77" member_type: VOTER last_known_addr { host: "127.13.60.4" port: 41235 } attrs { promote: false } } }
I20260601 13:23:38.015705 17834 catalog_manager.cc:5696] T 7cdaa00583884c06873f4ec6767ccd97 P decb0ff2ff34438c8522d7aa674afd77 reported cstate change: config changed from index 29 to 30, decb0ff2ff34438c8522d7aa674afd77 (127.13.60.4) changed from NON_VOTER to VOTER. New cstate: current_term: 1 leader_uuid: "6f14d4fbdef742739944cd5fa0343918" committed_config { opid_index: 30 OBSOLETE_local: false peers { permanent_uuid: "6f14d4fbdef742739944cd5fa0343918" member_type: VOTER last_known_addr { host: "127.13.60.1" port: 41641 } } peers { permanent_uuid: "1f5412738f3b4548ade1e07e065ae459" member_type: VOTER last_known_addr { host: "127.13.60.2" port: 38545 } } peers { permanent_uuid: "0377d1594cc44c568ff357bb2b945997" member_type: VOTER last_known_addr { host: "127.13.60.3" port: 38749 } attrs { replace: true } } peers { permanent_uuid: "decb0ff2ff34438c8522d7aa674afd77" member_type: VOTER last_known_addr { host: "127.13.60.4" port: 41235 } attrs { promote: false } } }
I20260601 13:23:38.016777 18012 raft_consensus.cc:2955] T 7cdaa00583884c06873f4ec6767ccd97 P 1f5412738f3b4548ade1e07e065ae459 [term 1 FOLLOWER]: Committing config change with OpId 1.30: config changed from index 29 to 30, decb0ff2ff34438c8522d7aa674afd77 (127.13.60.4) changed from NON_VOTER to VOTER. New config: { opid_index: 30 OBSOLETE_local: false peers { permanent_uuid: "6f14d4fbdef742739944cd5fa0343918" member_type: VOTER last_known_addr { host: "127.13.60.1" port: 41641 } } peers { permanent_uuid: "1f5412738f3b4548ade1e07e065ae459" member_type: VOTER last_known_addr { host: "127.13.60.2" port: 38545 } } peers { permanent_uuid: "0377d1594cc44c568ff357bb2b945997" member_type: VOTER last_known_addr { host: "127.13.60.3" port: 38749 } attrs { replace: true } } peers { permanent_uuid: "decb0ff2ff34438c8522d7aa674afd77" member_type: VOTER last_known_addr { host: "127.13.60.4" port: 41235 } attrs { promote: false } } }
I20260601 13:23:38.019156 17934 consensus_queue.cc:237] T 7cdaa00583884c06873f4ec6767ccd97 P 6f14d4fbdef742739944cd5fa0343918 [LEADER]: Queue going to LEADER mode. State: All replicated index: 0, Majority replicated index: 30, Committed index: 30, Last appended: 1.30, Last appended by leader: 0, Current term: 1, Majority size: 2, State: 0, Mode: LEADER, active raft config: opid_index: 31 OBSOLETE_local: false peers { permanent_uuid: "6f14d4fbdef742739944cd5fa0343918" member_type: VOTER last_known_addr { host: "127.13.60.1" port: 41641 } } peers { permanent_uuid: "1f5412738f3b4548ade1e07e065ae459" member_type: VOTER last_known_addr { host: "127.13.60.2" port: 38545 } } peers { permanent_uuid: "decb0ff2ff34438c8522d7aa674afd77" member_type: VOTER last_known_addr { host: "127.13.60.4" port: 41235 } attrs { promote: false } }
I20260601 13:23:38.020150 18347 raft_consensus.cc:1275] T 7cdaa00583884c06873f4ec6767ccd97 P decb0ff2ff34438c8522d7aa674afd77 [term 1 FOLLOWER]: Refusing update from remote peer 6f14d4fbdef742739944cd5fa0343918: Log matching property violated. Preceding OpId in replica: term: 1 index: 30. Preceding OpId from leader: term: 1 index: 31. (index mismatch)
I20260601 13:23:38.020411 18012 raft_consensus.cc:1275] T 7cdaa00583884c06873f4ec6767ccd97 P 1f5412738f3b4548ade1e07e065ae459 [term 1 FOLLOWER]: Refusing update from remote peer 6f14d4fbdef742739944cd5fa0343918: Log matching property violated. Preceding OpId in replica: term: 1 index: 30. Preceding OpId from leader: term: 1 index: 31. (index mismatch)
I20260601 13:23:38.020566 18606 consensus_queue.cc:1048] T 7cdaa00583884c06873f4ec6767ccd97 P 6f14d4fbdef742739944cd5fa0343918 [LEADER]: Connected to new peer: Peer: permanent_uuid: "decb0ff2ff34438c8522d7aa674afd77" member_type: VOTER last_known_addr { host: "127.13.60.4" port: 41235 } attrs { promote: false }, Status: LMP_MISMATCH, Last received: 0.0, Next index: 31, Last known committed idx: 30, Time since last communication: 0.000s
I20260601 13:23:38.020869 18606 consensus_queue.cc:1048] T 7cdaa00583884c06873f4ec6767ccd97 P 6f14d4fbdef742739944cd5fa0343918 [LEADER]: Connected to new peer: Peer: permanent_uuid: "1f5412738f3b4548ade1e07e065ae459" member_type: VOTER last_known_addr { host: "127.13.60.2" port: 38545 }, Status: LMP_MISMATCH, Last received: 0.0, Next index: 31, Last known committed idx: 30, Time since last communication: 0.000s
I20260601 13:23:38.021790 18606 raft_consensus.cc:2955] T 7cdaa00583884c06873f4ec6767ccd97 P 6f14d4fbdef742739944cd5fa0343918 [term 1 LEADER]: Committing config change with OpId 1.31: config changed from index 30 to 31, VOTER 0377d1594cc44c568ff357bb2b945997 (127.13.60.3) evicted. New config: { opid_index: 31 OBSOLETE_local: false peers { permanent_uuid: "6f14d4fbdef742739944cd5fa0343918" member_type: VOTER last_known_addr { host: "127.13.60.1" port: 41641 } } peers { permanent_uuid: "1f5412738f3b4548ade1e07e065ae459" member_type: VOTER last_known_addr { host: "127.13.60.2" port: 38545 } } peers { permanent_uuid: "decb0ff2ff34438c8522d7aa674afd77" member_type: VOTER last_known_addr { host: "127.13.60.4" port: 41235 } attrs { promote: false } } }
I20260601 13:23:38.022159 18347 raft_consensus.cc:2955] T 7cdaa00583884c06873f4ec6767ccd97 P decb0ff2ff34438c8522d7aa674afd77 [term 1 FOLLOWER]: Committing config change with OpId 1.31: config changed from index 30 to 31, VOTER 0377d1594cc44c568ff357bb2b945997 (127.13.60.3) evicted. New config: { opid_index: 31 OBSOLETE_local: false peers { permanent_uuid: "6f14d4fbdef742739944cd5fa0343918" member_type: VOTER last_known_addr { host: "127.13.60.1" port: 41641 } } peers { permanent_uuid: "1f5412738f3b4548ade1e07e065ae459" member_type: VOTER last_known_addr { host: "127.13.60.2" port: 38545 } } peers { permanent_uuid: "decb0ff2ff34438c8522d7aa674afd77" member_type: VOTER last_known_addr { host: "127.13.60.4" port: 41235 } attrs { promote: false } } }
I20260601 13:23:38.022742 18012 raft_consensus.cc:2955] T 7cdaa00583884c06873f4ec6767ccd97 P 1f5412738f3b4548ade1e07e065ae459 [term 1 FOLLOWER]: Committing config change with OpId 1.31: config changed from index 30 to 31, VOTER 0377d1594cc44c568ff357bb2b945997 (127.13.60.3) evicted. New config: { opid_index: 31 OBSOLETE_local: false peers { permanent_uuid: "6f14d4fbdef742739944cd5fa0343918" member_type: VOTER last_known_addr { host: "127.13.60.1" port: 41641 } } peers { permanent_uuid: "1f5412738f3b4548ade1e07e065ae459" member_type: VOTER last_known_addr { host: "127.13.60.2" port: 38545 } } peers { permanent_uuid: "decb0ff2ff34438c8522d7aa674afd77" member_type: VOTER last_known_addr { host: "127.13.60.4" port: 41235 } attrs { promote: false } } }
I20260601 13:23:38.023913 17822 catalog_manager.cc:5209] ChangeConfig:REMOVE_PEER RPC for tablet 7cdaa00583884c06873f4ec6767ccd97 with cas_config_opid_index 30: ChangeConfig:REMOVE_PEER succeeded (attempt 1)
I20260601 13:23:38.024705 17836 catalog_manager.cc:5696] T 7cdaa00583884c06873f4ec6767ccd97 P 1f5412738f3b4548ade1e07e065ae459 reported cstate change: config changed from index 30 to 31, VOTER 0377d1594cc44c568ff357bb2b945997 (127.13.60.3) evicted. New cstate: current_term: 1 leader_uuid: "6f14d4fbdef742739944cd5fa0343918" committed_config { opid_index: 31 OBSOLETE_local: false peers { permanent_uuid: "6f14d4fbdef742739944cd5fa0343918" member_type: VOTER last_known_addr { host: "127.13.60.1" port: 41641 } } peers { permanent_uuid: "1f5412738f3b4548ade1e07e065ae459" member_type: VOTER last_known_addr { host: "127.13.60.2" port: 38545 } } peers { permanent_uuid: "decb0ff2ff34438c8522d7aa674afd77" member_type: VOTER last_known_addr { host: "127.13.60.4" port: 41235 } attrs { promote: false } } }
I20260601 13:23:38.026749 18080 tablet_service.cc:1558] Processing DeleteTablet for tablet 7cdaa00583884c06873f4ec6767ccd97 with delete_type TABLET_DATA_TOMBSTONED (TS 0377d1594cc44c568ff357bb2b945997 not found in new config with opid_index 31) from {username='slave'} at 127.0.0.1:33258
I20260601 13:23:38.027117 18613 tablet_replica.cc:333] T 7cdaa00583884c06873f4ec6767ccd97 P 0377d1594cc44c568ff357bb2b945997: stopping tablet replica
I20260601 13:23:38.027302 18613 raft_consensus.cc:2243] T 7cdaa00583884c06873f4ec6767ccd97 P 0377d1594cc44c568ff357bb2b945997 [term 1 FOLLOWER]: Raft consensus shutting down.
I20260601 13:23:38.027468 18613 raft_consensus.cc:2272] T 7cdaa00583884c06873f4ec6767ccd97 P 0377d1594cc44c568ff357bb2b945997 [term 1 FOLLOWER]: Raft consensus is shut down!
I20260601 13:23:38.028038 18613 ts_tablet_manager.cc:1916] T 7cdaa00583884c06873f4ec6767ccd97 P 0377d1594cc44c568ff357bb2b945997: Deleting tablet data with delete state TABLET_DATA_TOMBSTONED
I20260601 13:23:38.029986 18613 ts_tablet_manager.cc:1929] T 7cdaa00583884c06873f4ec6767ccd97 P 0377d1594cc44c568ff357bb2b945997: tablet deleted with delete type TABLET_DATA_TOMBSTONED: last-logged OpId 1.30
I20260601 13:23:38.030061 18613 log.cc:1199] T 7cdaa00583884c06873f4ec6767ccd97 P 0377d1594cc44c568ff357bb2b945997: Deleting WAL directory at /tmp/dist-test-taskqeUV5U/test-tmp/auto_rebalancer-test.0.AutoRebalancerTest.TestMaxMovesPerServer.1780320112413007-13552-0/minicluster-data/ts-2-root/wals/7cdaa00583884c06873f4ec6767ccd97
I20260601 13:23:38.030555 17822 catalog_manager.cc:5027] TS 0377d1594cc44c568ff357bb2b945997 (127.13.60.3:38749): tablet 7cdaa00583884c06873f4ec6767ccd97 (table test-workload [id=9721e097332b4195adaf1fab050e4f16]) successfully deleted
I20260601 13:23:38.326536 18609 raft_consensus.cc:1064] T a48ac86aa5564ae39ec7a569b3a5b6a5 P 6f14d4fbdef742739944cd5fa0343918: attempting to promote NON_VOTER d947e6fb135f4730ac70a1757c4c19a3 to VOTER
I20260601 13:23:38.327118 18609 consensus_queue.cc:237] T a48ac86aa5564ae39ec7a569b3a5b6a5 P 6f14d4fbdef742739944cd5fa0343918 [LEADER]: Queue going to LEADER mode. State: All replicated index: 0, Majority replicated index: 29, Committed index: 29, Last appended: 1.29, Last appended by leader: 0, Current term: 1, Majority size: 3, State: 0, Mode: LEADER, active raft config: opid_index: 30 OBSOLETE_local: false peers { permanent_uuid: "6f14d4fbdef742739944cd5fa0343918" member_type: VOTER last_known_addr { host: "127.13.60.1" port: 41641 } } peers { permanent_uuid: "1f5412738f3b4548ade1e07e065ae459" member_type: VOTER last_known_addr { host: "127.13.60.2" port: 38545 } attrs { replace: true } } peers { permanent_uuid: "0377d1594cc44c568ff357bb2b945997" member_type: VOTER last_known_addr { host: "127.13.60.3" port: 38749 } } peers { permanent_uuid: "d947e6fb135f4730ac70a1757c4c19a3" member_type: VOTER last_known_addr { host: "127.13.60.6" port: 42347 } attrs { promote: false } }
I20260601 13:23:38.328392 18498 raft_consensus.cc:1275] T a48ac86aa5564ae39ec7a569b3a5b6a5 P d947e6fb135f4730ac70a1757c4c19a3 [term 1 LEARNER]: Refusing update from remote peer 6f14d4fbdef742739944cd5fa0343918: Log matching property violated. Preceding OpId in replica: term: 1 index: 29. Preceding OpId from leader: term: 1 index: 30. (index mismatch)
I20260601 13:23:38.328693 18090 raft_consensus.cc:1275] T a48ac86aa5564ae39ec7a569b3a5b6a5 P 0377d1594cc44c568ff357bb2b945997 [term 1 FOLLOWER]: Refusing update from remote peer 6f14d4fbdef742739944cd5fa0343918: Log matching property violated. Preceding OpId in replica: term: 1 index: 29. Preceding OpId from leader: term: 1 index: 30. (index mismatch)
I20260601 13:23:38.328737 18584 consensus_queue.cc:1048] T a48ac86aa5564ae39ec7a569b3a5b6a5 P 6f14d4fbdef742739944cd5fa0343918 [LEADER]: Connected to new peer: Peer: permanent_uuid: "d947e6fb135f4730ac70a1757c4c19a3" member_type: VOTER last_known_addr { host: "127.13.60.6" port: 42347 } attrs { promote: false }, Status: LMP_MISMATCH, Last received: 0.0, Next index: 30, Last known committed idx: 29, Time since last communication: 0.000s
I20260601 13:23:38.328971 18606 consensus_queue.cc:1048] T a48ac86aa5564ae39ec7a569b3a5b6a5 P 6f14d4fbdef742739944cd5fa0343918 [LEADER]: Connected to new peer: Peer: permanent_uuid: "0377d1594cc44c568ff357bb2b945997" member_type: VOTER last_known_addr { host: "127.13.60.3" port: 38749 }, Status: LMP_MISMATCH, Last received: 0.0, Next index: 30, Last known committed idx: 29, Time since last communication: 0.000s
I20260601 13:23:38.329079 18012 raft_consensus.cc:1275] T a48ac86aa5564ae39ec7a569b3a5b6a5 P 1f5412738f3b4548ade1e07e065ae459 [term 1 FOLLOWER]: Refusing update from remote peer 6f14d4fbdef742739944cd5fa0343918: Log matching property violated. Preceding OpId in replica: term: 1 index: 29. Preceding OpId from leader: term: 1 index: 30. (index mismatch)
I20260601 13:23:38.329905 18606 consensus_queue.cc:1048] T a48ac86aa5564ae39ec7a569b3a5b6a5 P 6f14d4fbdef742739944cd5fa0343918 [LEADER]: Connected to new peer: Peer: permanent_uuid: "1f5412738f3b4548ade1e07e065ae459" member_type: VOTER last_known_addr { host: "127.13.60.2" port: 38545 } attrs { replace: true }, Status: LMP_MISMATCH, Last received: 0.0, Next index: 30, Last known committed idx: 29, Time since last communication: 0.000s
I20260601 13:23:38.331235 18582 raft_consensus.cc:1064] T 0a494bbce1454974bd341053a74919ba P 1f5412738f3b4548ade1e07e065ae459: attempting to promote NON_VOTER c6e8005f14db42068d22a85ec0d4df97 to VOTER
I20260601 13:23:38.331540 18582 consensus_queue.cc:237] T 0a494bbce1454974bd341053a74919ba P 1f5412738f3b4548ade1e07e065ae459 [LEADER]: Queue going to LEADER mode. State: All replicated index: 0, Majority replicated index: 28, Committed index: 28, Last appended: 1.28, Last appended by leader: 0, Current term: 1, Majority size: 3, State: 0, Mode: LEADER, active raft config: opid_index: 29 OBSOLETE_local: false peers { permanent_uuid: "6f14d4fbdef742739944cd5fa0343918" member_type: VOTER last_known_addr { host: "127.13.60.1" port: 41641 } } peers { permanent_uuid: "1f5412738f3b4548ade1e07e065ae459" member_type: VOTER last_known_addr { host: "127.13.60.2" port: 38545 } } peers { permanent_uuid: "0377d1594cc44c568ff357bb2b945997" member_type: VOTER last_known_addr { host: "127.13.60.3" port: 38749 } attrs { replace: true } } peers { permanent_uuid: "c6e8005f14db42068d22a85ec0d4df97" member_type: VOTER last_known_addr { host: "127.13.60.5" port: 45921 } attrs { promote: false } }
I20260601 13:23:38.332602 18606 raft_consensus.cc:2955] T a48ac86aa5564ae39ec7a569b3a5b6a5 P 6f14d4fbdef742739944cd5fa0343918 [term 1 LEADER]: Committing config change with OpId 1.30: config changed from index 29 to 30, d947e6fb135f4730ac70a1757c4c19a3 (127.13.60.6) changed from NON_VOTER to VOTER. New config: { opid_index: 30 OBSOLETE_local: false peers { permanent_uuid: "6f14d4fbdef742739944cd5fa0343918" member_type: VOTER last_known_addr { host: "127.13.60.1" port: 41641 } } peers { permanent_uuid: "1f5412738f3b4548ade1e07e065ae459" member_type: VOTER last_known_addr { host: "127.13.60.2" port: 38545 } attrs { replace: true } } peers { permanent_uuid: "0377d1594cc44c568ff357bb2b945997" member_type: VOTER last_known_addr { host: "127.13.60.3" port: 38749 } } peers { permanent_uuid: "d947e6fb135f4730ac70a1757c4c19a3" member_type: VOTER last_known_addr { host: "127.13.60.6" port: 42347 } attrs { promote: false } } }
I20260601 13:23:38.334013 17934 raft_consensus.cc:1275] T 0a494bbce1454974bd341053a74919ba P 6f14d4fbdef742739944cd5fa0343918 [term 1 FOLLOWER]: Refusing update from remote peer 1f5412738f3b4548ade1e07e065ae459: Log matching property violated. Preceding OpId in replica: term: 1 index: 28. Preceding OpId from leader: term: 1 index: 29. (index mismatch)
I20260601 13:23:38.334744 18090 raft_consensus.cc:2955] T a48ac86aa5564ae39ec7a569b3a5b6a5 P 0377d1594cc44c568ff357bb2b945997 [term 1 FOLLOWER]: Committing config change with OpId 1.30: config changed from index 29 to 30, d947e6fb135f4730ac70a1757c4c19a3 (127.13.60.6) changed from NON_VOTER to VOTER. New config: { opid_index: 30 OBSOLETE_local: false peers { permanent_uuid: "6f14d4fbdef742739944cd5fa0343918" member_type: VOTER last_known_addr { host: "127.13.60.1" port: 41641 } } peers { permanent_uuid: "1f5412738f3b4548ade1e07e065ae459" member_type: VOTER last_known_addr { host: "127.13.60.2" port: 38545 } attrs { replace: true } } peers { permanent_uuid: "0377d1594cc44c568ff357bb2b945997" member_type: VOTER last_known_addr { host: "127.13.60.3" port: 38749 } } peers { permanent_uuid: "d947e6fb135f4730ac70a1757c4c19a3" member_type: VOTER last_known_addr { host: "127.13.60.6" port: 42347 } attrs { promote: false } } }
I20260601 13:23:38.334777 17838 catalog_manager.cc:5696] T a48ac86aa5564ae39ec7a569b3a5b6a5 P 6f14d4fbdef742739944cd5fa0343918 reported cstate change: config changed from index 29 to 30, d947e6fb135f4730ac70a1757c4c19a3 (127.13.60.6) changed from NON_VOTER to VOTER. New cstate: current_term: 1 leader_uuid: "6f14d4fbdef742739944cd5fa0343918" committed_config { opid_index: 30 OBSOLETE_local: false peers { permanent_uuid: "6f14d4fbdef742739944cd5fa0343918" member_type: VOTER last_known_addr { host: "127.13.60.1" port: 41641 } health_report { overall_health: HEALTHY } } peers { permanent_uuid: "1f5412738f3b4548ade1e07e065ae459" member_type: VOTER last_known_addr { host: "127.13.60.2" port: 38545 } attrs { replace: true } health_report { overall_health: UNKNOWN } } peers { permanent_uuid: "0377d1594cc44c568ff357bb2b945997" member_type: VOTER last_known_addr { host: "127.13.60.3" port: 38749 } health_report { overall_health: HEALTHY } } peers { permanent_uuid: "d947e6fb135f4730ac70a1757c4c19a3" member_type: VOTER last_known_addr { host: "127.13.60.6" port: 42347 } attrs { promote: false } health_report { overall_health: HEALTHY } } }
I20260601 13:23:38.335808 18012 raft_consensus.cc:2955] T a48ac86aa5564ae39ec7a569b3a5b6a5 P 1f5412738f3b4548ade1e07e065ae459 [term 1 FOLLOWER]: Committing config change with OpId 1.30: config changed from index 29 to 30, d947e6fb135f4730ac70a1757c4c19a3 (127.13.60.6) changed from NON_VOTER to VOTER. New config: { opid_index: 30 OBSOLETE_local: false peers { permanent_uuid: "6f14d4fbdef742739944cd5fa0343918" member_type: VOTER last_known_addr { host: "127.13.60.1" port: 41641 } } peers { permanent_uuid: "1f5412738f3b4548ade1e07e065ae459" member_type: VOTER last_known_addr { host: "127.13.60.2" port: 38545 } attrs { replace: true } } peers { permanent_uuid: "0377d1594cc44c568ff357bb2b945997" member_type: VOTER last_known_addr { host: "127.13.60.3" port: 38749 } } peers { permanent_uuid: "d947e6fb135f4730ac70a1757c4c19a3" member_type: VOTER last_known_addr { host: "127.13.60.6" port: 42347 } attrs { promote: false } } }
