I20260601 13:22:02.268644 13552 fs_manager.cc:647] Opened local filesystem: /tmp/dist-test-taskqeUV5U/test-tmp/auto_rebalancer-test.0.AutoRebalancerTest.NextLeaderResumesAutoRebalancing.1780320112413007-13552-0/minicluster-data/master-2-root
uuid: "548933933bba4bd6abf3119de868f367"
format_stamp: "Formatted at 2026-06-01 13:22:02 on dist-test-slave-nwn6"
I20260601 13:22:02.268714 13552 fs_report.cc:389] FS layout report
--------------------
wal directory: /tmp/dist-test-taskqeUV5U/test-tmp/auto_rebalancer-test.0.AutoRebalancerTest.NextLeaderResumesAutoRebalancing.1780320112413007-13552-0/minicluster-data/master-2-root
metadata directory: /tmp/dist-test-taskqeUV5U/test-tmp/auto_rebalancer-test.0.AutoRebalancerTest.NextLeaderResumesAutoRebalancing.1780320112413007-13552-0/minicluster-data/master-2-root
1 data directories: /tmp/dist-test-taskqeUV5U/test-tmp/auto_rebalancer-test.0.AutoRebalancerTest.NextLeaderResumesAutoRebalancing.1780320112413007-13552-0/minicluster-data/master-2-root/data
Total live blocks: 0
Total live bytes: 0
Total live bytes (after alignment): 0
Total number of LBM containers: 0 (0 full)
Did not check for missing blocks
Did not check for orphaned blocks
Total full LBM containers with extra space: 0 (0 repaired)
Total full LBM container extra space in bytes: 0 (0 repaired)
Total incomplete LBM containers: 0 (0 repaired)
Total LBM partial records: 0 (0 repaired)
Total corrupted LBM metadata records in RocksDB: 0 (0 repaired)
I20260601 13:22:02.271631 14726 sys_catalog.cc:422] member_type: VOTER last_known_addr { host: "127.13.60.60" port: 37577 } has no permanent_uuid. Determining permanent_uuid...
W20260601 13:22:02.273015 14726 consensus_peers.cc:760] Error getting permanent uuid from config peer 127.13.60.60:37577: Network error: Client connection negotiation failed: client connection to 127.13.60.60:37577: connect: Connection refused (error 111)
I20260601 13:22:02.283473 14660 consensus_peers.cc:770] Retrying to get permanent uuid for remote peer: member_type: VOTER last_known_addr { host: "127.13.60.61" port: 37777 } attempt: 1
I20260601 13:22:02.287436 14660 sys_catalog.cc:422] member_type: VOTER last_known_addr { host: "127.13.60.60" port: 37577 } has no permanent_uuid. Determining permanent_uuid...
W20260601 13:22:02.288525 14660 consensus_peers.cc:760] Error getting permanent uuid from config peer 127.13.60.60:37577: Network error: Client connection negotiation failed: client connection to 127.13.60.60:37577: connect: Connection refused (error 111)
I20260601 13:22:02.292481 13552 rpc_server.cc:225] running with OpenSSL 1.1.1  11 Sep 2018
I20260601 13:22:02.292820 13552 kserver.cc:163] Server-wide thread pool size limit: 3276
I20260601 13:22:02.296497 13552 rpc_server.cc:307] RPC server started. Bound to: 127.13.60.60:37577
I20260601 13:22:02.296518 14791 acceptor_pool.cc:272] collecting diagnostics on the listening RPC socket 127.13.60.60:37577 every 8 connection(s)
I20260601 13:22:02.296888 13552 internal_mini_cluster.cc:184] Waiting to initialize catalog manager on master 0
I20260601 13:22:02.297255 14792 data_dirs.cc:400] Could only allocate 1 dirs of requested 3 for tablet 00000000000000000000000000000000. 1 dirs total, 0 dirs full, 0 dirs failed
I20260601 13:22:02.298219 14792 sys_catalog.cc:422] member_type: VOTER last_known_addr { host: "127.13.60.62" port: 36423 } has no permanent_uuid. Determining permanent_uuid...
I20260601 13:22:02.301595 14792 sys_catalog.cc:422] member_type: VOTER last_known_addr { host: "127.13.60.61" port: 37777 } has no permanent_uuid. Determining permanent_uuid...
I20260601 13:22:02.304664 14792 sys_catalog.cc:422] member_type: VOTER last_known_addr { host: "127.13.60.60" port: 37577 } has no permanent_uuid. Determining permanent_uuid...
I20260601 13:22:02.308847 14792 tablet_bootstrap.cc:492] T 00000000000000000000000000000000 P 548933933bba4bd6abf3119de868f367: Bootstrap starting.
I20260601 13:22:02.309646 14792 tablet_bootstrap.cc:654] T 00000000000000000000000000000000 P 548933933bba4bd6abf3119de868f367: Neither blocks nor log segments found. Creating new log.
I20260601 13:22:02.310573 14792 tablet_bootstrap.cc:492] T 00000000000000000000000000000000 P 548933933bba4bd6abf3119de868f367: No bootstrap required, opened a new log
I20260601 13:22:02.310994 14792 raft_consensus.cc:359] T 00000000000000000000000000000000 P 548933933bba4bd6abf3119de868f367 [term 0 FOLLOWER]: Replica starting. Triggering 0 pending ops. Active config: opid_index: -1 OBSOLETE_local: false peers { permanent_uuid: "c6b231e98d4642158a31c19c7de88bfb" member_type: VOTER last_known_addr { host: "127.13.60.62" port: 36423 } } peers { permanent_uuid: "eeae306b59604ee49e7859d94dc094b9" member_type: VOTER last_known_addr { host: "127.13.60.61" port: 37777 } } peers { permanent_uuid: "548933933bba4bd6abf3119de868f367" member_type: VOTER last_known_addr { host: "127.13.60.60" port: 37577 } }
I20260601 13:22:02.311076 14792 raft_consensus.cc:385] T 00000000000000000000000000000000 P 548933933bba4bd6abf3119de868f367 [term 0 FOLLOWER]: Consensus starting up: Expiring failure detector timer to make a prompt election more likely
I20260601 13:22:02.311103 14792 raft_consensus.cc:740] T 00000000000000000000000000000000 P 548933933bba4bd6abf3119de868f367 [term 0 FOLLOWER]: Becoming Follower/Learner. State: Replica: 548933933bba4bd6abf3119de868f367, State: Initialized, Role: FOLLOWER
I20260601 13:22:02.311203 14792 consensus_queue.cc:260] T 00000000000000000000000000000000 P 548933933bba4bd6abf3119de868f367 [NON_LEADER]: Queue going to NON_LEADER mode. State: All replicated index: 0, Majority replicated index: 0, Committed index: 0, Last appended: 0.0, Last appended by leader: 0, Current term: 0, Majority size: -1, State: 0, Mode: NON_LEADER, active raft config: opid_index: -1 OBSOLETE_local: false peers { permanent_uuid: "c6b231e98d4642158a31c19c7de88bfb" member_type: VOTER last_known_addr { host: "127.13.60.62" port: 36423 } } peers { permanent_uuid: "eeae306b59604ee49e7859d94dc094b9" member_type: VOTER last_known_addr { host: "127.13.60.61" port: 37777 } } peers { permanent_uuid: "548933933bba4bd6abf3119de868f367" member_type: VOTER last_known_addr { host: "127.13.60.60" port: 37577 } }
I20260601 13:22:02.311455 14797 sys_catalog.cc:455] T 00000000000000000000000000000000 P 548933933bba4bd6abf3119de868f367 [sys.catalog]: SysCatalogTable state changed. Reason: RaftConsensus started. Latest consensus state: current_term: 0 committed_config { opid_index: -1 OBSOLETE_local: false peers { permanent_uuid: "c6b231e98d4642158a31c19c7de88bfb" member_type: VOTER last_known_addr { host: "127.13.60.62" port: 36423 } } peers { permanent_uuid: "eeae306b59604ee49e7859d94dc094b9" member_type: VOTER last_known_addr { host: "127.13.60.61" port: 37777 } } peers { permanent_uuid: "548933933bba4bd6abf3119de868f367" member_type: VOTER last_known_addr { host: "127.13.60.60" port: 37577 } } }
I20260601 13:22:02.311538 14797 sys_catalog.cc:458] T 00000000000000000000000000000000 P 548933933bba4bd6abf3119de868f367 [sys.catalog]: This master's current role is: FOLLOWER
I20260601 13:22:02.311568 14792 sys_catalog.cc:565] T 00000000000000000000000000000000 P 548933933bba4bd6abf3119de868f367 [sys.catalog]: configured and running, proceeding with master startup.
W20260601 13:22:02.313349 14808 catalog_manager.cc:1593] T 00000000000000000000000000000000 P 548933933bba4bd6abf3119de868f367: loading cluster ID for follower catalog manager: Not found: cluster ID entry not found
W20260601 13:22:02.313402 14808 catalog_manager.cc:883] Not found: cluster ID entry not found: failed to prepare follower catalog manager, will retry
I20260601 13:22:02.319154 14726 consensus_peers.cc:770] Retrying to get permanent uuid for remote peer: member_type: VOTER last_known_addr { host: "127.13.60.60" port: 37577 } attempt: 1
I20260601 13:22:02.322962 14726 tablet_bootstrap.cc:492] T 00000000000000000000000000000000 P eeae306b59604ee49e7859d94dc094b9: Bootstrap starting.
I20260601 13:22:02.323756 14726 tablet_bootstrap.cc:654] T 00000000000000000000000000000000 P eeae306b59604ee49e7859d94dc094b9: Neither blocks nor log segments found. Creating new log.
I20260601 13:22:02.324657 14726 tablet_bootstrap.cc:492] T 00000000000000000000000000000000 P eeae306b59604ee49e7859d94dc094b9: No bootstrap required, opened a new log
I20260601 13:22:02.325007 14726 raft_consensus.cc:359] T 00000000000000000000000000000000 P eeae306b59604ee49e7859d94dc094b9 [term 0 FOLLOWER]: Replica starting. Triggering 0 pending ops. Active config: opid_index: -1 OBSOLETE_local: false peers { permanent_uuid: "c6b231e98d4642158a31c19c7de88bfb" member_type: VOTER last_known_addr { host: "127.13.60.62" port: 36423 } } peers { permanent_uuid: "eeae306b59604ee49e7859d94dc094b9" member_type: VOTER last_known_addr { host: "127.13.60.61" port: 37777 } } peers { permanent_uuid: "548933933bba4bd6abf3119de868f367" member_type: VOTER last_known_addr { host: "127.13.60.60" port: 37577 } }
I20260601 13:22:02.325084 14726 raft_consensus.cc:385] T 00000000000000000000000000000000 P eeae306b59604ee49e7859d94dc094b9 [term 0 FOLLOWER]: Consensus starting up: Expiring failure detector timer to make a prompt election more likely
I20260601 13:22:02.325110 14726 raft_consensus.cc:740] T 00000000000000000000000000000000 P eeae306b59604ee49e7859d94dc094b9 [term 0 FOLLOWER]: Becoming Follower/Learner. State: Replica: eeae306b59604ee49e7859d94dc094b9, State: Initialized, Role: FOLLOWER
I20260601 13:22:02.325210 14726 consensus_queue.cc:260] T 00000000000000000000000000000000 P eeae306b59604ee49e7859d94dc094b9 [NON_LEADER]: Queue going to NON_LEADER mode. State: All replicated index: 0, Majority replicated index: 0, Committed index: 0, Last appended: 0.0, Last appended by leader: 0, Current term: 0, Majority size: -1, State: 0, Mode: NON_LEADER, active raft config: opid_index: -1 OBSOLETE_local: false peers { permanent_uuid: "c6b231e98d4642158a31c19c7de88bfb" member_type: VOTER last_known_addr { host: "127.13.60.62" port: 36423 } } peers { permanent_uuid: "eeae306b59604ee49e7859d94dc094b9" member_type: VOTER last_known_addr { host: "127.13.60.61" port: 37777 } } peers { permanent_uuid: "548933933bba4bd6abf3119de868f367" member_type: VOTER last_known_addr { host: "127.13.60.60" port: 37577 } }
I20260601 13:22:02.325457 14810 sys_catalog.cc:455] T 00000000000000000000000000000000 P eeae306b59604ee49e7859d94dc094b9 [sys.catalog]: SysCatalogTable state changed. Reason: RaftConsensus started. Latest consensus state: current_term: 0 committed_config { opid_index: -1 OBSOLETE_local: false peers { permanent_uuid: "c6b231e98d4642158a31c19c7de88bfb" member_type: VOTER last_known_addr { host: "127.13.60.62" port: 36423 } } peers { permanent_uuid: "eeae306b59604ee49e7859d94dc094b9" member_type: VOTER last_known_addr { host: "127.13.60.61" port: 37777 } } peers { permanent_uuid: "548933933bba4bd6abf3119de868f367" member_type: VOTER last_known_addr { host: "127.13.60.60" port: 37577 } } }
I20260601 13:22:02.325536 14810 sys_catalog.cc:458] T 00000000000000000000000000000000 P eeae306b59604ee49e7859d94dc094b9 [sys.catalog]: This master's current role is: FOLLOWER
I20260601 13:22:02.325572 14726 sys_catalog.cc:565] T 00000000000000000000000000000000 P eeae306b59604ee49e7859d94dc094b9 [sys.catalog]: configured and running, proceeding with master startup.
W20260601 13:22:02.327469 14821 catalog_manager.cc:1593] T 00000000000000000000000000000000 P eeae306b59604ee49e7859d94dc094b9: loading cluster ID for follower catalog manager: Not found: cluster ID entry not found
W20260601 13:22:02.327522 14821 catalog_manager.cc:883] Not found: cluster ID entry not found: failed to prepare follower catalog manager, will retry
I20260601 13:22:02.344663 14660 consensus_peers.cc:770] Retrying to get permanent uuid for remote peer: member_type: VOTER last_known_addr { host: "127.13.60.60" port: 37577 } attempt: 1
I20260601 13:22:02.348728 14660 tablet_bootstrap.cc:492] T 00000000000000000000000000000000 P c6b231e98d4642158a31c19c7de88bfb: Bootstrap starting.
I20260601 13:22:02.349601 14660 tablet_bootstrap.cc:654] T 00000000000000000000000000000000 P c6b231e98d4642158a31c19c7de88bfb: Neither blocks nor log segments found. Creating new log.
I20260601 13:22:02.350571 14660 tablet_bootstrap.cc:492] T 00000000000000000000000000000000 P c6b231e98d4642158a31c19c7de88bfb: No bootstrap required, opened a new log
I20260601 13:22:02.350976 14660 raft_consensus.cc:359] T 00000000000000000000000000000000 P c6b231e98d4642158a31c19c7de88bfb [term 0 FOLLOWER]: Replica starting. Triggering 0 pending ops. Active config: opid_index: -1 OBSOLETE_local: false peers { permanent_uuid: "c6b231e98d4642158a31c19c7de88bfb" member_type: VOTER last_known_addr { host: "127.13.60.62" port: 36423 } } peers { permanent_uuid: "eeae306b59604ee49e7859d94dc094b9" member_type: VOTER last_known_addr { host: "127.13.60.61" port: 37777 } } peers { permanent_uuid: "548933933bba4bd6abf3119de868f367" member_type: VOTER last_known_addr { host: "127.13.60.60" port: 37577 } }
I20260601 13:22:02.351063 14660 raft_consensus.cc:385] T 00000000000000000000000000000000 P c6b231e98d4642158a31c19c7de88bfb [term 0 FOLLOWER]: Consensus starting up: Expiring failure detector timer to make a prompt election more likely
I20260601 13:22:02.351094 14660 raft_consensus.cc:740] T 00000000000000000000000000000000 P c6b231e98d4642158a31c19c7de88bfb [term 0 FOLLOWER]: Becoming Follower/Learner. State: Replica: c6b231e98d4642158a31c19c7de88bfb, State: Initialized, Role: FOLLOWER
I20260601 13:22:02.351228 14660 consensus_queue.cc:260] T 00000000000000000000000000000000 P c6b231e98d4642158a31c19c7de88bfb [NON_LEADER]: Queue going to NON_LEADER mode. State: All replicated index: 0, Majority replicated index: 0, Committed index: 0, Last appended: 0.0, Last appended by leader: 0, Current term: 0, Majority size: -1, State: 0, Mode: NON_LEADER, active raft config: opid_index: -1 OBSOLETE_local: false peers { permanent_uuid: "c6b231e98d4642158a31c19c7de88bfb" member_type: VOTER last_known_addr { host: "127.13.60.62" port: 36423 } } peers { permanent_uuid: "eeae306b59604ee49e7859d94dc094b9" member_type: VOTER last_known_addr { host: "127.13.60.61" port: 37777 } } peers { permanent_uuid: "548933933bba4bd6abf3119de868f367" member_type: VOTER last_known_addr { host: "127.13.60.60" port: 37577 } }
I20260601 13:22:02.351498 14823 sys_catalog.cc:455] T 00000000000000000000000000000000 P c6b231e98d4642158a31c19c7de88bfb [sys.catalog]: SysCatalogTable state changed. Reason: RaftConsensus started. Latest consensus state: current_term: 0 committed_config { opid_index: -1 OBSOLETE_local: false peers { permanent_uuid: "c6b231e98d4642158a31c19c7de88bfb" member_type: VOTER last_known_addr { host: "127.13.60.62" port: 36423 } } peers { permanent_uuid: "eeae306b59604ee49e7859d94dc094b9" member_type: VOTER last_known_addr { host: "127.13.60.61" port: 37777 } } peers { permanent_uuid: "548933933bba4bd6abf3119de868f367" member_type: VOTER last_known_addr { host: "127.13.60.60" port: 37577 } } }
I20260601 13:22:02.351577 14823 sys_catalog.cc:458] T 00000000000000000000000000000000 P c6b231e98d4642158a31c19c7de88bfb [sys.catalog]: This master's current role is: FOLLOWER
I20260601 13:22:02.351634 14660 sys_catalog.cc:565] T 00000000000000000000000000000000 P c6b231e98d4642158a31c19c7de88bfb [sys.catalog]: configured and running, proceeding with master startup.
I20260601 13:22:02.353353 13552 internal_mini_cluster.cc:184] Waiting to initialize catalog manager on master 1
I20260601 13:22:02.353406 13552 internal_mini_cluster.cc:184] Waiting to initialize catalog manager on master 2
I20260601 13:22:02.353785 13552 file_cache.cc:492] Constructed file cache file cache with capacity 419430
W20260601 13:22:02.353793 14834 catalog_manager.cc:1593] T 00000000000000000000000000000000 P c6b231e98d4642158a31c19c7de88bfb: loading cluster ID for follower catalog manager: Not found: cluster ID entry not found
W20260601 13:22:02.353870 14834 catalog_manager.cc:883] Not found: cluster ID entry not found: failed to prepare follower catalog manager, will retry
W20260601 13:22:02.355455 14835 instance_detector.cc:116] could not retrieve AWS instance metadata: Network error: curl error: HTTP response code said error: The requested URL returned error: 404
W20260601 13:22:02.355469 14836 instance_detector.cc:116] could not retrieve Azure instance metadata: Network error: curl error: HTTP response code said error: The requested URL returned error: 404
I20260601 13:22:02.355645 13552 server_base.cc:1061] running on GCE node
W20260601 13:22:02.355664 14838 instance_detector.cc:116] could not retrieve OpenStack instance metadata: Network error: curl error: HTTP response code said error: The requested URL returned error: 404
I20260601 13:22:02.355887 13552 hybrid_clock.cc:584] initializing the hybrid clock with 'system_unsync' time source
W20260601 13:22:02.355927 13552 system_unsync_time.cc:38] NTP support is disabled. Clock error bounds will not be accurate. This configuration is not suitable for distributed clusters.
I20260601 13:22:02.355942 13552 hybrid_clock.cc:648] HybridClock initialized: now 1780320122355942 us; error 0 us; skew 500 ppm
I20260601 13:22:02.356720 13552 webserver.cc:533] Webserver started at http://127.13.60.1:42937/ using document root <none> and password file <none>
I20260601 13:22:02.356854 13552 fs_manager.cc:362] Metadata directory not provided
I20260601 13:22:02.356899 13552 fs_manager.cc:368] Using write-ahead log directory (fs_wal_dir) as metadata directory
I20260601 13:22:02.356964 13552 server_base.cc:909] This appears to be a new deployment of Kudu; creating new FS layout
I20260601 13:22:02.357324 13552 fs_manager.cc:1068] Generated new instance metadata in path /tmp/dist-test-taskqeUV5U/test-tmp/auto_rebalancer-test.0.AutoRebalancerTest.NextLeaderResumesAutoRebalancing.1780320112413007-13552-0/minicluster-data/ts-0-root/instance:
uuid: "99451e76d2d04dc7b3c9918edb07b858"
format_stamp: "Formatted at 2026-06-01 13:22:02 on dist-test-slave-nwn6"
I20260601 13:22:02.358659 13552 fs_manager.cc:696] Time spent creating directory manager: real 0.001s	user 0.000s	sys 0.002s
I20260601 13:22:02.359459 14843 log_block_manager.cc:4031] Time spent loading block containers with low live blocks: real 0.000s	user 0.000s	sys 0.000s
I20260601 13:22:02.359669 13552 fs_manager.cc:730] Time spent opening block manager: real 0.001s	user 0.000s	sys 0.000s
I20260601 13:22:02.359725 13552 fs_manager.cc:647] Opened local filesystem: /tmp/dist-test-taskqeUV5U/test-tmp/auto_rebalancer-test.0.AutoRebalancerTest.NextLeaderResumesAutoRebalancing.1780320112413007-13552-0/minicluster-data/ts-0-root
uuid: "99451e76d2d04dc7b3c9918edb07b858"
format_stamp: "Formatted at 2026-06-01 13:22:02 on dist-test-slave-nwn6"
I20260601 13:22:02.359782 13552 fs_report.cc:389] FS layout report
--------------------
wal directory: /tmp/dist-test-taskqeUV5U/test-tmp/auto_rebalancer-test.0.AutoRebalancerTest.NextLeaderResumesAutoRebalancing.1780320112413007-13552-0/minicluster-data/ts-0-root
metadata directory: /tmp/dist-test-taskqeUV5U/test-tmp/auto_rebalancer-test.0.AutoRebalancerTest.NextLeaderResumesAutoRebalancing.1780320112413007-13552-0/minicluster-data/ts-0-root
1 data directories: /tmp/dist-test-taskqeUV5U/test-tmp/auto_rebalancer-test.0.AutoRebalancerTest.NextLeaderResumesAutoRebalancing.1780320112413007-13552-0/minicluster-data/ts-0-root/data
Total live blocks: 0
Total live bytes: 0
Total live bytes (after alignment): 0
Total number of LBM containers: 0 (0 full)
Did not check for missing blocks
Did not check for orphaned blocks
Total full LBM containers with extra space: 0 (0 repaired)
Total full LBM container extra space in bytes: 0 (0 repaired)
Total incomplete LBM containers: 0 (0 repaired)
Total LBM partial records: 0 (0 repaired)
Total corrupted LBM metadata records in RocksDB: 0 (0 repaired)
I20260601 13:22:02.375473 13552 rpc_server.cc:225] running with OpenSSL 1.1.1  11 Sep 2018
I20260601 13:22:02.375849 13552 kserver.cc:163] Server-wide thread pool size limit: 3276
I20260601 13:22:02.376101 13552 txn_system_client.cc:432] TxnSystemClient initialization is disabled...
I20260601 13:22:02.376538 13552 ts_tablet_manager.cc:585] Loaded tablet metadata (0 total tablets, 0 live tablets)
I20260601 13:22:02.376573 13552 ts_tablet_manager.cc:531] Time spent load tablet metadata: real 0.000s	user 0.000s	sys 0.000s
I20260601 13:22:02.376603 13552 ts_tablet_manager.cc:616] Registered 0 tablets
I20260601 13:22:02.376631 13552 ts_tablet_manager.cc:595] Time spent register tablets: real 0.000s	user 0.000s	sys 0.000s
I20260601 13:22:02.381006 13552 rpc_server.cc:307] RPC server started. Bound to: 127.13.60.1:40443
I20260601 13:22:02.381049 14906 acceptor_pool.cc:272] collecting diagnostics on the listening RPC socket 127.13.60.1:40443 every 8 connection(s)
I20260601 13:22:02.381923 13552 file_cache.cc:492] Constructed file cache file cache with capacity 419430
W20260601 13:22:02.383848 14917 instance_detector.cc:116] could not retrieve OpenStack instance metadata: Network error: curl error: HTTP response code said error: The requested URL returned error: 404
W20260601 13:22:02.384280 14915 instance_detector.cc:116] could not retrieve Azure instance metadata: Network error: curl error: HTTP response code said error: The requested URL returned error: 404
W20260601 13:22:02.384881 14914 instance_detector.cc:116] could not retrieve AWS instance metadata: Network error: curl error: HTTP response code said error: The requested URL returned error: 404
I20260601 13:22:02.385119 13552 server_base.cc:1061] running on GCE node
I20260601 13:22:02.385432 13552 hybrid_clock.cc:584] initializing the hybrid clock with 'system_unsync' time source
W20260601 13:22:02.385485 13552 system_unsync_time.cc:38] NTP support is disabled. Clock error bounds will not be accurate. This configuration is not suitable for distributed clusters.
I20260601 13:22:02.385505 13552 hybrid_clock.cc:648] HybridClock initialized: now 1780320122385505 us; error 0 us; skew 500 ppm
I20260601 13:22:02.386317 13552 webserver.cc:533] Webserver started at http://127.13.60.2:34821/ using document root <none> and password file <none>
I20260601 13:22:02.386461 13552 fs_manager.cc:362] Metadata directory not provided
I20260601 13:22:02.386507 13552 fs_manager.cc:368] Using write-ahead log directory (fs_wal_dir) as metadata directory
I20260601 13:22:02.386569 13552 server_base.cc:909] This appears to be a new deployment of Kudu; creating new FS layout
I20260601 13:22:02.386631 14908 heartbeater.cc:344] Connected to a master server at 127.13.60.62:36423
I20260601 13:22:02.386724 14908 heartbeater.cc:461] Registering TS with master...
I20260601 13:22:02.386811 14907 heartbeater.cc:344] Connected to a master server at 127.13.60.60:37577
I20260601 13:22:02.386850 14909 heartbeater.cc:344] Connected to a master server at 127.13.60.61:37777
I20260601 13:22:02.386884 14907 heartbeater.cc:461] Registering TS with master...
I20260601 13:22:02.386895 14909 heartbeater.cc:461] Registering TS with master...
I20260601 13:22:02.386916 14908 heartbeater.cc:507] Master 127.13.60.62:36423 requested a full tablet report, sending...
I20260601 13:22:02.387017 13552 fs_manager.cc:1068] Generated new instance metadata in path /tmp/dist-test-taskqeUV5U/test-tmp/auto_rebalancer-test.0.AutoRebalancerTest.NextLeaderResumesAutoRebalancing.1780320112413007-13552-0/minicluster-data/ts-1-root/instance:
uuid: "f66ea5d32bbb480cb7089047613ea2cd"
format_stamp: "Formatted at 2026-06-01 13:22:02 on dist-test-slave-nwn6"
I20260601 13:22:02.387077 14907 heartbeater.cc:507] Master 127.13.60.60:37577 requested a full tablet report, sending...
I20260601 13:22:02.387075 14909 heartbeater.cc:507] Master 127.13.60.61:37777 requested a full tablet report, sending...
I20260601 13:22:02.387542 14624 ts_manager.cc:194] Registered new tserver with Master: 99451e76d2d04dc7b3c9918edb07b858 (127.13.60.1:40443)
I20260601 13:22:02.387647 14756 ts_manager.cc:194] Registered new tserver with Master: 99451e76d2d04dc7b3c9918edb07b858 (127.13.60.1:40443)
I20260601 13:22:02.387658 14690 ts_manager.cc:194] Registered new tserver with Master: 99451e76d2d04dc7b3c9918edb07b858 (127.13.60.1:40443)
I20260601 13:22:02.388540 13552 fs_manager.cc:696] Time spent creating directory manager: real 0.001s	user 0.002s	sys 0.000s
I20260601 13:22:02.389343 14922 log_block_manager.cc:4031] Time spent loading block containers with low live blocks: real 0.000s	user 0.000s	sys 0.000s
I20260601 13:22:02.389542 13552 fs_manager.cc:730] Time spent opening block manager: real 0.001s	user 0.001s	sys 0.000s
I20260601 13:22:02.389598 13552 fs_manager.cc:647] Opened local filesystem: /tmp/dist-test-taskqeUV5U/test-tmp/auto_rebalancer-test.0.AutoRebalancerTest.NextLeaderResumesAutoRebalancing.1780320112413007-13552-0/minicluster-data/ts-1-root
uuid: "f66ea5d32bbb480cb7089047613ea2cd"
format_stamp: "Formatted at 2026-06-01 13:22:02 on dist-test-slave-nwn6"
I20260601 13:22:02.389673 13552 fs_report.cc:389] FS layout report
--------------------
wal directory: /tmp/dist-test-taskqeUV5U/test-tmp/auto_rebalancer-test.0.AutoRebalancerTest.NextLeaderResumesAutoRebalancing.1780320112413007-13552-0/minicluster-data/ts-1-root
metadata directory: /tmp/dist-test-taskqeUV5U/test-tmp/auto_rebalancer-test.0.AutoRebalancerTest.NextLeaderResumesAutoRebalancing.1780320112413007-13552-0/minicluster-data/ts-1-root
1 data directories: /tmp/dist-test-taskqeUV5U/test-tmp/auto_rebalancer-test.0.AutoRebalancerTest.NextLeaderResumesAutoRebalancing.1780320112413007-13552-0/minicluster-data/ts-1-root/data
Total live blocks: 0
Total live bytes: 0
Total live bytes (after alignment): 0
Total number of LBM containers: 0 (0 full)
Did not check for missing blocks
Did not check for orphaned blocks
Total full LBM containers with extra space: 0 (0 repaired)
Total full LBM container extra space in bytes: 0 (0 repaired)
Total incomplete LBM containers: 0 (0 repaired)
Total LBM partial records: 0 (0 repaired)
Total corrupted LBM metadata records in RocksDB: 0 (0 repaired)
I20260601 13:22:02.434490 13552 rpc_server.cc:225] running with OpenSSL 1.1.1  11 Sep 2018
I20260601 13:22:02.434952 13552 kserver.cc:163] Server-wide thread pool size limit: 3276
I20260601 13:22:02.435259 13552 txn_system_client.cc:432] TxnSystemClient initialization is disabled...
I20260601 13:22:02.435766 13552 ts_tablet_manager.cc:585] Loaded tablet metadata (0 total tablets, 0 live tablets)
I20260601 13:22:02.435807 13552 ts_tablet_manager.cc:531] Time spent load tablet metadata: real 0.000s	user 0.000s	sys 0.000s
I20260601 13:22:02.435849 13552 ts_tablet_manager.cc:616] Registered 0 tablets
I20260601 13:22:02.435878 13552 ts_tablet_manager.cc:595] Time spent register tablets: real 0.000s	user 0.000s	sys 0.000s
I20260601 13:22:02.440140 13552 rpc_server.cc:307] RPC server started. Bound to: 127.13.60.2:45097
I20260601 13:22:02.440244 14985 acceptor_pool.cc:272] collecting diagnostics on the listening RPC socket 127.13.60.2:45097 every 8 connection(s)
I20260601 13:22:02.441056 13552 file_cache.cc:492] Constructed file cache file cache with capacity 419430
W20260601 13:22:02.443555 14994 instance_detector.cc:116] could not retrieve Azure instance metadata: Network error: curl error: HTTP response code said error: The requested URL returned error: 404
W20260601 13:22:02.443789 14996 instance_detector.cc:116] could not retrieve OpenStack instance metadata: Network error: curl error: HTTP response code said error: The requested URL returned error: 404
W20260601 13:22:02.444183 14993 instance_detector.cc:116] could not retrieve AWS instance metadata: Network error: curl error: HTTP response code said error: The requested URL returned error: 404
I20260601 13:22:02.444922 14988 heartbeater.cc:344] Connected to a master server at 127.13.60.61:37777
I20260601 13:22:02.445015 14988 heartbeater.cc:461] Registering TS with master...
I20260601 13:22:02.445250 14988 heartbeater.cc:507] Master 127.13.60.61:37777 requested a full tablet report, sending...
I20260601 13:22:02.445647 13552 server_base.cc:1061] running on GCE node
I20260601 13:22:02.445825 13552 hybrid_clock.cc:584] initializing the hybrid clock with 'system_unsync' time source
W20260601 13:22:02.445873 13552 system_unsync_time.cc:38] NTP support is disabled. Clock error bounds will not be accurate. This configuration is not suitable for distributed clusters.
I20260601 13:22:02.445892 13552 hybrid_clock.cc:648] HybridClock initialized: now 1780320122445892 us; error 0 us; skew 500 ppm
I20260601 13:22:02.445914 14690 ts_manager.cc:194] Registered new tserver with Master: f66ea5d32bbb480cb7089047613ea2cd (127.13.60.2:45097)
I20260601 13:22:02.446231 14986 heartbeater.cc:344] Connected to a master server at 127.13.60.60:37577
I20260601 13:22:02.446302 14986 heartbeater.cc:461] Registering TS with master...
I20260601 13:22:02.446483 14986 heartbeater.cc:507] Master 127.13.60.60:37577 requested a full tablet report, sending...
I20260601 13:22:02.447027 13552 webserver.cc:533] Webserver started at http://127.13.60.3:41097/ using document root <none> and password file <none>
I20260601 13:22:02.447124 14756 ts_manager.cc:194] Registered new tserver with Master: f66ea5d32bbb480cb7089047613ea2cd (127.13.60.2:45097)
I20260601 13:22:02.447171 14987 heartbeater.cc:344] Connected to a master server at 127.13.60.62:36423
I20260601 13:22:02.447190 13552 fs_manager.cc:362] Metadata directory not provided
I20260601 13:22:02.447270 14987 heartbeater.cc:461] Registering TS with master...
I20260601 13:22:02.447283 13552 fs_manager.cc:368] Using write-ahead log directory (fs_wal_dir) as metadata directory
I20260601 13:22:02.447374 13552 server_base.cc:909] This appears to be a new deployment of Kudu; creating new FS layout
I20260601 13:22:02.447471 14987 heartbeater.cc:507] Master 127.13.60.62:36423 requested a full tablet report, sending...
I20260601 13:22:02.447773 13552 fs_manager.cc:1068] Generated new instance metadata in path /tmp/dist-test-taskqeUV5U/test-tmp/auto_rebalancer-test.0.AutoRebalancerTest.NextLeaderResumesAutoRebalancing.1780320112413007-13552-0/minicluster-data/ts-2-root/instance:
uuid: "9b42c0e8e74442918227b03f73ca8afd"
format_stamp: "Formatted at 2026-06-01 13:22:02 on dist-test-slave-nwn6"
I20260601 13:22:02.448026 14624 ts_manager.cc:194] Registered new tserver with Master: f66ea5d32bbb480cb7089047613ea2cd (127.13.60.2:45097)
I20260601 13:22:02.449189 13552 fs_manager.cc:696] Time spent creating directory manager: real 0.001s	user 0.002s	sys 0.000s
I20260601 13:22:02.449993 15001 log_block_manager.cc:4031] Time spent loading block containers with low live blocks: real 0.000s	user 0.000s	sys 0.000s
I20260601 13:22:02.450217 13552 fs_manager.cc:730] Time spent opening block manager: real 0.001s	user 0.001s	sys 0.000s
I20260601 13:22:02.450278 13552 fs_manager.cc:647] Opened local filesystem: /tmp/dist-test-taskqeUV5U/test-tmp/auto_rebalancer-test.0.AutoRebalancerTest.NextLeaderResumesAutoRebalancing.1780320112413007-13552-0/minicluster-data/ts-2-root
uuid: "9b42c0e8e74442918227b03f73ca8afd"
format_stamp: "Formatted at 2026-06-01 13:22:02 on dist-test-slave-nwn6"
I20260601 13:22:02.450325 13552 fs_report.cc:389] FS layout report
--------------------
wal directory: /tmp/dist-test-taskqeUV5U/test-tmp/auto_rebalancer-test.0.AutoRebalancerTest.NextLeaderResumesAutoRebalancing.1780320112413007-13552-0/minicluster-data/ts-2-root
metadata directory: /tmp/dist-test-taskqeUV5U/test-tmp/auto_rebalancer-test.0.AutoRebalancerTest.NextLeaderResumesAutoRebalancing.1780320112413007-13552-0/minicluster-data/ts-2-root
1 data directories: /tmp/dist-test-taskqeUV5U/test-tmp/auto_rebalancer-test.0.AutoRebalancerTest.NextLeaderResumesAutoRebalancing.1780320112413007-13552-0/minicluster-data/ts-2-root/data
Total live blocks: 0
Total live bytes: 0
Total live bytes (after alignment): 0
Total number of LBM containers: 0 (0 full)
Did not check for missing blocks
Did not check for orphaned blocks
Total full LBM containers with extra space: 0 (0 repaired)
Total full LBM container extra space in bytes: 0 (0 repaired)
Total incomplete LBM containers: 0 (0 repaired)
Total LBM partial records: 0 (0 repaired)
Total corrupted LBM metadata records in RocksDB: 0 (0 repaired)
I20260601 13:22:02.462441 13552 rpc_server.cc:225] running with OpenSSL 1.1.1  11 Sep 2018
I20260601 13:22:02.462790 13552 kserver.cc:163] Server-wide thread pool size limit: 3276
I20260601 13:22:02.463029 13552 txn_system_client.cc:432] TxnSystemClient initialization is disabled...
I20260601 13:22:02.463424 13552 ts_tablet_manager.cc:585] Loaded tablet metadata (0 total tablets, 0 live tablets)
I20260601 13:22:02.463460 13552 ts_tablet_manager.cc:531] Time spent load tablet metadata: real 0.000s	user 0.000s	sys 0.000s
I20260601 13:22:02.463495 13552 ts_tablet_manager.cc:616] Registered 0 tablets
I20260601 13:22:02.463522 13552 ts_tablet_manager.cc:595] Time spent register tablets: real 0.000s	user 0.000s	sys 0.000s
I20260601 13:22:02.466089 14823 raft_consensus.cc:493] T 00000000000000000000000000000000 P c6b231e98d4642158a31c19c7de88bfb [term 0 FOLLOWER]: Starting pre-election (no leader contacted us within the election timeout)
I20260601 13:22:02.466209 14823 raft_consensus.cc:515] T 00000000000000000000000000000000 P c6b231e98d4642158a31c19c7de88bfb [term 0 FOLLOWER]: Starting pre-election with config: opid_index: -1 OBSOLETE_local: false peers { permanent_uuid: "c6b231e98d4642158a31c19c7de88bfb" member_type: VOTER last_known_addr { host: "127.13.60.62" port: 36423 } } peers { permanent_uuid: "eeae306b59604ee49e7859d94dc094b9" member_type: VOTER last_known_addr { host: "127.13.60.61" port: 37777 } } peers { permanent_uuid: "548933933bba4bd6abf3119de868f367" member_type: VOTER last_known_addr { host: "127.13.60.60" port: 37577 } }
I20260601 13:22:02.466708 14823 leader_election.cc:290] T 00000000000000000000000000000000 P c6b231e98d4642158a31c19c7de88bfb [CANDIDATE]: Term 1 pre-election: Requested pre-vote from peers eeae306b59604ee49e7859d94dc094b9 (127.13.60.61:37777), 548933933bba4bd6abf3119de868f367 (127.13.60.60:37577)
I20260601 13:22:02.467013 14700 tablet_service.cc:1917] Received RequestConsensusVote() RPC: tablet_id: "00000000000000000000000000000000" candidate_uuid: "c6b231e98d4642158a31c19c7de88bfb" candidate_term: 1 candidate_status { last_received { term: 0 index: 0 } } ignore_live_leader: false dest_uuid: "eeae306b59604ee49e7859d94dc094b9" is_pre_election: true
I20260601 13:22:02.467013 14766 tablet_service.cc:1917] Received RequestConsensusVote() RPC: tablet_id: "00000000000000000000000000000000" candidate_uuid: "c6b231e98d4642158a31c19c7de88bfb" candidate_term: 1 candidate_status { last_received { term: 0 index: 0 } } ignore_live_leader: false dest_uuid: "548933933bba4bd6abf3119de868f367" is_pre_election: true
I20260601 13:22:02.467166 14700 raft_consensus.cc:2468] T 00000000000000000000000000000000 P eeae306b59604ee49e7859d94dc094b9 [term 0 FOLLOWER]: Leader pre-election vote request: Granting yes vote for candidate c6b231e98d4642158a31c19c7de88bfb in term 0.
I20260601 13:22:02.467221 14766 raft_consensus.cc:2468] T 00000000000000000000000000000000 P 548933933bba4bd6abf3119de868f367 [term 0 FOLLOWER]: Leader pre-election vote request: Granting yes vote for candidate c6b231e98d4642158a31c19c7de88bfb in term 0.
I20260601 13:22:02.467476 14610 leader_election.cc:304] T 00000000000000000000000000000000 P c6b231e98d4642158a31c19c7de88bfb [CANDIDATE]: Term 1 pre-election: Election decided. Result: candidate won. Election summary: received 2 responses out of 3 voters: 2 yes votes; 0 no votes. yes voters: c6b231e98d4642158a31c19c7de88bfb, eeae306b59604ee49e7859d94dc094b9; no voters: 
I20260601 13:22:02.467628 14823 raft_consensus.cc:2804] T 00000000000000000000000000000000 P c6b231e98d4642158a31c19c7de88bfb [term 0 FOLLOWER]: Leader pre-election won for term 1
I20260601 13:22:02.467690 14823 raft_consensus.cc:493] T 00000000000000000000000000000000 P c6b231e98d4642158a31c19c7de88bfb [term 0 FOLLOWER]: Starting leader election (no leader contacted us within the election timeout)
I20260601 13:22:02.467757 14823 raft_consensus.cc:3060] T 00000000000000000000000000000000 P c6b231e98d4642158a31c19c7de88bfb [term 0 FOLLOWER]: Advancing to term 1
I20260601 13:22:02.468365 13552 rpc_server.cc:307] RPC server started. Bound to: 127.13.60.3:45807
I20260601 13:22:02.468421 15064 acceptor_pool.cc:272] collecting diagnostics on the listening RPC socket 127.13.60.3:45807 every 8 connection(s)
I20260601 13:22:02.468883 14823 raft_consensus.cc:515] T 00000000000000000000000000000000 P c6b231e98d4642158a31c19c7de88bfb [term 1 FOLLOWER]: Starting leader election with config: opid_index: -1 OBSOLETE_local: false peers { permanent_uuid: "c6b231e98d4642158a31c19c7de88bfb" member_type: VOTER last_known_addr { host: "127.13.60.62" port: 36423 } } peers { permanent_uuid: "eeae306b59604ee49e7859d94dc094b9" member_type: VOTER last_known_addr { host: "127.13.60.61" port: 37777 } } peers { permanent_uuid: "548933933bba4bd6abf3119de868f367" member_type: VOTER last_known_addr { host: "127.13.60.60" port: 37577 } }
I20260601 13:22:02.469195 14823 leader_election.cc:290] T 00000000000000000000000000000000 P c6b231e98d4642158a31c19c7de88bfb [CANDIDATE]: Term 1 election: Requested vote from peers eeae306b59604ee49e7859d94dc094b9 (127.13.60.61:37777), 548933933bba4bd6abf3119de868f367 (127.13.60.60:37577)
I20260601 13:22:02.470013 14700 tablet_service.cc:1917] Received RequestConsensusVote() RPC: tablet_id: "00000000000000000000000000000000" candidate_uuid: "c6b231e98d4642158a31c19c7de88bfb" candidate_term: 1 candidate_status { last_received { term: 0 index: 0 } } ignore_live_leader: false dest_uuid: "eeae306b59604ee49e7859d94dc094b9"
I20260601 13:22:02.470111 14700 raft_consensus.cc:3060] T 00000000000000000000000000000000 P eeae306b59604ee49e7859d94dc094b9 [term 0 FOLLOWER]: Advancing to term 1
I20260601 13:22:02.470939 14700 raft_consensus.cc:2468] T 00000000000000000000000000000000 P eeae306b59604ee49e7859d94dc094b9 [term 1 FOLLOWER]: Leader election vote request: Granting yes vote for candidate c6b231e98d4642158a31c19c7de88bfb in term 1.
I20260601 13:22:02.471201 14610 leader_election.cc:304] T 00000000000000000000000000000000 P c6b231e98d4642158a31c19c7de88bfb [CANDIDATE]: Term 1 election: Election decided. Result: candidate won. Election summary: received 2 responses out of 3 voters: 2 yes votes; 0 no votes. yes voters: c6b231e98d4642158a31c19c7de88bfb, eeae306b59604ee49e7859d94dc094b9; no voters: 
I20260601 13:22:02.471395 14766 tablet_service.cc:1917] Received RequestConsensusVote() RPC: tablet_id: "00000000000000000000000000000000" candidate_uuid: "c6b231e98d4642158a31c19c7de88bfb" candidate_term: 1 candidate_status { last_received { term: 0 index: 0 } } ignore_live_leader: false dest_uuid: "548933933bba4bd6abf3119de868f367"
I20260601 13:22:02.471495 14766 raft_consensus.cc:3060] T 00000000000000000000000000000000 P 548933933bba4bd6abf3119de868f367 [term 0 FOLLOWER]: Advancing to term 1
I20260601 13:22:02.472266 14766 raft_consensus.cc:2468] T 00000000000000000000000000000000 P 548933933bba4bd6abf3119de868f367 [term 1 FOLLOWER]: Leader election vote request: Granting yes vote for candidate c6b231e98d4642158a31c19c7de88bfb in term 1.
I20260601 13:22:02.472633 14823 raft_consensus.cc:2804] T 00000000000000000000000000000000 P c6b231e98d4642158a31c19c7de88bfb [term 1 FOLLOWER]: Leader election won for term 1
I20260601 13:22:02.472810 14823 raft_consensus.cc:697] T 00000000000000000000000000000000 P c6b231e98d4642158a31c19c7de88bfb [term 1 LEADER]: Becoming Leader. State: Replica: c6b231e98d4642158a31c19c7de88bfb, State: Running, Role: LEADER
I20260601 13:22:02.472939 14823 consensus_queue.cc:237] T 00000000000000000000000000000000 P c6b231e98d4642158a31c19c7de88bfb [LEADER]: Queue going to LEADER mode. State: All replicated index: 0, Majority replicated index: 0, Committed index: 0, Last appended: 0.0, Last appended by leader: 0, Current term: 1, Majority size: 2, State: 0, Mode: LEADER, active raft config: opid_index: -1 OBSOLETE_local: false peers { permanent_uuid: "c6b231e98d4642158a31c19c7de88bfb" member_type: VOTER last_known_addr { host: "127.13.60.62" port: 36423 } } peers { permanent_uuid: "eeae306b59604ee49e7859d94dc094b9" member_type: VOTER last_known_addr { host: "127.13.60.61" port: 37777 } } peers { permanent_uuid: "548933933bba4bd6abf3119de868f367" member_type: VOTER last_known_addr { host: "127.13.60.60" port: 37577 } }
I20260601 13:22:02.473024 15065 heartbeater.cc:344] Connected to a master server at 127.13.60.60:37577
I20260601 13:22:02.473100 15065 heartbeater.cc:461] Registering TS with master...
I20260601 13:22:02.473282 15065 heartbeater.cc:507] Master 127.13.60.60:37577 requested a full tablet report, sending...
I20260601 13:22:02.473832 14756 ts_manager.cc:194] Registered new tserver with Master: 9b42c0e8e74442918227b03f73ca8afd (127.13.60.3:45807)
I20260601 13:22:02.473832 15067 heartbeater.cc:344] Connected to a master server at 127.13.60.61:37777
I20260601 13:22:02.473948 15067 heartbeater.cc:461] Registering TS with master...
I20260601 13:22:02.474140 15067 heartbeater.cc:507] Master 127.13.60.61:37777 requested a full tablet report, sending...
I20260601 13:22:02.474310 15072 sys_catalog.cc:455] T 00000000000000000000000000000000 P c6b231e98d4642158a31c19c7de88bfb [sys.catalog]: SysCatalogTable state changed. Reason: New leader c6b231e98d4642158a31c19c7de88bfb. Latest consensus state: current_term: 1 leader_uuid: "c6b231e98d4642158a31c19c7de88bfb" committed_config { opid_index: -1 OBSOLETE_local: false peers { permanent_uuid: "c6b231e98d4642158a31c19c7de88bfb" member_type: VOTER last_known_addr { host: "127.13.60.62" port: 36423 } } peers { permanent_uuid: "eeae306b59604ee49e7859d94dc094b9" member_type: VOTER last_known_addr { host: "127.13.60.61" port: 37777 } } peers { permanent_uuid: "548933933bba4bd6abf3119de868f367" member_type: VOTER last_known_addr { host: "127.13.60.60" port: 37577 } } }
I20260601 13:22:02.474395 15072 sys_catalog.cc:458] T 00000000000000000000000000000000 P c6b231e98d4642158a31c19c7de88bfb [sys.catalog]: This master's current role is: LEADER
I20260601 13:22:02.474741 15074 catalog_manager.cc:1510] Loading table and tablet metadata into memory...
I20260601 13:22:02.474767 14690 ts_manager.cc:194] Registered new tserver with Master: 9b42c0e8e74442918227b03f73ca8afd (127.13.60.3:45807)
I20260601 13:22:02.475580 15074 catalog_manager.cc:1519] Initializing Kudu cluster ID...
I20260601 13:22:02.476593 15066 heartbeater.cc:344] Connected to a master server at 127.13.60.62:36423
I20260601 13:22:02.476666 15066 heartbeater.cc:461] Registering TS with master...
I20260601 13:22:02.476855 15066 heartbeater.cc:507] Master 127.13.60.62:36423 requested a full tablet report, sending...
I20260601 13:22:02.477267 14700 raft_consensus.cc:1275] T 00000000000000000000000000000000 P eeae306b59604ee49e7859d94dc094b9 [term 1 FOLLOWER]: Refusing update from remote peer c6b231e98d4642158a31c19c7de88bfb: Log matching property violated. Preceding OpId in replica: term: 0 index: 0. Preceding OpId from leader: term: 1 index: 2. (index mismatch)
I20260601 13:22:02.477329 14624 ts_manager.cc:194] Registered new tserver with Master: 9b42c0e8e74442918227b03f73ca8afd (127.13.60.3:45807)
I20260601 13:22:02.477376 14766 raft_consensus.cc:1275] T 00000000000000000000000000000000 P 548933933bba4bd6abf3119de868f367 [term 1 FOLLOWER]: Refusing update from remote peer c6b231e98d4642158a31c19c7de88bfb: Log matching property violated. Preceding OpId in replica: term: 0 index: 0. Preceding OpId from leader: term: 1 index: 2. (index mismatch)
I20260601 13:22:02.477584 15072 consensus_queue.cc:1048] T 00000000000000000000000000000000 P c6b231e98d4642158a31c19c7de88bfb [LEADER]: Connected to new peer: Peer: permanent_uuid: "eeae306b59604ee49e7859d94dc094b9" member_type: VOTER last_known_addr { host: "127.13.60.61" port: 37777 }, Status: LMP_MISMATCH, Last received: 0.0, Next index: 1, Last known committed idx: 0, Time since last communication: 0.000s
I20260601 13:22:02.477715 14823 consensus_queue.cc:1048] T 00000000000000000000000000000000 P c6b231e98d4642158a31c19c7de88bfb [LEADER]: Connected to new peer: Peer: permanent_uuid: "548933933bba4bd6abf3119de868f367" member_type: VOTER last_known_addr { host: "127.13.60.60" port: 37577 }, Status: LMP_MISMATCH, Last received: 0.0, Next index: 1, Last known committed idx: 0, Time since last communication: 0.000s
I20260601 13:22:02.477974 13552 internal_mini_cluster.cc:371] 3 TS(s) registered with all masters after 0.009049315s
I20260601 13:22:02.478879 14797 sys_catalog.cc:455] T 00000000000000000000000000000000 P 548933933bba4bd6abf3119de868f367 [sys.catalog]: SysCatalogTable state changed. Reason: New leader c6b231e98d4642158a31c19c7de88bfb. Latest consensus state: current_term: 1 leader_uuid: "c6b231e98d4642158a31c19c7de88bfb" committed_config { opid_index: -1 OBSOLETE_local: false peers { permanent_uuid: "c6b231e98d4642158a31c19c7de88bfb" member_type: VOTER last_known_addr { host: "127.13.60.62" port: 36423 } } peers { permanent_uuid: "eeae306b59604ee49e7859d94dc094b9" member_type: VOTER last_known_addr { host: "127.13.60.61" port: 37777 } } peers { permanent_uuid: "548933933bba4bd6abf3119de868f367" member_type: VOTER last_known_addr { host: "127.13.60.60" port: 37577 } } }
I20260601 13:22:02.478991 14797 sys_catalog.cc:458] T 00000000000000000000000000000000 P 548933933bba4bd6abf3119de868f367 [sys.catalog]: This master's current role is: FOLLOWER
I20260601 13:22:02.478911 14810 sys_catalog.cc:455] T 00000000000000000000000000000000 P eeae306b59604ee49e7859d94dc094b9 [sys.catalog]: SysCatalogTable state changed. Reason: New leader c6b231e98d4642158a31c19c7de88bfb. Latest consensus state: current_term: 1 leader_uuid: "c6b231e98d4642158a31c19c7de88bfb" committed_config { opid_index: -1 OBSOLETE_local: false peers { permanent_uuid: "c6b231e98d4642158a31c19c7de88bfb" member_type: VOTER last_known_addr { host: "127.13.60.62" port: 36423 } } peers { permanent_uuid: "eeae306b59604ee49e7859d94dc094b9" member_type: VOTER last_known_addr { host: "127.13.60.61" port: 37777 } } peers { permanent_uuid: "548933933bba4bd6abf3119de868f367" member_type: VOTER last_known_addr { host: "127.13.60.60" port: 37577 } } }
I20260601 13:22:02.479075 14810 sys_catalog.cc:458] T 00000000000000000000000000000000 P eeae306b59604ee49e7859d94dc094b9 [sys.catalog]: This master's current role is: FOLLOWER
I20260601 13:22:02.480044 15081 sys_catalog.cc:455] T 00000000000000000000000000000000 P c6b231e98d4642158a31c19c7de88bfb [sys.catalog]: SysCatalogTable state changed. Reason: Peer health change. Latest consensus state: current_term: 1 leader_uuid: "c6b231e98d4642158a31c19c7de88bfb" committed_config { opid_index: -1 OBSOLETE_local: false peers { permanent_uuid: "c6b231e98d4642158a31c19c7de88bfb" member_type: VOTER last_known_addr { host: "127.13.60.62" port: 36423 } } peers { permanent_uuid: "eeae306b59604ee49e7859d94dc094b9" member_type: VOTER last_known_addr { host: "127.13.60.61" port: 37777 } } peers { permanent_uuid: "548933933bba4bd6abf3119de868f367" member_type: VOTER last_known_addr { host: "127.13.60.60" port: 37577 } } }
I20260601 13:22:02.480070 15072 sys_catalog.cc:455] T 00000000000000000000000000000000 P c6b231e98d4642158a31c19c7de88bfb [sys.catalog]: SysCatalogTable state changed. Reason: Peer health change. Latest consensus state: current_term: 1 leader_uuid: "c6b231e98d4642158a31c19c7de88bfb" committed_config { opid_index: -1 OBSOLETE_local: false peers { permanent_uuid: "c6b231e98d4642158a31c19c7de88bfb" member_type: VOTER last_known_addr { host: "127.13.60.62" port: 36423 } } peers { permanent_uuid: "eeae306b59604ee49e7859d94dc094b9" member_type: VOTER last_known_addr { host: "127.13.60.61" port: 37777 } } peers { permanent_uuid: "548933933bba4bd6abf3119de868f367" member_type: VOTER last_known_addr { host: "127.13.60.60" port: 37577 } } }
I20260601 13:22:02.480136 15081 sys_catalog.cc:458] T 00000000000000000000000000000000 P c6b231e98d4642158a31c19c7de88bfb [sys.catalog]: This master's current role is: LEADER
I20260601 13:22:02.480185 15072 sys_catalog.cc:458] T 00000000000000000000000000000000 P c6b231e98d4642158a31c19c7de88bfb [sys.catalog]: This master's current role is: LEADER
I20260601 13:22:02.480500 14797 sys_catalog.cc:455] T 00000000000000000000000000000000 P 548933933bba4bd6abf3119de868f367 [sys.catalog]: SysCatalogTable state changed. Reason: Replicated consensus-only round. Latest consensus state: current_term: 1 leader_uuid: "c6b231e98d4642158a31c19c7de88bfb" committed_config { opid_index: -1 OBSOLETE_local: false peers { permanent_uuid: "c6b231e98d4642158a31c19c7de88bfb" member_type: VOTER last_known_addr { host: "127.13.60.62" port: 36423 } } peers { permanent_uuid: "eeae306b59604ee49e7859d94dc094b9" member_type: VOTER last_known_addr { host: "127.13.60.61" port: 37777 } } peers { permanent_uuid: "548933933bba4bd6abf3119de868f367" member_type: VOTER last_known_addr { host: "127.13.60.60" port: 37577 } } }
I20260601 13:22:02.480592 14797 sys_catalog.cc:458] T 00000000000000000000000000000000 P 548933933bba4bd6abf3119de868f367 [sys.catalog]: This master's current role is: FOLLOWER
