I20260601 13:41:12.215643 13788 consensus_queue.cc:260] T ae674ab486a84a45a6ca5fe705121ce0 P 77c86f1d101f424e9447980bd44cdd24 [NON_LEADER]: Queue going to NON_LEADER mode. State: All replicated index: 0, Majority replicated index: 0, Committed index: 2, Last appended: 1.2, Last appended by leader: 2, Current term: 0, Majority size: -1, State: 0, Mode: NON_LEADER, active raft config: opid_index: 2 OBSOLETE_local: false peers { permanent_uuid: "6321d7409770454eb349750e32452013" member_type: VOTER last_known_addr { host: "127.10.19.195" port: 39285 } } peers { permanent_uuid: "e0f15e56996b4fb19fa377d6663f4ad3" member_type: VOTER last_known_addr { host: "127.10.19.193" port: 46377 } } peers { permanent_uuid: "c57c6bc080ca43a6b50a683e2c0a973e" member_type: VOTER last_known_addr { host: "127.10.19.196" port: 33751 } attrs { replace: true } } peers { permanent_uuid: "77c86f1d101f424e9447980bd44cdd24" member_type: NON_VOTER last_known_addr { host: "127.10.19.194" port: 42373 } attrs { promote: true } }
I20260601 13:41:12.215960 13788 ts_tablet_manager.cc:1434] T ae674ab486a84a45a6ca5fe705121ce0 P 77c86f1d101f424e9447980bd44cdd24: Time spent starting tablet: real 0.001s	user 0.000s	sys 0.000s
I20260601 13:41:12.216617 13442 tablet_copy_service.cc:342] P 6321d7409770454eb349750e32452013: Request end of tablet copy session 77c86f1d101f424e9447980bd44cdd24-ae674ab486a84a45a6ca5fe705121ce0 received from {username='slave'} at 127.0.0.1:51618
I20260601 13:41:12.216708 13442 tablet_copy_service.cc:434] P 6321d7409770454eb349750e32452013: ending tablet copy session 77c86f1d101f424e9447980bd44cdd24-ae674ab486a84a45a6ca5fe705121ce0 on tablet ae674ab486a84a45a6ca5fe705121ce0 with peer 77c86f1d101f424e9447980bd44cdd24
I20260601 13:41:12.223716 13278 raft_consensus.cc:1275] T 2d893c42f2a144649989ade46ba726d8 P e0f15e56996b4fb19fa377d6663f4ad3 [term 2 FOLLOWER]: Refusing update from remote peer c57c6bc080ca43a6b50a683e2c0a973e: Log matching property violated. Preceding OpId in replica: term: 1 index: 4. Preceding OpId from leader: term: 2 index: 5. (index mismatch)
I20260601 13:41:12.224237 13759 consensus_queue.cc:1048] T 2d893c42f2a144649989ade46ba726d8 P c57c6bc080ca43a6b50a683e2c0a973e [LEADER]: Connected to new peer: Peer: permanent_uuid: "e0f15e56996b4fb19fa377d6663f4ad3" member_type: VOTER last_known_addr { host: "127.10.19.193" port: 46377 }, Status: LMP_MISMATCH, Last received: 0.0, Next index: 5, Last known committed idx: 4, Time since last communication: 0.000s
I20260601 13:41:12.228897 13356 raft_consensus.cc:1275] T 2d893c42f2a144649989ade46ba726d8 P 77c86f1d101f424e9447980bd44cdd24 [term 2 FOLLOWER]: Refusing update from remote peer c57c6bc080ca43a6b50a683e2c0a973e: Log matching property violated. Preceding OpId in replica: term: 1 index: 4. Preceding OpId from leader: term: 2 index: 5. (index mismatch)
I20260601 13:41:12.229285 13793 consensus_queue.cc:1048] T 2d893c42f2a144649989ade46ba726d8 P c57c6bc080ca43a6b50a683e2c0a973e [LEADER]: Connected to new peer: Peer: permanent_uuid: "77c86f1d101f424e9447980bd44cdd24" member_type: VOTER last_known_addr { host: "127.10.19.194" port: 42373 }, Status: LMP_MISMATCH, Last received: 0.0, Next index: 5, Last known committed idx: 4, Time since last communication: 0.000s
I20260601 13:41:12.268692 13797 ts_tablet_manager.cc:933] T c6ff2417ce8a4bf69348300c2cbadd1f P 6321d7409770454eb349750e32452013: Initiating tablet copy from peer 77c86f1d101f424e9447980bd44cdd24 (127.10.19.194:42373)
I20260601 13:41:12.269136 13797 tablet_copy_client.cc:323] T c6ff2417ce8a4bf69348300c2cbadd1f P 6321d7409770454eb349750e32452013: tablet copy: Beginning tablet copy session from remote peer at address 127.10.19.194:42373
I20260601 13:41:12.269676 13367 tablet_copy_service.cc:140] P 77c86f1d101f424e9447980bd44cdd24: Received BeginTabletCopySession request for tablet c6ff2417ce8a4bf69348300c2cbadd1f from peer 6321d7409770454eb349750e32452013 ({username='slave'} at 127.0.0.1:51314)
I20260601 13:41:12.269760 13367 tablet_copy_service.cc:161] P 77c86f1d101f424e9447980bd44cdd24: Beginning new tablet copy session on tablet c6ff2417ce8a4bf69348300c2cbadd1f from peer 6321d7409770454eb349750e32452013 at {username='slave'} at 127.0.0.1:51314: session id = 6321d7409770454eb349750e32452013-c6ff2417ce8a4bf69348300c2cbadd1f
I20260601 13:41:12.270565 13367 tablet_copy_source_session.cc:215] T c6ff2417ce8a4bf69348300c2cbadd1f P 77c86f1d101f424e9447980bd44cdd24: Tablet Copy: opened 0 blocks and 1 log segments
I20260601 13:41:12.271534 13797 data_dirs.cc:400] Could only allocate 1 dirs of requested 3 for tablet c6ff2417ce8a4bf69348300c2cbadd1f. 1 dirs total, 0 dirs full, 0 dirs failed
I20260601 13:41:12.274060 13797 tablet_copy_client.cc:806] T c6ff2417ce8a4bf69348300c2cbadd1f P 6321d7409770454eb349750e32452013: tablet copy: Starting download of 0 data blocks...
I20260601 13:41:12.274230 13797 tablet_copy_client.cc:670] T c6ff2417ce8a4bf69348300c2cbadd1f P 6321d7409770454eb349750e32452013: tablet copy: Starting download of 1 WAL segments...
I20260601 13:41:12.275463 13797 tablet_copy_client.cc:538] T c6ff2417ce8a4bf69348300c2cbadd1f P 6321d7409770454eb349750e32452013: tablet copy: Tablet Copy complete. Replacing tablet superblock.
I20260601 13:41:12.276542 13797 tablet_bootstrap.cc:492] T c6ff2417ce8a4bf69348300c2cbadd1f P 6321d7409770454eb349750e32452013: Bootstrap starting.
I20260601 13:41:12.280187 13797 tablet_bootstrap.cc:492] T c6ff2417ce8a4bf69348300c2cbadd1f P 6321d7409770454eb349750e32452013: Bootstrap replayed 1/1 log segments. Stats: ops{read=2 overwritten=0 applied=2 ignored=0} inserts{seen=0 ignored=0} mutations{seen=0 ignored=0} orphaned_commits=0. Pending: 0 replicates
I20260601 13:41:12.280462 13797 tablet_bootstrap.cc:492] T c6ff2417ce8a4bf69348300c2cbadd1f P 6321d7409770454eb349750e32452013: Bootstrap complete.
I20260601 13:41:12.280643 13797 ts_tablet_manager.cc:1403] T c6ff2417ce8a4bf69348300c2cbadd1f P 6321d7409770454eb349750e32452013: Time spent bootstrapping tablet: real 0.004s	user 0.004s	sys 0.000s
I20260601 13:41:12.281067 13797 raft_consensus.cc:359] T c6ff2417ce8a4bf69348300c2cbadd1f P 6321d7409770454eb349750e32452013 [term 1 LEARNER]: Replica starting. Triggering 0 pending ops. Active config: opid_index: 2 OBSOLETE_local: false peers { permanent_uuid: "c57c6bc080ca43a6b50a683e2c0a973e" member_type: VOTER last_known_addr { host: "127.10.19.196" port: 33751 } attrs { replace: true } } peers { permanent_uuid: "e0f15e56996b4fb19fa377d6663f4ad3" member_type: VOTER last_known_addr { host: "127.10.19.193" port: 46377 } } peers { permanent_uuid: "77c86f1d101f424e9447980bd44cdd24" member_type: VOTER last_known_addr { host: "127.10.19.194" port: 42373 } } peers { permanent_uuid: "6321d7409770454eb349750e32452013" member_type: NON_VOTER last_known_addr { host: "127.10.19.195" port: 39285 } attrs { promote: true } }
I20260601 13:41:12.281173 13797 raft_consensus.cc:740] T c6ff2417ce8a4bf69348300c2cbadd1f P 6321d7409770454eb349750e32452013 [term 1 LEARNER]: Becoming Follower/Learner. State: Replica: 6321d7409770454eb349750e32452013, State: Initialized, Role: LEARNER
I20260601 13:41:12.281294 13797 consensus_queue.cc:260] T c6ff2417ce8a4bf69348300c2cbadd1f P 6321d7409770454eb349750e32452013 [NON_LEADER]: Queue going to NON_LEADER mode. State: All replicated index: 0, Majority replicated index: 0, Committed index: 2, Last appended: 1.2, Last appended by leader: 2, Current term: 0, Majority size: -1, State: 0, Mode: NON_LEADER, active raft config: opid_index: 2 OBSOLETE_local: false peers { permanent_uuid: "c57c6bc080ca43a6b50a683e2c0a973e" member_type: VOTER last_known_addr { host: "127.10.19.196" port: 33751 } attrs { replace: true } } peers { permanent_uuid: "e0f15e56996b4fb19fa377d6663f4ad3" member_type: VOTER last_known_addr { host: "127.10.19.193" port: 46377 } } peers { permanent_uuid: "77c86f1d101f424e9447980bd44cdd24" member_type: VOTER last_known_addr { host: "127.10.19.194" port: 42373 } } peers { permanent_uuid: "6321d7409770454eb349750e32452013" member_type: NON_VOTER last_known_addr { host: "127.10.19.195" port: 39285 } attrs { promote: true } }
I20260601 13:41:12.281703 13797 ts_tablet_manager.cc:1434] T c6ff2417ce8a4bf69348300c2cbadd1f P 6321d7409770454eb349750e32452013: Time spent starting tablet: real 0.001s	user 0.002s	sys 0.000s
I20260601 13:41:12.282253 13367 tablet_copy_service.cc:342] P 77c86f1d101f424e9447980bd44cdd24: Request end of tablet copy session 6321d7409770454eb349750e32452013-c6ff2417ce8a4bf69348300c2cbadd1f received from {username='slave'} at 127.0.0.1:51314
I20260601 13:41:12.282326 13367 tablet_copy_service.cc:434] P 77c86f1d101f424e9447980bd44cdd24: ending tablet copy session 6321d7409770454eb349750e32452013-c6ff2417ce8a4bf69348300c2cbadd1f on tablet c6ff2417ce8a4bf69348300c2cbadd1f with peer 6321d7409770454eb349750e32452013
I20260601 13:41:12.296756 13800 ts_tablet_manager.cc:933] T 6a7e9a7a80db444f94bd5d65365a0777 P c57c6bc080ca43a6b50a683e2c0a973e: Initiating tablet copy from peer e0f15e56996b4fb19fa377d6663f4ad3 (127.10.19.193:46377)
I20260601 13:41:12.297220 13800 tablet_copy_client.cc:323] T 6a7e9a7a80db444f94bd5d65365a0777 P c57c6bc080ca43a6b50a683e2c0a973e: tablet copy: Beginning tablet copy session from remote peer at address 127.10.19.193:46377
I20260601 13:41:12.297775 13291 tablet_copy_service.cc:140] P e0f15e56996b4fb19fa377d6663f4ad3: Received BeginTabletCopySession request for tablet 6a7e9a7a80db444f94bd5d65365a0777 from peer c57c6bc080ca43a6b50a683e2c0a973e ({username='slave'} at 127.0.0.1:50358)
I20260601 13:41:12.297917 13291 tablet_copy_service.cc:161] P e0f15e56996b4fb19fa377d6663f4ad3: Beginning new tablet copy session on tablet 6a7e9a7a80db444f94bd5d65365a0777 from peer c57c6bc080ca43a6b50a683e2c0a973e at {username='slave'} at 127.0.0.1:50358: session id = c57c6bc080ca43a6b50a683e2c0a973e-6a7e9a7a80db444f94bd5d65365a0777
I20260601 13:41:12.298801 13291 tablet_copy_source_session.cc:215] T 6a7e9a7a80db444f94bd5d65365a0777 P e0f15e56996b4fb19fa377d6663f4ad3: Tablet Copy: opened 0 blocks and 1 log segments
I20260601 13:41:12.299971 13800 data_dirs.cc:400] Could only allocate 1 dirs of requested 3 for tablet 6a7e9a7a80db444f94bd5d65365a0777. 1 dirs total, 0 dirs full, 0 dirs failed
I20260601 13:41:12.302325 13800 tablet_copy_client.cc:806] T 6a7e9a7a80db444f94bd5d65365a0777 P c57c6bc080ca43a6b50a683e2c0a973e: tablet copy: Starting download of 0 data blocks...
I20260601 13:41:12.302515 13800 tablet_copy_client.cc:670] T 6a7e9a7a80db444f94bd5d65365a0777 P c57c6bc080ca43a6b50a683e2c0a973e: tablet copy: Starting download of 1 WAL segments...
I20260601 13:41:12.303668 13800 tablet_copy_client.cc:538] T 6a7e9a7a80db444f94bd5d65365a0777 P c57c6bc080ca43a6b50a683e2c0a973e: tablet copy: Tablet Copy complete. Replacing tablet superblock.
I20260601 13:41:12.304793 13800 tablet_bootstrap.cc:492] T 6a7e9a7a80db444f94bd5d65365a0777 P c57c6bc080ca43a6b50a683e2c0a973e: Bootstrap starting.
I20260601 13:41:12.308549 13800 tablet_bootstrap.cc:492] T 6a7e9a7a80db444f94bd5d65365a0777 P c57c6bc080ca43a6b50a683e2c0a973e: Bootstrap replayed 1/1 log segments. Stats: ops{read=3 overwritten=0 applied=3 ignored=0} inserts{seen=0 ignored=0} mutations{seen=0 ignored=0} orphaned_commits=0. Pending: 0 replicates
I20260601 13:41:12.308822 13800 tablet_bootstrap.cc:492] T 6a7e9a7a80db444f94bd5d65365a0777 P c57c6bc080ca43a6b50a683e2c0a973e: Bootstrap complete.
I20260601 13:41:12.309021 13800 ts_tablet_manager.cc:1403] T 6a7e9a7a80db444f94bd5d65365a0777 P c57c6bc080ca43a6b50a683e2c0a973e: Time spent bootstrapping tablet: real 0.004s	user 0.003s	sys 0.001s
I20260601 13:41:12.309454 13800 raft_consensus.cc:359] T 6a7e9a7a80db444f94bd5d65365a0777 P c57c6bc080ca43a6b50a683e2c0a973e [term 2 LEARNER]: Replica starting. Triggering 0 pending ops. Active config: opid_index: 3 OBSOLETE_local: false peers { permanent_uuid: "e0f15e56996b4fb19fa377d6663f4ad3" member_type: VOTER last_known_addr { host: "127.10.19.193" port: 46377 } } peers { permanent_uuid: "77c86f1d101f424e9447980bd44cdd24" member_type: VOTER last_known_addr { host: "127.10.19.194" port: 42373 } } peers { permanent_uuid: "6321d7409770454eb349750e32452013" member_type: VOTER last_known_addr { host: "127.10.19.195" port: 39285 } attrs { replace: true } } peers { permanent_uuid: "c57c6bc080ca43a6b50a683e2c0a973e" member_type: NON_VOTER last_known_addr { host: "127.10.19.196" port: 33751 } attrs { promote: true } }
I20260601 13:41:12.309563 13800 raft_consensus.cc:740] T 6a7e9a7a80db444f94bd5d65365a0777 P c57c6bc080ca43a6b50a683e2c0a973e [term 2 LEARNER]: Becoming Follower/Learner. State: Replica: c57c6bc080ca43a6b50a683e2c0a973e, State: Initialized, Role: LEARNER
I20260601 13:41:12.309671 13800 consensus_queue.cc:260] T 6a7e9a7a80db444f94bd5d65365a0777 P c57c6bc080ca43a6b50a683e2c0a973e [NON_LEADER]: Queue going to NON_LEADER mode. State: All replicated index: 0, Majority replicated index: 0, Committed index: 3, Last appended: 2.3, Last appended by leader: 3, Current term: 0, Majority size: -1, State: 0, Mode: NON_LEADER, active raft config: opid_index: 3 OBSOLETE_local: false peers { permanent_uuid: "e0f15e56996b4fb19fa377d6663f4ad3" member_type: VOTER last_known_addr { host: "127.10.19.193" port: 46377 } } peers { permanent_uuid: "77c86f1d101f424e9447980bd44cdd24" member_type: VOTER last_known_addr { host: "127.10.19.194" port: 42373 } } peers { permanent_uuid: "6321d7409770454eb349750e32452013" member_type: VOTER last_known_addr { host: "127.10.19.195" port: 39285 } attrs { replace: true } } peers { permanent_uuid: "c57c6bc080ca43a6b50a683e2c0a973e" member_type: NON_VOTER last_known_addr { host: "127.10.19.196" port: 33751 } attrs { promote: true } }
I20260601 13:41:12.310040 13800 ts_tablet_manager.cc:1434] T 6a7e9a7a80db444f94bd5d65365a0777 P c57c6bc080ca43a6b50a683e2c0a973e: Time spent starting tablet: real 0.001s	user 0.000s	sys 0.000s
I20260601 13:41:12.310662 13291 tablet_copy_service.cc:342] P e0f15e56996b4fb19fa377d6663f4ad3: Request end of tablet copy session c57c6bc080ca43a6b50a683e2c0a973e-6a7e9a7a80db444f94bd5d65365a0777 received from {username='slave'} at 127.0.0.1:50358
I20260601 13:41:12.310748 13291 tablet_copy_service.cc:434] P e0f15e56996b4fb19fa377d6663f4ad3: ending tablet copy session c57c6bc080ca43a6b50a683e2c0a973e-6a7e9a7a80db444f94bd5d65365a0777 on tablet 6a7e9a7a80db444f94bd5d65365a0777 with peer c57c6bc080ca43a6b50a683e2c0a973e
I20260601 13:41:12.315831 13800 ts_tablet_manager.cc:933] T 3d33a4ca9def45169fa541c3b4a1ee1d P c57c6bc080ca43a6b50a683e2c0a973e: Initiating tablet copy from peer e0f15e56996b4fb19fa377d6663f4ad3 (127.10.19.193:46377)
I20260601 13:41:12.316207 13800 tablet_copy_client.cc:323] T 3d33a4ca9def45169fa541c3b4a1ee1d P c57c6bc080ca43a6b50a683e2c0a973e: tablet copy: Beginning tablet copy session from remote peer at address 127.10.19.193:46377
I20260601 13:41:12.316726 13291 tablet_copy_service.cc:140] P e0f15e56996b4fb19fa377d6663f4ad3: Received BeginTabletCopySession request for tablet 3d33a4ca9def45169fa541c3b4a1ee1d from peer c57c6bc080ca43a6b50a683e2c0a973e ({username='slave'} at 127.0.0.1:50358)
I20260601 13:41:12.316869 13291 tablet_copy_service.cc:161] P e0f15e56996b4fb19fa377d6663f4ad3: Beginning new tablet copy session on tablet 3d33a4ca9def45169fa541c3b4a1ee1d from peer c57c6bc080ca43a6b50a683e2c0a973e at {username='slave'} at 127.0.0.1:50358: session id = c57c6bc080ca43a6b50a683e2c0a973e-3d33a4ca9def45169fa541c3b4a1ee1d
I20260601 13:41:12.317714 13291 tablet_copy_source_session.cc:215] T 3d33a4ca9def45169fa541c3b4a1ee1d P e0f15e56996b4fb19fa377d6663f4ad3: Tablet Copy: opened 0 blocks and 1 log segments
I20260601 13:41:12.318614 13800 data_dirs.cc:400] Could only allocate 1 dirs of requested 3 for tablet 3d33a4ca9def45169fa541c3b4a1ee1d. 1 dirs total, 0 dirs full, 0 dirs failed
I20260601 13:41:12.321220 13800 tablet_copy_client.cc:806] T 3d33a4ca9def45169fa541c3b4a1ee1d P c57c6bc080ca43a6b50a683e2c0a973e: tablet copy: Starting download of 0 data blocks...
I20260601 13:41:12.321408 13800 tablet_copy_client.cc:670] T 3d33a4ca9def45169fa541c3b4a1ee1d P c57c6bc080ca43a6b50a683e2c0a973e: tablet copy: Starting download of 1 WAL segments...
I20260601 13:41:12.322715 13800 tablet_copy_client.cc:538] T 3d33a4ca9def45169fa541c3b4a1ee1d P c57c6bc080ca43a6b50a683e2c0a973e: tablet copy: Tablet Copy complete. Replacing tablet superblock.
I20260601 13:41:12.323904 13800 tablet_bootstrap.cc:492] T 3d33a4ca9def45169fa541c3b4a1ee1d P c57c6bc080ca43a6b50a683e2c0a973e: Bootstrap starting.
I20260601 13:41:12.327518 13800 tablet_bootstrap.cc:492] T 3d33a4ca9def45169fa541c3b4a1ee1d P c57c6bc080ca43a6b50a683e2c0a973e: Bootstrap replayed 1/1 log segments. Stats: ops{read=2 overwritten=0 applied=2 ignored=0} inserts{seen=0 ignored=0} mutations{seen=0 ignored=0} orphaned_commits=0. Pending: 0 replicates
I20260601 13:41:12.327785 13800 tablet_bootstrap.cc:492] T 3d33a4ca9def45169fa541c3b4a1ee1d P c57c6bc080ca43a6b50a683e2c0a973e: Bootstrap complete.
I20260601 13:41:12.327984 13800 ts_tablet_manager.cc:1403] T 3d33a4ca9def45169fa541c3b4a1ee1d P c57c6bc080ca43a6b50a683e2c0a973e: Time spent bootstrapping tablet: real 0.004s	user 0.003s	sys 0.001s
I20260601 13:41:12.328495 13800 raft_consensus.cc:359] T 3d33a4ca9def45169fa541c3b4a1ee1d P c57c6bc080ca43a6b50a683e2c0a973e [term 1 LEARNER]: Replica starting. Triggering 0 pending ops. Active config: opid_index: 2 OBSOLETE_local: false peers { permanent_uuid: "77c86f1d101f424e9447980bd44cdd24" member_type: VOTER last_known_addr { host: "127.10.19.194" port: 42373 } attrs { replace: true } } peers { permanent_uuid: "e0f15e56996b4fb19fa377d6663f4ad3" member_type: VOTER last_known_addr { host: "127.10.19.193" port: 46377 } } peers { permanent_uuid: "6321d7409770454eb349750e32452013" member_type: VOTER last_known_addr { host: "127.10.19.195" port: 39285 } } peers { permanent_uuid: "c57c6bc080ca43a6b50a683e2c0a973e" member_type: NON_VOTER last_known_addr { host: "127.10.19.196" port: 33751 } attrs { promote: true } }
I20260601 13:41:12.328622 13800 raft_consensus.cc:740] T 3d33a4ca9def45169fa541c3b4a1ee1d P c57c6bc080ca43a6b50a683e2c0a973e [term 1 LEARNER]: Becoming Follower/Learner. State: Replica: c57c6bc080ca43a6b50a683e2c0a973e, State: Initialized, Role: LEARNER
I20260601 13:41:12.328750 13800 consensus_queue.cc:260] T 3d33a4ca9def45169fa541c3b4a1ee1d P c57c6bc080ca43a6b50a683e2c0a973e [NON_LEADER]: Queue going to NON_LEADER mode. State: All replicated index: 0, Majority replicated index: 0, Committed index: 2, Last appended: 1.2, Last appended by leader: 2, Current term: 0, Majority size: -1, State: 0, Mode: NON_LEADER, active raft config: opid_index: 2 OBSOLETE_local: false peers { permanent_uuid: "77c86f1d101f424e9447980bd44cdd24" member_type: VOTER last_known_addr { host: "127.10.19.194" port: 42373 } attrs { replace: true } } peers { permanent_uuid: "e0f15e56996b4fb19fa377d6663f4ad3" member_type: VOTER last_known_addr { host: "127.10.19.193" port: 46377 } } peers { permanent_uuid: "6321d7409770454eb349750e32452013" member_type: VOTER last_known_addr { host: "127.10.19.195" port: 39285 } } peers { permanent_uuid: "c57c6bc080ca43a6b50a683e2c0a973e" member_type: NON_VOTER last_known_addr { host: "127.10.19.196" port: 33751 } attrs { promote: true } }
I20260601 13:41:12.329118 13800 ts_tablet_manager.cc:1434] T 3d33a4ca9def45169fa541c3b4a1ee1d P c57c6bc080ca43a6b50a683e2c0a973e: Time spent starting tablet: real 0.001s	user 0.000s	sys 0.002s
I20260601 13:41:12.329723 13291 tablet_copy_service.cc:342] P e0f15e56996b4fb19fa377d6663f4ad3: Request end of tablet copy session c57c6bc080ca43a6b50a683e2c0a973e-3d33a4ca9def45169fa541c3b4a1ee1d received from {username='slave'} at 127.0.0.1:50358
I20260601 13:41:12.329818 13291 tablet_copy_service.cc:434] P e0f15e56996b4fb19fa377d6663f4ad3: ending tablet copy session c57c6bc080ca43a6b50a683e2c0a973e-3d33a4ca9def45169fa541c3b4a1ee1d on tablet 3d33a4ca9def45169fa541c3b4a1ee1d with peer c57c6bc080ca43a6b50a683e2c0a973e
I20260601 13:41:12.716928 13356 raft_consensus.cc:1217] T ae674ab486a84a45a6ca5fe705121ce0 P 77c86f1d101f424e9447980bd44cdd24 [term 1 LEARNER]: Deduplicated request from leader. Original: 1.1->[1.2-1.2]   Dedup: 1.2->[]
I20260601 13:41:12.751945 13431 raft_consensus.cc:1217] T c6ff2417ce8a4bf69348300c2cbadd1f P 6321d7409770454eb349750e32452013 [term 1 LEARNER]: Deduplicated request from leader. Original: 1.1->[1.2-1.2]   Dedup: 1.2->[]
I20260601 13:41:12.755977 13570 raft_consensus.cc:1217] T 6a7e9a7a80db444f94bd5d65365a0777 P c57c6bc080ca43a6b50a683e2c0a973e [term 2 LEARNER]: Deduplicated request from leader. Original: 2.2->[2.3-2.3]   Dedup: 2.3->[]
I20260601 13:41:12.908018 13570 raft_consensus.cc:1217] T 3d33a4ca9def45169fa541c3b4a1ee1d P c57c6bc080ca43a6b50a683e2c0a973e [term 1 LEARNER]: Deduplicated request from leader. Original: 1.1->[1.2-1.2]   Dedup: 1.2->[]
I20260601 13:41:13.252643 13809 raft_consensus.cc:1064] T 6a7e9a7a80db444f94bd5d65365a0777 P e0f15e56996b4fb19fa377d6663f4ad3: attempting to promote NON_VOTER c57c6bc080ca43a6b50a683e2c0a973e to VOTER
I20260601 13:41:13.253129 13809 consensus_queue.cc:237] T 6a7e9a7a80db444f94bd5d65365a0777 P e0f15e56996b4fb19fa377d6663f4ad3 [LEADER]: Queue going to LEADER mode. State: All replicated index: 0, Majority replicated index: 3, Committed index: 3, Last appended: 2.3, Last appended by leader: 1, Current term: 2, Majority size: 3, State: 0, Mode: LEADER, active raft config: opid_index: 4 OBSOLETE_local: false peers { permanent_uuid: "e0f15e56996b4fb19fa377d6663f4ad3" member_type: VOTER last_known_addr { host: "127.10.19.193" port: 46377 } } peers { permanent_uuid: "77c86f1d101f424e9447980bd44cdd24" member_type: VOTER last_known_addr { host: "127.10.19.194" port: 42373 } } peers { permanent_uuid: "6321d7409770454eb349750e32452013" member_type: VOTER last_known_addr { host: "127.10.19.195" port: 39285 } attrs { replace: true } } peers { permanent_uuid: "c57c6bc080ca43a6b50a683e2c0a973e" member_type: VOTER last_known_addr { host: "127.10.19.196" port: 33751 } attrs { promote: false } }
I20260601 13:41:13.254870 13570 raft_consensus.cc:1275] T 6a7e9a7a80db444f94bd5d65365a0777 P c57c6bc080ca43a6b50a683e2c0a973e [term 2 LEARNER]: Refusing update from remote peer e0f15e56996b4fb19fa377d6663f4ad3: Log matching property violated. Preceding OpId in replica: term: 2 index: 3. Preceding OpId from leader: term: 2 index: 4. (index mismatch)
I20260601 13:41:13.254945 13431 raft_consensus.cc:1275] T 6a7e9a7a80db444f94bd5d65365a0777 P 6321d7409770454eb349750e32452013 [term 2 FOLLOWER]: Refusing update from remote peer e0f15e56996b4fb19fa377d6663f4ad3: Log matching property violated. Preceding OpId in replica: term: 2 index: 3. Preceding OpId from leader: term: 2 index: 4. (index mismatch)
I20260601 13:41:13.254870 13356 raft_consensus.cc:1275] T 6a7e9a7a80db444f94bd5d65365a0777 P 77c86f1d101f424e9447980bd44cdd24 [term 2 FOLLOWER]: Refusing update from remote peer e0f15e56996b4fb19fa377d6663f4ad3: Log matching property violated. Preceding OpId in replica: term: 2 index: 3. Preceding OpId from leader: term: 2 index: 4. (index mismatch)
I20260601 13:41:13.255442 13811 consensus_queue.cc:1048] T 6a7e9a7a80db444f94bd5d65365a0777 P e0f15e56996b4fb19fa377d6663f4ad3 [LEADER]: Connected to new peer: Peer: permanent_uuid: "6321d7409770454eb349750e32452013" member_type: VOTER last_known_addr { host: "127.10.19.195" port: 39285 } attrs { replace: true }, Status: LMP_MISMATCH, Last received: 0.0, Next index: 4, Last known committed idx: 3, Time since last communication: 0.000s
I20260601 13:41:13.255654 13809 consensus_queue.cc:1048] T 6a7e9a7a80db444f94bd5d65365a0777 P e0f15e56996b4fb19fa377d6663f4ad3 [LEADER]: Connected to new peer: Peer: permanent_uuid: "77c86f1d101f424e9447980bd44cdd24" member_type: VOTER last_known_addr { host: "127.10.19.194" port: 42373 }, Status: LMP_MISMATCH, Last received: 0.0, Next index: 4, Last known committed idx: 3, Time since last communication: 0.000s
I20260601 13:41:13.255921 13771 consensus_queue.cc:1048] T 6a7e9a7a80db444f94bd5d65365a0777 P e0f15e56996b4fb19fa377d6663f4ad3 [LEADER]: Connected to new peer: Peer: permanent_uuid: "c57c6bc080ca43a6b50a683e2c0a973e" member_type: VOTER last_known_addr { host: "127.10.19.196" port: 33751 } attrs { promote: false }, Status: LMP_MISMATCH, Last received: 0.0, Next index: 4, Last known committed idx: 3, Time since last communication: 0.000s
I20260601 13:41:13.257871 13811 raft_consensus.cc:2955] T 6a7e9a7a80db444f94bd5d65365a0777 P e0f15e56996b4fb19fa377d6663f4ad3 [term 2 LEADER]: Committing config change with OpId 2.4: config changed from index 3 to 4, c57c6bc080ca43a6b50a683e2c0a973e (127.10.19.196) changed from NON_VOTER to VOTER. New config: { opid_index: 4 OBSOLETE_local: false peers { permanent_uuid: "e0f15e56996b4fb19fa377d6663f4ad3" member_type: VOTER last_known_addr { host: "127.10.19.193" port: 46377 } } peers { permanent_uuid: "77c86f1d101f424e9447980bd44cdd24" member_type: VOTER last_known_addr { host: "127.10.19.194" port: 42373 } } peers { permanent_uuid: "6321d7409770454eb349750e32452013" member_type: VOTER last_known_addr { host: "127.10.19.195" port: 39285 } attrs { replace: true } } peers { permanent_uuid: "c57c6bc080ca43a6b50a683e2c0a973e" member_type: VOTER last_known_addr { host: "127.10.19.196" port: 33751 } attrs { promote: false } } }
I20260601 13:41:13.258335 13431 raft_consensus.cc:2955] T 6a7e9a7a80db444f94bd5d65365a0777 P 6321d7409770454eb349750e32452013 [term 2 FOLLOWER]: Committing config change with OpId 2.4: config changed from index 3 to 4, c57c6bc080ca43a6b50a683e2c0a973e (127.10.19.196) changed from NON_VOTER to VOTER. New config: { opid_index: 4 OBSOLETE_local: false peers { permanent_uuid: "e0f15e56996b4fb19fa377d6663f4ad3" member_type: VOTER last_known_addr { host: "127.10.19.193" port: 46377 } } peers { permanent_uuid: "77c86f1d101f424e9447980bd44cdd24" member_type: VOTER last_known_addr { host: "127.10.19.194" port: 42373 } } peers { permanent_uuid: "6321d7409770454eb349750e32452013" member_type: VOTER last_known_addr { host: "127.10.19.195" port: 39285 } attrs { replace: true } } peers { permanent_uuid: "c57c6bc080ca43a6b50a683e2c0a973e" member_type: VOTER last_known_addr { host: "127.10.19.196" port: 33751 } attrs { promote: false } } }
I20260601 13:41:13.258353 13356 raft_consensus.cc:2955] T 6a7e9a7a80db444f94bd5d65365a0777 P 77c86f1d101f424e9447980bd44cdd24 [term 2 FOLLOWER]: Committing config change with OpId 2.4: config changed from index 3 to 4, c57c6bc080ca43a6b50a683e2c0a973e (127.10.19.196) changed from NON_VOTER to VOTER. New config: { opid_index: 4 OBSOLETE_local: false peers { permanent_uuid: "e0f15e56996b4fb19fa377d6663f4ad3" member_type: VOTER last_known_addr { host: "127.10.19.193" port: 46377 } } peers { permanent_uuid: "77c86f1d101f424e9447980bd44cdd24" member_type: VOTER last_known_addr { host: "127.10.19.194" port: 42373 } } peers { permanent_uuid: "6321d7409770454eb349750e32452013" member_type: VOTER last_known_addr { host: "127.10.19.195" port: 39285 } attrs { replace: true } } peers { permanent_uuid: "c57c6bc080ca43a6b50a683e2c0a973e" member_type: VOTER last_known_addr { host: "127.10.19.196" port: 33751 } attrs { promote: false } } }
I20260601 13:41:13.260166 13570 raft_consensus.cc:2955] T 6a7e9a7a80db444f94bd5d65365a0777 P c57c6bc080ca43a6b50a683e2c0a973e [term 2 FOLLOWER]: Committing config change with OpId 2.4: config changed from index 3 to 4, c57c6bc080ca43a6b50a683e2c0a973e (127.10.19.196) changed from NON_VOTER to VOTER. New config: { opid_index: 4 OBSOLETE_local: false peers { permanent_uuid: "e0f15e56996b4fb19fa377d6663f4ad3" member_type: VOTER last_known_addr { host: "127.10.19.193" port: 46377 } } peers { permanent_uuid: "77c86f1d101f424e9447980bd44cdd24" member_type: VOTER last_known_addr { host: "127.10.19.194" port: 42373 } } peers { permanent_uuid: "6321d7409770454eb349750e32452013" member_type: VOTER last_known_addr { host: "127.10.19.195" port: 39285 } attrs { replace: true } } peers { permanent_uuid: "c57c6bc080ca43a6b50a683e2c0a973e" member_type: VOTER last_known_addr { host: "127.10.19.196" port: 33751 } attrs { promote: false } } }
I20260601 13:41:13.260704 13176 catalog_manager.cc:5696] T 6a7e9a7a80db444f94bd5d65365a0777 P 6321d7409770454eb349750e32452013 reported cstate change: config changed from index 3 to 4, c57c6bc080ca43a6b50a683e2c0a973e (127.10.19.196) changed from NON_VOTER to VOTER. New cstate: current_term: 2 leader_uuid: "e0f15e56996b4fb19fa377d6663f4ad3" committed_config { opid_index: 4 OBSOLETE_local: false peers { permanent_uuid: "e0f15e56996b4fb19fa377d6663f4ad3" member_type: VOTER last_known_addr { host: "127.10.19.193" port: 46377 } } peers { permanent_uuid: "77c86f1d101f424e9447980bd44cdd24" member_type: VOTER last_known_addr { host: "127.10.19.194" port: 42373 } } peers { permanent_uuid: "6321d7409770454eb349750e32452013" member_type: VOTER last_known_addr { host: "127.10.19.195" port: 39285 } attrs { replace: true } } peers { permanent_uuid: "c57c6bc080ca43a6b50a683e2c0a973e" member_type: VOTER last_known_addr { host: "127.10.19.196" port: 33751 } attrs { promote: false } } }
I20260601 13:41:13.266350 13278 consensus_queue.cc:237] T 6a7e9a7a80db444f94bd5d65365a0777 P e0f15e56996b4fb19fa377d6663f4ad3 [LEADER]: Queue going to LEADER mode. State: All replicated index: 0, Majority replicated index: 4, Committed index: 4, Last appended: 2.4, Last appended by leader: 1, Current term: 2, Majority size: 2, State: 0, Mode: LEADER, active raft config: opid_index: 5 OBSOLETE_local: false peers { permanent_uuid: "e0f15e56996b4fb19fa377d6663f4ad3" member_type: VOTER last_known_addr { host: "127.10.19.193" port: 46377 } } peers { permanent_uuid: "77c86f1d101f424e9447980bd44cdd24" member_type: VOTER last_known_addr { host: "127.10.19.194" port: 42373 } } peers { permanent_uuid: "c57c6bc080ca43a6b50a683e2c0a973e" member_type: VOTER last_known_addr { host: "127.10.19.196" port: 33751 } attrs { promote: false } }
I20260601 13:41:13.267589 13570 raft_consensus.cc:1275] T 6a7e9a7a80db444f94bd5d65365a0777 P c57c6bc080ca43a6b50a683e2c0a973e [term 2 FOLLOWER]: Refusing update from remote peer e0f15e56996b4fb19fa377d6663f4ad3: Log matching property violated. Preceding OpId in replica: term: 2 index: 4. Preceding OpId from leader: term: 2 index: 5. (index mismatch)
I20260601 13:41:13.267589 13356 raft_consensus.cc:1275] T 6a7e9a7a80db444f94bd5d65365a0777 P 77c86f1d101f424e9447980bd44cdd24 [term 2 FOLLOWER]: Refusing update from remote peer e0f15e56996b4fb19fa377d6663f4ad3: Log matching property violated. Preceding OpId in replica: term: 2 index: 4. Preceding OpId from leader: term: 2 index: 5. (index mismatch)
I20260601 13:41:13.267977 13811 consensus_queue.cc:1048] T 6a7e9a7a80db444f94bd5d65365a0777 P e0f15e56996b4fb19fa377d6663f4ad3 [LEADER]: Connected to new peer: Peer: permanent_uuid: "c57c6bc080ca43a6b50a683e2c0a973e" member_type: VOTER last_known_addr { host: "127.10.19.196" port: 33751 } attrs { promote: false }, Status: LMP_MISMATCH, Last received: 0.0, Next index: 5, Last known committed idx: 4, Time since last communication: 0.000s
I20260601 13:41:13.268529 13811 consensus_queue.cc:1048] T 6a7e9a7a80db444f94bd5d65365a0777 P e0f15e56996b4fb19fa377d6663f4ad3 [LEADER]: Connected to new peer: Peer: permanent_uuid: "77c86f1d101f424e9447980bd44cdd24" member_type: VOTER last_known_addr { host: "127.10.19.194" port: 42373 }, Status: LMP_MISMATCH, Last received: 0.0, Next index: 5, Last known committed idx: 4, Time since last communication: 0.000s
I20260601 13:41:13.269482 13808 raft_consensus.cc:2955] T 6a7e9a7a80db444f94bd5d65365a0777 P e0f15e56996b4fb19fa377d6663f4ad3 [term 2 LEADER]: Committing config change with OpId 2.5: config changed from index 4 to 5, VOTER 6321d7409770454eb349750e32452013 (127.10.19.195) evicted. New config: { opid_index: 5 OBSOLETE_local: false peers { permanent_uuid: "e0f15e56996b4fb19fa377d6663f4ad3" member_type: VOTER last_known_addr { host: "127.10.19.193" port: 46377 } } peers { permanent_uuid: "77c86f1d101f424e9447980bd44cdd24" member_type: VOTER last_known_addr { host: "127.10.19.194" port: 42373 } } peers { permanent_uuid: "c57c6bc080ca43a6b50a683e2c0a973e" member_type: VOTER last_known_addr { host: "127.10.19.196" port: 33751 } attrs { promote: false } } }
I20260601 13:41:13.270164 13570 raft_consensus.cc:2955] T 6a7e9a7a80db444f94bd5d65365a0777 P c57c6bc080ca43a6b50a683e2c0a973e [term 2 FOLLOWER]: Committing config change with OpId 2.5: config changed from index 4 to 5, VOTER 6321d7409770454eb349750e32452013 (127.10.19.195) evicted. New config: { opid_index: 5 OBSOLETE_local: false peers { permanent_uuid: "e0f15e56996b4fb19fa377d6663f4ad3" member_type: VOTER last_known_addr { host: "127.10.19.193" port: 46377 } } peers { permanent_uuid: "77c86f1d101f424e9447980bd44cdd24" member_type: VOTER last_known_addr { host: "127.10.19.194" port: 42373 } } peers { permanent_uuid: "c57c6bc080ca43a6b50a683e2c0a973e" member_type: VOTER last_known_addr { host: "127.10.19.196" port: 33751 } attrs { promote: false } } }
I20260601 13:41:13.272128 13162 catalog_manager.cc:5209] ChangeConfig:REMOVE_PEER RPC for tablet 6a7e9a7a80db444f94bd5d65365a0777 with cas_config_opid_index 4: ChangeConfig:REMOVE_PEER succeeded (attempt 1)
I20260601 13:41:13.272409 13175 catalog_manager.cc:5696] T 6a7e9a7a80db444f94bd5d65365a0777 P c57c6bc080ca43a6b50a683e2c0a973e reported cstate change: config changed from index 4 to 5, VOTER 6321d7409770454eb349750e32452013 (127.10.19.195) evicted. New cstate: current_term: 2 leader_uuid: "e0f15e56996b4fb19fa377d6663f4ad3" committed_config { opid_index: 5 OBSOLETE_local: false peers { permanent_uuid: "e0f15e56996b4fb19fa377d6663f4ad3" member_type: VOTER last_known_addr { host: "127.10.19.193" port: 46377 } } peers { permanent_uuid: "77c86f1d101f424e9447980bd44cdd24" member_type: VOTER last_known_addr { host: "127.10.19.194" port: 42373 } } peers { permanent_uuid: "c57c6bc080ca43a6b50a683e2c0a973e" member_type: VOTER last_known_addr { host: "127.10.19.196" port: 33751 } attrs { promote: false } } }
I20260601 13:41:13.273532 13356 raft_consensus.cc:2955] T 6a7e9a7a80db444f94bd5d65365a0777 P 77c86f1d101f424e9447980bd44cdd24 [term 2 FOLLOWER]: Committing config change with OpId 2.5: config changed from index 4 to 5, VOTER 6321d7409770454eb349750e32452013 (127.10.19.195) evicted. New config: { opid_index: 5 OBSOLETE_local: false peers { permanent_uuid: "e0f15e56996b4fb19fa377d6663f4ad3" member_type: VOTER last_known_addr { host: "127.10.19.193" port: 46377 } } peers { permanent_uuid: "77c86f1d101f424e9447980bd44cdd24" member_type: VOTER last_known_addr { host: "127.10.19.194" port: 42373 } } peers { permanent_uuid: "c57c6bc080ca43a6b50a683e2c0a973e" member_type: VOTER last_known_addr { host: "127.10.19.196" port: 33751 } attrs { promote: false } } }
I20260601 13:41:13.275117 13415 tablet_service.cc:1558] Processing DeleteTablet for tablet 6a7e9a7a80db444f94bd5d65365a0777 with delete_type TABLET_DATA_TOMBSTONED (TS 6321d7409770454eb349750e32452013 not found in new config with opid_index 5) from {username='slave'} at 127.0.0.1:51604
I20260601 13:41:13.276571 13819 tablet_replica.cc:333] T 6a7e9a7a80db444f94bd5d65365a0777 P 6321d7409770454eb349750e32452013: stopping tablet replica
I20260601 13:41:13.276775 13819 raft_consensus.cc:2243] T 6a7e9a7a80db444f94bd5d65365a0777 P 6321d7409770454eb349750e32452013 [term 2 FOLLOWER]: Raft consensus shutting down.
I20260601 13:41:13.276942 13819 raft_consensus.cc:2272] T 6a7e9a7a80db444f94bd5d65365a0777 P 6321d7409770454eb349750e32452013 [term 2 FOLLOWER]: Raft consensus is shut down!
I20260601 13:41:13.277592 13819 ts_tablet_manager.cc:1916] T 6a7e9a7a80db444f94bd5d65365a0777 P 6321d7409770454eb349750e32452013: Deleting tablet data with delete state TABLET_DATA_TOMBSTONED
I20260601 13:41:13.279891 13819 ts_tablet_manager.cc:1929] T 6a7e9a7a80db444f94bd5d65365a0777 P 6321d7409770454eb349750e32452013: tablet deleted with delete type TABLET_DATA_TOMBSTONED: last-logged OpId 2.4
I20260601 13:41:13.279971 13819 log.cc:1199] T 6a7e9a7a80db444f94bd5d65365a0777 P 6321d7409770454eb349750e32452013: Deleting WAL directory at /tmp/dist-test-task8hNOPn/test-tmp/auto_rebalancer-test.0.AutoRebalancerTest.RangeAwareRebalancesNewRangeReplicas.1780321196145326-10319-0/minicluster-data/ts-2-root/wals/6a7e9a7a80db444f94bd5d65365a0777
I20260601 13:41:13.280553 13163 catalog_manager.cc:5027] TS 6321d7409770454eb349750e32452013 (127.10.19.195:39285): tablet 6a7e9a7a80db444f94bd5d65365a0777 (table range_aware_rebalance_new_range [id=ef5fbc1b022e488bbe7a550bafa0020b]) successfully deleted
I20260601 13:41:13.283068 13807 raft_consensus.cc:1064] T c6ff2417ce8a4bf69348300c2cbadd1f P 77c86f1d101f424e9447980bd44cdd24: attempting to promote NON_VOTER 6321d7409770454eb349750e32452013 to VOTER
I20260601 13:41:13.283598 13807 consensus_queue.cc:237] T c6ff2417ce8a4bf69348300c2cbadd1f P 77c86f1d101f424e9447980bd44cdd24 [LEADER]: Queue going to LEADER mode. State: All replicated index: 0, Majority replicated index: 2, Committed index: 2, Last appended: 1.2, Last appended by leader: 0, Current term: 1, Majority size: 3, State: 0, Mode: LEADER, active raft config: opid_index: 3 OBSOLETE_local: false peers { permanent_uuid: "c57c6bc080ca43a6b50a683e2c0a973e" member_type: VOTER last_known_addr { host: "127.10.19.196" port: 33751 } attrs { replace: true } } peers { permanent_uuid: "e0f15e56996b4fb19fa377d6663f4ad3" member_type: VOTER last_known_addr { host: "127.10.19.193" port: 46377 } } peers { permanent_uuid: "77c86f1d101f424e9447980bd44cdd24" member_type: VOTER last_known_addr { host: "127.10.19.194" port: 42373 } } peers { permanent_uuid: "6321d7409770454eb349750e32452013" member_type: VOTER last_known_addr { host: "127.10.19.195" port: 39285 } attrs { promote: false } }
I20260601 13:41:13.285147 13278 raft_consensus.cc:1275] T c6ff2417ce8a4bf69348300c2cbadd1f P e0f15e56996b4fb19fa377d6663f4ad3 [term 1 FOLLOWER]: Refusing update from remote peer 77c86f1d101f424e9447980bd44cdd24: Log matching property violated. Preceding OpId in replica: term: 1 index: 2. Preceding OpId from leader: term: 1 index: 3. (index mismatch)
I20260601 13:41:13.285602 13822 consensus_queue.cc:1048] T c6ff2417ce8a4bf69348300c2cbadd1f P 77c86f1d101f424e9447980bd44cdd24 [LEADER]: Connected to new peer: Peer: permanent_uuid: "e0f15e56996b4fb19fa377d6663f4ad3" member_type: VOTER last_known_addr { host: "127.10.19.193" port: 46377 }, Status: LMP_MISMATCH, Last received: 0.0, Next index: 3, Last known committed idx: 2, Time since last communication: 0.000s
I20260601 13:41:13.285718 13570 raft_consensus.cc:1275] T c6ff2417ce8a4bf69348300c2cbadd1f P c57c6bc080ca43a6b50a683e2c0a973e [term 1 FOLLOWER]: Refusing update from remote peer 77c86f1d101f424e9447980bd44cdd24: Log matching property violated. Preceding OpId in replica: term: 1 index: 2. Preceding OpId from leader: term: 1 index: 3. (index mismatch)
I20260601 13:41:13.285765 13431 raft_consensus.cc:1275] T c6ff2417ce8a4bf69348300c2cbadd1f P 6321d7409770454eb349750e32452013 [term 1 LEARNER]: Refusing update from remote peer 77c86f1d101f424e9447980bd44cdd24: Log matching property violated. Preceding OpId in replica: term: 1 index: 2. Preceding OpId from leader: term: 1 index: 3. (index mismatch)
I20260601 13:41:13.286238 13822 consensus_queue.cc:1048] T c6ff2417ce8a4bf69348300c2cbadd1f P 77c86f1d101f424e9447980bd44cdd24 [LEADER]: Connected to new peer: Peer: permanent_uuid: "c57c6bc080ca43a6b50a683e2c0a973e" member_type: VOTER last_known_addr { host: "127.10.19.196" port: 33751 } attrs { replace: true }, Status: LMP_MISMATCH, Last received: 0.0, Next index: 3, Last known committed idx: 2, Time since last communication: 0.000s
I20260601 13:41:13.286512 13823 consensus_queue.cc:1048] T c6ff2417ce8a4bf69348300c2cbadd1f P 77c86f1d101f424e9447980bd44cdd24 [LEADER]: Connected to new peer: Peer: permanent_uuid: "6321d7409770454eb349750e32452013" member_type: VOTER last_known_addr { host: "127.10.19.195" port: 39285 } attrs { promote: false }, Status: LMP_MISMATCH, Last received: 0.0, Next index: 3, Last known committed idx: 2, Time since last communication: 0.000s
I20260601 13:41:13.288451 13823 raft_consensus.cc:2955] T c6ff2417ce8a4bf69348300c2cbadd1f P 77c86f1d101f424e9447980bd44cdd24 [term 1 LEADER]: Committing config change with OpId 1.3: config changed from index 2 to 3, 6321d7409770454eb349750e32452013 (127.10.19.195) changed from NON_VOTER to VOTER. New config: { opid_index: 3 OBSOLETE_local: false peers { permanent_uuid: "c57c6bc080ca43a6b50a683e2c0a973e" member_type: VOTER last_known_addr { host: "127.10.19.196" port: 33751 } attrs { replace: true } } peers { permanent_uuid: "e0f15e56996b4fb19fa377d6663f4ad3" member_type: VOTER last_known_addr { host: "127.10.19.193" port: 46377 } } peers { permanent_uuid: "77c86f1d101f424e9447980bd44cdd24" member_type: VOTER last_known_addr { host: "127.10.19.194" port: 42373 } } peers { permanent_uuid: "6321d7409770454eb349750e32452013" member_type: VOTER last_known_addr { host: "127.10.19.195" port: 39285 } attrs { promote: false } } }
I20260601 13:41:13.289049 13431 raft_consensus.cc:2955] T c6ff2417ce8a4bf69348300c2cbadd1f P 6321d7409770454eb349750e32452013 [term 1 FOLLOWER]: Committing config change with OpId 1.3: config changed from index 2 to 3, 6321d7409770454eb349750e32452013 (127.10.19.195) changed from NON_VOTER to VOTER. New config: { opid_index: 3 OBSOLETE_local: false peers { permanent_uuid: "c57c6bc080ca43a6b50a683e2c0a973e" member_type: VOTER last_known_addr { host: "127.10.19.196" port: 33751 } attrs { replace: true } } peers { permanent_uuid: "e0f15e56996b4fb19fa377d6663f4ad3" member_type: VOTER last_known_addr { host: "127.10.19.193" port: 46377 } } peers { permanent_uuid: "77c86f1d101f424e9447980bd44cdd24" member_type: VOTER last_known_addr { host: "127.10.19.194" port: 42373 } } peers { permanent_uuid: "6321d7409770454eb349750e32452013" member_type: VOTER last_known_addr { host: "127.10.19.195" port: 39285 } attrs { promote: false } } }
I20260601 13:41:13.290378 13570 raft_consensus.cc:2955] T c6ff2417ce8a4bf69348300c2cbadd1f P c57c6bc080ca43a6b50a683e2c0a973e [term 1 FOLLOWER]: Committing config change with OpId 1.3: config changed from index 2 to 3, 6321d7409770454eb349750e32452013 (127.10.19.195) changed from NON_VOTER to VOTER. New config: { opid_index: 3 OBSOLETE_local: false peers { permanent_uuid: "c57c6bc080ca43a6b50a683e2c0a973e" member_type: VOTER last_known_addr { host: "127.10.19.196" port: 33751 } attrs { replace: true } } peers { permanent_uuid: "e0f15e56996b4fb19fa377d6663f4ad3" member_type: VOTER last_known_addr { host: "127.10.19.193" port: 46377 } } peers { permanent_uuid: "77c86f1d101f424e9447980bd44cdd24" member_type: VOTER last_known_addr { host: "127.10.19.194" port: 42373 } } peers { permanent_uuid: "6321d7409770454eb349750e32452013" member_type: VOTER last_known_addr { host: "127.10.19.195" port: 39285 } attrs { promote: false } } }
I20260601 13:41:13.291496 13175 catalog_manager.cc:5696] T c6ff2417ce8a4bf69348300c2cbadd1f P 6321d7409770454eb349750e32452013 reported cstate change: config changed from index 2 to 3, 6321d7409770454eb349750e32452013 (127.10.19.195) changed from NON_VOTER to VOTER. New cstate: current_term: 1 leader_uuid: "77c86f1d101f424e9447980bd44cdd24" committed_config { opid_index: 3 OBSOLETE_local: false peers { permanent_uuid: "c57c6bc080ca43a6b50a683e2c0a973e" member_type: VOTER last_known_addr { host: "127.10.19.196" port: 33751 } attrs { replace: true } } peers { permanent_uuid: "e0f15e56996b4fb19fa377d6663f4ad3" member_type: VOTER last_known_addr { host: "127.10.19.193" port: 46377 } } peers { permanent_uuid: "77c86f1d101f424e9447980bd44cdd24" member_type: VOTER last_known_addr { host: "127.10.19.194" port: 42373 } } peers { permanent_uuid: "6321d7409770454eb349750e32452013" member_type: VOTER last_known_addr { host: "127.10.19.195" port: 39285 } attrs { promote: false } } }
I20260601 13:41:13.292721 13278 raft_consensus.cc:2955] T c6ff2417ce8a4bf69348300c2cbadd1f P e0f15e56996b4fb19fa377d6663f4ad3 [term 1 FOLLOWER]: Committing config change with OpId 1.3: config changed from index 2 to 3, 6321d7409770454eb349750e32452013 (127.10.19.195) changed from NON_VOTER to VOTER. New config: { opid_index: 3 OBSOLETE_local: false peers { permanent_uuid: "c57c6bc080ca43a6b50a683e2c0a973e" member_type: VOTER last_known_addr { host: "127.10.19.196" port: 33751 } attrs { replace: true } } peers { permanent_uuid: "e0f15e56996b4fb19fa377d6663f4ad3" member_type: VOTER last_known_addr { host: "127.10.19.193" port: 46377 } } peers { permanent_uuid: "77c86f1d101f424e9447980bd44cdd24" member_type: VOTER last_known_addr { host: "127.10.19.194" port: 42373 } } peers { permanent_uuid: "6321d7409770454eb349750e32452013" member_type: VOTER last_known_addr { host: "127.10.19.195" port: 39285 } attrs { promote: false } } }
I20260601 13:41:13.296444 13356 consensus_queue.cc:237] T c6ff2417ce8a4bf69348300c2cbadd1f P 77c86f1d101f424e9447980bd44cdd24 [LEADER]: Queue going to LEADER mode. State: All replicated index: 0, Majority replicated index: 3, Committed index: 3, Last appended: 1.3, Last appended by leader: 0, Current term: 1, Majority size: 2, State: 0, Mode: LEADER, active raft config: opid_index: 4 OBSOLETE_local: false peers { permanent_uuid: "e0f15e56996b4fb19fa377d6663f4ad3" member_type: VOTER last_known_addr { host: "127.10.19.193" port: 46377 } } peers { permanent_uuid: "77c86f1d101f424e9447980bd44cdd24" member_type: VOTER last_known_addr { host: "127.10.19.194" port: 42373 } } peers { permanent_uuid: "6321d7409770454eb349750e32452013" member_type: VOTER last_known_addr { host: "127.10.19.195" port: 39285 } attrs { promote: false } }
I20260601 13:41:13.297794 13278 raft_consensus.cc:1275] T c6ff2417ce8a4bf69348300c2cbadd1f P e0f15e56996b4fb19fa377d6663f4ad3 [term 1 FOLLOWER]: Refusing update from remote peer 77c86f1d101f424e9447980bd44cdd24: Log matching property violated. Preceding OpId in replica: term: 1 index: 3. Preceding OpId from leader: term: 1 index: 4. (index mismatch)
I20260601 13:41:13.297860 13431 raft_consensus.cc:1275] T c6ff2417ce8a4bf69348300c2cbadd1f P 6321d7409770454eb349750e32452013 [term 1 FOLLOWER]: Refusing update from remote peer 77c86f1d101f424e9447980bd44cdd24: Log matching property violated. Preceding OpId in replica: term: 1 index: 3. Preceding OpId from leader: term: 1 index: 4. (index mismatch)
I20260601 13:41:13.298241 13822 consensus_queue.cc:1048] T c6ff2417ce8a4bf69348300c2cbadd1f P 77c86f1d101f424e9447980bd44cdd24 [LEADER]: Connected to new peer: Peer: permanent_uuid: "e0f15e56996b4fb19fa377d6663f4ad3" member_type: VOTER last_known_addr { host: "127.10.19.193" port: 46377 }, Status: LMP_MISMATCH, Last received: 0.0, Next index: 4, Last known committed idx: 3, Time since last communication: 0.000s
I20260601 13:41:13.298489 13807 consensus_queue.cc:1048] T c6ff2417ce8a4bf69348300c2cbadd1f P 77c86f1d101f424e9447980bd44cdd24 [LEADER]: Connected to new peer: Peer: permanent_uuid: "6321d7409770454eb349750e32452013" member_type: VOTER last_known_addr { host: "127.10.19.195" port: 39285 } attrs { promote: false }, Status: LMP_MISMATCH, Last received: 0.0, Next index: 4, Last known committed idx: 3, Time since last communication: 0.000s
I20260601 13:41:13.300069 13807 raft_consensus.cc:2955] T c6ff2417ce8a4bf69348300c2cbadd1f P 77c86f1d101f424e9447980bd44cdd24 [term 1 LEADER]: Committing config change with OpId 1.4: config changed from index 3 to 4, VOTER c57c6bc080ca43a6b50a683e2c0a973e (127.10.19.196) evicted. New config: { opid_index: 4 OBSOLETE_local: false peers { permanent_uuid: "e0f15e56996b4fb19fa377d6663f4ad3" member_type: VOTER last_known_addr { host: "127.10.19.193" port: 46377 } } peers { permanent_uuid: "77c86f1d101f424e9447980bd44cdd24" member_type: VOTER last_known_addr { host: "127.10.19.194" port: 42373 } } peers { permanent_uuid: "6321d7409770454eb349750e32452013" member_type: VOTER last_known_addr { host: "127.10.19.195" port: 39285 } attrs { promote: false } } }
I20260601 13:41:13.300380 13278 raft_consensus.cc:2955] T c6ff2417ce8a4bf69348300c2cbadd1f P e0f15e56996b4fb19fa377d6663f4ad3 [term 1 FOLLOWER]: Committing config change with OpId 1.4: config changed from index 3 to 4, VOTER c57c6bc080ca43a6b50a683e2c0a973e (127.10.19.196) evicted. New config: { opid_index: 4 OBSOLETE_local: false peers { permanent_uuid: "e0f15e56996b4fb19fa377d6663f4ad3" member_type: VOTER last_known_addr { host: "127.10.19.193" port: 46377 } } peers { permanent_uuid: "77c86f1d101f424e9447980bd44cdd24" member_type: VOTER last_known_addr { host: "127.10.19.194" port: 42373 } } peers { permanent_uuid: "6321d7409770454eb349750e32452013" member_type: VOTER last_known_addr { host: "127.10.19.195" port: 39285 } attrs { promote: false } } }
I20260601 13:41:13.301910 13162 catalog_manager.cc:5209] ChangeConfig:REMOVE_PEER RPC for tablet c6ff2417ce8a4bf69348300c2cbadd1f with cas_config_opid_index 3: ChangeConfig:REMOVE_PEER succeeded (attempt 1)
I20260601 13:41:13.302711 13431 raft_consensus.cc:2955] T c6ff2417ce8a4bf69348300c2cbadd1f P 6321d7409770454eb349750e32452013 [term 1 FOLLOWER]: Committing config change with OpId 1.4: config changed from index 3 to 4, VOTER c57c6bc080ca43a6b50a683e2c0a973e (127.10.19.196) evicted. New config: { opid_index: 4 OBSOLETE_local: false peers { permanent_uuid: "e0f15e56996b4fb19fa377d6663f4ad3" member_type: VOTER last_known_addr { host: "127.10.19.193" port: 46377 } } peers { permanent_uuid: "77c86f1d101f424e9447980bd44cdd24" member_type: VOTER last_known_addr { host: "127.10.19.194" port: 42373 } } peers { permanent_uuid: "6321d7409770454eb349750e32452013" member_type: VOTER last_known_addr { host: "127.10.19.195" port: 39285 } attrs { promote: false } } }
