I20260601 13:40:09.999205 23871 consensus_queue.cc:260] T d47b63783793444ca686ba7625f87f68 P 37522d5134b64be4831240602af4882d [NON_LEADER]: Queue going to NON_LEADER mode. State: All replicated index: 0, Majority replicated index: 0, Committed index: 0, Last appended: 0.0, Last appended by leader: 0, Current term: 0, Majority size: -1, State: 0, Mode: NON_LEADER, active raft config: opid_index: -1 OBSOLETE_local: false peers { permanent_uuid: "645606d22afa48a8b5aef8735e1208a4" member_type: VOTER last_known_addr { host: "127.21.107.129" port: 38663 } } peers { permanent_uuid: "7382f87bd55a42d09e79c450deac8be5" member_type: VOTER last_known_addr { host: "127.21.107.130" port: 34183 } } peers { permanent_uuid: "37522d5134b64be4831240602af4882d" member_type: VOTER last_known_addr { host: "127.21.107.131" port: 46033 } }
I20260601 13:40:09.999589 23871 ts_tablet_manager.cc:1434] T d47b63783793444ca686ba7625f87f68 P 37522d5134b64be4831240602af4882d: Time spent starting tablet: real 0.001s	user 0.001s	sys 0.000s
I20260601 13:40:09.999792 23871 tablet_bootstrap.cc:492] T ce1c8904ad164c3e8fd42a634d2405cc P 37522d5134b64be4831240602af4882d: Bootstrap starting.
I20260601 13:40:09.996335 23868 raft_consensus.cc:740] T ce1c8904ad164c3e8fd42a634d2405cc P 7382f87bd55a42d09e79c450deac8be5 [term 0 FOLLOWER]: Becoming Follower/Learner. State: Replica: 7382f87bd55a42d09e79c450deac8be5, State: Initialized, Role: FOLLOWER
I20260601 13:40:10.000623 23868 consensus_queue.cc:260] T ce1c8904ad164c3e8fd42a634d2405cc P 7382f87bd55a42d09e79c450deac8be5 [NON_LEADER]: Queue going to NON_LEADER mode. State: All replicated index: 0, Majority replicated index: 0, Committed index: 0, Last appended: 0.0, Last appended by leader: 0, Current term: 0, Majority size: -1, State: 0, Mode: NON_LEADER, active raft config: opid_index: -1 OBSOLETE_local: false peers { permanent_uuid: "7382f87bd55a42d09e79c450deac8be5" member_type: VOTER last_known_addr { host: "127.21.107.130" port: 34183 } } peers { permanent_uuid: "645606d22afa48a8b5aef8735e1208a4" member_type: VOTER last_known_addr { host: "127.21.107.129" port: 38663 } } peers { permanent_uuid: "37522d5134b64be4831240602af4882d" member_type: VOTER last_known_addr { host: "127.21.107.131" port: 46033 } }
I20260601 13:40:10.000928 23871 tablet_bootstrap.cc:654] T ce1c8904ad164c3e8fd42a634d2405cc P 37522d5134b64be4831240602af4882d: Neither blocks nor log segments found. Creating new log.
I20260601 13:40:10.001013 23868 ts_tablet_manager.cc:1434] T ce1c8904ad164c3e8fd42a634d2405cc P 7382f87bd55a42d09e79c450deac8be5: Time spent starting tablet: real 0.005s	user 0.002s	sys 0.000s
I20260601 13:40:10.001199 23868 tablet_bootstrap.cc:492] T d47b63783793444ca686ba7625f87f68 P 7382f87bd55a42d09e79c450deac8be5: Bootstrap starting.
I20260601 13:40:10.002277 23868 tablet_bootstrap.cc:654] T d47b63783793444ca686ba7625f87f68 P 7382f87bd55a42d09e79c450deac8be5: Neither blocks nor log segments found. Creating new log.
I20260601 13:40:10.002929 23869 tablet_bootstrap.cc:492] T d47b63783793444ca686ba7625f87f68 P 645606d22afa48a8b5aef8735e1208a4: Bootstrap starting.
I20260601 13:40:10.003413 23868 tablet_bootstrap.cc:492] T d47b63783793444ca686ba7625f87f68 P 7382f87bd55a42d09e79c450deac8be5: No bootstrap required, opened a new log
I20260601 13:40:10.003419 23871 tablet_bootstrap.cc:492] T ce1c8904ad164c3e8fd42a634d2405cc P 37522d5134b64be4831240602af4882d: No bootstrap required, opened a new log
I20260601 13:40:10.003521 23868 ts_tablet_manager.cc:1403] T d47b63783793444ca686ba7625f87f68 P 7382f87bd55a42d09e79c450deac8be5: Time spent bootstrapping tablet: real 0.002s	user 0.002s	sys 0.000s
I20260601 13:40:10.003957 23868 raft_consensus.cc:359] T d47b63783793444ca686ba7625f87f68 P 7382f87bd55a42d09e79c450deac8be5 [term 0 FOLLOWER]: Replica starting. Triggering 0 pending ops. Active config: opid_index: -1 OBSOLETE_local: false peers { permanent_uuid: "645606d22afa48a8b5aef8735e1208a4" member_type: VOTER last_known_addr { host: "127.21.107.129" port: 38663 } } peers { permanent_uuid: "7382f87bd55a42d09e79c450deac8be5" member_type: VOTER last_known_addr { host: "127.21.107.130" port: 34183 } } peers { permanent_uuid: "37522d5134b64be4831240602af4882d" member_type: VOTER last_known_addr { host: "127.21.107.131" port: 46033 } }
I20260601 13:40:10.004068 23868 raft_consensus.cc:385] T d47b63783793444ca686ba7625f87f68 P 7382f87bd55a42d09e79c450deac8be5 [term 0 FOLLOWER]: Consensus starting up: Expiring failure detector timer to make a prompt election more likely
I20260601 13:40:10.004112 23868 raft_consensus.cc:740] T d47b63783793444ca686ba7625f87f68 P 7382f87bd55a42d09e79c450deac8be5 [term 0 FOLLOWER]: Becoming Follower/Learner. State: Replica: 7382f87bd55a42d09e79c450deac8be5, State: Initialized, Role: FOLLOWER
I20260601 13:40:10.003521 23871 ts_tablet_manager.cc:1403] T ce1c8904ad164c3e8fd42a634d2405cc P 37522d5134b64be4831240602af4882d: Time spent bootstrapping tablet: real 0.004s	user 0.002s	sys 0.000s
I20260601 13:40:10.004285 23868 consensus_queue.cc:260] T d47b63783793444ca686ba7625f87f68 P 7382f87bd55a42d09e79c450deac8be5 [NON_LEADER]: Queue going to NON_LEADER mode. State: All replicated index: 0, Majority replicated index: 0, Committed index: 0, Last appended: 0.0, Last appended by leader: 0, Current term: 0, Majority size: -1, State: 0, Mode: NON_LEADER, active raft config: opid_index: -1 OBSOLETE_local: false peers { permanent_uuid: "645606d22afa48a8b5aef8735e1208a4" member_type: VOTER last_known_addr { host: "127.21.107.129" port: 38663 } } peers { permanent_uuid: "7382f87bd55a42d09e79c450deac8be5" member_type: VOTER last_known_addr { host: "127.21.107.130" port: 34183 } } peers { permanent_uuid: "37522d5134b64be4831240602af4882d" member_type: VOTER last_known_addr { host: "127.21.107.131" port: 46033 } }
I20260601 13:40:10.004463 23869 tablet_bootstrap.cc:654] T d47b63783793444ca686ba7625f87f68 P 645606d22afa48a8b5aef8735e1208a4: Neither blocks nor log segments found. Creating new log.
I20260601 13:40:10.004570 23868 ts_tablet_manager.cc:1434] T d47b63783793444ca686ba7625f87f68 P 7382f87bd55a42d09e79c450deac8be5: Time spent starting tablet: real 0.001s	user 0.000s	sys 0.001s
I20260601 13:40:10.004756 23871 raft_consensus.cc:359] T ce1c8904ad164c3e8fd42a634d2405cc P 37522d5134b64be4831240602af4882d [term 0 FOLLOWER]: Replica starting. Triggering 0 pending ops. Active config: opid_index: -1 OBSOLETE_local: false peers { permanent_uuid: "7382f87bd55a42d09e79c450deac8be5" member_type: VOTER last_known_addr { host: "127.21.107.130" port: 34183 } } peers { permanent_uuid: "645606d22afa48a8b5aef8735e1208a4" member_type: VOTER last_known_addr { host: "127.21.107.129" port: 38663 } } peers { permanent_uuid: "37522d5134b64be4831240602af4882d" member_type: VOTER last_known_addr { host: "127.21.107.131" port: 46033 } }
I20260601 13:40:10.004915 23871 raft_consensus.cc:385] T ce1c8904ad164c3e8fd42a634d2405cc P 37522d5134b64be4831240602af4882d [term 0 FOLLOWER]: Consensus starting up: Expiring failure detector timer to make a prompt election more likely
I20260601 13:40:10.004993 23871 raft_consensus.cc:740] T ce1c8904ad164c3e8fd42a634d2405cc P 37522d5134b64be4831240602af4882d [term 0 FOLLOWER]: Becoming Follower/Learner. State: Replica: 37522d5134b64be4831240602af4882d, State: Initialized, Role: FOLLOWER
I20260601 13:40:10.005144 23871 consensus_queue.cc:260] T ce1c8904ad164c3e8fd42a634d2405cc P 37522d5134b64be4831240602af4882d [NON_LEADER]: Queue going to NON_LEADER mode. State: All replicated index: 0, Majority replicated index: 0, Committed index: 0, Last appended: 0.0, Last appended by leader: 0, Current term: 0, Majority size: -1, State: 0, Mode: NON_LEADER, active raft config: opid_index: -1 OBSOLETE_local: false peers { permanent_uuid: "7382f87bd55a42d09e79c450deac8be5" member_type: VOTER last_known_addr { host: "127.21.107.130" port: 34183 } } peers { permanent_uuid: "645606d22afa48a8b5aef8735e1208a4" member_type: VOTER last_known_addr { host: "127.21.107.129" port: 38663 } } peers { permanent_uuid: "37522d5134b64be4831240602af4882d" member_type: VOTER last_known_addr { host: "127.21.107.131" port: 46033 } }
I20260601 13:40:10.005664 23869 tablet_bootstrap.cc:492] T d47b63783793444ca686ba7625f87f68 P 645606d22afa48a8b5aef8735e1208a4: No bootstrap required, opened a new log
I20260601 13:40:10.005756 23869 ts_tablet_manager.cc:1403] T d47b63783793444ca686ba7625f87f68 P 645606d22afa48a8b5aef8735e1208a4: Time spent bootstrapping tablet: real 0.003s	user 0.002s	sys 0.000s
I20260601 13:40:10.005792 23871 ts_tablet_manager.cc:1434] T ce1c8904ad164c3e8fd42a634d2405cc P 37522d5134b64be4831240602af4882d: Time spent starting tablet: real 0.001s	user 0.001s	sys 0.000s
I20260601 13:40:10.006209 23869 raft_consensus.cc:359] T d47b63783793444ca686ba7625f87f68 P 645606d22afa48a8b5aef8735e1208a4 [term 0 FOLLOWER]: Replica starting. Triggering 0 pending ops. Active config: opid_index: -1 OBSOLETE_local: false peers { permanent_uuid: "645606d22afa48a8b5aef8735e1208a4" member_type: VOTER last_known_addr { host: "127.21.107.129" port: 38663 } } peers { permanent_uuid: "7382f87bd55a42d09e79c450deac8be5" member_type: VOTER last_known_addr { host: "127.21.107.130" port: 34183 } } peers { permanent_uuid: "37522d5134b64be4831240602af4882d" member_type: VOTER last_known_addr { host: "127.21.107.131" port: 46033 } }
I20260601 13:40:10.006330 23869 raft_consensus.cc:385] T d47b63783793444ca686ba7625f87f68 P 645606d22afa48a8b5aef8735e1208a4 [term 0 FOLLOWER]: Consensus starting up: Expiring failure detector timer to make a prompt election more likely
I20260601 13:40:10.006361 23869 raft_consensus.cc:740] T d47b63783793444ca686ba7625f87f68 P 645606d22afa48a8b5aef8735e1208a4 [term 0 FOLLOWER]: Becoming Follower/Learner. State: Replica: 645606d22afa48a8b5aef8735e1208a4, State: Initialized, Role: FOLLOWER
I20260601 13:40:10.006469 23869 consensus_queue.cc:260] T d47b63783793444ca686ba7625f87f68 P 645606d22afa48a8b5aef8735e1208a4 [NON_LEADER]: Queue going to NON_LEADER mode. State: All replicated index: 0, Majority replicated index: 0, Committed index: 0, Last appended: 0.0, Last appended by leader: 0, Current term: 0, Majority size: -1, State: 0, Mode: NON_LEADER, active raft config: opid_index: -1 OBSOLETE_local: false peers { permanent_uuid: "645606d22afa48a8b5aef8735e1208a4" member_type: VOTER last_known_addr { host: "127.21.107.129" port: 38663 } } peers { permanent_uuid: "7382f87bd55a42d09e79c450deac8be5" member_type: VOTER last_known_addr { host: "127.21.107.130" port: 34183 } } peers { permanent_uuid: "37522d5134b64be4831240602af4882d" member_type: VOTER last_known_addr { host: "127.21.107.131" port: 46033 } }
I20260601 13:40:10.006847 23869 ts_tablet_manager.cc:1434] T d47b63783793444ca686ba7625f87f68 P 645606d22afa48a8b5aef8735e1208a4: Time spent starting tablet: real 0.001s	user 0.001s	sys 0.000s
I20260601 13:40:10.006997 23869 tablet_bootstrap.cc:492] T ce1c8904ad164c3e8fd42a634d2405cc P 645606d22afa48a8b5aef8735e1208a4: Bootstrap starting.
I20260601 13:40:10.007975 23869 tablet_bootstrap.cc:654] T ce1c8904ad164c3e8fd42a634d2405cc P 645606d22afa48a8b5aef8735e1208a4: Neither blocks nor log segments found. Creating new log.
I20260601 13:40:10.009124 23869 tablet_bootstrap.cc:492] T ce1c8904ad164c3e8fd42a634d2405cc P 645606d22afa48a8b5aef8735e1208a4: No bootstrap required, opened a new log
I20260601 13:40:10.009203 23869 ts_tablet_manager.cc:1403] T ce1c8904ad164c3e8fd42a634d2405cc P 645606d22afa48a8b5aef8735e1208a4: Time spent bootstrapping tablet: real 0.002s	user 0.000s	sys 0.001s
I20260601 13:40:10.009516 23869 raft_consensus.cc:359] T ce1c8904ad164c3e8fd42a634d2405cc P 645606d22afa48a8b5aef8735e1208a4 [term 0 FOLLOWER]: Replica starting. Triggering 0 pending ops. Active config: opid_index: -1 OBSOLETE_local: false peers { permanent_uuid: "7382f87bd55a42d09e79c450deac8be5" member_type: VOTER last_known_addr { host: "127.21.107.130" port: 34183 } } peers { permanent_uuid: "645606d22afa48a8b5aef8735e1208a4" member_type: VOTER last_known_addr { host: "127.21.107.129" port: 38663 } } peers { permanent_uuid: "37522d5134b64be4831240602af4882d" member_type: VOTER last_known_addr { host: "127.21.107.131" port: 46033 } }
I20260601 13:40:10.009591 23869 raft_consensus.cc:385] T ce1c8904ad164c3e8fd42a634d2405cc P 645606d22afa48a8b5aef8735e1208a4 [term 0 FOLLOWER]: Consensus starting up: Expiring failure detector timer to make a prompt election more likely
I20260601 13:40:10.009613 23869 raft_consensus.cc:740] T ce1c8904ad164c3e8fd42a634d2405cc P 645606d22afa48a8b5aef8735e1208a4 [term 0 FOLLOWER]: Becoming Follower/Learner. State: Replica: 645606d22afa48a8b5aef8735e1208a4, State: Initialized, Role: FOLLOWER
I20260601 13:40:10.009691 23869 consensus_queue.cc:260] T ce1c8904ad164c3e8fd42a634d2405cc P 645606d22afa48a8b5aef8735e1208a4 [NON_LEADER]: Queue going to NON_LEADER mode. State: All replicated index: 0, Majority replicated index: 0, Committed index: 0, Last appended: 0.0, Last appended by leader: 0, Current term: 0, Majority size: -1, State: 0, Mode: NON_LEADER, active raft config: opid_index: -1 OBSOLETE_local: false peers { permanent_uuid: "7382f87bd55a42d09e79c450deac8be5" member_type: VOTER last_known_addr { host: "127.21.107.130" port: 34183 } } peers { permanent_uuid: "645606d22afa48a8b5aef8735e1208a4" member_type: VOTER last_known_addr { host: "127.21.107.129" port: 38663 } } peers { permanent_uuid: "37522d5134b64be4831240602af4882d" member_type: VOTER last_known_addr { host: "127.21.107.131" port: 46033 } }
I20260601 13:40:10.009929 23869 ts_tablet_manager.cc:1434] T ce1c8904ad164c3e8fd42a634d2405cc P 645606d22afa48a8b5aef8735e1208a4: Time spent starting tablet: real 0.001s	user 0.000s	sys 0.000s
I20260601 13:40:10.249449 23873 raft_consensus.cc:493] T ce1c8904ad164c3e8fd42a634d2405cc P 37522d5134b64be4831240602af4882d [term 0 FOLLOWER]: Starting pre-election (no leader contacted us within the election timeout)
I20260601 13:40:10.249637 23873 raft_consensus.cc:515] T ce1c8904ad164c3e8fd42a634d2405cc P 37522d5134b64be4831240602af4882d [term 0 FOLLOWER]: Starting pre-election with config: opid_index: -1 OBSOLETE_local: false peers { permanent_uuid: "7382f87bd55a42d09e79c450deac8be5" member_type: VOTER last_known_addr { host: "127.21.107.130" port: 34183 } } peers { permanent_uuid: "645606d22afa48a8b5aef8735e1208a4" member_type: VOTER last_known_addr { host: "127.21.107.129" port: 38663 } } peers { permanent_uuid: "37522d5134b64be4831240602af4882d" member_type: VOTER last_known_addr { host: "127.21.107.131" port: 46033 } }
I20260601 13:40:10.250324 23873 leader_election.cc:290] T ce1c8904ad164c3e8fd42a634d2405cc P 37522d5134b64be4831240602af4882d [CANDIDATE]: Term 1 pre-election: Requested pre-vote from peers 7382f87bd55a42d09e79c450deac8be5 (127.21.107.130:34183), 645606d22afa48a8b5aef8735e1208a4 (127.21.107.129:38663)
I20260601 13:40:10.253947 23671 tablet_service.cc:1917] Received RequestConsensusVote() RPC: tablet_id: "ce1c8904ad164c3e8fd42a634d2405cc" candidate_uuid: "37522d5134b64be4831240602af4882d" candidate_term: 1 candidate_status { last_received { term: 0 index: 0 } } ignore_live_leader: false dest_uuid: "645606d22afa48a8b5aef8735e1208a4" is_pre_election: true
I20260601 13:40:10.253952 23747 tablet_service.cc:1917] Received RequestConsensusVote() RPC: tablet_id: "ce1c8904ad164c3e8fd42a634d2405cc" candidate_uuid: "37522d5134b64be4831240602af4882d" candidate_term: 1 candidate_status { last_received { term: 0 index: 0 } } ignore_live_leader: false dest_uuid: "7382f87bd55a42d09e79c450deac8be5" is_pre_election: true
I20260601 13:40:10.254136 23747 raft_consensus.cc:2468] T ce1c8904ad164c3e8fd42a634d2405cc P 7382f87bd55a42d09e79c450deac8be5 [term 0 FOLLOWER]: Leader pre-election vote request: Granting yes vote for candidate 37522d5134b64be4831240602af4882d in term 0.
I20260601 13:40:10.254136 23671 raft_consensus.cc:2468] T ce1c8904ad164c3e8fd42a634d2405cc P 645606d22afa48a8b5aef8735e1208a4 [term 0 FOLLOWER]: Leader pre-election vote request: Granting yes vote for candidate 37522d5134b64be4831240602af4882d in term 0.
I20260601 13:40:10.254499 23786 leader_election.cc:304] T ce1c8904ad164c3e8fd42a634d2405cc P 37522d5134b64be4831240602af4882d [CANDIDATE]: Term 1 pre-election: Election decided. Result: candidate won. Election summary: received 2 responses out of 3 voters: 2 yes votes; 0 no votes. yes voters: 37522d5134b64be4831240602af4882d, 7382f87bd55a42d09e79c450deac8be5; no voters: 
I20260601 13:40:10.254665 23873 raft_consensus.cc:2804] T ce1c8904ad164c3e8fd42a634d2405cc P 37522d5134b64be4831240602af4882d [term 0 FOLLOWER]: Leader pre-election won for term 1
I20260601 13:40:10.254727 23873 raft_consensus.cc:493] T ce1c8904ad164c3e8fd42a634d2405cc P 37522d5134b64be4831240602af4882d [term 0 FOLLOWER]: Starting leader election (no leader contacted us within the election timeout)
I20260601 13:40:10.254781 23873 raft_consensus.cc:3060] T ce1c8904ad164c3e8fd42a634d2405cc P 37522d5134b64be4831240602af4882d [term 0 FOLLOWER]: Advancing to term 1
I20260601 13:40:10.255632 23873 raft_consensus.cc:515] T ce1c8904ad164c3e8fd42a634d2405cc P 37522d5134b64be4831240602af4882d [term 1 FOLLOWER]: Starting leader election with config: opid_index: -1 OBSOLETE_local: false peers { permanent_uuid: "7382f87bd55a42d09e79c450deac8be5" member_type: VOTER last_known_addr { host: "127.21.107.130" port: 34183 } } peers { permanent_uuid: "645606d22afa48a8b5aef8735e1208a4" member_type: VOTER last_known_addr { host: "127.21.107.129" port: 38663 } } peers { permanent_uuid: "37522d5134b64be4831240602af4882d" member_type: VOTER last_known_addr { host: "127.21.107.131" port: 46033 } }
I20260601 13:40:10.256043 23873 leader_election.cc:290] T ce1c8904ad164c3e8fd42a634d2405cc P 37522d5134b64be4831240602af4882d [CANDIDATE]: Term 1 election: Requested vote from peers 7382f87bd55a42d09e79c450deac8be5 (127.21.107.130:34183), 645606d22afa48a8b5aef8735e1208a4 (127.21.107.129:38663)
I20260601 13:40:10.256371 23747 tablet_service.cc:1917] Received RequestConsensusVote() RPC: tablet_id: "ce1c8904ad164c3e8fd42a634d2405cc" candidate_uuid: "37522d5134b64be4831240602af4882d" candidate_term: 1 candidate_status { last_received { term: 0 index: 0 } } ignore_live_leader: false dest_uuid: "7382f87bd55a42d09e79c450deac8be5"
I20260601 13:40:10.256371 23671 tablet_service.cc:1917] Received RequestConsensusVote() RPC: tablet_id: "ce1c8904ad164c3e8fd42a634d2405cc" candidate_uuid: "37522d5134b64be4831240602af4882d" candidate_term: 1 candidate_status { last_received { term: 0 index: 0 } } ignore_live_leader: false dest_uuid: "645606d22afa48a8b5aef8735e1208a4"
I20260601 13:40:10.256562 23747 raft_consensus.cc:3060] T ce1c8904ad164c3e8fd42a634d2405cc P 7382f87bd55a42d09e79c450deac8be5 [term 0 FOLLOWER]: Advancing to term 1
I20260601 13:40:10.256562 23671 raft_consensus.cc:3060] T ce1c8904ad164c3e8fd42a634d2405cc P 645606d22afa48a8b5aef8735e1208a4 [term 0 FOLLOWER]: Advancing to term 1
I20260601 13:40:10.257532 23671 raft_consensus.cc:2468] T ce1c8904ad164c3e8fd42a634d2405cc P 645606d22afa48a8b5aef8735e1208a4 [term 1 FOLLOWER]: Leader election vote request: Granting yes vote for candidate 37522d5134b64be4831240602af4882d in term 1.
I20260601 13:40:10.257532 23747 raft_consensus.cc:2468] T ce1c8904ad164c3e8fd42a634d2405cc P 7382f87bd55a42d09e79c450deac8be5 [term 1 FOLLOWER]: Leader election vote request: Granting yes vote for candidate 37522d5134b64be4831240602af4882d in term 1.
I20260601 13:40:10.257829 23786 leader_election.cc:304] T ce1c8904ad164c3e8fd42a634d2405cc P 37522d5134b64be4831240602af4882d [CANDIDATE]: Term 1 election: Election decided. Result: candidate won. Election summary: received 2 responses out of 3 voters: 2 yes votes; 0 no votes. yes voters: 37522d5134b64be4831240602af4882d, 7382f87bd55a42d09e79c450deac8be5; no voters: 
I20260601 13:40:10.257977 23873 raft_consensus.cc:2804] T ce1c8904ad164c3e8fd42a634d2405cc P 37522d5134b64be4831240602af4882d [term 1 FOLLOWER]: Leader election won for term 1
I20260601 13:40:10.258188 23873 raft_consensus.cc:697] T ce1c8904ad164c3e8fd42a634d2405cc P 37522d5134b64be4831240602af4882d [term 1 LEADER]: Becoming Leader. State: Replica: 37522d5134b64be4831240602af4882d, State: Running, Role: LEADER
I20260601 13:40:10.258358 23873 consensus_queue.cc:237] T ce1c8904ad164c3e8fd42a634d2405cc P 37522d5134b64be4831240602af4882d [LEADER]: Queue going to LEADER mode. State: All replicated index: 0, Majority replicated index: 0, Committed index: 0, Last appended: 0.0, Last appended by leader: 0, Current term: 1, Majority size: 2, State: 0, Mode: LEADER, active raft config: opid_index: -1 OBSOLETE_local: false peers { permanent_uuid: "7382f87bd55a42d09e79c450deac8be5" member_type: VOTER last_known_addr { host: "127.21.107.130" port: 34183 } } peers { permanent_uuid: "645606d22afa48a8b5aef8735e1208a4" member_type: VOTER last_known_addr { host: "127.21.107.129" port: 38663 } } peers { permanent_uuid: "37522d5134b64be4831240602af4882d" member_type: VOTER last_known_addr { host: "127.21.107.131" port: 46033 } }
I20260601 13:40:10.259917 23567 catalog_manager.cc:5696] T ce1c8904ad164c3e8fd42a634d2405cc P 37522d5134b64be4831240602af4882d reported cstate change: term changed from 0 to 1, leader changed from <none> to 37522d5134b64be4831240602af4882d (127.21.107.131). New cstate: current_term: 1 leader_uuid: "37522d5134b64be4831240602af4882d" committed_config { opid_index: -1 OBSOLETE_local: false peers { permanent_uuid: "7382f87bd55a42d09e79c450deac8be5" member_type: VOTER last_known_addr { host: "127.21.107.130" port: 34183 } health_report { overall_health: UNKNOWN } } peers { permanent_uuid: "645606d22afa48a8b5aef8735e1208a4" member_type: VOTER last_known_addr { host: "127.21.107.129" port: 38663 } health_report { overall_health: UNKNOWN } } peers { permanent_uuid: "37522d5134b64be4831240602af4882d" member_type: VOTER last_known_addr { host: "127.21.107.131" port: 46033 } health_report { overall_health: HEALTHY } } }
I20260601 13:40:10.316285 23873 raft_consensus.cc:493] T d47b63783793444ca686ba7625f87f68 P 37522d5134b64be4831240602af4882d [term 0 FOLLOWER]: Starting pre-election (no leader contacted us within the election timeout)
I20260601 13:40:10.316437 23873 raft_consensus.cc:515] T d47b63783793444ca686ba7625f87f68 P 37522d5134b64be4831240602af4882d [term 0 FOLLOWER]: Starting pre-election with config: opid_index: -1 OBSOLETE_local: false peers { permanent_uuid: "645606d22afa48a8b5aef8735e1208a4" member_type: VOTER last_known_addr { host: "127.21.107.129" port: 38663 } } peers { permanent_uuid: "7382f87bd55a42d09e79c450deac8be5" member_type: VOTER last_known_addr { host: "127.21.107.130" port: 34183 } } peers { permanent_uuid: "37522d5134b64be4831240602af4882d" member_type: VOTER last_known_addr { host: "127.21.107.131" port: 46033 } }
I20260601 13:40:10.316960 23873 leader_election.cc:290] T d47b63783793444ca686ba7625f87f68 P 37522d5134b64be4831240602af4882d [CANDIDATE]: Term 1 pre-election: Requested pre-vote from peers 645606d22afa48a8b5aef8735e1208a4 (127.21.107.129:38663), 7382f87bd55a42d09e79c450deac8be5 (127.21.107.130:34183)
I20260601 13:40:10.317387 23671 tablet_service.cc:1917] Received RequestConsensusVote() RPC: tablet_id: "d47b63783793444ca686ba7625f87f68" candidate_uuid: "37522d5134b64be4831240602af4882d" candidate_term: 1 candidate_status { last_received { term: 0 index: 0 } } ignore_live_leader: false dest_uuid: "645606d22afa48a8b5aef8735e1208a4" is_pre_election: true
I20260601 13:40:10.317397 23747 tablet_service.cc:1917] Received RequestConsensusVote() RPC: tablet_id: "d47b63783793444ca686ba7625f87f68" candidate_uuid: "37522d5134b64be4831240602af4882d" candidate_term: 1 candidate_status { last_received { term: 0 index: 0 } } ignore_live_leader: false dest_uuid: "7382f87bd55a42d09e79c450deac8be5" is_pre_election: true
I20260601 13:40:10.317559 23671 raft_consensus.cc:2468] T d47b63783793444ca686ba7625f87f68 P 645606d22afa48a8b5aef8735e1208a4 [term 0 FOLLOWER]: Leader pre-election vote request: Granting yes vote for candidate 37522d5134b64be4831240602af4882d in term 0.
I20260601 13:40:10.317589 23747 raft_consensus.cc:2468] T d47b63783793444ca686ba7625f87f68 P 7382f87bd55a42d09e79c450deac8be5 [term 0 FOLLOWER]: Leader pre-election vote request: Granting yes vote for candidate 37522d5134b64be4831240602af4882d in term 0.
I20260601 13:40:10.317914 23787 leader_election.cc:304] T d47b63783793444ca686ba7625f87f68 P 37522d5134b64be4831240602af4882d [CANDIDATE]: Term 1 pre-election: Election decided. Result: candidate won. Election summary: received 2 responses out of 3 voters: 2 yes votes; 0 no votes. yes voters: 37522d5134b64be4831240602af4882d, 645606d22afa48a8b5aef8735e1208a4; no voters: 
I20260601 13:40:10.318102 23873 raft_consensus.cc:2804] T d47b63783793444ca686ba7625f87f68 P 37522d5134b64be4831240602af4882d [term 0 FOLLOWER]: Leader pre-election won for term 1
I20260601 13:40:10.318161 23873 raft_consensus.cc:493] T d47b63783793444ca686ba7625f87f68 P 37522d5134b64be4831240602af4882d [term 0 FOLLOWER]: Starting leader election (no leader contacted us within the election timeout)
I20260601 13:40:10.318224 23873 raft_consensus.cc:3060] T d47b63783793444ca686ba7625f87f68 P 37522d5134b64be4831240602af4882d [term 0 FOLLOWER]: Advancing to term 1
I20260601 13:40:10.319079 23873 raft_consensus.cc:515] T d47b63783793444ca686ba7625f87f68 P 37522d5134b64be4831240602af4882d [term 1 FOLLOWER]: Starting leader election with config: opid_index: -1 OBSOLETE_local: false peers { permanent_uuid: "645606d22afa48a8b5aef8735e1208a4" member_type: VOTER last_known_addr { host: "127.21.107.129" port: 38663 } } peers { permanent_uuid: "7382f87bd55a42d09e79c450deac8be5" member_type: VOTER last_known_addr { host: "127.21.107.130" port: 34183 } } peers { permanent_uuid: "37522d5134b64be4831240602af4882d" member_type: VOTER last_known_addr { host: "127.21.107.131" port: 46033 } }
I20260601 13:40:10.319479 23873 leader_election.cc:290] T d47b63783793444ca686ba7625f87f68 P 37522d5134b64be4831240602af4882d [CANDIDATE]: Term 1 election: Requested vote from peers 645606d22afa48a8b5aef8735e1208a4 (127.21.107.129:38663), 7382f87bd55a42d09e79c450deac8be5 (127.21.107.130:34183)
I20260601 13:40:10.319753 23671 tablet_service.cc:1917] Received RequestConsensusVote() RPC: tablet_id: "d47b63783793444ca686ba7625f87f68" candidate_uuid: "37522d5134b64be4831240602af4882d" candidate_term: 1 candidate_status { last_received { term: 0 index: 0 } } ignore_live_leader: false dest_uuid: "645606d22afa48a8b5aef8735e1208a4"
I20260601 13:40:10.319844 23747 tablet_service.cc:1917] Received RequestConsensusVote() RPC: tablet_id: "d47b63783793444ca686ba7625f87f68" candidate_uuid: "37522d5134b64be4831240602af4882d" candidate_term: 1 candidate_status { last_received { term: 0 index: 0 } } ignore_live_leader: false dest_uuid: "7382f87bd55a42d09e79c450deac8be5"
I20260601 13:40:10.319873 23671 raft_consensus.cc:3060] T d47b63783793444ca686ba7625f87f68 P 645606d22afa48a8b5aef8735e1208a4 [term 0 FOLLOWER]: Advancing to term 1
I20260601 13:40:10.319967 23747 raft_consensus.cc:3060] T d47b63783793444ca686ba7625f87f68 P 7382f87bd55a42d09e79c450deac8be5 [term 0 FOLLOWER]: Advancing to term 1
I20260601 13:40:10.320787 23671 raft_consensus.cc:2468] T d47b63783793444ca686ba7625f87f68 P 645606d22afa48a8b5aef8735e1208a4 [term 1 FOLLOWER]: Leader election vote request: Granting yes vote for candidate 37522d5134b64be4831240602af4882d in term 1.
I20260601 13:40:10.320829 23747 raft_consensus.cc:2468] T d47b63783793444ca686ba7625f87f68 P 7382f87bd55a42d09e79c450deac8be5 [term 1 FOLLOWER]: Leader election vote request: Granting yes vote for candidate 37522d5134b64be4831240602af4882d in term 1.
I20260601 13:40:10.321071 23787 leader_election.cc:304] T d47b63783793444ca686ba7625f87f68 P 37522d5134b64be4831240602af4882d [CANDIDATE]: Term 1 election: Election decided. Result: candidate won. Election summary: received 2 responses out of 3 voters: 2 yes votes; 0 no votes. yes voters: 37522d5134b64be4831240602af4882d, 645606d22afa48a8b5aef8735e1208a4; no voters: 
I20260601 13:40:10.321278 23873 raft_consensus.cc:2804] T d47b63783793444ca686ba7625f87f68 P 37522d5134b64be4831240602af4882d [term 1 FOLLOWER]: Leader election won for term 1
I20260601 13:40:10.321372 23873 raft_consensus.cc:697] T d47b63783793444ca686ba7625f87f68 P 37522d5134b64be4831240602af4882d [term 1 LEADER]: Becoming Leader. State: Replica: 37522d5134b64be4831240602af4882d, State: Running, Role: LEADER
I20260601 13:40:10.321489 23873 consensus_queue.cc:237] T d47b63783793444ca686ba7625f87f68 P 37522d5134b64be4831240602af4882d [LEADER]: Queue going to LEADER mode. State: All replicated index: 0, Majority replicated index: 0, Committed index: 0, Last appended: 0.0, Last appended by leader: 0, Current term: 1, Majority size: 2, State: 0, Mode: LEADER, active raft config: opid_index: -1 OBSOLETE_local: false peers { permanent_uuid: "645606d22afa48a8b5aef8735e1208a4" member_type: VOTER last_known_addr { host: "127.21.107.129" port: 38663 } } peers { permanent_uuid: "7382f87bd55a42d09e79c450deac8be5" member_type: VOTER last_known_addr { host: "127.21.107.130" port: 34183 } } peers { permanent_uuid: "37522d5134b64be4831240602af4882d" member_type: VOTER last_known_addr { host: "127.21.107.131" port: 46033 } }
I20260601 13:40:10.323060 23567 catalog_manager.cc:5696] T d47b63783793444ca686ba7625f87f68 P 37522d5134b64be4831240602af4882d reported cstate change: term changed from 0 to 1, leader changed from <none> to 37522d5134b64be4831240602af4882d (127.21.107.131). New cstate: current_term: 1 leader_uuid: "37522d5134b64be4831240602af4882d" committed_config { opid_index: -1 OBSOLETE_local: false peers { permanent_uuid: "645606d22afa48a8b5aef8735e1208a4" member_type: VOTER last_known_addr { host: "127.21.107.129" port: 38663 } health_report { overall_health: UNKNOWN } } peers { permanent_uuid: "7382f87bd55a42d09e79c450deac8be5" member_type: VOTER last_known_addr { host: "127.21.107.130" port: 34183 } health_report { overall_health: UNKNOWN } } peers { permanent_uuid: "37522d5134b64be4831240602af4882d" member_type: VOTER last_known_addr { host: "127.21.107.131" port: 46033 } health_report { overall_health: HEALTHY } } }
I20260601 13:40:10.670125 23873 consensus_queue.cc:1048] T ce1c8904ad164c3e8fd42a634d2405cc P 37522d5134b64be4831240602af4882d [LEADER]: Connected to new peer: Peer: permanent_uuid: "645606d22afa48a8b5aef8735e1208a4" member_type: VOTER last_known_addr { host: "127.21.107.129" port: 38663 }, Status: LMP_MISMATCH, Last received: 0.0, Next index: 1, Last known committed idx: 0, Time since last communication: 0.000s
I20260601 13:40:10.673307 23873 consensus_queue.cc:1048] T ce1c8904ad164c3e8fd42a634d2405cc P 37522d5134b64be4831240602af4882d [LEADER]: Connected to new peer: Peer: permanent_uuid: "7382f87bd55a42d09e79c450deac8be5" member_type: VOTER last_known_addr { host: "127.21.107.130" port: 34183 }, Status: LMP_MISMATCH, Last received: 0.0, Next index: 1, Last known committed idx: 0, Time since last communication: 0.000s
I20260601 13:40:10.720916 23873 consensus_queue.cc:1048] T d47b63783793444ca686ba7625f87f68 P 37522d5134b64be4831240602af4882d [LEADER]: Connected to new peer: Peer: permanent_uuid: "7382f87bd55a42d09e79c450deac8be5" member_type: VOTER last_known_addr { host: "127.21.107.130" port: 34183 }, Status: LMP_MISMATCH, Last received: 0.0, Next index: 1, Last known committed idx: 0, Time since last communication: 0.000s
I20260601 13:40:10.724773 23873 consensus_queue.cc:1048] T d47b63783793444ca686ba7625f87f68 P 37522d5134b64be4831240602af4882d [LEADER]: Connected to new peer: Peer: permanent_uuid: "645606d22afa48a8b5aef8735e1208a4" member_type: VOTER last_known_addr { host: "127.21.107.129" port: 38663 }, Status: LMP_MISMATCH, Last received: 0.0, Next index: 1, Last known committed idx: 0, Time since last communication: 0.000s
I20260601 13:40:10.828465 23622 auto_leader_rebalancer.cc:140] leader rebalance for table test-workload
I20260601 13:40:10.834580 23822 tablet_service.cc:2072] Received LeaderStepDown RPC: tablet_id: "ce1c8904ad164c3e8fd42a634d2405cc"
dest_uuid: "37522d5134b64be4831240602af4882d"
mode: GRACEFUL
new_leader_uuid: "7382f87bd55a42d09e79c450deac8be5"
 from {username='slave'} at 127.0.0.1:41910
I20260601 13:40:10.834761 23822 raft_consensus.cc:606] T ce1c8904ad164c3e8fd42a634d2405cc P 37522d5134b64be4831240602af4882d [term 1 LEADER]: Received request to transfer leadership to TS 7382f87bd55a42d09e79c450deac8be5
I20260601 13:40:10.835203 23622 auto_leader_rebalancer.cc:388] table: test-workload, leader rebalance finish, leader transfer count: 1
I20260601 13:40:10.835315 23622 auto_leader_rebalancer.cc:451] All tables' leader rebalancing finished this round
I20260601 13:40:11.107633 23873 raft_consensus.cc:993] T ce1c8904ad164c3e8fd42a634d2405cc P 37522d5134b64be4831240602af4882d: : Instructing follower 7382f87bd55a42d09e79c450deac8be5 to start an election
I20260601 13:40:11.107803 23873 raft_consensus.cc:1081] T ce1c8904ad164c3e8fd42a634d2405cc P 37522d5134b64be4831240602af4882d [term 1 LEADER]: Signalling peer 7382f87bd55a42d09e79c450deac8be5 to start an election
I20260601 13:40:11.108260 23747 tablet_service.cc:2044] Received Run Leader Election RPC: tablet_id: "ce1c8904ad164c3e8fd42a634d2405cc"
dest_uuid: "7382f87bd55a42d09e79c450deac8be5"
 from {username='slave'} at 127.0.0.1:37588
I20260601 13:40:11.108415 23747 raft_consensus.cc:493] T ce1c8904ad164c3e8fd42a634d2405cc P 7382f87bd55a42d09e79c450deac8be5 [term 1 FOLLOWER]: Starting forced leader election (received explicit request)
I20260601 13:40:11.108520 23747 raft_consensus.cc:3060] T ce1c8904ad164c3e8fd42a634d2405cc P 7382f87bd55a42d09e79c450deac8be5 [term 1 FOLLOWER]: Advancing to term 2
I20260601 13:40:11.110999 23747 raft_consensus.cc:515] T ce1c8904ad164c3e8fd42a634d2405cc P 7382f87bd55a42d09e79c450deac8be5 [term 2 FOLLOWER]: Starting forced leader election with config: opid_index: -1 OBSOLETE_local: false peers { permanent_uuid: "7382f87bd55a42d09e79c450deac8be5" member_type: VOTER last_known_addr { host: "127.21.107.130" port: 34183 } } peers { permanent_uuid: "645606d22afa48a8b5aef8735e1208a4" member_type: VOTER last_known_addr { host: "127.21.107.129" port: 38663 } } peers { permanent_uuid: "37522d5134b64be4831240602af4882d" member_type: VOTER last_known_addr { host: "127.21.107.131" port: 46033 } }
I20260601 13:40:11.111479 23747 leader_election.cc:290] T ce1c8904ad164c3e8fd42a634d2405cc P 7382f87bd55a42d09e79c450deac8be5 [CANDIDATE]: Term 2 election: Requested vote from peers 645606d22afa48a8b5aef8735e1208a4 (127.21.107.129:38663), 37522d5134b64be4831240602af4882d (127.21.107.131:46033)
I20260601 13:40:11.115006 23671 tablet_service.cc:1917] Received RequestConsensusVote() RPC: tablet_id: "ce1c8904ad164c3e8fd42a634d2405cc" candidate_uuid: "7382f87bd55a42d09e79c450deac8be5" candidate_term: 2 candidate_status { last_received { term: 1 index: 1 } } ignore_live_leader: true dest_uuid: "645606d22afa48a8b5aef8735e1208a4"
I20260601 13:40:11.115043 23822 tablet_service.cc:1917] Received RequestConsensusVote() RPC: tablet_id: "ce1c8904ad164c3e8fd42a634d2405cc" candidate_uuid: "7382f87bd55a42d09e79c450deac8be5" candidate_term: 2 candidate_status { last_received { term: 1 index: 1 } } ignore_live_leader: true dest_uuid: "37522d5134b64be4831240602af4882d"
I20260601 13:40:11.115156 23671 raft_consensus.cc:3060] T ce1c8904ad164c3e8fd42a634d2405cc P 645606d22afa48a8b5aef8735e1208a4 [term 1 FOLLOWER]: Advancing to term 2
I20260601 13:40:11.115180 23822 raft_consensus.cc:3055] T ce1c8904ad164c3e8fd42a634d2405cc P 37522d5134b64be4831240602af4882d [term 1 LEADER]: Stepping down as leader of term 1
I20260601 13:40:11.115232 23822 raft_consensus.cc:740] T ce1c8904ad164c3e8fd42a634d2405cc P 37522d5134b64be4831240602af4882d [term 1 LEADER]: Becoming Follower/Learner. State: Replica: 37522d5134b64be4831240602af4882d, State: Running, Role: LEADER
I20260601 13:40:11.115450 23822 consensus_queue.cc:260] T ce1c8904ad164c3e8fd42a634d2405cc P 37522d5134b64be4831240602af4882d [NON_LEADER]: Queue going to NON_LEADER mode. State: All replicated index: 0, Majority replicated index: 1, Committed index: 1, Last appended: 1.1, Last appended by leader: 1, Current term: 1, Majority size: -1, State: 0, Mode: NON_LEADER, active raft config: opid_index: -1 OBSOLETE_local: false peers { permanent_uuid: "7382f87bd55a42d09e79c450deac8be5" member_type: VOTER last_known_addr { host: "127.21.107.130" port: 34183 } } peers { permanent_uuid: "645606d22afa48a8b5aef8735e1208a4" member_type: VOTER last_known_addr { host: "127.21.107.129" port: 38663 } } peers { permanent_uuid: "37522d5134b64be4831240602af4882d" member_type: VOTER last_known_addr { host: "127.21.107.131" port: 46033 } }
I20260601 13:40:11.115640 23822 raft_consensus.cc:3060] T ce1c8904ad164c3e8fd42a634d2405cc P 37522d5134b64be4831240602af4882d [term 1 FOLLOWER]: Advancing to term 2
I20260601 13:40:11.116112 23671 raft_consensus.cc:2468] T ce1c8904ad164c3e8fd42a634d2405cc P 645606d22afa48a8b5aef8735e1208a4 [term 2 FOLLOWER]: Leader election vote request: Granting yes vote for candidate 7382f87bd55a42d09e79c450deac8be5 in term 2.
I20260601 13:40:11.116394 23712 leader_election.cc:304] T ce1c8904ad164c3e8fd42a634d2405cc P 7382f87bd55a42d09e79c450deac8be5 [CANDIDATE]: Term 2 election: Election decided. Result: candidate won. Election summary: received 2 responses out of 3 voters: 2 yes votes; 0 no votes. yes voters: 645606d22afa48a8b5aef8735e1208a4, 7382f87bd55a42d09e79c450deac8be5; no voters: 
I20260601 13:40:11.116604 23889 raft_consensus.cc:2804] T ce1c8904ad164c3e8fd42a634d2405cc P 7382f87bd55a42d09e79c450deac8be5 [term 2 FOLLOWER]: Leader election won for term 2
I20260601 13:40:11.116639 23822 raft_consensus.cc:2468] T ce1c8904ad164c3e8fd42a634d2405cc P 37522d5134b64be4831240602af4882d [term 2 FOLLOWER]: Leader election vote request: Granting yes vote for candidate 7382f87bd55a42d09e79c450deac8be5 in term 2.
I20260601 13:40:11.116839 23889 raft_consensus.cc:697] T ce1c8904ad164c3e8fd42a634d2405cc P 7382f87bd55a42d09e79c450deac8be5 [term 2 LEADER]: Becoming Leader. State: Replica: 7382f87bd55a42d09e79c450deac8be5, State: Running, Role: LEADER
I20260601 13:40:11.116987 23889 consensus_queue.cc:237] T ce1c8904ad164c3e8fd42a634d2405cc P 7382f87bd55a42d09e79c450deac8be5 [LEADER]: Queue going to LEADER mode. State: All replicated index: 0, Majority replicated index: 1, Committed index: 1, Last appended: 1.1, Last appended by leader: 1, Current term: 2, Majority size: 2, State: 0, Mode: LEADER, active raft config: opid_index: -1 OBSOLETE_local: false peers { permanent_uuid: "7382f87bd55a42d09e79c450deac8be5" member_type: VOTER last_known_addr { host: "127.21.107.130" port: 34183 } } peers { permanent_uuid: "645606d22afa48a8b5aef8735e1208a4" member_type: VOTER last_known_addr { host: "127.21.107.129" port: 38663 } } peers { permanent_uuid: "37522d5134b64be4831240602af4882d" member_type: VOTER last_known_addr { host: "127.21.107.131" port: 46033 } }
I20260601 13:40:11.118348 23567 catalog_manager.cc:5696] T ce1c8904ad164c3e8fd42a634d2405cc P 7382f87bd55a42d09e79c450deac8be5 reported cstate change: term changed from 1 to 2, leader changed from 37522d5134b64be4831240602af4882d (127.21.107.131) to 7382f87bd55a42d09e79c450deac8be5 (127.21.107.130). New cstate: current_term: 2 leader_uuid: "7382f87bd55a42d09e79c450deac8be5" committed_config { opid_index: -1 OBSOLETE_local: false peers { permanent_uuid: "7382f87bd55a42d09e79c450deac8be5" member_type: VOTER last_known_addr { host: "127.21.107.130" port: 34183 } health_report { overall_health: HEALTHY } } peers { permanent_uuid: "645606d22afa48a8b5aef8735e1208a4" member_type: VOTER last_known_addr { host: "127.21.107.129" port: 38663 } health_report { overall_health: UNKNOWN } } peers { permanent_uuid: "37522d5134b64be4831240602af4882d" member_type: VOTER last_known_addr { host: "127.21.107.131" port: 46033 } health_report { overall_health: UNKNOWN } } }
I20260601 13:40:11.534384 23822 raft_consensus.cc:1275] T ce1c8904ad164c3e8fd42a634d2405cc P 37522d5134b64be4831240602af4882d [term 2 FOLLOWER]: Refusing update from remote peer 7382f87bd55a42d09e79c450deac8be5: Log matching property violated. Preceding OpId in replica: term: 1 index: 1. Preceding OpId from leader: term: 2 index: 2. (index mismatch)
I20260601 13:40:11.534953 23889 consensus_queue.cc:1048] T ce1c8904ad164c3e8fd42a634d2405cc P 7382f87bd55a42d09e79c450deac8be5 [LEADER]: Connected to new peer: Peer: permanent_uuid: "37522d5134b64be4831240602af4882d" member_type: VOTER last_known_addr { host: "127.21.107.131" port: 46033 }, Status: LMP_MISMATCH, Last received: 0.0, Next index: 2, Last known committed idx: 1, Time since last communication: 0.000s
I20260601 13:40:11.537796 23671 raft_consensus.cc:1275] T ce1c8904ad164c3e8fd42a634d2405cc P 645606d22afa48a8b5aef8735e1208a4 [term 2 FOLLOWER]: Refusing update from remote peer 7382f87bd55a42d09e79c450deac8be5: Log matching property violated. Preceding OpId in replica: term: 1 index: 1. Preceding OpId from leader: term: 2 index: 2. (index mismatch)
I20260601 13:40:11.538136 23905 consensus_queue.cc:1048] T ce1c8904ad164c3e8fd42a634d2405cc P 7382f87bd55a42d09e79c450deac8be5 [LEADER]: Connected to new peer: Peer: permanent_uuid: "645606d22afa48a8b5aef8735e1208a4" member_type: VOTER last_known_addr { host: "127.21.107.129" port: 38663 }, Status: LMP_MISMATCH, Last received: 0.0, Next index: 2, Last known committed idx: 1, Time since last communication: 0.000s
I20260601 13:40:12.835592 23622 auto_leader_rebalancer.cc:140] leader rebalance for table test-workload
I20260601 13:40:12.836076 23622 auto_leader_rebalancer.cc:388] table: test-workload, leader rebalance finish, leader transfer count: 0
I20260601 13:40:12.836179 23622 auto_leader_rebalancer.cc:451] All tables' leader rebalancing finished this round
I20260601 13:40:14.836458 23622 auto_leader_rebalancer.cc:140] leader rebalance for table test-workload
I20260601 13:40:14.836889 23622 auto_leader_rebalancer.cc:388] table: test-workload, leader rebalance finish, leader transfer count: 0
I20260601 13:40:14.836961 23622 auto_leader_rebalancer.cc:451] All tables' leader rebalancing finished this round
I20260601 13:40:16.837321 23622 auto_leader_rebalancer.cc:140] leader rebalance for table test-workload
I20260601 13:40:16.837783 23622 auto_leader_rebalancer.cc:388] table: test-workload, leader rebalance finish, leader transfer count: 0
I20260601 13:40:16.837854 23622 auto_leader_rebalancer.cc:451] All tables' leader rebalancing finished this round
I20260601 13:40:18.838142 23622 auto_leader_rebalancer.cc:140] leader rebalance for table test-workload
I20260601 13:40:18.838615 23622 auto_leader_rebalancer.cc:388] table: test-workload, leader rebalance finish, leader transfer count: 0
I20260601 13:40:18.838809 23622 auto_leader_rebalancer.cc:451] All tables' leader rebalancing finished this round
I20260601 13:40:20.839176 23622 auto_leader_rebalancer.cc:140] leader rebalance for table test-workload
I20260601 13:40:20.839646 23622 auto_leader_rebalancer.cc:388] table: test-workload, leader rebalance finish, leader transfer count: 0
I20260601 13:40:20.839731 23622 auto_leader_rebalancer.cc:451] All tables' leader rebalancing finished this round
I20260601 13:40:21.400996 21934 file_cache.cc:492] Constructed file cache file cache with capacity 419430
W20260601 13:40:21.403801 23914 instance_detector.cc:116] could not retrieve AWS instance metadata: Network error: curl error: HTTP response code said error: The requested URL returned error: 404
W20260601 13:40:21.403836 23915 instance_detector.cc:116] could not retrieve Azure instance metadata: Network error: curl error: HTTP response code said error: The requested URL returned error: 404
I20260601 13:40:21.403877 21934 server_base.cc:1061] running on GCE node
W20260601 13:40:21.403831 23917 instance_detector.cc:116] could not retrieve OpenStack instance metadata: Network error: curl error: HTTP response code said error: The requested URL returned error: 404
I20260601 13:40:21.404569 21934 hybrid_clock.cc:584] initializing the hybrid clock with 'system_unsync' time source
W20260601 13:40:21.404623 21934 system_unsync_time.cc:38] NTP support is disabled. Clock error bounds will not be accurate. This configuration is not suitable for distributed clusters.
I20260601 13:40:21.404736 21934 hybrid_clock.cc:648] HybridClock initialized: now 1780321221404735 us; error 0 us; skew 500 ppm
I20260601 13:40:21.406006 21934 webserver.cc:533] Webserver started at http://127.21.107.132:46873/ using document root <none> and password file <none>
I20260601 13:40:21.406199 21934 fs_manager.cc:362] Metadata directory not provided
I20260601 13:40:21.406263 21934 fs_manager.cc:368] Using write-ahead log directory (fs_wal_dir) as metadata directory
I20260601 13:40:21.406366 21934 server_base.cc:909] This appears to be a new deployment of Kudu; creating new FS layout
I20260601 13:40:21.406878 21934 fs_manager.cc:1068] Generated new instance metadata in path /tmp/dist-test-taskQsdtir/test-tmp/auto_rebalancer-test.0.AutoRebalancerTest.MovesScheduledIfAddTserver.1780321192241319-21934-0/minicluster-data/ts-3-root/instance:
uuid: "3e65b2591eb14587910f84e99e9a991f"
format_stamp: "Formatted at 2026-06-01 13:40:21 on dist-test-slave-vv33"
I20260601 13:40:21.408488 21934 fs_manager.cc:696] Time spent creating directory manager: real 0.001s	user 0.002s	sys 0.000s
I20260601 13:40:21.409662 23922 log_block_manager.cc:4031] Time spent loading block containers with low live blocks: real 0.000s	user 0.000s	sys 0.000s
I20260601 13:40:21.410244 21934 fs_manager.cc:730] Time spent opening block manager: real 0.001s	user 0.001s	sys 0.000s
I20260601 13:40:21.410310 21934 fs_manager.cc:647] Opened local filesystem: /tmp/dist-test-taskQsdtir/test-tmp/auto_rebalancer-test.0.AutoRebalancerTest.MovesScheduledIfAddTserver.1780321192241319-21934-0/minicluster-data/ts-3-root
uuid: "3e65b2591eb14587910f84e99e9a991f"
format_stamp: "Formatted at 2026-06-01 13:40:21 on dist-test-slave-vv33"
I20260601 13:40:21.410408 21934 fs_report.cc:389] FS layout report
--------------------
wal directory: /tmp/dist-test-taskQsdtir/test-tmp/auto_rebalancer-test.0.AutoRebalancerTest.MovesScheduledIfAddTserver.1780321192241319-21934-0/minicluster-data/ts-3-root
metadata directory: /tmp/dist-test-taskQsdtir/test-tmp/auto_rebalancer-test.0.AutoRebalancerTest.MovesScheduledIfAddTserver.1780321192241319-21934-0/minicluster-data/ts-3-root
1 data directories: /tmp/dist-test-taskQsdtir/test-tmp/auto_rebalancer-test.0.AutoRebalancerTest.MovesScheduledIfAddTserver.1780321192241319-21934-0/minicluster-data/ts-3-root/data
Total live blocks: 0
Total live bytes: 0
Total live bytes (after alignment): 0
Total number of LBM containers: 0 (0 full)
Did not check for missing blocks
Did not check for orphaned blocks
Total full LBM containers with extra space: 0 (0 repaired)
Total full LBM container extra space in bytes: 0 (0 repaired)
Total incomplete LBM containers: 0 (0 repaired)
Total LBM partial records: 0 (0 repaired)
Total corrupted LBM metadata records in RocksDB: 0 (0 repaired)
I20260601 13:40:21.426466 21934 rpc_server.cc:225] running with OpenSSL 1.1.1  11 Sep 2018
I20260601 13:40:21.426950 21934 kserver.cc:163] Server-wide thread pool size limit: 3276
I20260601 13:40:21.427315 21934 txn_system_client.cc:432] TxnSystemClient initialization is disabled...
I20260601 13:40:21.427855 21934 ts_tablet_manager.cc:585] Loaded tablet metadata (0 total tablets, 0 live tablets)
I20260601 13:40:21.427919 21934 ts_tablet_manager.cc:531] Time spent load tablet metadata: real 0.000s	user 0.000s	sys 0.000s
I20260601 13:40:21.427979 21934 ts_tablet_manager.cc:616] Registered 0 tablets
I20260601 13:40:21.428026 21934 ts_tablet_manager.cc:595] Time spent register tablets: real 0.000s	user 0.000s	sys 0.000s
I20260601 13:40:21.432934 21934 rpc_server.cc:307] RPC server started. Bound to: 127.21.107.132:35765
I20260601 13:40:21.433012 23985 acceptor_pool.cc:272] collecting diagnostics on the listening RPC socket 127.21.107.132:35765 every 8 connection(s)
I20260601 13:40:21.437963 23986 heartbeater.cc:344] Connected to a master server at 127.21.107.190:43333
I20260601 13:40:21.438068 23986 heartbeater.cc:461] Registering TS with master...
I20260601 13:40:21.438285 23986 heartbeater.cc:507] Master 127.21.107.190:43333 requested a full tablet report, sending...
I20260601 13:40:21.438889 23567 ts_manager.cc:194] Registered new tserver with Master: 3e65b2591eb14587910f84e99e9a991f (127.21.107.132:35765)
I20260601 13:40:21.439482 23567 master_service.cc:502] Signed X509 certificate for tserver {username='slave'} at 127.0.0.1:35974
I20260601 13:40:21.846529 23747 consensus_queue.cc:237] T ce1c8904ad164c3e8fd42a634d2405cc P 7382f87bd55a42d09e79c450deac8be5 [LEADER]: Queue going to LEADER mode. State: All replicated index: 0, Majority replicated index: 2, Committed index: 2, Last appended: 2.2, Last appended by leader: 1, Current term: 2, Majority size: 2, State: 0, Mode: LEADER, active raft config: opid_index: 3 OBSOLETE_local: false peers { permanent_uuid: "7382f87bd55a42d09e79c450deac8be5" member_type: VOTER last_known_addr { host: "127.21.107.130" port: 34183 } } peers { permanent_uuid: "645606d22afa48a8b5aef8735e1208a4" member_type: VOTER last_known_addr { host: "127.21.107.129" port: 38663 } attrs { replace: true } } peers { permanent_uuid: "37522d5134b64be4831240602af4882d" member_type: VOTER last_known_addr { host: "127.21.107.131" port: 46033 } } peers { permanent_uuid: "3e65b2591eb14587910f84e99e9a991f" member_type: NON_VOTER last_known_addr { host: "127.21.107.132" port: 35765 } attrs { promote: true } }
