I20260601 13:39:54.978223 24775 tablet_service.cc:1511] Processing CreateTablet for tablet c93511ebb24e4a2ba5e0318993755471 (DEFAULT_TABLE table=test-workload [id=80db105a7d2c4553b64ad0d201237324]), partition=RANGE (key) PARTITION 1610612730 <= VALUES < 1879048185
I20260601 13:39:54.978318 24774 data_dirs.cc:400] Could only allocate 1 dirs of requested 3 for tablet 04390898923f4eadae08a315a0ee5fda. 1 dirs total, 0 dirs full, 0 dirs failed
I20260601 13:39:54.978282 24839 consensus_queue.cc:260] T f4369e815b4d40d59eae8659c5de36db P b853703ea64b439a86023d70327a55fe [NON_LEADER]: Queue going to NON_LEADER mode. State: All replicated index: 0, Majority replicated index: 0, Committed index: 0, Last appended: 0.0, Last appended by leader: 0, Current term: 0, Majority size: -1, State: 0, Mode: NON_LEADER, active raft config: opid_index: -1 OBSOLETE_local: false peers { permanent_uuid: "5531ebd322604aeab30ec9f8340b9903" member_type: VOTER last_known_addr { host: "127.23.101.65" port: 34447 } } peers { permanent_uuid: "b9b7bb2b81484e00913db277638ee570" member_type: VOTER last_known_addr { host: "127.23.101.66" port: 37663 } } peers { permanent_uuid: "b853703ea64b439a86023d70327a55fe" member_type: VOTER last_known_addr { host: "127.23.101.67" port: 42525 } }
I20260601 13:39:54.978426 24775 data_dirs.cc:400] Could only allocate 1 dirs of requested 3 for tablet c93511ebb24e4a2ba5e0318993755471. 1 dirs total, 0 dirs full, 0 dirs failed
I20260601 13:39:54.978590 24839 ts_tablet_manager.cc:1434] T f4369e815b4d40d59eae8659c5de36db P b853703ea64b439a86023d70327a55fe: Time spent starting tablet: real 0.001s	user 0.001s	sys 0.000s
I20260601 13:39:54.978761 24839 tablet_bootstrap.cc:492] T e98a048b0cff4749bfaa834ae0ab36a1 P b853703ea64b439a86023d70327a55fe: Bootstrap starting.
I20260601 13:39:54.979719 24839 tablet_bootstrap.cc:654] T e98a048b0cff4749bfaa834ae0ab36a1 P b853703ea64b439a86023d70327a55fe: Neither blocks nor log segments found. Creating new log.
I20260601 13:39:54.981029 24839 tablet_bootstrap.cc:492] T e98a048b0cff4749bfaa834ae0ab36a1 P b853703ea64b439a86023d70327a55fe: No bootstrap required, opened a new log
I20260601 13:39:54.981138 24839 ts_tablet_manager.cc:1403] T e98a048b0cff4749bfaa834ae0ab36a1 P b853703ea64b439a86023d70327a55fe: Time spent bootstrapping tablet: real 0.002s	user 0.002s	sys 0.000s
I20260601 13:39:54.981562 24839 raft_consensus.cc:359] T e98a048b0cff4749bfaa834ae0ab36a1 P b853703ea64b439a86023d70327a55fe [term 0 FOLLOWER]: Replica starting. Triggering 0 pending ops. Active config: opid_index: -1 OBSOLETE_local: false peers { permanent_uuid: "5531ebd322604aeab30ec9f8340b9903" member_type: VOTER last_known_addr { host: "127.23.101.65" port: 34447 } } peers { permanent_uuid: "b9b7bb2b81484e00913db277638ee570" member_type: VOTER last_known_addr { host: "127.23.101.66" port: 37663 } } peers { permanent_uuid: "b853703ea64b439a86023d70327a55fe" member_type: VOTER last_known_addr { host: "127.23.101.67" port: 42525 } }
I20260601 13:39:54.981668 24839 raft_consensus.cc:385] T e98a048b0cff4749bfaa834ae0ab36a1 P b853703ea64b439a86023d70327a55fe [term 0 FOLLOWER]: Consensus starting up: Expiring failure detector timer to make a prompt election more likely
I20260601 13:39:54.981710 24839 raft_consensus.cc:740] T e98a048b0cff4749bfaa834ae0ab36a1 P b853703ea64b439a86023d70327a55fe [term 0 FOLLOWER]: Becoming Follower/Learner. State: Replica: b853703ea64b439a86023d70327a55fe, State: Initialized, Role: FOLLOWER
I20260601 13:39:54.981839 24839 consensus_queue.cc:260] T e98a048b0cff4749bfaa834ae0ab36a1 P b853703ea64b439a86023d70327a55fe [NON_LEADER]: Queue going to NON_LEADER mode. State: All replicated index: 0, Majority replicated index: 0, Committed index: 0, Last appended: 0.0, Last appended by leader: 0, Current term: 0, Majority size: -1, State: 0, Mode: NON_LEADER, active raft config: opid_index: -1 OBSOLETE_local: false peers { permanent_uuid: "5531ebd322604aeab30ec9f8340b9903" member_type: VOTER last_known_addr { host: "127.23.101.65" port: 34447 } } peers { permanent_uuid: "b9b7bb2b81484e00913db277638ee570" member_type: VOTER last_known_addr { host: "127.23.101.66" port: 37663 } } peers { permanent_uuid: "b853703ea64b439a86023d70327a55fe" member_type: VOTER last_known_addr { host: "127.23.101.67" port: 42525 } }
I20260601 13:39:54.982120 24839 ts_tablet_manager.cc:1434] T e98a048b0cff4749bfaa834ae0ab36a1 P b853703ea64b439a86023d70327a55fe: Time spent starting tablet: real 0.001s	user 0.000s	sys 0.001s
I20260601 13:39:54.982275 24839 tablet_bootstrap.cc:492] T 22869e758f04469f97304c15b2795dc6 P b853703ea64b439a86023d70327a55fe: Bootstrap starting.
I20260601 13:39:54.982281 24833 tablet_bootstrap.cc:492] T d86dae85792c4f2dba635bcb8bc5bbfd P b9b7bb2b81484e00913db277638ee570: No bootstrap required, opened a new log
I20260601 13:39:54.982427 24833 ts_tablet_manager.cc:1403] T d86dae85792c4f2dba635bcb8bc5bbfd P b9b7bb2b81484e00913db277638ee570: Time spent bootstrapping tablet: real 0.011s	user 0.002s	sys 0.000s
I20260601 13:39:54.982847 24833 raft_consensus.cc:359] T d86dae85792c4f2dba635bcb8bc5bbfd P b9b7bb2b81484e00913db277638ee570 [term 0 FOLLOWER]: Replica starting. Triggering 0 pending ops. Active config: opid_index: -1 OBSOLETE_local: false peers { permanent_uuid: "5531ebd322604aeab30ec9f8340b9903" member_type: VOTER last_known_addr { host: "127.23.101.65" port: 34447 } } peers { permanent_uuid: "b9b7bb2b81484e00913db277638ee570" member_type: VOTER last_known_addr { host: "127.23.101.66" port: 37663 } } peers { permanent_uuid: "b853703ea64b439a86023d70327a55fe" member_type: VOTER last_known_addr { host: "127.23.101.67" port: 42525 } }
I20260601 13:39:54.982955 24833 raft_consensus.cc:385] T d86dae85792c4f2dba635bcb8bc5bbfd P b9b7bb2b81484e00913db277638ee570 [term 0 FOLLOWER]: Consensus starting up: Expiring failure detector timer to make a prompt election more likely
I20260601 13:39:54.982990 24833 raft_consensus.cc:740] T d86dae85792c4f2dba635bcb8bc5bbfd P b9b7bb2b81484e00913db277638ee570 [term 0 FOLLOWER]: Becoming Follower/Learner. State: Replica: b9b7bb2b81484e00913db277638ee570, State: Initialized, Role: FOLLOWER
I20260601 13:39:54.983091 24833 consensus_queue.cc:260] T d86dae85792c4f2dba635bcb8bc5bbfd P b9b7bb2b81484e00913db277638ee570 [NON_LEADER]: Queue going to NON_LEADER mode. State: All replicated index: 0, Majority replicated index: 0, Committed index: 0, Last appended: 0.0, Last appended by leader: 0, Current term: 0, Majority size: -1, State: 0, Mode: NON_LEADER, active raft config: opid_index: -1 OBSOLETE_local: false peers { permanent_uuid: "5531ebd322604aeab30ec9f8340b9903" member_type: VOTER last_known_addr { host: "127.23.101.65" port: 34447 } } peers { permanent_uuid: "b9b7bb2b81484e00913db277638ee570" member_type: VOTER last_known_addr { host: "127.23.101.66" port: 37663 } } peers { permanent_uuid: "b853703ea64b439a86023d70327a55fe" member_type: VOTER last_known_addr { host: "127.23.101.67" port: 42525 } }
I20260601 13:39:54.983227 24839 tablet_bootstrap.cc:654] T 22869e758f04469f97304c15b2795dc6 P b853703ea64b439a86023d70327a55fe: Neither blocks nor log segments found. Creating new log.
I20260601 13:39:54.983340 24833 ts_tablet_manager.cc:1434] T d86dae85792c4f2dba635bcb8bc5bbfd P b9b7bb2b81484e00913db277638ee570: Time spent starting tablet: real 0.001s	user 0.001s	sys 0.000s
I20260601 13:39:54.983489 24833 tablet_bootstrap.cc:492] T 04390898923f4eadae08a315a0ee5fda P b9b7bb2b81484e00913db277638ee570: Bootstrap starting.
I20260601 13:39:54.984431 24833 tablet_bootstrap.cc:654] T 04390898923f4eadae08a315a0ee5fda P b9b7bb2b81484e00913db277638ee570: Neither blocks nor log segments found. Creating new log.
I20260601 13:39:54.984771 24839 tablet_bootstrap.cc:492] T 22869e758f04469f97304c15b2795dc6 P b853703ea64b439a86023d70327a55fe: No bootstrap required, opened a new log
I20260601 13:39:54.984856 24839 ts_tablet_manager.cc:1403] T 22869e758f04469f97304c15b2795dc6 P b853703ea64b439a86023d70327a55fe: Time spent bootstrapping tablet: real 0.003s	user 0.000s	sys 0.002s
I20260601 13:39:54.985179 24834 tablet_bootstrap.cc:492] T d86dae85792c4f2dba635bcb8bc5bbfd P 5531ebd322604aeab30ec9f8340b9903: No bootstrap required, opened a new log
I20260601 13:39:54.985309 24834 ts_tablet_manager.cc:1403] T d86dae85792c4f2dba635bcb8bc5bbfd P 5531ebd322604aeab30ec9f8340b9903: Time spent bootstrapping tablet: real 0.009s	user 0.002s	sys 0.000s
I20260601 13:39:54.985332 24839 raft_consensus.cc:359] T 22869e758f04469f97304c15b2795dc6 P b853703ea64b439a86023d70327a55fe [term 0 FOLLOWER]: Replica starting. Triggering 0 pending ops. Active config: opid_index: -1 OBSOLETE_local: false peers { permanent_uuid: "5531ebd322604aeab30ec9f8340b9903" member_type: VOTER last_known_addr { host: "127.23.101.65" port: 34447 } } peers { permanent_uuid: "b9b7bb2b81484e00913db277638ee570" member_type: VOTER last_known_addr { host: "127.23.101.66" port: 37663 } } peers { permanent_uuid: "b853703ea64b439a86023d70327a55fe" member_type: VOTER last_known_addr { host: "127.23.101.67" port: 42525 } }
I20260601 13:39:54.985426 24839 raft_consensus.cc:385] T 22869e758f04469f97304c15b2795dc6 P b853703ea64b439a86023d70327a55fe [term 0 FOLLOWER]: Consensus starting up: Expiring failure detector timer to make a prompt election more likely
I20260601 13:39:54.985472 24839 raft_consensus.cc:740] T 22869e758f04469f97304c15b2795dc6 P b853703ea64b439a86023d70327a55fe [term 0 FOLLOWER]: Becoming Follower/Learner. State: Replica: b853703ea64b439a86023d70327a55fe, State: Initialized, Role: FOLLOWER
I20260601 13:39:54.985600 24839 consensus_queue.cc:260] T 22869e758f04469f97304c15b2795dc6 P b853703ea64b439a86023d70327a55fe [NON_LEADER]: Queue going to NON_LEADER mode. State: All replicated index: 0, Majority replicated index: 0, Committed index: 0, Last appended: 0.0, Last appended by leader: 0, Current term: 0, Majority size: -1, State: 0, Mode: NON_LEADER, active raft config: opid_index: -1 OBSOLETE_local: false peers { permanent_uuid: "5531ebd322604aeab30ec9f8340b9903" member_type: VOTER last_known_addr { host: "127.23.101.65" port: 34447 } } peers { permanent_uuid: "b9b7bb2b81484e00913db277638ee570" member_type: VOTER last_known_addr { host: "127.23.101.66" port: 37663 } } peers { permanent_uuid: "b853703ea64b439a86023d70327a55fe" member_type: VOTER last_known_addr { host: "127.23.101.67" port: 42525 } }
I20260601 13:39:54.985787 24834 raft_consensus.cc:359] T d86dae85792c4f2dba635bcb8bc5bbfd P 5531ebd322604aeab30ec9f8340b9903 [term 0 FOLLOWER]: Replica starting. Triggering 0 pending ops. Active config: opid_index: -1 OBSOLETE_local: false peers { permanent_uuid: "5531ebd322604aeab30ec9f8340b9903" member_type: VOTER last_known_addr { host: "127.23.101.65" port: 34447 } } peers { permanent_uuid: "b9b7bb2b81484e00913db277638ee570" member_type: VOTER last_known_addr { host: "127.23.101.66" port: 37663 } } peers { permanent_uuid: "b853703ea64b439a86023d70327a55fe" member_type: VOTER last_known_addr { host: "127.23.101.67" port: 42525 } }
I20260601 13:39:54.985883 24834 raft_consensus.cc:385] T d86dae85792c4f2dba635bcb8bc5bbfd P 5531ebd322604aeab30ec9f8340b9903 [term 0 FOLLOWER]: Consensus starting up: Expiring failure detector timer to make a prompt election more likely
I20260601 13:39:54.985915 24834 raft_consensus.cc:740] T d86dae85792c4f2dba635bcb8bc5bbfd P 5531ebd322604aeab30ec9f8340b9903 [term 0 FOLLOWER]: Becoming Follower/Learner. State: Replica: 5531ebd322604aeab30ec9f8340b9903, State: Initialized, Role: FOLLOWER
I20260601 13:39:54.985960 24839 ts_tablet_manager.cc:1434] T 22869e758f04469f97304c15b2795dc6 P b853703ea64b439a86023d70327a55fe: Time spent starting tablet: real 0.001s	user 0.000s	sys 0.001s
I20260601 13:39:54.986033 24834 consensus_queue.cc:260] T d86dae85792c4f2dba635bcb8bc5bbfd P 5531ebd322604aeab30ec9f8340b9903 [NON_LEADER]: Queue going to NON_LEADER mode. State: All replicated index: 0, Majority replicated index: 0, Committed index: 0, Last appended: 0.0, Last appended by leader: 0, Current term: 0, Majority size: -1, State: 0, Mode: NON_LEADER, active raft config: opid_index: -1 OBSOLETE_local: false peers { permanent_uuid: "5531ebd322604aeab30ec9f8340b9903" member_type: VOTER last_known_addr { host: "127.23.101.65" port: 34447 } } peers { permanent_uuid: "b9b7bb2b81484e00913db277638ee570" member_type: VOTER last_known_addr { host: "127.23.101.66" port: 37663 } } peers { permanent_uuid: "b853703ea64b439a86023d70327a55fe" member_type: VOTER last_known_addr { host: "127.23.101.67" port: 42525 } }
I20260601 13:39:54.986174 24839 tablet_bootstrap.cc:492] T 57f421e571fa4aff95096532df3b6382 P b853703ea64b439a86023d70327a55fe: Bootstrap starting.
I20260601 13:39:54.986353 24834 ts_tablet_manager.cc:1434] T d86dae85792c4f2dba635bcb8bc5bbfd P 5531ebd322604aeab30ec9f8340b9903: Time spent starting tablet: real 0.001s	user 0.000s	sys 0.001s
I20260601 13:39:54.986496 24834 tablet_bootstrap.cc:492] T 893be03c3dfc4353a5347f08cff91e94 P 5531ebd322604aeab30ec9f8340b9903: Bootstrap starting.
I20260601 13:39:54.987074 24839 tablet_bootstrap.cc:654] T 57f421e571fa4aff95096532df3b6382 P b853703ea64b439a86023d70327a55fe: Neither blocks nor log segments found. Creating new log.
I20260601 13:39:54.987432 24834 tablet_bootstrap.cc:654] T 893be03c3dfc4353a5347f08cff91e94 P 5531ebd322604aeab30ec9f8340b9903: Neither blocks nor log segments found. Creating new log.
I20260601 13:39:54.988211 24839 tablet_bootstrap.cc:492] T 57f421e571fa4aff95096532df3b6382 P b853703ea64b439a86023d70327a55fe: No bootstrap required, opened a new log
I20260601 13:39:54.988339 24839 ts_tablet_manager.cc:1403] T 57f421e571fa4aff95096532df3b6382 P b853703ea64b439a86023d70327a55fe: Time spent bootstrapping tablet: real 0.002s	user 0.001s	sys 0.001s
I20260601 13:39:54.988444 24833 tablet_bootstrap.cc:492] T 04390898923f4eadae08a315a0ee5fda P b9b7bb2b81484e00913db277638ee570: No bootstrap required, opened a new log
I20260601 13:39:54.988528 24833 ts_tablet_manager.cc:1403] T 04390898923f4eadae08a315a0ee5fda P b9b7bb2b81484e00913db277638ee570: Time spent bootstrapping tablet: real 0.005s	user 0.002s	sys 0.000s
I20260601 13:39:54.988901 24839 raft_consensus.cc:359] T 57f421e571fa4aff95096532df3b6382 P b853703ea64b439a86023d70327a55fe [term 0 FOLLOWER]: Replica starting. Triggering 0 pending ops. Active config: opid_index: -1 OBSOLETE_local: false peers { permanent_uuid: "5531ebd322604aeab30ec9f8340b9903" member_type: VOTER last_known_addr { host: "127.23.101.65" port: 34447 } } peers { permanent_uuid: "b9b7bb2b81484e00913db277638ee570" member_type: VOTER last_known_addr { host: "127.23.101.66" port: 37663 } } peers { permanent_uuid: "b853703ea64b439a86023d70327a55fe" member_type: VOTER last_known_addr { host: "127.23.101.67" port: 42525 } }
I20260601 13:39:54.988898 24833 raft_consensus.cc:359] T 04390898923f4eadae08a315a0ee5fda P b9b7bb2b81484e00913db277638ee570 [term 0 FOLLOWER]: Replica starting. Triggering 0 pending ops. Active config: opid_index: -1 OBSOLETE_local: false peers { permanent_uuid: "5531ebd322604aeab30ec9f8340b9903" member_type: VOTER last_known_addr { host: "127.23.101.65" port: 34447 } } peers { permanent_uuid: "b9b7bb2b81484e00913db277638ee570" member_type: VOTER last_known_addr { host: "127.23.101.66" port: 37663 } } peers { permanent_uuid: "b853703ea64b439a86023d70327a55fe" member_type: VOTER last_known_addr { host: "127.23.101.67" port: 42525 } }
I20260601 13:39:54.989114 24833 raft_consensus.cc:385] T 04390898923f4eadae08a315a0ee5fda P b9b7bb2b81484e00913db277638ee570 [term 0 FOLLOWER]: Consensus starting up: Expiring failure detector timer to make a prompt election more likely
I20260601 13:39:54.989161 24833 raft_consensus.cc:740] T 04390898923f4eadae08a315a0ee5fda P b9b7bb2b81484e00913db277638ee570 [term 0 FOLLOWER]: Becoming Follower/Learner. State: Replica: b9b7bb2b81484e00913db277638ee570, State: Initialized, Role: FOLLOWER
I20260601 13:39:54.989277 24833 consensus_queue.cc:260] T 04390898923f4eadae08a315a0ee5fda P b9b7bb2b81484e00913db277638ee570 [NON_LEADER]: Queue going to NON_LEADER mode. State: All replicated index: 0, Majority replicated index: 0, Committed index: 0, Last appended: 0.0, Last appended by leader: 0, Current term: 0, Majority size: -1, State: 0, Mode: NON_LEADER, active raft config: opid_index: -1 OBSOLETE_local: false peers { permanent_uuid: "5531ebd322604aeab30ec9f8340b9903" member_type: VOTER last_known_addr { host: "127.23.101.65" port: 34447 } } peers { permanent_uuid: "b9b7bb2b81484e00913db277638ee570" member_type: VOTER last_known_addr { host: "127.23.101.66" port: 37663 } } peers { permanent_uuid: "b853703ea64b439a86023d70327a55fe" member_type: VOTER last_known_addr { host: "127.23.101.67" port: 42525 } }
I20260601 13:39:54.989475 24834 tablet_bootstrap.cc:492] T 893be03c3dfc4353a5347f08cff91e94 P 5531ebd322604aeab30ec9f8340b9903: No bootstrap required, opened a new log
I20260601 13:39:54.989511 24833 ts_tablet_manager.cc:1434] T 04390898923f4eadae08a315a0ee5fda P b9b7bb2b81484e00913db277638ee570: Time spent starting tablet: real 0.001s	user 0.001s	sys 0.000s
I20260601 13:39:54.989552 24834 ts_tablet_manager.cc:1403] T 893be03c3dfc4353a5347f08cff91e94 P 5531ebd322604aeab30ec9f8340b9903: Time spent bootstrapping tablet: real 0.003s	user 0.000s	sys 0.001s
I20260601 13:39:54.989643 24833 tablet_bootstrap.cc:492] T e98a048b0cff4749bfaa834ae0ab36a1 P b9b7bb2b81484e00913db277638ee570: Bootstrap starting.
I20260601 13:39:54.989880 24834 raft_consensus.cc:359] T 893be03c3dfc4353a5347f08cff91e94 P 5531ebd322604aeab30ec9f8340b9903 [term 0 FOLLOWER]: Replica starting. Triggering 0 pending ops. Active config: opid_index: -1 OBSOLETE_local: false peers { permanent_uuid: "5531ebd322604aeab30ec9f8340b9903" member_type: VOTER last_known_addr { host: "127.23.101.65" port: 34447 } } peers { permanent_uuid: "b9b7bb2b81484e00913db277638ee570" member_type: VOTER last_known_addr { host: "127.23.101.66" port: 37663 } } peers { permanent_uuid: "b853703ea64b439a86023d70327a55fe" member_type: VOTER last_known_addr { host: "127.23.101.67" port: 42525 } }
I20260601 13:39:54.989979 24834 raft_consensus.cc:385] T 893be03c3dfc4353a5347f08cff91e94 P 5531ebd322604aeab30ec9f8340b9903 [term 0 FOLLOWER]: Consensus starting up: Expiring failure detector timer to make a prompt election more likely
I20260601 13:39:54.990010 24834 raft_consensus.cc:740] T 893be03c3dfc4353a5347f08cff91e94 P 5531ebd322604aeab30ec9f8340b9903 [term 0 FOLLOWER]: Becoming Follower/Learner. State: Replica: 5531ebd322604aeab30ec9f8340b9903, State: Initialized, Role: FOLLOWER
I20260601 13:39:54.990134 24834 consensus_queue.cc:260] T 893be03c3dfc4353a5347f08cff91e94 P 5531ebd322604aeab30ec9f8340b9903 [NON_LEADER]: Queue going to NON_LEADER mode. State: All replicated index: 0, Majority replicated index: 0, Committed index: 0, Last appended: 0.0, Last appended by leader: 0, Current term: 0, Majority size: -1, State: 0, Mode: NON_LEADER, active raft config: opid_index: -1 OBSOLETE_local: false peers { permanent_uuid: "5531ebd322604aeab30ec9f8340b9903" member_type: VOTER last_known_addr { host: "127.23.101.65" port: 34447 } } peers { permanent_uuid: "b9b7bb2b81484e00913db277638ee570" member_type: VOTER last_known_addr { host: "127.23.101.66" port: 37663 } } peers { permanent_uuid: "b853703ea64b439a86023d70327a55fe" member_type: VOTER last_known_addr { host: "127.23.101.67" port: 42525 } }
I20260601 13:39:54.990469 24834 ts_tablet_manager.cc:1434] T 893be03c3dfc4353a5347f08cff91e94 P 5531ebd322604aeab30ec9f8340b9903: Time spent starting tablet: real 0.001s	user 0.001s	sys 0.000s
I20260601 13:39:54.990612 24833 tablet_bootstrap.cc:654] T e98a048b0cff4749bfaa834ae0ab36a1 P b9b7bb2b81484e00913db277638ee570: Neither blocks nor log segments found. Creating new log.
I20260601 13:39:54.990628 24834 tablet_bootstrap.cc:492] T 22869e758f04469f97304c15b2795dc6 P 5531ebd322604aeab30ec9f8340b9903: Bootstrap starting.
I20260601 13:39:54.991241 24839 raft_consensus.cc:385] T 57f421e571fa4aff95096532df3b6382 P b853703ea64b439a86023d70327a55fe [term 0 FOLLOWER]: Consensus starting up: Expiring failure detector timer to make a prompt election more likely
I20260601 13:39:54.991334 24839 raft_consensus.cc:740] T 57f421e571fa4aff95096532df3b6382 P b853703ea64b439a86023d70327a55fe [term 0 FOLLOWER]: Becoming Follower/Learner. State: Replica: b853703ea64b439a86023d70327a55fe, State: Initialized, Role: FOLLOWER
I20260601 13:39:54.991529 24839 consensus_queue.cc:260] T 57f421e571fa4aff95096532df3b6382 P b853703ea64b439a86023d70327a55fe [NON_LEADER]: Queue going to NON_LEADER mode. State: All replicated index: 0, Majority replicated index: 0, Committed index: 0, Last appended: 0.0, Last appended by leader: 0, Current term: 0, Majority size: -1, State: 0, Mode: NON_LEADER, active raft config: opid_index: -1 OBSOLETE_local: false peers { permanent_uuid: "5531ebd322604aeab30ec9f8340b9903" member_type: VOTER last_known_addr { host: "127.23.101.65" port: 34447 } } peers { permanent_uuid: "b9b7bb2b81484e00913db277638ee570" member_type: VOTER last_known_addr { host: "127.23.101.66" port: 37663 } } peers { permanent_uuid: "b853703ea64b439a86023d70327a55fe" member_type: VOTER last_known_addr { host: "127.23.101.67" port: 42525 } }
I20260601 13:39:54.991631 24834 tablet_bootstrap.cc:654] T 22869e758f04469f97304c15b2795dc6 P 5531ebd322604aeab30ec9f8340b9903: Neither blocks nor log segments found. Creating new log.
I20260601 13:39:54.991915 24839 ts_tablet_manager.cc:1434] T 57f421e571fa4aff95096532df3b6382 P b853703ea64b439a86023d70327a55fe: Time spent starting tablet: real 0.003s	user 0.000s	sys 0.000s
I20260601 13:39:54.992128 24839 tablet_bootstrap.cc:492] T d86dae85792c4f2dba635bcb8bc5bbfd P b853703ea64b439a86023d70327a55fe: Bootstrap starting.
I20260601 13:39:54.992563 24833 tablet_bootstrap.cc:492] T e98a048b0cff4749bfaa834ae0ab36a1 P b9b7bb2b81484e00913db277638ee570: No bootstrap required, opened a new log
I20260601 13:39:54.992664 24833 ts_tablet_manager.cc:1403] T e98a048b0cff4749bfaa834ae0ab36a1 P b9b7bb2b81484e00913db277638ee570: Time spent bootstrapping tablet: real 0.003s	user 0.001s	sys 0.000s
I20260601 13:39:54.993104 24833 raft_consensus.cc:359] T e98a048b0cff4749bfaa834ae0ab36a1 P b9b7bb2b81484e00913db277638ee570 [term 0 FOLLOWER]: Replica starting. Triggering 0 pending ops. Active config: opid_index: -1 OBSOLETE_local: false peers { permanent_uuid: "5531ebd322604aeab30ec9f8340b9903" member_type: VOTER last_known_addr { host: "127.23.101.65" port: 34447 } } peers { permanent_uuid: "b9b7bb2b81484e00913db277638ee570" member_type: VOTER last_known_addr { host: "127.23.101.66" port: 37663 } } peers { permanent_uuid: "b853703ea64b439a86023d70327a55fe" member_type: VOTER last_known_addr { host: "127.23.101.67" port: 42525 } }
I20260601 13:39:54.993232 24833 raft_consensus.cc:385] T e98a048b0cff4749bfaa834ae0ab36a1 P b9b7bb2b81484e00913db277638ee570 [term 0 FOLLOWER]: Consensus starting up: Expiring failure detector timer to make a prompt election more likely
I20260601 13:39:54.993286 24833 raft_consensus.cc:740] T e98a048b0cff4749bfaa834ae0ab36a1 P b9b7bb2b81484e00913db277638ee570 [term 0 FOLLOWER]: Becoming Follower/Learner. State: Replica: b9b7bb2b81484e00913db277638ee570, State: Initialized, Role: FOLLOWER
I20260601 13:39:54.993369 24839 tablet_bootstrap.cc:654] T d86dae85792c4f2dba635bcb8bc5bbfd P b853703ea64b439a86023d70327a55fe: Neither blocks nor log segments found. Creating new log.
I20260601 13:39:54.993436 24833 consensus_queue.cc:260] T e98a048b0cff4749bfaa834ae0ab36a1 P b9b7bb2b81484e00913db277638ee570 [NON_LEADER]: Queue going to NON_LEADER mode. State: All replicated index: 0, Majority replicated index: 0, Committed index: 0, Last appended: 0.0, Last appended by leader: 0, Current term: 0, Majority size: -1, State: 0, Mode: NON_LEADER, active raft config: opid_index: -1 OBSOLETE_local: false peers { permanent_uuid: "5531ebd322604aeab30ec9f8340b9903" member_type: VOTER last_known_addr { host: "127.23.101.65" port: 34447 } } peers { permanent_uuid: "b9b7bb2b81484e00913db277638ee570" member_type: VOTER last_known_addr { host: "127.23.101.66" port: 37663 } } peers { permanent_uuid: "b853703ea64b439a86023d70327a55fe" member_type: VOTER last_known_addr { host: "127.23.101.67" port: 42525 } }
I20260601 13:39:54.994010 24833 ts_tablet_manager.cc:1434] T e98a048b0cff4749bfaa834ae0ab36a1 P b9b7bb2b81484e00913db277638ee570: Time spent starting tablet: real 0.001s	user 0.001s	sys 0.000s
I20260601 13:39:54.994199 24833 tablet_bootstrap.cc:492] T c93511ebb24e4a2ba5e0318993755471 P b9b7bb2b81484e00913db277638ee570: Bootstrap starting.
I20260601 13:39:54.994408 24839 tablet_bootstrap.cc:492] T d86dae85792c4f2dba635bcb8bc5bbfd P b853703ea64b439a86023d70327a55fe: No bootstrap required, opened a new log
I20260601 13:39:54.994490 24839 ts_tablet_manager.cc:1403] T d86dae85792c4f2dba635bcb8bc5bbfd P b853703ea64b439a86023d70327a55fe: Time spent bootstrapping tablet: real 0.002s	user 0.001s	sys 0.000s
I20260601 13:39:54.994920 24839 raft_consensus.cc:359] T d86dae85792c4f2dba635bcb8bc5bbfd P b853703ea64b439a86023d70327a55fe [term 0 FOLLOWER]: Replica starting. Triggering 0 pending ops. Active config: opid_index: -1 OBSOLETE_local: false peers { permanent_uuid: "5531ebd322604aeab30ec9f8340b9903" member_type: VOTER last_known_addr { host: "127.23.101.65" port: 34447 } } peers { permanent_uuid: "b9b7bb2b81484e00913db277638ee570" member_type: VOTER last_known_addr { host: "127.23.101.66" port: 37663 } } peers { permanent_uuid: "b853703ea64b439a86023d70327a55fe" member_type: VOTER last_known_addr { host: "127.23.101.67" port: 42525 } }
I20260601 13:39:54.995044 24839 raft_consensus.cc:385] T d86dae85792c4f2dba635bcb8bc5bbfd P b853703ea64b439a86023d70327a55fe [term 0 FOLLOWER]: Consensus starting up: Expiring failure detector timer to make a prompt election more likely
I20260601 13:39:54.995074 24833 tablet_bootstrap.cc:654] T c93511ebb24e4a2ba5e0318993755471 P b9b7bb2b81484e00913db277638ee570: Neither blocks nor log segments found. Creating new log.
I20260601 13:39:54.995087 24839 raft_consensus.cc:740] T d86dae85792c4f2dba635bcb8bc5bbfd P b853703ea64b439a86023d70327a55fe [term 0 FOLLOWER]: Becoming Follower/Learner. State: Replica: b853703ea64b439a86023d70327a55fe, State: Initialized, Role: FOLLOWER
I20260601 13:39:54.995213 24839 consensus_queue.cc:260] T d86dae85792c4f2dba635bcb8bc5bbfd P b853703ea64b439a86023d70327a55fe [NON_LEADER]: Queue going to NON_LEADER mode. State: All replicated index: 0, Majority replicated index: 0, Committed index: 0, Last appended: 0.0, Last appended by leader: 0, Current term: 0, Majority size: -1, State: 0, Mode: NON_LEADER, active raft config: opid_index: -1 OBSOLETE_local: false peers { permanent_uuid: "5531ebd322604aeab30ec9f8340b9903" member_type: VOTER last_known_addr { host: "127.23.101.65" port: 34447 } } peers { permanent_uuid: "b9b7bb2b81484e00913db277638ee570" member_type: VOTER last_known_addr { host: "127.23.101.66" port: 37663 } } peers { permanent_uuid: "b853703ea64b439a86023d70327a55fe" member_type: VOTER last_known_addr { host: "127.23.101.67" port: 42525 } }
I20260601 13:39:54.995585 24839 ts_tablet_manager.cc:1434] T d86dae85792c4f2dba635bcb8bc5bbfd P b853703ea64b439a86023d70327a55fe: Time spent starting tablet: real 0.001s	user 0.001s	sys 0.000s
I20260601 13:39:54.995757 24839 tablet_bootstrap.cc:492] T 893be03c3dfc4353a5347f08cff91e94 P b853703ea64b439a86023d70327a55fe: Bootstrap starting.
I20260601 13:39:54.996448 24833 tablet_bootstrap.cc:492] T c93511ebb24e4a2ba5e0318993755471 P b9b7bb2b81484e00913db277638ee570: No bootstrap required, opened a new log
I20260601 13:39:54.996522 24833 ts_tablet_manager.cc:1403] T c93511ebb24e4a2ba5e0318993755471 P b9b7bb2b81484e00913db277638ee570: Time spent bootstrapping tablet: real 0.002s	user 0.001s	sys 0.000s
I20260601 13:39:54.996698 24839 tablet_bootstrap.cc:654] T 893be03c3dfc4353a5347f08cff91e94 P b853703ea64b439a86023d70327a55fe: Neither blocks nor log segments found. Creating new log.
I20260601 13:39:54.996922 24833 raft_consensus.cc:359] T c93511ebb24e4a2ba5e0318993755471 P b9b7bb2b81484e00913db277638ee570 [term 0 FOLLOWER]: Replica starting. Triggering 0 pending ops. Active config: opid_index: -1 OBSOLETE_local: false peers { permanent_uuid: "5531ebd322604aeab30ec9f8340b9903" member_type: VOTER last_known_addr { host: "127.23.101.65" port: 34447 } } peers { permanent_uuid: "b9b7bb2b81484e00913db277638ee570" member_type: VOTER last_known_addr { host: "127.23.101.66" port: 37663 } } peers { permanent_uuid: "b853703ea64b439a86023d70327a55fe" member_type: VOTER last_known_addr { host: "127.23.101.67" port: 42525 } }
I20260601 13:39:54.997026 24833 raft_consensus.cc:385] T c93511ebb24e4a2ba5e0318993755471 P b9b7bb2b81484e00913db277638ee570 [term 0 FOLLOWER]: Consensus starting up: Expiring failure detector timer to make a prompt election more likely
I20260601 13:39:54.997110 24833 raft_consensus.cc:740] T c93511ebb24e4a2ba5e0318993755471 P b9b7bb2b81484e00913db277638ee570 [term 0 FOLLOWER]: Becoming Follower/Learner. State: Replica: b9b7bb2b81484e00913db277638ee570, State: Initialized, Role: FOLLOWER
I20260601 13:39:54.997262 24833 consensus_queue.cc:260] T c93511ebb24e4a2ba5e0318993755471 P b9b7bb2b81484e00913db277638ee570 [NON_LEADER]: Queue going to NON_LEADER mode. State: All replicated index: 0, Majority replicated index: 0, Committed index: 0, Last appended: 0.0, Last appended by leader: 0, Current term: 0, Majority size: -1, State: 0, Mode: NON_LEADER, active raft config: opid_index: -1 OBSOLETE_local: false peers { permanent_uuid: "5531ebd322604aeab30ec9f8340b9903" member_type: VOTER last_known_addr { host: "127.23.101.65" port: 34447 } } peers { permanent_uuid: "b9b7bb2b81484e00913db277638ee570" member_type: VOTER last_known_addr { host: "127.23.101.66" port: 37663 } } peers { permanent_uuid: "b853703ea64b439a86023d70327a55fe" member_type: VOTER last_known_addr { host: "127.23.101.67" port: 42525 } }
I20260601 13:39:54.997543 24833 ts_tablet_manager.cc:1434] T c93511ebb24e4a2ba5e0318993755471 P b9b7bb2b81484e00913db277638ee570: Time spent starting tablet: real 0.001s	user 0.000s	sys 0.001s
I20260601 13:39:54.997699 24833 tablet_bootstrap.cc:492] T 57f421e571fa4aff95096532df3b6382 P b9b7bb2b81484e00913db277638ee570: Bootstrap starting.
I20260601 13:39:54.997704 24839 tablet_bootstrap.cc:492] T 893be03c3dfc4353a5347f08cff91e94 P b853703ea64b439a86023d70327a55fe: No bootstrap required, opened a new log
I20260601 13:39:54.997848 24839 ts_tablet_manager.cc:1403] T 893be03c3dfc4353a5347f08cff91e94 P b853703ea64b439a86023d70327a55fe: Time spent bootstrapping tablet: real 0.002s	user 0.002s	sys 0.000s
I20260601 13:39:54.998272 24839 raft_consensus.cc:359] T 893be03c3dfc4353a5347f08cff91e94 P b853703ea64b439a86023d70327a55fe [term 0 FOLLOWER]: Replica starting. Triggering 0 pending ops. Active config: opid_index: -1 OBSOLETE_local: false peers { permanent_uuid: "5531ebd322604aeab30ec9f8340b9903" member_type: VOTER last_known_addr { host: "127.23.101.65" port: 34447 } } peers { permanent_uuid: "b9b7bb2b81484e00913db277638ee570" member_type: VOTER last_known_addr { host: "127.23.101.66" port: 37663 } } peers { permanent_uuid: "b853703ea64b439a86023d70327a55fe" member_type: VOTER last_known_addr { host: "127.23.101.67" port: 42525 } }
I20260601 13:39:54.998340 24839 raft_consensus.cc:385] T 893be03c3dfc4353a5347f08cff91e94 P b853703ea64b439a86023d70327a55fe [term 0 FOLLOWER]: Consensus starting up: Expiring failure detector timer to make a prompt election more likely
I20260601 13:39:54.998360 24839 raft_consensus.cc:740] T 893be03c3dfc4353a5347f08cff91e94 P b853703ea64b439a86023d70327a55fe [term 0 FOLLOWER]: Becoming Follower/Learner. State: Replica: b853703ea64b439a86023d70327a55fe, State: Initialized, Role: FOLLOWER
I20260601 13:39:54.998405 24833 tablet_bootstrap.cc:654] T 57f421e571fa4aff95096532df3b6382 P b9b7bb2b81484e00913db277638ee570: Neither blocks nor log segments found. Creating new log.
I20260601 13:39:54.998452 24839 consensus_queue.cc:260] T 893be03c3dfc4353a5347f08cff91e94 P b853703ea64b439a86023d70327a55fe [NON_LEADER]: Queue going to NON_LEADER mode. State: All replicated index: 0, Majority replicated index: 0, Committed index: 0, Last appended: 0.0, Last appended by leader: 0, Current term: 0, Majority size: -1, State: 0, Mode: NON_LEADER, active raft config: opid_index: -1 OBSOLETE_local: false peers { permanent_uuid: "5531ebd322604aeab30ec9f8340b9903" member_type: VOTER last_known_addr { host: "127.23.101.65" port: 34447 } } peers { permanent_uuid: "b9b7bb2b81484e00913db277638ee570" member_type: VOTER last_known_addr { host: "127.23.101.66" port: 37663 } } peers { permanent_uuid: "b853703ea64b439a86023d70327a55fe" member_type: VOTER last_known_addr { host: "127.23.101.67" port: 42525 } }
I20260601 13:39:54.998615 24839 ts_tablet_manager.cc:1434] T 893be03c3dfc4353a5347f08cff91e94 P b853703ea64b439a86023d70327a55fe: Time spent starting tablet: real 0.001s	user 0.000s	sys 0.000s
I20260601 13:39:54.998736 24839 tablet_bootstrap.cc:492] T c93511ebb24e4a2ba5e0318993755471 P b853703ea64b439a86023d70327a55fe: Bootstrap starting.
I20260601 13:39:54.999449 24833 tablet_bootstrap.cc:492] T 57f421e571fa4aff95096532df3b6382 P b9b7bb2b81484e00913db277638ee570: No bootstrap required, opened a new log
I20260601 13:39:54.999538 24833 ts_tablet_manager.cc:1403] T 57f421e571fa4aff95096532df3b6382 P b9b7bb2b81484e00913db277638ee570: Time spent bootstrapping tablet: real 0.002s	user 0.000s	sys 0.001s
I20260601 13:39:54.999567 24834 tablet_bootstrap.cc:492] T 22869e758f04469f97304c15b2795dc6 P 5531ebd322604aeab30ec9f8340b9903: No bootstrap required, opened a new log
I20260601 13:39:54.999583 24839 tablet_bootstrap.cc:654] T c93511ebb24e4a2ba5e0318993755471 P b853703ea64b439a86023d70327a55fe: Neither blocks nor log segments found. Creating new log.
I20260601 13:39:54.999683 24834 ts_tablet_manager.cc:1403] T 22869e758f04469f97304c15b2795dc6 P 5531ebd322604aeab30ec9f8340b9903: Time spent bootstrapping tablet: real 0.009s	user 0.001s	sys 0.001s
I20260601 13:39:55.000003 24833 raft_consensus.cc:359] T 57f421e571fa4aff95096532df3b6382 P b9b7bb2b81484e00913db277638ee570 [term 0 FOLLOWER]: Replica starting. Triggering 0 pending ops. Active config: opid_index: -1 OBSOLETE_local: false peers { permanent_uuid: "5531ebd322604aeab30ec9f8340b9903" member_type: VOTER last_known_addr { host: "127.23.101.65" port: 34447 } } peers { permanent_uuid: "b9b7bb2b81484e00913db277638ee570" member_type: VOTER last_known_addr { host: "127.23.101.66" port: 37663 } } peers { permanent_uuid: "b853703ea64b439a86023d70327a55fe" member_type: VOTER last_known_addr { host: "127.23.101.67" port: 42525 } }
I20260601 13:39:55.000104 24833 raft_consensus.cc:385] T 57f421e571fa4aff95096532df3b6382 P b9b7bb2b81484e00913db277638ee570 [term 0 FOLLOWER]: Consensus starting up: Expiring failure detector timer to make a prompt election more likely
I20260601 13:39:55.000140 24833 raft_consensus.cc:740] T 57f421e571fa4aff95096532df3b6382 P b9b7bb2b81484e00913db277638ee570 [term 0 FOLLOWER]: Becoming Follower/Learner. State: Replica: b9b7bb2b81484e00913db277638ee570, State: Initialized, Role: FOLLOWER
I20260601 13:39:55.000140 24834 raft_consensus.cc:359] T 22869e758f04469f97304c15b2795dc6 P 5531ebd322604aeab30ec9f8340b9903 [term 0 FOLLOWER]: Replica starting. Triggering 0 pending ops. Active config: opid_index: -1 OBSOLETE_local: false peers { permanent_uuid: "5531ebd322604aeab30ec9f8340b9903" member_type: VOTER last_known_addr { host: "127.23.101.65" port: 34447 } } peers { permanent_uuid: "b9b7bb2b81484e00913db277638ee570" member_type: VOTER last_known_addr { host: "127.23.101.66" port: 37663 } } peers { permanent_uuid: "b853703ea64b439a86023d70327a55fe" member_type: VOTER last_known_addr { host: "127.23.101.67" port: 42525 } }
I20260601 13:39:55.000257 24834 raft_consensus.cc:385] T 22869e758f04469f97304c15b2795dc6 P 5531ebd322604aeab30ec9f8340b9903 [term 0 FOLLOWER]: Consensus starting up: Expiring failure detector timer to make a prompt election more likely
I20260601 13:39:55.000304 24834 raft_consensus.cc:740] T 22869e758f04469f97304c15b2795dc6 P 5531ebd322604aeab30ec9f8340b9903 [term 0 FOLLOWER]: Becoming Follower/Learner. State: Replica: 5531ebd322604aeab30ec9f8340b9903, State: Initialized, Role: FOLLOWER
I20260601 13:39:55.000308 24833 consensus_queue.cc:260] T 57f421e571fa4aff95096532df3b6382 P b9b7bb2b81484e00913db277638ee570 [NON_LEADER]: Queue going to NON_LEADER mode. State: All replicated index: 0, Majority replicated index: 0, Committed index: 0, Last appended: 0.0, Last appended by leader: 0, Current term: 0, Majority size: -1, State: 0, Mode: NON_LEADER, active raft config: opid_index: -1 OBSOLETE_local: false peers { permanent_uuid: "5531ebd322604aeab30ec9f8340b9903" member_type: VOTER last_known_addr { host: "127.23.101.65" port: 34447 } } peers { permanent_uuid: "b9b7bb2b81484e00913db277638ee570" member_type: VOTER last_known_addr { host: "127.23.101.66" port: 37663 } } peers { permanent_uuid: "b853703ea64b439a86023d70327a55fe" member_type: VOTER last_known_addr { host: "127.23.101.67" port: 42525 } }
I20260601 13:39:55.000423 24834 consensus_queue.cc:260] T 22869e758f04469f97304c15b2795dc6 P 5531ebd322604aeab30ec9f8340b9903 [NON_LEADER]: Queue going to NON_LEADER mode. State: All replicated index: 0, Majority replicated index: 0, Committed index: 0, Last appended: 0.0, Last appended by leader: 0, Current term: 0, Majority size: -1, State: 0, Mode: NON_LEADER, active raft config: opid_index: -1 OBSOLETE_local: false peers { permanent_uuid: "5531ebd322604aeab30ec9f8340b9903" member_type: VOTER last_known_addr { host: "127.23.101.65" port: 34447 } } peers { permanent_uuid: "b9b7bb2b81484e00913db277638ee570" member_type: VOTER last_known_addr { host: "127.23.101.66" port: 37663 } } peers { permanent_uuid: "b853703ea64b439a86023d70327a55fe" member_type: VOTER last_known_addr { host: "127.23.101.67" port: 42525 } }
I20260601 13:39:55.000648 24834 ts_tablet_manager.cc:1434] T 22869e758f04469f97304c15b2795dc6 P 5531ebd322604aeab30ec9f8340b9903: Time spent starting tablet: real 0.001s	user 0.001s	sys 0.000s
I20260601 13:39:55.000626 24833 ts_tablet_manager.cc:1434] T 57f421e571fa4aff95096532df3b6382 P b9b7bb2b81484e00913db277638ee570: Time spent starting tablet: real 0.001s	user 0.000s	sys 0.001s
I20260601 13:39:55.000818 24834 tablet_bootstrap.cc:492] T e98a048b0cff4749bfaa834ae0ab36a1 P 5531ebd322604aeab30ec9f8340b9903: Bootstrap starting.
I20260601 13:39:55.001736 24834 tablet_bootstrap.cc:654] T e98a048b0cff4749bfaa834ae0ab36a1 P 5531ebd322604aeab30ec9f8340b9903: Neither blocks nor log segments found. Creating new log.
I20260601 13:39:55.002756 24834 tablet_bootstrap.cc:492] T e98a048b0cff4749bfaa834ae0ab36a1 P 5531ebd322604aeab30ec9f8340b9903: No bootstrap required, opened a new log
I20260601 13:39:55.002842 24834 ts_tablet_manager.cc:1403] T e98a048b0cff4749bfaa834ae0ab36a1 P 5531ebd322604aeab30ec9f8340b9903: Time spent bootstrapping tablet: real 0.002s	user 0.002s	sys 0.000s
I20260601 13:39:55.003271 24834 raft_consensus.cc:359] T e98a048b0cff4749bfaa834ae0ab36a1 P 5531ebd322604aeab30ec9f8340b9903 [term 0 FOLLOWER]: Replica starting. Triggering 0 pending ops. Active config: opid_index: -1 OBSOLETE_local: false peers { permanent_uuid: "5531ebd322604aeab30ec9f8340b9903" member_type: VOTER last_known_addr { host: "127.23.101.65" port: 34447 } } peers { permanent_uuid: "b9b7bb2b81484e00913db277638ee570" member_type: VOTER last_known_addr { host: "127.23.101.66" port: 37663 } } peers { permanent_uuid: "b853703ea64b439a86023d70327a55fe" member_type: VOTER last_known_addr { host: "127.23.101.67" port: 42525 } }
I20260601 13:39:55.003368 24834 raft_consensus.cc:385] T e98a048b0cff4749bfaa834ae0ab36a1 P 5531ebd322604aeab30ec9f8340b9903 [term 0 FOLLOWER]: Consensus starting up: Expiring failure detector timer to make a prompt election more likely
I20260601 13:39:55.003404 24834 raft_consensus.cc:740] T e98a048b0cff4749bfaa834ae0ab36a1 P 5531ebd322604aeab30ec9f8340b9903 [term 0 FOLLOWER]: Becoming Follower/Learner. State: Replica: 5531ebd322604aeab30ec9f8340b9903, State: Initialized, Role: FOLLOWER
I20260601 13:39:55.003502 24834 consensus_queue.cc:260] T e98a048b0cff4749bfaa834ae0ab36a1 P 5531ebd322604aeab30ec9f8340b9903 [NON_LEADER]: Queue going to NON_LEADER mode. State: All replicated index: 0, Majority replicated index: 0, Committed index: 0, Last appended: 0.0, Last appended by leader: 0, Current term: 0, Majority size: -1, State: 0, Mode: NON_LEADER, active raft config: opid_index: -1 OBSOLETE_local: false peers { permanent_uuid: "5531ebd322604aeab30ec9f8340b9903" member_type: VOTER last_known_addr { host: "127.23.101.65" port: 34447 } } peers { permanent_uuid: "b9b7bb2b81484e00913db277638ee570" member_type: VOTER last_known_addr { host: "127.23.101.66" port: 37663 } } peers { permanent_uuid: "b853703ea64b439a86023d70327a55fe" member_type: VOTER last_known_addr { host: "127.23.101.67" port: 42525 } }
I20260601 13:39:55.003744 24834 ts_tablet_manager.cc:1434] T e98a048b0cff4749bfaa834ae0ab36a1 P 5531ebd322604aeab30ec9f8340b9903: Time spent starting tablet: real 0.001s	user 0.001s	sys 0.000s
I20260601 13:39:55.003968 24834 tablet_bootstrap.cc:492] T f4369e815b4d40d59eae8659c5de36db P 5531ebd322604aeab30ec9f8340b9903: Bootstrap starting.
I20260601 13:39:55.004354 24839 tablet_bootstrap.cc:492] T c93511ebb24e4a2ba5e0318993755471 P b853703ea64b439a86023d70327a55fe: No bootstrap required, opened a new log
I20260601 13:39:55.004452 24839 ts_tablet_manager.cc:1403] T c93511ebb24e4a2ba5e0318993755471 P b853703ea64b439a86023d70327a55fe: Time spent bootstrapping tablet: real 0.006s	user 0.001s	sys 0.000s
I20260601 13:39:55.004835 24839 raft_consensus.cc:359] T c93511ebb24e4a2ba5e0318993755471 P b853703ea64b439a86023d70327a55fe [term 0 FOLLOWER]: Replica starting. Triggering 0 pending ops. Active config: opid_index: -1 OBSOLETE_local: false peers { permanent_uuid: "5531ebd322604aeab30ec9f8340b9903" member_type: VOTER last_known_addr { host: "127.23.101.65" port: 34447 } } peers { permanent_uuid: "b9b7bb2b81484e00913db277638ee570" member_type: VOTER last_known_addr { host: "127.23.101.66" port: 37663 } } peers { permanent_uuid: "b853703ea64b439a86023d70327a55fe" member_type: VOTER last_known_addr { host: "127.23.101.67" port: 42525 } }
I20260601 13:39:55.004947 24834 tablet_bootstrap.cc:654] T f4369e815b4d40d59eae8659c5de36db P 5531ebd322604aeab30ec9f8340b9903: Neither blocks nor log segments found. Creating new log.
I20260601 13:39:55.004956 24839 raft_consensus.cc:385] T c93511ebb24e4a2ba5e0318993755471 P b853703ea64b439a86023d70327a55fe [term 0 FOLLOWER]: Consensus starting up: Expiring failure detector timer to make a prompt election more likely
I20260601 13:39:55.005016 24839 raft_consensus.cc:740] T c93511ebb24e4a2ba5e0318993755471 P b853703ea64b439a86023d70327a55fe [term 0 FOLLOWER]: Becoming Follower/Learner. State: Replica: b853703ea64b439a86023d70327a55fe, State: Initialized, Role: FOLLOWER
I20260601 13:39:55.005177 24839 consensus_queue.cc:260] T c93511ebb24e4a2ba5e0318993755471 P b853703ea64b439a86023d70327a55fe [NON_LEADER]: Queue going to NON_LEADER mode. State: All replicated index: 0, Majority replicated index: 0, Committed index: 0, Last appended: 0.0, Last appended by leader: 0, Current term: 0, Majority size: -1, State: 0, Mode: NON_LEADER, active raft config: opid_index: -1 OBSOLETE_local: false peers { permanent_uuid: "5531ebd322604aeab30ec9f8340b9903" member_type: VOTER last_known_addr { host: "127.23.101.65" port: 34447 } } peers { permanent_uuid: "b9b7bb2b81484e00913db277638ee570" member_type: VOTER last_known_addr { host: "127.23.101.66" port: 37663 } } peers { permanent_uuid: "b853703ea64b439a86023d70327a55fe" member_type: VOTER last_known_addr { host: "127.23.101.67" port: 42525 } }
I20260601 13:39:55.005436 24839 ts_tablet_manager.cc:1434] T c93511ebb24e4a2ba5e0318993755471 P b853703ea64b439a86023d70327a55fe: Time spent starting tablet: real 0.001s	user 0.001s	sys 0.000s
I20260601 13:39:55.005601 24839 tablet_bootstrap.cc:492] T 04390898923f4eadae08a315a0ee5fda P b853703ea64b439a86023d70327a55fe: Bootstrap starting.
I20260601 13:39:55.006373 24839 tablet_bootstrap.cc:654] T 04390898923f4eadae08a315a0ee5fda P b853703ea64b439a86023d70327a55fe: Neither blocks nor log segments found. Creating new log.
I20260601 13:39:55.006860 24834 tablet_bootstrap.cc:492] T f4369e815b4d40d59eae8659c5de36db P 5531ebd322604aeab30ec9f8340b9903: No bootstrap required, opened a new log
I20260601 13:39:55.006956 24834 ts_tablet_manager.cc:1403] T f4369e815b4d40d59eae8659c5de36db P 5531ebd322604aeab30ec9f8340b9903: Time spent bootstrapping tablet: real 0.003s	user 0.002s	sys 0.000s
I20260601 13:39:55.007344 24834 raft_consensus.cc:359] T f4369e815b4d40d59eae8659c5de36db P 5531ebd322604aeab30ec9f8340b9903 [term 0 FOLLOWER]: Replica starting. Triggering 0 pending ops. Active config: opid_index: -1 OBSOLETE_local: false peers { permanent_uuid: "5531ebd322604aeab30ec9f8340b9903" member_type: VOTER last_known_addr { host: "127.23.101.65" port: 34447 } } peers { permanent_uuid: "b9b7bb2b81484e00913db277638ee570" member_type: VOTER last_known_addr { host: "127.23.101.66" port: 37663 } } peers { permanent_uuid: "b853703ea64b439a86023d70327a55fe" member_type: VOTER last_known_addr { host: "127.23.101.67" port: 42525 } }
I20260601 13:39:55.007447 24839 tablet_bootstrap.cc:492] T 04390898923f4eadae08a315a0ee5fda P b853703ea64b439a86023d70327a55fe: No bootstrap required, opened a new log
I20260601 13:39:55.007448 24834 raft_consensus.cc:385] T f4369e815b4d40d59eae8659c5de36db P 5531ebd322604aeab30ec9f8340b9903 [term 0 FOLLOWER]: Consensus starting up: Expiring failure detector timer to make a prompt election more likely
I20260601 13:39:55.007537 24834 raft_consensus.cc:740] T f4369e815b4d40d59eae8659c5de36db P 5531ebd322604aeab30ec9f8340b9903 [term 0 FOLLOWER]: Becoming Follower/Learner. State: Replica: 5531ebd322604aeab30ec9f8340b9903, State: Initialized, Role: FOLLOWER
I20260601 13:39:55.007542 24839 ts_tablet_manager.cc:1403] T 04390898923f4eadae08a315a0ee5fda P b853703ea64b439a86023d70327a55fe: Time spent bootstrapping tablet: real 0.002s	user 0.001s	sys 0.000s
I20260601 13:39:55.007694 24834 consensus_queue.cc:260] T f4369e815b4d40d59eae8659c5de36db P 5531ebd322604aeab30ec9f8340b9903 [NON_LEADER]: Queue going to NON_LEADER mode. State: All replicated index: 0, Majority replicated index: 0, Committed index: 0, Last appended: 0.0, Last appended by leader: 0, Current term: 0, Majority size: -1, State: 0, Mode: NON_LEADER, active raft config: opid_index: -1 OBSOLETE_local: false peers { permanent_uuid: "5531ebd322604aeab30ec9f8340b9903" member_type: VOTER last_known_addr { host: "127.23.101.65" port: 34447 } } peers { permanent_uuid: "b9b7bb2b81484e00913db277638ee570" member_type: VOTER last_known_addr { host: "127.23.101.66" port: 37663 } } peers { permanent_uuid: "b853703ea64b439a86023d70327a55fe" member_type: VOTER last_known_addr { host: "127.23.101.67" port: 42525 } }
I20260601 13:39:55.008018 24834 ts_tablet_manager.cc:1434] T f4369e815b4d40d59eae8659c5de36db P 5531ebd322604aeab30ec9f8340b9903: Time spent starting tablet: real 0.001s	user 0.001s	sys 0.000s
I20260601 13:39:55.008181 24834 tablet_bootstrap.cc:492] T 04390898923f4eadae08a315a0ee5fda P 5531ebd322604aeab30ec9f8340b9903: Bootstrap starting.
I20260601 13:39:55.008384 24839 raft_consensus.cc:359] T 04390898923f4eadae08a315a0ee5fda P b853703ea64b439a86023d70327a55fe [term 0 FOLLOWER]: Replica starting. Triggering 0 pending ops. Active config: opid_index: -1 OBSOLETE_local: false peers { permanent_uuid: "5531ebd322604aeab30ec9f8340b9903" member_type: VOTER last_known_addr { host: "127.23.101.65" port: 34447 } } peers { permanent_uuid: "b9b7bb2b81484e00913db277638ee570" member_type: VOTER last_known_addr { host: "127.23.101.66" port: 37663 } } peers { permanent_uuid: "b853703ea64b439a86023d70327a55fe" member_type: VOTER last_known_addr { host: "127.23.101.67" port: 42525 } }
I20260601 13:39:55.008476 24839 raft_consensus.cc:385] T 04390898923f4eadae08a315a0ee5fda P b853703ea64b439a86023d70327a55fe [term 0 FOLLOWER]: Consensus starting up: Expiring failure detector timer to make a prompt election more likely
I20260601 13:39:55.008517 24839 raft_consensus.cc:740] T 04390898923f4eadae08a315a0ee5fda P b853703ea64b439a86023d70327a55fe [term 0 FOLLOWER]: Becoming Follower/Learner. State: Replica: b853703ea64b439a86023d70327a55fe, State: Initialized, Role: FOLLOWER
I20260601 13:39:55.008636 24839 consensus_queue.cc:260] T 04390898923f4eadae08a315a0ee5fda P b853703ea64b439a86023d70327a55fe [NON_LEADER]: Queue going to NON_LEADER mode. State: All replicated index: 0, Majority replicated index: 0, Committed index: 0, Last appended: 0.0, Last appended by leader: 0, Current term: 0, Majority size: -1, State: 0, Mode: NON_LEADER, active raft config: opid_index: -1 OBSOLETE_local: false peers { permanent_uuid: "5531ebd322604aeab30ec9f8340b9903" member_type: VOTER last_known_addr { host: "127.23.101.65" port: 34447 } } peers { permanent_uuid: "b9b7bb2b81484e00913db277638ee570" member_type: VOTER last_known_addr { host: "127.23.101.66" port: 37663 } } peers { permanent_uuid: "b853703ea64b439a86023d70327a55fe" member_type: VOTER last_known_addr { host: "127.23.101.67" port: 42525 } }
I20260601 13:39:55.008924 24839 ts_tablet_manager.cc:1434] T 04390898923f4eadae08a315a0ee5fda P b853703ea64b439a86023d70327a55fe: Time spent starting tablet: real 0.001s	user 0.000s	sys 0.000s
I20260601 13:39:55.009191 24834 tablet_bootstrap.cc:654] T 04390898923f4eadae08a315a0ee5fda P 5531ebd322604aeab30ec9f8340b9903: Neither blocks nor log segments found. Creating new log.
I20260601 13:39:55.010316 24834 tablet_bootstrap.cc:492] T 04390898923f4eadae08a315a0ee5fda P 5531ebd322604aeab30ec9f8340b9903: No bootstrap required, opened a new log
