I20260601 13:40:58.485502 11849 raft_consensus.cc:359] T 16cc852b4d70478eb43208134352a075 P cdf6ddcfb48e447a9ea04a7eeb414f3e [term 0 FOLLOWER]: Replica starting. Triggering 0 pending ops. Active config: opid_index: -1 OBSOLETE_local: false peers { permanent_uuid: "cdf6ddcfb48e447a9ea04a7eeb414f3e" member_type: VOTER last_known_addr { host: "127.8.122.131" port: 39707 } } peers { permanent_uuid: "1e9317505fcf4a4e9e01c6df32911f84" member_type: VOTER last_known_addr { host: "127.8.122.129" port: 42897 } } peers { permanent_uuid: "40252e3fb02f4608bfd64615997222a6" member_type: VOTER last_known_addr { host: "127.8.122.132" port: 45147 } }
I20260601 13:40:58.485586 11849 raft_consensus.cc:385] T 16cc852b4d70478eb43208134352a075 P cdf6ddcfb48e447a9ea04a7eeb414f3e [term 0 FOLLOWER]: Consensus starting up: Expiring failure detector timer to make a prompt election more likely
I20260601 13:40:58.485607 11849 raft_consensus.cc:740] T 16cc852b4d70478eb43208134352a075 P cdf6ddcfb48e447a9ea04a7eeb414f3e [term 0 FOLLOWER]: Becoming Follower/Learner. State: Replica: cdf6ddcfb48e447a9ea04a7eeb414f3e, State: Initialized, Role: FOLLOWER
I20260601 13:40:58.485721 11849 consensus_queue.cc:260] T 16cc852b4d70478eb43208134352a075 P cdf6ddcfb48e447a9ea04a7eeb414f3e [NON_LEADER]: Queue going to NON_LEADER mode. State: All replicated index: 0, Majority replicated index: 0, Committed index: 0, Last appended: 0.0, Last appended by leader: 0, Current term: 0, Majority size: -1, State: 0, Mode: NON_LEADER, active raft config: opid_index: -1 OBSOLETE_local: false peers { permanent_uuid: "cdf6ddcfb48e447a9ea04a7eeb414f3e" member_type: VOTER last_known_addr { host: "127.8.122.131" port: 39707 } } peers { permanent_uuid: "1e9317505fcf4a4e9e01c6df32911f84" member_type: VOTER last_known_addr { host: "127.8.122.129" port: 42897 } } peers { permanent_uuid: "40252e3fb02f4608bfd64615997222a6" member_type: VOTER last_known_addr { host: "127.8.122.132" port: 45147 } }
I20260601 13:40:58.485944 11849 ts_tablet_manager.cc:1434] T 16cc852b4d70478eb43208134352a075 P cdf6ddcfb48e447a9ea04a7eeb414f3e: Time spent starting tablet: real 0.001s	user 0.000s	sys 0.000s
I20260601 13:40:58.486083 11849 tablet_bootstrap.cc:492] T 668fe123ea6e446c9a71783893c4f121 P cdf6ddcfb48e447a9ea04a7eeb414f3e: Bootstrap starting.
I20260601 13:40:58.486680 11635 tablet_service.cc:1511] Processing CreateTablet for tablet 16cc852b4d70478eb43208134352a075 (DEFAULT_TABLE table=range_aware_rebalance_new_range [id=c473ca62f931443285988b63b12057fc]), partition=HASH (key) PARTITION 4, RANGE (key) PARTITION 10 <= VALUES < 20
I20260601 13:40:58.486888 11635 data_dirs.cc:400] Could only allocate 1 dirs of requested 3 for tablet 16cc852b4d70478eb43208134352a075. 1 dirs total, 0 dirs full, 0 dirs failed
I20260601 13:40:58.486905 11849 tablet_bootstrap.cc:654] T 668fe123ea6e446c9a71783893c4f121 P cdf6ddcfb48e447a9ea04a7eeb414f3e: Neither blocks nor log segments found. Creating new log.
W20260601 13:40:58.487335 11533 catalog_manager.cc:4809] Async tablet task AlterTable RPC for tablet 16cc852b4d70478eb43208134352a075 (table range_aware_rebalance_new_range [id=c473ca62f931443285988b63b12057fc], current schema version=0) failed: Not found: failed to reset TS proxy: No leader found: Tablet 16cc852b4d70478eb43208134352a075 consensus state has no leader
I20260601 13:40:58.488010 11849 tablet_bootstrap.cc:492] T 668fe123ea6e446c9a71783893c4f121 P cdf6ddcfb48e447a9ea04a7eeb414f3e: No bootstrap required, opened a new log
I20260601 13:40:58.488080 11849 ts_tablet_manager.cc:1403] T 668fe123ea6e446c9a71783893c4f121 P cdf6ddcfb48e447a9ea04a7eeb414f3e: Time spent bootstrapping tablet: real 0.002s	user 0.000s	sys 0.001s
I20260601 13:40:58.488420 11849 raft_consensus.cc:359] T 668fe123ea6e446c9a71783893c4f121 P cdf6ddcfb48e447a9ea04a7eeb414f3e [term 0 FOLLOWER]: Replica starting. Triggering 0 pending ops. Active config: opid_index: -1 OBSOLETE_local: false peers { permanent_uuid: "40252e3fb02f4608bfd64615997222a6" member_type: VOTER last_known_addr { host: "127.8.122.132" port: 45147 } } peers { permanent_uuid: "2bd10342004d41c798d8336cae1a7f37" member_type: VOTER last_known_addr { host: "127.8.122.130" port: 40141 } } peers { permanent_uuid: "cdf6ddcfb48e447a9ea04a7eeb414f3e" member_type: VOTER last_known_addr { host: "127.8.122.131" port: 39707 } }
I20260601 13:40:58.488503 11849 raft_consensus.cc:385] T 668fe123ea6e446c9a71783893c4f121 P cdf6ddcfb48e447a9ea04a7eeb414f3e [term 0 FOLLOWER]: Consensus starting up: Expiring failure detector timer to make a prompt election more likely
I20260601 13:40:58.488533 11849 raft_consensus.cc:740] T 668fe123ea6e446c9a71783893c4f121 P cdf6ddcfb48e447a9ea04a7eeb414f3e [term 0 FOLLOWER]: Becoming Follower/Learner. State: Replica: cdf6ddcfb48e447a9ea04a7eeb414f3e, State: Initialized, Role: FOLLOWER
I20260601 13:40:58.488662 11849 consensus_queue.cc:260] T 668fe123ea6e446c9a71783893c4f121 P cdf6ddcfb48e447a9ea04a7eeb414f3e [NON_LEADER]: Queue going to NON_LEADER mode. State: All replicated index: 0, Majority replicated index: 0, Committed index: 0, Last appended: 0.0, Last appended by leader: 0, Current term: 0, Majority size: -1, State: 0, Mode: NON_LEADER, active raft config: opid_index: -1 OBSOLETE_local: false peers { permanent_uuid: "40252e3fb02f4608bfd64615997222a6" member_type: VOTER last_known_addr { host: "127.8.122.132" port: 45147 } } peers { permanent_uuid: "2bd10342004d41c798d8336cae1a7f37" member_type: VOTER last_known_addr { host: "127.8.122.130" port: 40141 } } peers { permanent_uuid: "cdf6ddcfb48e447a9ea04a7eeb414f3e" member_type: VOTER last_known_addr { host: "127.8.122.131" port: 39707 } }
I20260601 13:40:58.488890 11849 ts_tablet_manager.cc:1434] T 668fe123ea6e446c9a71783893c4f121 P cdf6ddcfb48e447a9ea04a7eeb414f3e: Time spent starting tablet: real 0.001s	user 0.001s	sys 0.000s
I20260601 13:40:58.489317 11849 tablet_bootstrap.cc:492] T 0ccf92c8e85349a29ab6daf42521968d P cdf6ddcfb48e447a9ea04a7eeb414f3e: Bootstrap starting.
I20260601 13:40:58.489540 11715 tablet_service.cc:1511] Processing CreateTablet for tablet 18441f383df14fb08dc6982030e2a832 (DEFAULT_TABLE table=range_aware_rebalance_new_range [id=c473ca62f931443285988b63b12057fc]), partition=HASH (key) PARTITION 6, RANGE (key) PARTITION 10 <= VALUES < 20
I20260601 13:40:58.489698 11931 tablet_service.cc:1511] Processing CreateTablet for tablet 1f6428844ce443289588d1f1369a09b5 (DEFAULT_TABLE table=range_aware_rebalance_new_range [id=c473ca62f931443285988b63b12057fc]), partition=HASH (key) PARTITION 1, RANGE (key) PARTITION 10 <= VALUES < 20
I20260601 13:40:58.489760 11715 data_dirs.cc:400] Could only allocate 1 dirs of requested 3 for tablet 18441f383df14fb08dc6982030e2a832. 1 dirs total, 0 dirs full, 0 dirs failed
I20260601 13:40:58.489962 11931 data_dirs.cc:400] Could only allocate 1 dirs of requested 3 for tablet 1f6428844ce443289588d1f1369a09b5. 1 dirs total, 0 dirs full, 0 dirs failed
I20260601 13:40:58.490032 11711 tablet_service.cc:1511] Processing CreateTablet for tablet bd52b6e710d44929a54bc455310cd47e (DEFAULT_TABLE table=range_aware_rebalance_new_range [id=c473ca62f931443285988b63b12057fc]), partition=HASH (key) PARTITION 2, RANGE (key) PARTITION 10 <= VALUES < 20
I20260601 13:40:58.490233 11711 data_dirs.cc:400] Could only allocate 1 dirs of requested 3 for tablet bd52b6e710d44929a54bc455310cd47e. 1 dirs total, 0 dirs full, 0 dirs failed
I20260601 13:40:58.491699 11976 tablet_bootstrap.cc:492] T 1f6428844ce443289588d1f1369a09b5 P 40252e3fb02f4608bfd64615997222a6: Bootstrap starting.
I20260601 13:40:58.491755 11930 tablet_service.cc:1511] Processing CreateTablet for tablet bd52b6e710d44929a54bc455310cd47e (DEFAULT_TABLE table=range_aware_rebalance_new_range [id=c473ca62f931443285988b63b12057fc]), partition=HASH (key) PARTITION 2, RANGE (key) PARTITION 10 <= VALUES < 20
I20260601 13:40:58.492005 11930 data_dirs.cc:400] Could only allocate 1 dirs of requested 3 for tablet bd52b6e710d44929a54bc455310cd47e. 1 dirs total, 0 dirs full, 0 dirs failed
I20260601 13:40:58.492033 11713 tablet_service.cc:1511] Processing CreateTablet for tablet 41a1a7541af2487c84b112ea1aeaf71e (DEFAULT_TABLE table=range_aware_rebalance_new_range [id=c473ca62f931443285988b63b12057fc]), partition=HASH (key) PARTITION 3, RANGE (key) PARTITION 10 <= VALUES < 20
I20260601 13:40:58.492252 11713 data_dirs.cc:400] Could only allocate 1 dirs of requested 3 for tablet 41a1a7541af2487c84b112ea1aeaf71e. 1 dirs total, 0 dirs full, 0 dirs failed
I20260601 13:40:58.492728 11976 tablet_bootstrap.cc:654] T 1f6428844ce443289588d1f1369a09b5 P 40252e3fb02f4608bfd64615997222a6: Neither blocks nor log segments found. Creating new log.
I20260601 13:40:58.493716 11929 tablet_service.cc:1511] Processing CreateTablet for tablet 41a1a7541af2487c84b112ea1aeaf71e (DEFAULT_TABLE table=range_aware_rebalance_new_range [id=c473ca62f931443285988b63b12057fc]), partition=HASH (key) PARTITION 3, RANGE (key) PARTITION 10 <= VALUES < 20
I20260601 13:40:58.493943 11929 data_dirs.cc:400] Could only allocate 1 dirs of requested 3 for tablet 41a1a7541af2487c84b112ea1aeaf71e. 1 dirs total, 0 dirs full, 0 dirs failed
I20260601 13:40:58.493995 11976 tablet_bootstrap.cc:492] T 1f6428844ce443289588d1f1369a09b5 P 40252e3fb02f4608bfd64615997222a6: No bootstrap required, opened a new log
I20260601 13:40:58.494083 11976 ts_tablet_manager.cc:1403] T 1f6428844ce443289588d1f1369a09b5 P 40252e3fb02f4608bfd64615997222a6: Time spent bootstrapping tablet: real 0.002s	user 0.002s	sys 0.000s
I20260601 13:40:58.494058 11714 tablet_service.cc:1511] Processing CreateTablet for tablet 668fe123ea6e446c9a71783893c4f121 (DEFAULT_TABLE table=range_aware_rebalance_new_range [id=c473ca62f931443285988b63b12057fc]), partition=HASH (key) PARTITION 5, RANGE (key) PARTITION 10 <= VALUES < 20
I20260601 13:40:58.494269 11714 data_dirs.cc:400] Could only allocate 1 dirs of requested 3 for tablet 668fe123ea6e446c9a71783893c4f121. 1 dirs total, 0 dirs full, 0 dirs failed
I20260601 13:40:58.494568 11976 raft_consensus.cc:359] T 1f6428844ce443289588d1f1369a09b5 P 40252e3fb02f4608bfd64615997222a6 [term 0 FOLLOWER]: Replica starting. Triggering 0 pending ops. Active config: opid_index: -1 OBSOLETE_local: false peers { permanent_uuid: "1e9317505fcf4a4e9e01c6df32911f84" member_type: VOTER last_known_addr { host: "127.8.122.129" port: 42897 } } peers { permanent_uuid: "cdf6ddcfb48e447a9ea04a7eeb414f3e" member_type: VOTER last_known_addr { host: "127.8.122.131" port: 39707 } } peers { permanent_uuid: "40252e3fb02f4608bfd64615997222a6" member_type: VOTER last_known_addr { host: "127.8.122.132" port: 45147 } }
I20260601 13:40:58.494663 11976 raft_consensus.cc:385] T 1f6428844ce443289588d1f1369a09b5 P 40252e3fb02f4608bfd64615997222a6 [term 0 FOLLOWER]: Consensus starting up: Expiring failure detector timer to make a prompt election more likely
I20260601 13:40:58.494688 11976 raft_consensus.cc:740] T 1f6428844ce443289588d1f1369a09b5 P 40252e3fb02f4608bfd64615997222a6 [term 0 FOLLOWER]: Becoming Follower/Learner. State: Replica: 40252e3fb02f4608bfd64615997222a6, State: Initialized, Role: FOLLOWER
I20260601 13:40:58.494815 11976 consensus_queue.cc:260] T 1f6428844ce443289588d1f1369a09b5 P 40252e3fb02f4608bfd64615997222a6 [NON_LEADER]: Queue going to NON_LEADER mode. State: All replicated index: 0, Majority replicated index: 0, Committed index: 0, Last appended: 0.0, Last appended by leader: 0, Current term: 0, Majority size: -1, State: 0, Mode: NON_LEADER, active raft config: opid_index: -1 OBSOLETE_local: false peers { permanent_uuid: "1e9317505fcf4a4e9e01c6df32911f84" member_type: VOTER last_known_addr { host: "127.8.122.129" port: 42897 } } peers { permanent_uuid: "cdf6ddcfb48e447a9ea04a7eeb414f3e" member_type: VOTER last_known_addr { host: "127.8.122.131" port: 39707 } } peers { permanent_uuid: "40252e3fb02f4608bfd64615997222a6" member_type: VOTER last_known_addr { host: "127.8.122.132" port: 45147 } }
I20260601 13:40:58.495150 11976 ts_tablet_manager.cc:1434] T 1f6428844ce443289588d1f1369a09b5 P 40252e3fb02f4608bfd64615997222a6: Time spent starting tablet: real 0.001s	user 0.001s	sys 0.000s
I20260601 13:40:58.495324 11968 heartbeater.cc:499] Master 127.8.122.190:44979 was elected leader, sending a full tablet report...
I20260601 13:40:58.495381 11976 tablet_bootstrap.cc:492] T bd52b6e710d44929a54bc455310cd47e P 40252e3fb02f4608bfd64615997222a6: Bootstrap starting.
I20260601 13:40:58.495563 11932 tablet_service.cc:1511] Processing CreateTablet for tablet 33332a3d61684aaaba9a703432006e3f (DEFAULT_TABLE table=range_aware_rebalance_new_range [id=c473ca62f931443285988b63b12057fc]), partition=HASH (key) PARTITION 0, RANGE (key) PARTITION 10 <= VALUES < 20
I20260601 13:40:58.495800 11932 data_dirs.cc:400] Could only allocate 1 dirs of requested 3 for tablet 33332a3d61684aaaba9a703432006e3f. 1 dirs total, 0 dirs full, 0 dirs failed
I20260601 13:40:58.495874 11927 tablet_service.cc:1511] Processing CreateTablet for tablet 668fe123ea6e446c9a71783893c4f121 (DEFAULT_TABLE table=range_aware_rebalance_new_range [id=c473ca62f931443285988b63b12057fc]), partition=HASH (key) PARTITION 5, RANGE (key) PARTITION 10 <= VALUES < 20
I20260601 13:40:58.496114 11927 data_dirs.cc:400] Could only allocate 1 dirs of requested 3 for tablet 668fe123ea6e446c9a71783893c4f121. 1 dirs total, 0 dirs full, 0 dirs failed
I20260601 13:40:58.496419 11976 tablet_bootstrap.cc:654] T bd52b6e710d44929a54bc455310cd47e P 40252e3fb02f4608bfd64615997222a6: Neither blocks nor log segments found. Creating new log.
I20260601 13:40:58.497383 11976 tablet_bootstrap.cc:492] T bd52b6e710d44929a54bc455310cd47e P 40252e3fb02f4608bfd64615997222a6: No bootstrap required, opened a new log
I20260601 13:40:58.497464 11976 ts_tablet_manager.cc:1403] T bd52b6e710d44929a54bc455310cd47e P 40252e3fb02f4608bfd64615997222a6: Time spent bootstrapping tablet: real 0.002s	user 0.002s	sys 0.000s
I20260601 13:40:58.497581 11928 tablet_service.cc:1511] Processing CreateTablet for tablet 16cc852b4d70478eb43208134352a075 (DEFAULT_TABLE table=range_aware_rebalance_new_range [id=c473ca62f931443285988b63b12057fc]), partition=HASH (key) PARTITION 4, RANGE (key) PARTITION 10 <= VALUES < 20
I20260601 13:40:58.497776 11928 data_dirs.cc:400] Could only allocate 1 dirs of requested 3 for tablet 16cc852b4d70478eb43208134352a075. 1 dirs total, 0 dirs full, 0 dirs failed
I20260601 13:40:58.497853 11976 raft_consensus.cc:359] T bd52b6e710d44929a54bc455310cd47e P 40252e3fb02f4608bfd64615997222a6 [term 0 FOLLOWER]: Replica starting. Triggering 0 pending ops. Active config: opid_index: -1 OBSOLETE_local: false peers { permanent_uuid: "40252e3fb02f4608bfd64615997222a6" member_type: VOTER last_known_addr { host: "127.8.122.132" port: 45147 } } peers { permanent_uuid: "2bd10342004d41c798d8336cae1a7f37" member_type: VOTER last_known_addr { host: "127.8.122.130" port: 40141 } } peers { permanent_uuid: "cdf6ddcfb48e447a9ea04a7eeb414f3e" member_type: VOTER last_known_addr { host: "127.8.122.131" port: 39707 } }
I20260601 13:40:58.497956 11976 raft_consensus.cc:385] T bd52b6e710d44929a54bc455310cd47e P 40252e3fb02f4608bfd64615997222a6 [term 0 FOLLOWER]: Consensus starting up: Expiring failure detector timer to make a prompt election more likely
I20260601 13:40:58.497987 11976 raft_consensus.cc:740] T bd52b6e710d44929a54bc455310cd47e P 40252e3fb02f4608bfd64615997222a6 [term 0 FOLLOWER]: Becoming Follower/Learner. State: Replica: 40252e3fb02f4608bfd64615997222a6, State: Initialized, Role: FOLLOWER
I20260601 13:40:58.498049 11925 tablet_service.cc:1511] Processing CreateTablet for tablet 0ccf92c8e85349a29ab6daf42521968d (DEFAULT_TABLE table=range_aware_rebalance_new_range [id=c473ca62f931443285988b63b12057fc]), partition=HASH (key) PARTITION 7, RANGE (key) PARTITION 10 <= VALUES < 20
I20260601 13:40:58.498102 11976 consensus_queue.cc:260] T bd52b6e710d44929a54bc455310cd47e P 40252e3fb02f4608bfd64615997222a6 [NON_LEADER]: Queue going to NON_LEADER mode. State: All replicated index: 0, Majority replicated index: 0, Committed index: 0, Last appended: 0.0, Last appended by leader: 0, Current term: 0, Majority size: -1, State: 0, Mode: NON_LEADER, active raft config: opid_index: -1 OBSOLETE_local: false peers { permanent_uuid: "40252e3fb02f4608bfd64615997222a6" member_type: VOTER last_known_addr { host: "127.8.122.132" port: 45147 } } peers { permanent_uuid: "2bd10342004d41c798d8336cae1a7f37" member_type: VOTER last_known_addr { host: "127.8.122.130" port: 40141 } } peers { permanent_uuid: "cdf6ddcfb48e447a9ea04a7eeb414f3e" member_type: VOTER last_known_addr { host: "127.8.122.131" port: 39707 } }
I20260601 13:40:58.498481 11976 ts_tablet_manager.cc:1434] T bd52b6e710d44929a54bc455310cd47e P 40252e3fb02f4608bfd64615997222a6: Time spent starting tablet: real 0.001s	user 0.001s	sys 0.000s
I20260601 13:40:58.498521 11925 data_dirs.cc:400] Could only allocate 1 dirs of requested 3 for tablet 0ccf92c8e85349a29ab6daf42521968d. 1 dirs total, 0 dirs full, 0 dirs failed
I20260601 13:40:58.498626 11976 tablet_bootstrap.cc:492] T 41a1a7541af2487c84b112ea1aeaf71e P 40252e3fb02f4608bfd64615997222a6: Bootstrap starting.
I20260601 13:40:58.499303 11926 tablet_service.cc:1511] Processing CreateTablet for tablet 18441f383df14fb08dc6982030e2a832 (DEFAULT_TABLE table=range_aware_rebalance_new_range [id=c473ca62f931443285988b63b12057fc]), partition=HASH (key) PARTITION 6, RANGE (key) PARTITION 10 <= VALUES < 20
I20260601 13:40:58.499606 11976 tablet_bootstrap.cc:654] T 41a1a7541af2487c84b112ea1aeaf71e P 40252e3fb02f4608bfd64615997222a6: Neither blocks nor log segments found. Creating new log.
I20260601 13:40:58.499711 11926 data_dirs.cc:400] Could only allocate 1 dirs of requested 3 for tablet 18441f383df14fb08dc6982030e2a832. 1 dirs total, 0 dirs full, 0 dirs failed
I20260601 13:40:58.500190 11850 tablet_bootstrap.cc:492] T 33332a3d61684aaaba9a703432006e3f P 2bd10342004d41c798d8336cae1a7f37: Bootstrap starting.
I20260601 13:40:58.500749 11856 tablet_bootstrap.cc:492] T 33332a3d61684aaaba9a703432006e3f P 1e9317505fcf4a4e9e01c6df32911f84: No bootstrap required, opened a new log
I20260601 13:40:58.500818 11856 ts_tablet_manager.cc:1403] T 33332a3d61684aaaba9a703432006e3f P 1e9317505fcf4a4e9e01c6df32911f84: Time spent bootstrapping tablet: real 0.023s	user 0.002s	sys 0.000s
I20260601 13:40:58.501080 11850 tablet_bootstrap.cc:654] T 33332a3d61684aaaba9a703432006e3f P 2bd10342004d41c798d8336cae1a7f37: Neither blocks nor log segments found. Creating new log.
I20260601 13:40:58.501209 11856 raft_consensus.cc:359] T 33332a3d61684aaaba9a703432006e3f P 1e9317505fcf4a4e9e01c6df32911f84 [term 0 FOLLOWER]: Replica starting. Triggering 0 pending ops. Active config: opid_index: -1 OBSOLETE_local: false peers { permanent_uuid: "40252e3fb02f4608bfd64615997222a6" member_type: VOTER last_known_addr { host: "127.8.122.132" port: 45147 } } peers { permanent_uuid: "1e9317505fcf4a4e9e01c6df32911f84" member_type: VOTER last_known_addr { host: "127.8.122.129" port: 42897 } } peers { permanent_uuid: "2bd10342004d41c798d8336cae1a7f37" member_type: VOTER last_known_addr { host: "127.8.122.130" port: 40141 } }
I20260601 13:40:58.501291 11856 raft_consensus.cc:385] T 33332a3d61684aaaba9a703432006e3f P 1e9317505fcf4a4e9e01c6df32911f84 [term 0 FOLLOWER]: Consensus starting up: Expiring failure detector timer to make a prompt election more likely
I20260601 13:40:58.501332 11856 raft_consensus.cc:740] T 33332a3d61684aaaba9a703432006e3f P 1e9317505fcf4a4e9e01c6df32911f84 [term 0 FOLLOWER]: Becoming Follower/Learner. State: Replica: 1e9317505fcf4a4e9e01c6df32911f84, State: Initialized, Role: FOLLOWER
I20260601 13:40:58.501436 11856 consensus_queue.cc:260] T 33332a3d61684aaaba9a703432006e3f P 1e9317505fcf4a4e9e01c6df32911f84 [NON_LEADER]: Queue going to NON_LEADER mode. State: All replicated index: 0, Majority replicated index: 0, Committed index: 0, Last appended: 0.0, Last appended by leader: 0, Current term: 0, Majority size: -1, State: 0, Mode: NON_LEADER, active raft config: opid_index: -1 OBSOLETE_local: false peers { permanent_uuid: "40252e3fb02f4608bfd64615997222a6" member_type: VOTER last_known_addr { host: "127.8.122.132" port: 45147 } } peers { permanent_uuid: "1e9317505fcf4a4e9e01c6df32911f84" member_type: VOTER last_known_addr { host: "127.8.122.129" port: 42897 } } peers { permanent_uuid: "2bd10342004d41c798d8336cae1a7f37" member_type: VOTER last_known_addr { host: "127.8.122.130" port: 40141 } }
I20260601 13:40:58.501683 11856 ts_tablet_manager.cc:1434] T 33332a3d61684aaaba9a703432006e3f P 1e9317505fcf4a4e9e01c6df32911f84: Time spent starting tablet: real 0.001s	user 0.001s	sys 0.000s
I20260601 13:40:58.501847 11856 tablet_bootstrap.cc:492] T 1f6428844ce443289588d1f1369a09b5 P 1e9317505fcf4a4e9e01c6df32911f84: Bootstrap starting.
I20260601 13:40:58.502596 11849 tablet_bootstrap.cc:654] T 0ccf92c8e85349a29ab6daf42521968d P cdf6ddcfb48e447a9ea04a7eeb414f3e: Neither blocks nor log segments found. Creating new log.
I20260601 13:40:58.502667 11856 tablet_bootstrap.cc:654] T 1f6428844ce443289588d1f1369a09b5 P 1e9317505fcf4a4e9e01c6df32911f84: Neither blocks nor log segments found. Creating new log.
I20260601 13:40:58.503496 11850 tablet_bootstrap.cc:492] T 33332a3d61684aaaba9a703432006e3f P 2bd10342004d41c798d8336cae1a7f37: No bootstrap required, opened a new log
I20260601 13:40:58.503578 11850 ts_tablet_manager.cc:1403] T 33332a3d61684aaaba9a703432006e3f P 2bd10342004d41c798d8336cae1a7f37: Time spent bootstrapping tablet: real 0.003s	user 0.002s	sys 0.000s
I20260601 13:40:58.504004 11850 raft_consensus.cc:359] T 33332a3d61684aaaba9a703432006e3f P 2bd10342004d41c798d8336cae1a7f37 [term 0 FOLLOWER]: Replica starting. Triggering 0 pending ops. Active config: opid_index: -1 OBSOLETE_local: false peers { permanent_uuid: "40252e3fb02f4608bfd64615997222a6" member_type: VOTER last_known_addr { host: "127.8.122.132" port: 45147 } } peers { permanent_uuid: "1e9317505fcf4a4e9e01c6df32911f84" member_type: VOTER last_known_addr { host: "127.8.122.129" port: 42897 } } peers { permanent_uuid: "2bd10342004d41c798d8336cae1a7f37" member_type: VOTER last_known_addr { host: "127.8.122.130" port: 40141 } }
I20260601 13:40:58.504101 11850 raft_consensus.cc:385] T 33332a3d61684aaaba9a703432006e3f P 2bd10342004d41c798d8336cae1a7f37 [term 0 FOLLOWER]: Consensus starting up: Expiring failure detector timer to make a prompt election more likely
I20260601 13:40:58.504136 11850 raft_consensus.cc:740] T 33332a3d61684aaaba9a703432006e3f P 2bd10342004d41c798d8336cae1a7f37 [term 0 FOLLOWER]: Becoming Follower/Learner. State: Replica: 2bd10342004d41c798d8336cae1a7f37, State: Initialized, Role: FOLLOWER
I20260601 13:40:58.504230 11850 consensus_queue.cc:260] T 33332a3d61684aaaba9a703432006e3f P 2bd10342004d41c798d8336cae1a7f37 [NON_LEADER]: Queue going to NON_LEADER mode. State: All replicated index: 0, Majority replicated index: 0, Committed index: 0, Last appended: 0.0, Last appended by leader: 0, Current term: 0, Majority size: -1, State: 0, Mode: NON_LEADER, active raft config: opid_index: -1 OBSOLETE_local: false peers { permanent_uuid: "40252e3fb02f4608bfd64615997222a6" member_type: VOTER last_known_addr { host: "127.8.122.132" port: 45147 } } peers { permanent_uuid: "1e9317505fcf4a4e9e01c6df32911f84" member_type: VOTER last_known_addr { host: "127.8.122.129" port: 42897 } } peers { permanent_uuid: "2bd10342004d41c798d8336cae1a7f37" member_type: VOTER last_known_addr { host: "127.8.122.130" port: 40141 } }
I20260601 13:40:58.504379 11976 tablet_bootstrap.cc:492] T 41a1a7541af2487c84b112ea1aeaf71e P 40252e3fb02f4608bfd64615997222a6: No bootstrap required, opened a new log
I20260601 13:40:58.504452 11976 ts_tablet_manager.cc:1403] T 41a1a7541af2487c84b112ea1aeaf71e P 40252e3fb02f4608bfd64615997222a6: Time spent bootstrapping tablet: real 0.006s	user 0.002s	sys 0.000s
I20260601 13:40:58.504467 11850 ts_tablet_manager.cc:1434] T 33332a3d61684aaaba9a703432006e3f P 2bd10342004d41c798d8336cae1a7f37: Time spent starting tablet: real 0.001s	user 0.001s	sys 0.000s
I20260601 13:40:58.504634 11850 tablet_bootstrap.cc:492] T 18441f383df14fb08dc6982030e2a832 P 2bd10342004d41c798d8336cae1a7f37: Bootstrap starting.
I20260601 13:40:58.504834 11976 raft_consensus.cc:359] T 41a1a7541af2487c84b112ea1aeaf71e P 40252e3fb02f4608bfd64615997222a6 [term 0 FOLLOWER]: Replica starting. Triggering 0 pending ops. Active config: opid_index: -1 OBSOLETE_local: false peers { permanent_uuid: "40252e3fb02f4608bfd64615997222a6" member_type: VOTER last_known_addr { host: "127.8.122.132" port: 45147 } } peers { permanent_uuid: "2bd10342004d41c798d8336cae1a7f37" member_type: VOTER last_known_addr { host: "127.8.122.130" port: 40141 } } peers { permanent_uuid: "1e9317505fcf4a4e9e01c6df32911f84" member_type: VOTER last_known_addr { host: "127.8.122.129" port: 42897 } }
I20260601 13:40:58.504941 11976 raft_consensus.cc:385] T 41a1a7541af2487c84b112ea1aeaf71e P 40252e3fb02f4608bfd64615997222a6 [term 0 FOLLOWER]: Consensus starting up: Expiring failure detector timer to make a prompt election more likely
I20260601 13:40:58.504979 11976 raft_consensus.cc:740] T 41a1a7541af2487c84b112ea1aeaf71e P 40252e3fb02f4608bfd64615997222a6 [term 0 FOLLOWER]: Becoming Follower/Learner. State: Replica: 40252e3fb02f4608bfd64615997222a6, State: Initialized, Role: FOLLOWER
I20260601 13:40:58.505089 11976 consensus_queue.cc:260] T 41a1a7541af2487c84b112ea1aeaf71e P 40252e3fb02f4608bfd64615997222a6 [NON_LEADER]: Queue going to NON_LEADER mode. State: All replicated index: 0, Majority replicated index: 0, Committed index: 0, Last appended: 0.0, Last appended by leader: 0, Current term: 0, Majority size: -1, State: 0, Mode: NON_LEADER, active raft config: opid_index: -1 OBSOLETE_local: false peers { permanent_uuid: "40252e3fb02f4608bfd64615997222a6" member_type: VOTER last_known_addr { host: "127.8.122.132" port: 45147 } } peers { permanent_uuid: "2bd10342004d41c798d8336cae1a7f37" member_type: VOTER last_known_addr { host: "127.8.122.130" port: 40141 } } peers { permanent_uuid: "1e9317505fcf4a4e9e01c6df32911f84" member_type: VOTER last_known_addr { host: "127.8.122.129" port: 42897 } }
I20260601 13:40:58.505306 11976 ts_tablet_manager.cc:1434] T 41a1a7541af2487c84b112ea1aeaf71e P 40252e3fb02f4608bfd64615997222a6: Time spent starting tablet: real 0.001s	user 0.001s	sys 0.000s
I20260601 13:40:58.505463 11976 tablet_bootstrap.cc:492] T 33332a3d61684aaaba9a703432006e3f P 40252e3fb02f4608bfd64615997222a6: Bootstrap starting.
I20260601 13:40:58.505503 11850 tablet_bootstrap.cc:654] T 18441f383df14fb08dc6982030e2a832 P 2bd10342004d41c798d8336cae1a7f37: Neither blocks nor log segments found. Creating new log.
I20260601 13:40:58.506436 11976 tablet_bootstrap.cc:654] T 33332a3d61684aaaba9a703432006e3f P 40252e3fb02f4608bfd64615997222a6: Neither blocks nor log segments found. Creating new log.
I20260601 13:40:58.506449 11856 tablet_bootstrap.cc:492] T 1f6428844ce443289588d1f1369a09b5 P 1e9317505fcf4a4e9e01c6df32911f84: No bootstrap required, opened a new log
I20260601 13:40:58.506525 11856 ts_tablet_manager.cc:1403] T 1f6428844ce443289588d1f1369a09b5 P 1e9317505fcf4a4e9e01c6df32911f84: Time spent bootstrapping tablet: real 0.005s	user 0.001s	sys 0.000s
I20260601 13:40:58.506923 11856 raft_consensus.cc:359] T 1f6428844ce443289588d1f1369a09b5 P 1e9317505fcf4a4e9e01c6df32911f84 [term 0 FOLLOWER]: Replica starting. Triggering 0 pending ops. Active config: opid_index: -1 OBSOLETE_local: false peers { permanent_uuid: "1e9317505fcf4a4e9e01c6df32911f84" member_type: VOTER last_known_addr { host: "127.8.122.129" port: 42897 } } peers { permanent_uuid: "cdf6ddcfb48e447a9ea04a7eeb414f3e" member_type: VOTER last_known_addr { host: "127.8.122.131" port: 39707 } } peers { permanent_uuid: "40252e3fb02f4608bfd64615997222a6" member_type: VOTER last_known_addr { host: "127.8.122.132" port: 45147 } }
I20260601 13:40:58.507030 11856 raft_consensus.cc:385] T 1f6428844ce443289588d1f1369a09b5 P 1e9317505fcf4a4e9e01c6df32911f84 [term 0 FOLLOWER]: Consensus starting up: Expiring failure detector timer to make a prompt election more likely
I20260601 13:40:58.507046 11849 tablet_bootstrap.cc:492] T 0ccf92c8e85349a29ab6daf42521968d P cdf6ddcfb48e447a9ea04a7eeb414f3e: No bootstrap required, opened a new log
I20260601 13:40:58.507069 11856 raft_consensus.cc:740] T 1f6428844ce443289588d1f1369a09b5 P 1e9317505fcf4a4e9e01c6df32911f84 [term 0 FOLLOWER]: Becoming Follower/Learner. State: Replica: 1e9317505fcf4a4e9e01c6df32911f84, State: Initialized, Role: FOLLOWER
I20260601 13:40:58.507114 11849 ts_tablet_manager.cc:1403] T 0ccf92c8e85349a29ab6daf42521968d P cdf6ddcfb48e447a9ea04a7eeb414f3e: Time spent bootstrapping tablet: real 0.018s	user 0.001s	sys 0.000s
I20260601 13:40:58.507541 11849 raft_consensus.cc:359] T 0ccf92c8e85349a29ab6daf42521968d P cdf6ddcfb48e447a9ea04a7eeb414f3e [term 0 FOLLOWER]: Replica starting. Triggering 0 pending ops. Active config: opid_index: -1 OBSOLETE_local: false peers { permanent_uuid: "40252e3fb02f4608bfd64615997222a6" member_type: VOTER last_known_addr { host: "127.8.122.132" port: 45147 } } peers { permanent_uuid: "1e9317505fcf4a4e9e01c6df32911f84" member_type: VOTER last_known_addr { host: "127.8.122.129" port: 42897 } } peers { permanent_uuid: "cdf6ddcfb48e447a9ea04a7eeb414f3e" member_type: VOTER last_known_addr { host: "127.8.122.131" port: 39707 } }
I20260601 13:40:58.507627 11849 raft_consensus.cc:385] T 0ccf92c8e85349a29ab6daf42521968d P cdf6ddcfb48e447a9ea04a7eeb414f3e [term 0 FOLLOWER]: Consensus starting up: Expiring failure detector timer to make a prompt election more likely
I20260601 13:40:58.507659 11849 raft_consensus.cc:740] T 0ccf92c8e85349a29ab6daf42521968d P cdf6ddcfb48e447a9ea04a7eeb414f3e [term 0 FOLLOWER]: Becoming Follower/Learner. State: Replica: cdf6ddcfb48e447a9ea04a7eeb414f3e, State: Initialized, Role: FOLLOWER
I20260601 13:40:58.507754 11849 consensus_queue.cc:260] T 0ccf92c8e85349a29ab6daf42521968d P cdf6ddcfb48e447a9ea04a7eeb414f3e [NON_LEADER]: Queue going to NON_LEADER mode. State: All replicated index: 0, Majority replicated index: 0, Committed index: 0, Last appended: 0.0, Last appended by leader: 0, Current term: 0, Majority size: -1, State: 0, Mode: NON_LEADER, active raft config: opid_index: -1 OBSOLETE_local: false peers { permanent_uuid: "40252e3fb02f4608bfd64615997222a6" member_type: VOTER last_known_addr { host: "127.8.122.132" port: 45147 } } peers { permanent_uuid: "1e9317505fcf4a4e9e01c6df32911f84" member_type: VOTER last_known_addr { host: "127.8.122.129" port: 42897 } } peers { permanent_uuid: "cdf6ddcfb48e447a9ea04a7eeb414f3e" member_type: VOTER last_known_addr { host: "127.8.122.131" port: 39707 } }
I20260601 13:40:58.507758 11976 tablet_bootstrap.cc:492] T 33332a3d61684aaaba9a703432006e3f P 40252e3fb02f4608bfd64615997222a6: No bootstrap required, opened a new log
I20260601 13:40:58.507930 11976 ts_tablet_manager.cc:1403] T 33332a3d61684aaaba9a703432006e3f P 40252e3fb02f4608bfd64615997222a6: Time spent bootstrapping tablet: real 0.003s	user 0.002s	sys 0.000s
I20260601 13:40:58.507851 11850 tablet_bootstrap.cc:492] T 18441f383df14fb08dc6982030e2a832 P 2bd10342004d41c798d8336cae1a7f37: No bootstrap required, opened a new log
I20260601 13:40:58.508085 11850 ts_tablet_manager.cc:1403] T 18441f383df14fb08dc6982030e2a832 P 2bd10342004d41c798d8336cae1a7f37: Time spent bootstrapping tablet: real 0.003s	user 0.002s	sys 0.000s
I20260601 13:40:58.508332 11976 raft_consensus.cc:359] T 33332a3d61684aaaba9a703432006e3f P 40252e3fb02f4608bfd64615997222a6 [term 0 FOLLOWER]: Replica starting. Triggering 0 pending ops. Active config: opid_index: -1 OBSOLETE_local: false peers { permanent_uuid: "40252e3fb02f4608bfd64615997222a6" member_type: VOTER last_known_addr { host: "127.8.122.132" port: 45147 } } peers { permanent_uuid: "1e9317505fcf4a4e9e01c6df32911f84" member_type: VOTER last_known_addr { host: "127.8.122.129" port: 42897 } } peers { permanent_uuid: "2bd10342004d41c798d8336cae1a7f37" member_type: VOTER last_known_addr { host: "127.8.122.130" port: 40141 } }
I20260601 13:40:58.508417 11976 raft_consensus.cc:385] T 33332a3d61684aaaba9a703432006e3f P 40252e3fb02f4608bfd64615997222a6 [term 0 FOLLOWER]: Consensus starting up: Expiring failure detector timer to make a prompt election more likely
I20260601 13:40:58.508445 11850 raft_consensus.cc:359] T 18441f383df14fb08dc6982030e2a832 P 2bd10342004d41c798d8336cae1a7f37 [term 0 FOLLOWER]: Replica starting. Triggering 0 pending ops. Active config: opid_index: -1 OBSOLETE_local: false peers { permanent_uuid: "40252e3fb02f4608bfd64615997222a6" member_type: VOTER last_known_addr { host: "127.8.122.132" port: 45147 } } peers { permanent_uuid: "2bd10342004d41c798d8336cae1a7f37" member_type: VOTER last_known_addr { host: "127.8.122.130" port: 40141 } } peers { permanent_uuid: "1e9317505fcf4a4e9e01c6df32911f84" member_type: VOTER last_known_addr { host: "127.8.122.129" port: 42897 } }
I20260601 13:40:58.508539 11850 raft_consensus.cc:385] T 18441f383df14fb08dc6982030e2a832 P 2bd10342004d41c798d8336cae1a7f37 [term 0 FOLLOWER]: Consensus starting up: Expiring failure detector timer to make a prompt election more likely
I20260601 13:40:58.508570 11850 raft_consensus.cc:740] T 18441f383df14fb08dc6982030e2a832 P 2bd10342004d41c798d8336cae1a7f37 [term 0 FOLLOWER]: Becoming Follower/Learner. State: Replica: 2bd10342004d41c798d8336cae1a7f37, State: Initialized, Role: FOLLOWER
I20260601 13:40:58.508651 11850 consensus_queue.cc:260] T 18441f383df14fb08dc6982030e2a832 P 2bd10342004d41c798d8336cae1a7f37 [NON_LEADER]: Queue going to NON_LEADER mode. State: All replicated index: 0, Majority replicated index: 0, Committed index: 0, Last appended: 0.0, Last appended by leader: 0, Current term: 0, Majority size: -1, State: 0, Mode: NON_LEADER, active raft config: opid_index: -1 OBSOLETE_local: false peers { permanent_uuid: "40252e3fb02f4608bfd64615997222a6" member_type: VOTER last_known_addr { host: "127.8.122.132" port: 45147 } } peers { permanent_uuid: "2bd10342004d41c798d8336cae1a7f37" member_type: VOTER last_known_addr { host: "127.8.122.130" port: 40141 } } peers { permanent_uuid: "1e9317505fcf4a4e9e01c6df32911f84" member_type: VOTER last_known_addr { host: "127.8.122.129" port: 42897 } }
I20260601 13:40:58.508447 11976 raft_consensus.cc:740] T 33332a3d61684aaaba9a703432006e3f P 40252e3fb02f4608bfd64615997222a6 [term 0 FOLLOWER]: Becoming Follower/Learner. State: Replica: 40252e3fb02f4608bfd64615997222a6, State: Initialized, Role: FOLLOWER
I20260601 13:40:58.508018 11849 ts_tablet_manager.cc:1434] T 0ccf92c8e85349a29ab6daf42521968d P cdf6ddcfb48e447a9ea04a7eeb414f3e: Time spent starting tablet: real 0.001s	user 0.001s	sys 0.000s
I20260601 13:40:58.508908 11849 tablet_bootstrap.cc:492] T 1f6428844ce443289588d1f1369a09b5 P cdf6ddcfb48e447a9ea04a7eeb414f3e: Bootstrap starting.
I20260601 13:40:58.508869 11976 consensus_queue.cc:260] T 33332a3d61684aaaba9a703432006e3f P 40252e3fb02f4608bfd64615997222a6 [NON_LEADER]: Queue going to NON_LEADER mode. State: All replicated index: 0, Majority replicated index: 0, Committed index: 0, Last appended: 0.0, Last appended by leader: 0, Current term: 0, Majority size: -1, State: 0, Mode: NON_LEADER, active raft config: opid_index: -1 OBSOLETE_local: false peers { permanent_uuid: "40252e3fb02f4608bfd64615997222a6" member_type: VOTER last_known_addr { host: "127.8.122.132" port: 45147 } } peers { permanent_uuid: "1e9317505fcf4a4e9e01c6df32911f84" member_type: VOTER last_known_addr { host: "127.8.122.129" port: 42897 } } peers { permanent_uuid: "2bd10342004d41c798d8336cae1a7f37" member_type: VOTER last_known_addr { host: "127.8.122.130" port: 40141 } }
I20260601 13:40:58.509116 11976 ts_tablet_manager.cc:1434] T 33332a3d61684aaaba9a703432006e3f P 40252e3fb02f4608bfd64615997222a6: Time spent starting tablet: real 0.001s	user 0.001s	sys 0.000s
I20260601 13:40:58.509270 11976 tablet_bootstrap.cc:492] T 668fe123ea6e446c9a71783893c4f121 P 40252e3fb02f4608bfd64615997222a6: Bootstrap starting.
I20260601 13:40:58.509718 11849 tablet_bootstrap.cc:654] T 1f6428844ce443289588d1f1369a09b5 P cdf6ddcfb48e447a9ea04a7eeb414f3e: Neither blocks nor log segments found. Creating new log.
I20260601 13:40:58.510142 11976 tablet_bootstrap.cc:654] T 668fe123ea6e446c9a71783893c4f121 P 40252e3fb02f4608bfd64615997222a6: Neither blocks nor log segments found. Creating new log.
I20260601 13:40:58.510651 11849 tablet_bootstrap.cc:492] T 1f6428844ce443289588d1f1369a09b5 P cdf6ddcfb48e447a9ea04a7eeb414f3e: No bootstrap required, opened a new log
I20260601 13:40:58.510721 11849 ts_tablet_manager.cc:1403] T 1f6428844ce443289588d1f1369a09b5 P cdf6ddcfb48e447a9ea04a7eeb414f3e: Time spent bootstrapping tablet: real 0.002s	user 0.001s	sys 0.000s
I20260601 13:40:58.507893 11856 consensus_queue.cc:260] T 1f6428844ce443289588d1f1369a09b5 P 1e9317505fcf4a4e9e01c6df32911f84 [NON_LEADER]: Queue going to NON_LEADER mode. State: All replicated index: 0, Majority replicated index: 0, Committed index: 0, Last appended: 0.0, Last appended by leader: 0, Current term: 0, Majority size: -1, State: 0, Mode: NON_LEADER, active raft config: opid_index: -1 OBSOLETE_local: false peers { permanent_uuid: "1e9317505fcf4a4e9e01c6df32911f84" member_type: VOTER last_known_addr { host: "127.8.122.129" port: 42897 } } peers { permanent_uuid: "cdf6ddcfb48e447a9ea04a7eeb414f3e" member_type: VOTER last_known_addr { host: "127.8.122.131" port: 39707 } } peers { permanent_uuid: "40252e3fb02f4608bfd64615997222a6" member_type: VOTER last_known_addr { host: "127.8.122.132" port: 45147 } }
I20260601 13:40:58.511099 11976 tablet_bootstrap.cc:492] T 668fe123ea6e446c9a71783893c4f121 P 40252e3fb02f4608bfd64615997222a6: No bootstrap required, opened a new log
I20260601 13:40:58.511171 11976 ts_tablet_manager.cc:1403] T 668fe123ea6e446c9a71783893c4f121 P 40252e3fb02f4608bfd64615997222a6: Time spent bootstrapping tablet: real 0.002s	user 0.001s	sys 0.000s
I20260601 13:40:58.511332 11856 ts_tablet_manager.cc:1434] T 1f6428844ce443289588d1f1369a09b5 P 1e9317505fcf4a4e9e01c6df32911f84: Time spent starting tablet: real 0.005s	user 0.001s	sys 0.000s
I20260601 13:40:58.511384 11849 raft_consensus.cc:359] T 1f6428844ce443289588d1f1369a09b5 P cdf6ddcfb48e447a9ea04a7eeb414f3e [term 0 FOLLOWER]: Replica starting. Triggering 0 pending ops. Active config: opid_index: -1 OBSOLETE_local: false peers { permanent_uuid: "1e9317505fcf4a4e9e01c6df32911f84" member_type: VOTER last_known_addr { host: "127.8.122.129" port: 42897 } } peers { permanent_uuid: "cdf6ddcfb48e447a9ea04a7eeb414f3e" member_type: VOTER last_known_addr { host: "127.8.122.131" port: 39707 } } peers { permanent_uuid: "40252e3fb02f4608bfd64615997222a6" member_type: VOTER last_known_addr { host: "127.8.122.132" port: 45147 } }
I20260601 13:40:58.511457 11849 raft_consensus.cc:385] T 1f6428844ce443289588d1f1369a09b5 P cdf6ddcfb48e447a9ea04a7eeb414f3e [term 0 FOLLOWER]: Consensus starting up: Expiring failure detector timer to make a prompt election more likely
I20260601 13:40:58.511487 11849 raft_consensus.cc:740] T 1f6428844ce443289588d1f1369a09b5 P cdf6ddcfb48e447a9ea04a7eeb414f3e [term 0 FOLLOWER]: Becoming Follower/Learner. State: Replica: cdf6ddcfb48e447a9ea04a7eeb414f3e, State: Initialized, Role: FOLLOWER
I20260601 13:40:58.511610 11976 raft_consensus.cc:359] T 668fe123ea6e446c9a71783893c4f121 P 40252e3fb02f4608bfd64615997222a6 [term 0 FOLLOWER]: Replica starting. Triggering 0 pending ops. Active config: opid_index: -1 OBSOLETE_local: false peers { permanent_uuid: "40252e3fb02f4608bfd64615997222a6" member_type: VOTER last_known_addr { host: "127.8.122.132" port: 45147 } } peers { permanent_uuid: "2bd10342004d41c798d8336cae1a7f37" member_type: VOTER last_known_addr { host: "127.8.122.130" port: 40141 } } peers { permanent_uuid: "cdf6ddcfb48e447a9ea04a7eeb414f3e" member_type: VOTER last_known_addr { host: "127.8.122.131" port: 39707 } }
I20260601 13:40:58.511699 11976 raft_consensus.cc:385] T 668fe123ea6e446c9a71783893c4f121 P 40252e3fb02f4608bfd64615997222a6 [term 0 FOLLOWER]: Consensus starting up: Expiring failure detector timer to make a prompt election more likely
I20260601 13:40:58.511731 11976 raft_consensus.cc:740] T 668fe123ea6e446c9a71783893c4f121 P 40252e3fb02f4608bfd64615997222a6 [term 0 FOLLOWER]: Becoming Follower/Learner. State: Replica: 40252e3fb02f4608bfd64615997222a6, State: Initialized, Role: FOLLOWER
I20260601 13:40:58.511780 11850 ts_tablet_manager.cc:1434] T 18441f383df14fb08dc6982030e2a832 P 2bd10342004d41c798d8336cae1a7f37: Time spent starting tablet: real 0.004s	user 0.001s	sys 0.000s
I20260601 13:40:58.511827 11976 consensus_queue.cc:260] T 668fe123ea6e446c9a71783893c4f121 P 40252e3fb02f4608bfd64615997222a6 [NON_LEADER]: Queue going to NON_LEADER mode. State: All replicated index: 0, Majority replicated index: 0, Committed index: 0, Last appended: 0.0, Last appended by leader: 0, Current term: 0, Majority size: -1, State: 0, Mode: NON_LEADER, active raft config: opid_index: -1 OBSOLETE_local: false peers { permanent_uuid: "40252e3fb02f4608bfd64615997222a6" member_type: VOTER last_known_addr { host: "127.8.122.132" port: 45147 } } peers { permanent_uuid: "2bd10342004d41c798d8336cae1a7f37" member_type: VOTER last_known_addr { host: "127.8.122.130" port: 40141 } } peers { permanent_uuid: "cdf6ddcfb48e447a9ea04a7eeb414f3e" member_type: VOTER last_known_addr { host: "127.8.122.131" port: 39707 } }
I20260601 13:40:58.511963 11849 consensus_queue.cc:260] T 1f6428844ce443289588d1f1369a09b5 P cdf6ddcfb48e447a9ea04a7eeb414f3e [NON_LEADER]: Queue going to NON_LEADER mode. State: All replicated index: 0, Majority replicated index: 0, Committed index: 0, Last appended: 0.0, Last appended by leader: 0, Current term: 0, Majority size: -1, State: 0, Mode: NON_LEADER, active raft config: opid_index: -1 OBSOLETE_local: false peers { permanent_uuid: "1e9317505fcf4a4e9e01c6df32911f84" member_type: VOTER last_known_addr { host: "127.8.122.129" port: 42897 } } peers { permanent_uuid: "cdf6ddcfb48e447a9ea04a7eeb414f3e" member_type: VOTER last_known_addr { host: "127.8.122.131" port: 39707 } } peers { permanent_uuid: "40252e3fb02f4608bfd64615997222a6" member_type: VOTER last_known_addr { host: "127.8.122.132" port: 45147 } }
I20260601 13:40:58.512061 11976 ts_tablet_manager.cc:1434] T 668fe123ea6e446c9a71783893c4f121 P 40252e3fb02f4608bfd64615997222a6: Time spent starting tablet: real 0.001s	user 0.000s	sys 0.001s
I20260601 13:40:58.512217 11976 tablet_bootstrap.cc:492] T 16cc852b4d70478eb43208134352a075 P 40252e3fb02f4608bfd64615997222a6: Bootstrap starting.
I20260601 13:40:58.512250 11849 ts_tablet_manager.cc:1434] T 1f6428844ce443289588d1f1369a09b5 P cdf6ddcfb48e447a9ea04a7eeb414f3e: Time spent starting tablet: real 0.001s	user 0.001s	sys 0.000s
I20260601 13:40:58.511948 11850 tablet_bootstrap.cc:492] T bd52b6e710d44929a54bc455310cd47e P 2bd10342004d41c798d8336cae1a7f37: Bootstrap starting.
I20260601 13:40:58.513141 11976 tablet_bootstrap.cc:654] T 16cc852b4d70478eb43208134352a075 P 40252e3fb02f4608bfd64615997222a6: Neither blocks nor log segments found. Creating new log.
I20260601 13:40:58.513166 11850 tablet_bootstrap.cc:654] T bd52b6e710d44929a54bc455310cd47e P 2bd10342004d41c798d8336cae1a7f37: Neither blocks nor log segments found. Creating new log.
I20260601 13:40:58.514204 11850 tablet_bootstrap.cc:492] T bd52b6e710d44929a54bc455310cd47e P 2bd10342004d41c798d8336cae1a7f37: No bootstrap required, opened a new log
I20260601 13:40:58.514335 11850 ts_tablet_manager.cc:1403] T bd52b6e710d44929a54bc455310cd47e P 2bd10342004d41c798d8336cae1a7f37: Time spent bootstrapping tablet: real 0.002s	user 0.002s	sys 0.000s
I20260601 13:40:58.514647 11976 tablet_bootstrap.cc:492] T 16cc852b4d70478eb43208134352a075 P 40252e3fb02f4608bfd64615997222a6: No bootstrap required, opened a new log
I20260601 13:40:58.514732 11976 ts_tablet_manager.cc:1403] T 16cc852b4d70478eb43208134352a075 P 40252e3fb02f4608bfd64615997222a6: Time spent bootstrapping tablet: real 0.003s	user 0.000s	sys 0.001s
I20260601 13:40:58.514914 11850 raft_consensus.cc:359] T bd52b6e710d44929a54bc455310cd47e P 2bd10342004d41c798d8336cae1a7f37 [term 0 FOLLOWER]: Replica starting. Triggering 0 pending ops. Active config: opid_index: -1 OBSOLETE_local: false peers { permanent_uuid: "40252e3fb02f4608bfd64615997222a6" member_type: VOTER last_known_addr { host: "127.8.122.132" port: 45147 } } peers { permanent_uuid: "2bd10342004d41c798d8336cae1a7f37" member_type: VOTER last_known_addr { host: "127.8.122.130" port: 40141 } } peers { permanent_uuid: "cdf6ddcfb48e447a9ea04a7eeb414f3e" member_type: VOTER last_known_addr { host: "127.8.122.131" port: 39707 } }
I20260601 13:40:58.514919 11547 catalog_manager.cc:6241] T 00000000000000000000000000000000 P 378f77fe87ab4fa799b09366e575bd6b: range_aware_rebalance_new_range [id=c473ca62f931443285988b63b12057fc] alter complete (version 0)
I20260601 13:40:58.515108 11976 raft_consensus.cc:359] T 16cc852b4d70478eb43208134352a075 P 40252e3fb02f4608bfd64615997222a6 [term 0 FOLLOWER]: Replica starting. Triggering 0 pending ops. Active config: opid_index: -1 OBSOLETE_local: false peers { permanent_uuid: "cdf6ddcfb48e447a9ea04a7eeb414f3e" member_type: VOTER last_known_addr { host: "127.8.122.131" port: 39707 } } peers { permanent_uuid: "1e9317505fcf4a4e9e01c6df32911f84" member_type: VOTER last_known_addr { host: "127.8.122.129" port: 42897 } } peers { permanent_uuid: "40252e3fb02f4608bfd64615997222a6" member_type: VOTER last_known_addr { host: "127.8.122.132" port: 45147 } }
I20260601 13:40:58.515179 11976 raft_consensus.cc:385] T 16cc852b4d70478eb43208134352a075 P 40252e3fb02f4608bfd64615997222a6 [term 0 FOLLOWER]: Consensus starting up: Expiring failure detector timer to make a prompt election more likely
I20260601 13:40:58.515208 11976 raft_consensus.cc:740] T 16cc852b4d70478eb43208134352a075 P 40252e3fb02f4608bfd64615997222a6 [term 0 FOLLOWER]: Becoming Follower/Learner. State: Replica: 40252e3fb02f4608bfd64615997222a6, State: Initialized, Role: FOLLOWER
I20260601 13:40:58.515328 11976 consensus_queue.cc:260] T 16cc852b4d70478eb43208134352a075 P 40252e3fb02f4608bfd64615997222a6 [NON_LEADER]: Queue going to NON_LEADER mode. State: All replicated index: 0, Majority replicated index: 0, Committed index: 0, Last appended: 0.0, Last appended by leader: 0, Current term: 0, Majority size: -1, State: 0, Mode: NON_LEADER, active raft config: opid_index: -1 OBSOLETE_local: false peers { permanent_uuid: "cdf6ddcfb48e447a9ea04a7eeb414f3e" member_type: VOTER last_known_addr { host: "127.8.122.131" port: 39707 } } peers { permanent_uuid: "1e9317505fcf4a4e9e01c6df32911f84" member_type: VOTER last_known_addr { host: "127.8.122.129" port: 42897 } } peers { permanent_uuid: "40252e3fb02f4608bfd64615997222a6" member_type: VOTER last_known_addr { host: "127.8.122.132" port: 45147 } }
I20260601 13:40:58.515563 11976 ts_tablet_manager.cc:1434] T 16cc852b4d70478eb43208134352a075 P 40252e3fb02f4608bfd64615997222a6: Time spent starting tablet: real 0.001s	user 0.000s	sys 0.001s
I20260601 13:40:58.515702 11976 tablet_bootstrap.cc:492] T 0ccf92c8e85349a29ab6daf42521968d P 40252e3fb02f4608bfd64615997222a6: Bootstrap starting.
I20260601 13:40:58.516758 11976 tablet_bootstrap.cc:654] T 0ccf92c8e85349a29ab6daf42521968d P 40252e3fb02f4608bfd64615997222a6: Neither blocks nor log segments found. Creating new log.
I20260601 13:40:58.516790 11850 raft_consensus.cc:385] T bd52b6e710d44929a54bc455310cd47e P 2bd10342004d41c798d8336cae1a7f37 [term 0 FOLLOWER]: Consensus starting up: Expiring failure detector timer to make a prompt election more likely
I20260601 13:40:58.516933 11850 raft_consensus.cc:740] T bd52b6e710d44929a54bc455310cd47e P 2bd10342004d41c798d8336cae1a7f37 [term 0 FOLLOWER]: Becoming Follower/Learner. State: Replica: 2bd10342004d41c798d8336cae1a7f37, State: Initialized, Role: FOLLOWER
I20260601 13:40:58.517119 11850 consensus_queue.cc:260] T bd52b6e710d44929a54bc455310cd47e P 2bd10342004d41c798d8336cae1a7f37 [NON_LEADER]: Queue going to NON_LEADER mode. State: All replicated index: 0, Majority replicated index: 0, Committed index: 0, Last appended: 0.0, Last appended by leader: 0, Current term: 0, Majority size: -1, State: 0, Mode: NON_LEADER, active raft config: opid_index: -1 OBSOLETE_local: false peers { permanent_uuid: "40252e3fb02f4608bfd64615997222a6" member_type: VOTER last_known_addr { host: "127.8.122.132" port: 45147 } } peers { permanent_uuid: "2bd10342004d41c798d8336cae1a7f37" member_type: VOTER last_known_addr { host: "127.8.122.130" port: 40141 } } peers { permanent_uuid: "cdf6ddcfb48e447a9ea04a7eeb414f3e" member_type: VOTER last_known_addr { host: "127.8.122.131" port: 39707 } }
I20260601 13:40:58.517382 11856 tablet_bootstrap.cc:492] T 41a1a7541af2487c84b112ea1aeaf71e P 1e9317505fcf4a4e9e01c6df32911f84: Bootstrap starting.
I20260601 13:40:58.517553 11850 ts_tablet_manager.cc:1434] T bd52b6e710d44929a54bc455310cd47e P 2bd10342004d41c798d8336cae1a7f37: Time spent starting tablet: real 0.003s	user 0.001s	sys 0.000s
I20260601 13:40:58.517758 11850 tablet_bootstrap.cc:492] T 41a1a7541af2487c84b112ea1aeaf71e P 2bd10342004d41c798d8336cae1a7f37: Bootstrap starting.
I20260601 13:40:58.517899 11976 tablet_bootstrap.cc:492] T 0ccf92c8e85349a29ab6daf42521968d P 40252e3fb02f4608bfd64615997222a6: No bootstrap required, opened a new log
I20260601 13:40:58.517988 11976 ts_tablet_manager.cc:1403] T 0ccf92c8e85349a29ab6daf42521968d P 40252e3fb02f4608bfd64615997222a6: Time spent bootstrapping tablet: real 0.002s	user 0.001s	sys 0.001s
