I20260601 13:39:46.663002 27565 catalog_manager.cc:1382] Generated new cluster ID: 14085c463f01445a995f7583748a3968
I20260601 13:39:46.663125 27565 catalog_manager.cc:1530] Initializing Kudu internal certificate authority...
W20260601 13:39:46.667557 27641 instance_detector.cc:116] could not retrieve OpenStack instance metadata: Network error: curl error: HTTP response code said error: The requested URL returned error: 404
W20260601 13:39:46.667783 27638 instance_detector.cc:116] could not retrieve AWS instance metadata: Network error: curl error: HTTP response code said error: The requested URL returned error: 404
W20260601 13:39:46.668273 27639 instance_detector.cc:116] could not retrieve Azure instance metadata: Network error: curl error: HTTP response code said error: The requested URL returned error: 404
I20260601 13:39:46.669778 27633 heartbeater.cc:344] Connected to a master server at 127.26.171.60:46489
I20260601 13:39:46.669919 27633 heartbeater.cc:461] Registering TS with master...
I20260601 13:39:46.670498 27633 heartbeater.cc:507] Master 127.26.171.60:46489 requested a full tablet report, sending...
I20260601 13:39:46.671906 27470 ts_manager.cc:194] Registered new tserver with Master: 6fba9a2f40ed4e4491eaaefa98afe579 (127.26.171.1:33885)
I20260601 13:39:46.674494 27634 heartbeater.cc:344] Connected to a master server at 127.26.171.62:39595
I20260601 13:39:46.674576 27308 server_base.cc:1061] running on GCE node
I20260601 13:39:46.674650 27634 heartbeater.cc:461] Registering TS with master...
I20260601 13:39:46.674824 27308 hybrid_clock.cc:584] initializing the hybrid clock with 'system_unsync' time source
W20260601 13:39:46.674871 27308 system_unsync_time.cc:38] NTP support is disabled. Clock error bounds will not be accurate. This configuration is not suitable for distributed clusters.
I20260601 13:39:46.674906 27308 hybrid_clock.cc:648] HybridClock initialized: now 1780321186674905 us; error 0 us; skew 500 ppm
I20260601 13:39:46.675034 27634 heartbeater.cc:507] Master 127.26.171.62:39595 requested a full tablet report, sending...
I20260601 13:39:46.675947 27308 webserver.cc:533] Webserver started at http://127.26.171.2:40075/ using document root <none> and password file <none>
I20260601 13:39:46.676079 27338 ts_manager.cc:194] Registered new tserver with Master: 6fba9a2f40ed4e4491eaaefa98afe579 (127.26.171.1:33885)
I20260601 13:39:46.676126 27308 fs_manager.cc:362] Metadata directory not provided
I20260601 13:39:46.676182 27308 fs_manager.cc:368] Using write-ahead log directory (fs_wal_dir) as metadata directory
I20260601 13:39:46.676256 27308 server_base.cc:909] This appears to be a new deployment of Kudu; creating new FS layout
I20260601 13:39:46.676553 27635 heartbeater.cc:344] Connected to a master server at 127.26.171.61:44479
I20260601 13:39:46.676697 27635 heartbeater.cc:461] Registering TS with master...
I20260601 13:39:46.676765 27308 fs_manager.cc:1068] Generated new instance metadata in path /tmp/dist-test-taskEqSy2U/test-tmp/auto_rebalancer-test.0.AutoRebalancerTest.OnlyLeaderDoesAutoRebalancing.1780321186464659-27308-0/minicluster-data/ts-1-root/instance:
uuid: "04158a72d74340a48a966919430a2e81"
format_stamp: "Formatted at 2026-06-01 13:39:46 on dist-test-slave-wtdz"
I20260601 13:39:46.677081 27635 heartbeater.cc:507] Master 127.26.171.61:44479 requested a full tablet report, sending...
I20260601 13:39:46.677946 27404 ts_manager.cc:194] Registered new tserver with Master: 6fba9a2f40ed4e4491eaaefa98afe579 (127.26.171.1:33885)
I20260601 13:39:46.678922 27308 fs_manager.cc:696] Time spent creating directory manager: real 0.002s	user 0.000s	sys 0.002s
I20260601 13:39:46.680001 27648 log_block_manager.cc:4031] Time spent loading block containers with low live blocks: real 0.000s	user 0.000s	sys 0.000s
I20260601 13:39:46.680269 27308 fs_manager.cc:730] Time spent opening block manager: real 0.001s	user 0.000s	sys 0.001s
I20260601 13:39:46.680341 27308 fs_manager.cc:647] Opened local filesystem: /tmp/dist-test-taskEqSy2U/test-tmp/auto_rebalancer-test.0.AutoRebalancerTest.OnlyLeaderDoesAutoRebalancing.1780321186464659-27308-0/minicluster-data/ts-1-root
uuid: "04158a72d74340a48a966919430a2e81"
format_stamp: "Formatted at 2026-06-01 13:39:46 on dist-test-slave-wtdz"
I20260601 13:39:46.680418 27308 fs_report.cc:389] FS layout report
--------------------
wal directory: /tmp/dist-test-taskEqSy2U/test-tmp/auto_rebalancer-test.0.AutoRebalancerTest.OnlyLeaderDoesAutoRebalancing.1780321186464659-27308-0/minicluster-data/ts-1-root
metadata directory: /tmp/dist-test-taskEqSy2U/test-tmp/auto_rebalancer-test.0.AutoRebalancerTest.OnlyLeaderDoesAutoRebalancing.1780321186464659-27308-0/minicluster-data/ts-1-root
1 data directories: /tmp/dist-test-taskEqSy2U/test-tmp/auto_rebalancer-test.0.AutoRebalancerTest.OnlyLeaderDoesAutoRebalancing.1780321186464659-27308-0/minicluster-data/ts-1-root/data
Total live blocks: 0
Total live bytes: 0
Total live bytes (after alignment): 0
Total number of LBM containers: 0 (0 full)
Did not check for missing blocks
Did not check for orphaned blocks
Total full LBM containers with extra space: 0 (0 repaired)
Total full LBM container extra space in bytes: 0 (0 repaired)
Total incomplete LBM containers: 0 (0 repaired)
Total LBM partial records: 0 (0 repaired)
Total corrupted LBM metadata records in RocksDB: 0 (0 repaired)
I20260601 13:39:46.690485 27308 rpc_server.cc:225] running with OpenSSL 1.1.1  11 Sep 2018
I20260601 13:39:46.691011 27308 kserver.cc:163] Server-wide thread pool size limit: 3276
I20260601 13:39:46.691377 27308 txn_system_client.cc:432] TxnSystemClient initialization is disabled...
I20260601 13:39:46.692000 27308 ts_tablet_manager.cc:585] Loaded tablet metadata (0 total tablets, 0 live tablets)
I20260601 13:39:46.692044 27308 ts_tablet_manager.cc:531] Time spent load tablet metadata: real 0.000s	user 0.000s	sys 0.000s
I20260601 13:39:46.692088 27308 ts_tablet_manager.cc:616] Registered 0 tablets
I20260601 13:39:46.692111 27308 ts_tablet_manager.cc:595] Time spent register tablets: real 0.000s	user 0.000s	sys 0.000s
I20260601 13:39:46.696223 27565 catalog_manager.cc:1405] Generated new certificate authority record
I20260601 13:39:46.697604 27565 catalog_manager.cc:1539] Loading token signing keys...
I20260601 13:39:46.698635 27308 rpc_server.cc:307] RPC server started. Bound to: 127.26.171.2:41839
I20260601 13:39:46.698760 27712 acceptor_pool.cc:272] collecting diagnostics on the listening RPC socket 127.26.171.2:41839 every 8 connection(s)
I20260601 13:39:46.699565 27308 file_cache.cc:492] Constructed file cache file cache with capacity 419430
W20260601 13:39:46.701880 27719 instance_detector.cc:116] could not retrieve Azure instance metadata: Network error: curl error: HTTP response code said error: The requested URL returned error: 404
I20260601 13:39:46.702211 27308 server_base.cc:1061] running on GCE node
W20260601 13:39:46.702500 27721 instance_detector.cc:116] could not retrieve OpenStack instance metadata: Network error: curl error: HTTP response code said error: The requested URL returned error: 404
W20260601 13:39:46.705027 27718 instance_detector.cc:116] could not retrieve AWS instance metadata: Network error: curl error: HTTP response code said error: The requested URL returned error: 404
I20260601 13:39:46.705317 27308 hybrid_clock.cc:584] initializing the hybrid clock with 'system_unsync' time source
W20260601 13:39:46.705377 27308 system_unsync_time.cc:38] NTP support is disabled. Clock error bounds will not be accurate. This configuration is not suitable for distributed clusters.
I20260601 13:39:46.705402 27308 hybrid_clock.cc:648] HybridClock initialized: now 1780321186705401 us; error 0 us; skew 500 ppm
I20260601 13:39:46.706161 27713 heartbeater.cc:344] Connected to a master server at 127.26.171.60:46489
I20260601 13:39:46.706245 27713 heartbeater.cc:461] Registering TS with master...
I20260601 13:39:46.706400 27308 webserver.cc:533] Webserver started at http://127.26.171.3:40741/ using document root <none> and password file <none>
I20260601 13:39:46.706432 27713 heartbeater.cc:507] Master 127.26.171.60:46489 requested a full tablet report, sending...
I20260601 13:39:46.706583 27308 fs_manager.cc:362] Metadata directory not provided
I20260601 13:39:46.706664 27308 fs_manager.cc:368] Using write-ahead log directory (fs_wal_dir) as metadata directory
I20260601 13:39:46.706748 27308 server_base.cc:909] This appears to be a new deployment of Kudu; creating new FS layout
I20260601 13:39:46.707175 27470 ts_manager.cc:194] Registered new tserver with Master: 04158a72d74340a48a966919430a2e81 (127.26.171.2:41839)
I20260601 13:39:46.707201 27308 fs_manager.cc:1068] Generated new instance metadata in path /tmp/dist-test-taskEqSy2U/test-tmp/auto_rebalancer-test.0.AutoRebalancerTest.OnlyLeaderDoesAutoRebalancing.1780321186464659-27308-0/minicluster-data/ts-2-root/instance:
uuid: "29b50ad6427843a09742e5ecde326148"
format_stamp: "Formatted at 2026-06-01 13:39:46 on dist-test-slave-wtdz"
I20260601 13:39:46.711143 27308 fs_manager.cc:696] Time spent creating directory manager: real 0.004s	user 0.002s	sys 0.001s
I20260601 13:39:46.711869 27714 heartbeater.cc:344] Connected to a master server at 127.26.171.62:39595
I20260601 13:39:46.712013 27714 heartbeater.cc:461] Registering TS with master...
I20260601 13:39:46.712296 27714 heartbeater.cc:507] Master 127.26.171.62:39595 requested a full tablet report, sending...
I20260601 13:39:46.712941 27338 ts_manager.cc:194] Registered new tserver with Master: 04158a72d74340a48a966919430a2e81 (127.26.171.2:41839)
I20260601 13:39:46.713295 27727 log_block_manager.cc:4031] Time spent loading block containers with low live blocks: real 0.000s	user 0.000s	sys 0.000s
I20260601 13:39:46.713542 27308 fs_manager.cc:730] Time spent opening block manager: real 0.002s	user 0.001s	sys 0.000s
I20260601 13:39:46.713639 27308 fs_manager.cc:647] Opened local filesystem: /tmp/dist-test-taskEqSy2U/test-tmp/auto_rebalancer-test.0.AutoRebalancerTest.OnlyLeaderDoesAutoRebalancing.1780321186464659-27308-0/minicluster-data/ts-2-root
uuid: "29b50ad6427843a09742e5ecde326148"
format_stamp: "Formatted at 2026-06-01 13:39:46 on dist-test-slave-wtdz"
I20260601 13:39:46.713704 27308 fs_report.cc:389] FS layout report
--------------------
wal directory: /tmp/dist-test-taskEqSy2U/test-tmp/auto_rebalancer-test.0.AutoRebalancerTest.OnlyLeaderDoesAutoRebalancing.1780321186464659-27308-0/minicluster-data/ts-2-root
metadata directory: /tmp/dist-test-taskEqSy2U/test-tmp/auto_rebalancer-test.0.AutoRebalancerTest.OnlyLeaderDoesAutoRebalancing.1780321186464659-27308-0/minicluster-data/ts-2-root
1 data directories: /tmp/dist-test-taskEqSy2U/test-tmp/auto_rebalancer-test.0.AutoRebalancerTest.OnlyLeaderDoesAutoRebalancing.1780321186464659-27308-0/minicluster-data/ts-2-root/data
Total live blocks: 0
Total live bytes: 0
Total live bytes (after alignment): 0
Total number of LBM containers: 0 (0 full)
Did not check for missing blocks
Did not check for orphaned blocks
Total full LBM containers with extra space: 0 (0 repaired)
Total full LBM container extra space in bytes: 0 (0 repaired)
Total incomplete LBM containers: 0 (0 repaired)
Total LBM partial records: 0 (0 repaired)
Total corrupted LBM metadata records in RocksDB: 0 (0 repaired)
I20260601 13:39:46.713536 27715 heartbeater.cc:344] Connected to a master server at 127.26.171.61:44479
I20260601 13:39:46.714393 27715 heartbeater.cc:461] Registering TS with master...
I20260601 13:39:46.714634 27715 heartbeater.cc:507] Master 127.26.171.61:44479 requested a full tablet report, sending...
I20260601 13:39:46.714699 27565 catalog_manager.cc:6069] T 00000000000000000000000000000000 P f043f035f8a742ec991d1906b0865fa8: Generated new TSK 0
I20260601 13:39:46.715265 27404 ts_manager.cc:194] Registered new tserver with Master: 04158a72d74340a48a966919430a2e81 (127.26.171.2:41839)
I20260601 13:39:46.715588 27565 catalog_manager.cc:1549] Initializing in-progress tserver states...
I20260601 13:39:46.732702 27308 rpc_server.cc:225] running with OpenSSL 1.1.1  11 Sep 2018
I20260601 13:39:46.733247 27308 kserver.cc:163] Server-wide thread pool size limit: 3276
I20260601 13:39:46.733636 27308 txn_system_client.cc:432] TxnSystemClient initialization is disabled...
I20260601 13:39:46.734215 27308 ts_tablet_manager.cc:585] Loaded tablet metadata (0 total tablets, 0 live tablets)
I20260601 13:39:46.734267 27308 ts_tablet_manager.cc:531] Time spent load tablet metadata: real 0.000s	user 0.000s	sys 0.000s
I20260601 13:39:46.734311 27308 ts_tablet_manager.cc:616] Registered 0 tablets
I20260601 13:39:46.734345 27308 ts_tablet_manager.cc:595] Time spent register tablets: real 0.000s	user 0.000s	sys 0.000s
I20260601 13:39:46.741133 27308 rpc_server.cc:307] RPC server started. Bound to: 127.26.171.3:41323
I20260601 13:39:46.741297 27790 acceptor_pool.cc:272] collecting diagnostics on the listening RPC socket 127.26.171.3:41323 every 8 connection(s)
I20260601 13:39:46.747414 27791 heartbeater.cc:344] Connected to a master server at 127.26.171.60:46489
I20260601 13:39:46.747551 27791 heartbeater.cc:461] Registering TS with master...
I20260601 13:39:46.747792 27791 heartbeater.cc:507] Master 127.26.171.60:46489 requested a full tablet report, sending...
I20260601 13:39:46.748095 27792 heartbeater.cc:344] Connected to a master server at 127.26.171.62:39595
I20260601 13:39:46.748173 27792 heartbeater.cc:461] Registering TS with master...
I20260601 13:39:46.748540 27470 ts_manager.cc:194] Registered new tserver with Master: 29b50ad6427843a09742e5ecde326148 (127.26.171.3:41323)
I20260601 13:39:46.748950 27792 heartbeater.cc:507] Master 127.26.171.62:39595 requested a full tablet report, sending...
I20260601 13:39:46.749558 27338 ts_manager.cc:194] Registered new tserver with Master: 29b50ad6427843a09742e5ecde326148 (127.26.171.3:41323)
I20260601 13:39:46.749755 27793 heartbeater.cc:344] Connected to a master server at 127.26.171.61:44479
I20260601 13:39:46.749828 27793 heartbeater.cc:461] Registering TS with master...
I20260601 13:39:46.749998 27793 heartbeater.cc:507] Master 127.26.171.61:44479 requested a full tablet report, sending...
I20260601 13:39:46.750540 27404 ts_manager.cc:194] Registered new tserver with Master: 29b50ad6427843a09742e5ecde326148 (127.26.171.3:41323)
I20260601 13:39:46.750936 27338 master_service.cc:502] Signed X509 certificate for tserver {username='slave'} at 127.0.0.1:38912
I20260601 13:39:46.751250 27308 internal_mini_cluster.cc:371] 3 TS(s) registered with all masters after 0.009454991s
I20260601 13:39:47.617810 27534 catalog_manager.cc:1294] Loaded cluster ID: 14085c463f01445a995f7583748a3968
I20260601 13:39:47.617906 27534 catalog_manager.cc:1587] T 00000000000000000000000000000000 P f9ad2f4765df44108a58aef6a227c3f9: loading cluster ID for follower catalog manager: success
I20260601 13:39:47.619486 27534 catalog_manager.cc:1609] T 00000000000000000000000000000000 P f9ad2f4765df44108a58aef6a227c3f9: acquiring CA information for follower catalog manager: success
I20260601 13:39:47.620266 27534 catalog_manager.cc:1637] T 00000000000000000000000000000000 P f9ad2f4765df44108a58aef6a227c3f9: importing token verification keys for follower catalog manager: success; most recent TSK sequence number 0
I20260601 13:39:47.631850 27549 catalog_manager.cc:1294] Loaded cluster ID: 14085c463f01445a995f7583748a3968
I20260601 13:39:47.631943 27549 catalog_manager.cc:1587] T 00000000000000000000000000000000 P d980a3ae3f0d45f4a24ee89527ed03f8: loading cluster ID for follower catalog manager: success
I20260601 13:39:47.633276 27549 catalog_manager.cc:1609] T 00000000000000000000000000000000 P d980a3ae3f0d45f4a24ee89527ed03f8: acquiring CA information for follower catalog manager: success
I20260601 13:39:47.633876 27549 catalog_manager.cc:1637] T 00000000000000000000000000000000 P d980a3ae3f0d45f4a24ee89527ed03f8: importing token verification keys for follower catalog manager: success; most recent TSK sequence number 0
I20260601 13:39:47.680245 27338 master_service.cc:502] Signed X509 certificate for tserver {username='slave'} at 127.0.0.1:38888
I20260601 13:39:47.715286 27338 master_service.cc:502] Signed X509 certificate for tserver {username='slave'} at 127.0.0.1:38904
I20260601 13:39:47.752194 27792 heartbeater.cc:499] Master 127.26.171.62:39595 was elected leader, sending a full tablet report...
I20260601 13:39:48.614430 27533 auto_leader_rebalancer.cc:451] All tables' leader rebalancing finished this round
I20260601 13:39:48.681324 27634 heartbeater.cc:499] Master 127.26.171.62:39595 was elected leader, sending a full tablet report...
I20260601 13:39:48.716395 27714 heartbeater.cc:499] Master 127.26.171.62:39595 was elected leader, sending a full tablet report...
I20260601 13:39:48.817556 27338 catalog_manager.cc:2282] Servicing CreateTable request from {username='slave'} at 127.0.0.1:38918:
name: "test-workload"
schema {
  columns {
    name: "key"
    type: INT32
    is_key: true
    is_nullable: false
    encoding: AUTO_ENCODING
    compression: DEFAULT_COMPRESSION
    cfile_block_size: 0
    immutable: false
  }
  columns {
    name: "int_val"
    type: INT32
    is_key: false
    is_nullable: false
    encoding: AUTO_ENCODING
    compression: DEFAULT_COMPRESSION
    cfile_block_size: 0
    immutable: false
  }
  columns {
    name: "string_val"
    type: STRING
    is_key: false
    is_nullable: true
    encoding: AUTO_ENCODING
    compression: DEFAULT_COMPRESSION
    cfile_block_size: 0
    immutable: false
  }
}
num_replicas: 1
split_rows_range_bounds {
  rows: "\004\001\000\377\377\377\037\004\001\000\376\377\377?\004\001\000\375\377\377_""\004\001\000\377\377\377\037\004\001\000\376\377\377?\004\001\000\375\377\377_"
  indirect_data: """"
}
partition_schema {
  range_schema {
    columns {
      name: "key"
    }
  }
}
I20260601 13:39:48.836826 27668 tablet_service.cc:1511] Processing CreateTablet for tablet a119b4c81ce74749afb8e7f8336c087c (DEFAULT_TABLE table=test-workload [id=498e477e14c543fb962c50b91b1e330b]), partition=RANGE (key) PARTITION 536870911 <= VALUES < 1073741822
I20260601 13:39:48.836835 27755 tablet_service.cc:1511] Processing CreateTablet for tablet c3af51ac91684d93993caaa617f8a1af (DEFAULT_TABLE table=test-workload [id=498e477e14c543fb962c50b91b1e330b]), partition=RANGE (key) PARTITION VALUES < 536870911
I20260601 13:39:48.837055 27596 tablet_service.cc:1511] Processing CreateTablet for tablet 77d6817f5b1949e3b18d8254e819d139 (DEFAULT_TABLE table=test-workload [id=498e477e14c543fb962c50b91b1e330b]), partition=RANGE (key) PARTITION 1073741822 <= VALUES < 1610612733
I20260601 13:39:48.837091 27595 tablet_service.cc:1511] Processing CreateTablet for tablet 706ead4271144780aa80fdf495ffacd4 (DEFAULT_TABLE table=test-workload [id=498e477e14c543fb962c50b91b1e330b]), partition=RANGE (key) PARTITION 1610612733 <= VALUES
I20260601 13:39:48.837393 27668 data_dirs.cc:400] Could only allocate 1 dirs of requested 3 for tablet a119b4c81ce74749afb8e7f8336c087c. 1 dirs total, 0 dirs full, 0 dirs failed
I20260601 13:39:48.837388 27755 data_dirs.cc:400] Could only allocate 1 dirs of requested 3 for tablet c3af51ac91684d93993caaa617f8a1af. 1 dirs total, 0 dirs full, 0 dirs failed
I20260601 13:39:48.837388 27596 data_dirs.cc:400] Could only allocate 1 dirs of requested 3 for tablet 77d6817f5b1949e3b18d8254e819d139. 1 dirs total, 0 dirs full, 0 dirs failed
I20260601 13:39:48.839932 27595 data_dirs.cc:400] Could only allocate 1 dirs of requested 3 for tablet 706ead4271144780aa80fdf495ffacd4. 1 dirs total, 0 dirs full, 0 dirs failed
I20260601 13:39:48.840098 27826 tablet_bootstrap.cc:492] T a119b4c81ce74749afb8e7f8336c087c P 04158a72d74340a48a966919430a2e81: Bootstrap starting.
I20260601 13:39:48.841017 27826 tablet_bootstrap.cc:654] T a119b4c81ce74749afb8e7f8336c087c P 04158a72d74340a48a966919430a2e81: Neither blocks nor log segments found. Creating new log.
I20260601 13:39:48.841117 27827 tablet_bootstrap.cc:492] T 77d6817f5b1949e3b18d8254e819d139 P 6fba9a2f40ed4e4491eaaefa98afe579: Bootstrap starting.
I20260601 13:39:48.842440 27827 tablet_bootstrap.cc:654] T 77d6817f5b1949e3b18d8254e819d139 P 6fba9a2f40ed4e4491eaaefa98afe579: Neither blocks nor log segments found. Creating new log.
I20260601 13:39:48.842921 27826 tablet_bootstrap.cc:492] T a119b4c81ce74749afb8e7f8336c087c P 04158a72d74340a48a966919430a2e81: No bootstrap required, opened a new log
I20260601 13:39:48.843048 27826 ts_tablet_manager.cc:1403] T a119b4c81ce74749afb8e7f8336c087c P 04158a72d74340a48a966919430a2e81: Time spent bootstrapping tablet: real 0.003s	user 0.002s	sys 0.000s
I20260601 13:39:48.843222 27828 tablet_bootstrap.cc:492] T c3af51ac91684d93993caaa617f8a1af P 29b50ad6427843a09742e5ecde326148: Bootstrap starting.
I20260601 13:39:48.843546 27826 raft_consensus.cc:359] T a119b4c81ce74749afb8e7f8336c087c P 04158a72d74340a48a966919430a2e81 [term 0 FOLLOWER]: Replica starting. Triggering 0 pending ops. Active config: opid_index: -1 OBSOLETE_local: true peers { permanent_uuid: "04158a72d74340a48a966919430a2e81" member_type: VOTER last_known_addr { host: "127.26.171.2" port: 41839 } }
I20260601 13:39:48.843667 27826 raft_consensus.cc:385] T a119b4c81ce74749afb8e7f8336c087c P 04158a72d74340a48a966919430a2e81 [term 0 FOLLOWER]: Consensus starting up: Expiring failure detector timer to make a prompt election more likely
I20260601 13:39:48.843720 27826 raft_consensus.cc:740] T a119b4c81ce74749afb8e7f8336c087c P 04158a72d74340a48a966919430a2e81 [term 0 FOLLOWER]: Becoming Follower/Learner. State: Replica: 04158a72d74340a48a966919430a2e81, State: Initialized, Role: FOLLOWER
I20260601 13:39:48.843870 27826 consensus_queue.cc:260] T a119b4c81ce74749afb8e7f8336c087c P 04158a72d74340a48a966919430a2e81 [NON_LEADER]: Queue going to NON_LEADER mode. State: All replicated index: 0, Majority replicated index: 0, Committed index: 0, Last appended: 0.0, Last appended by leader: 0, Current term: 0, Majority size: -1, State: 0, Mode: NON_LEADER, active raft config: opid_index: -1 OBSOLETE_local: true peers { permanent_uuid: "04158a72d74340a48a966919430a2e81" member_type: VOTER last_known_addr { host: "127.26.171.2" port: 41839 } }
I20260601 13:39:48.843966 27826 raft_consensus.cc:399] T a119b4c81ce74749afb8e7f8336c087c P 04158a72d74340a48a966919430a2e81 [term 0 FOLLOWER]: Only one voter in the Raft config. Triggering election immediately
I20260601 13:39:48.844025 27826 raft_consensus.cc:493] T a119b4c81ce74749afb8e7f8336c087c P 04158a72d74340a48a966919430a2e81 [term 0 FOLLOWER]: Starting leader election (initial election of a single-replica configuration)
I20260601 13:39:48.844043 27828 tablet_bootstrap.cc:654] T c3af51ac91684d93993caaa617f8a1af P 29b50ad6427843a09742e5ecde326148: Neither blocks nor log segments found. Creating new log.
I20260601 13:39:48.844101 27826 raft_consensus.cc:3060] T a119b4c81ce74749afb8e7f8336c087c P 04158a72d74340a48a966919430a2e81 [term 0 FOLLOWER]: Advancing to term 1
I20260601 13:39:48.844544 27827 tablet_bootstrap.cc:492] T 77d6817f5b1949e3b18d8254e819d139 P 6fba9a2f40ed4e4491eaaefa98afe579: No bootstrap required, opened a new log
I20260601 13:39:48.844641 27827 ts_tablet_manager.cc:1403] T 77d6817f5b1949e3b18d8254e819d139 P 6fba9a2f40ed4e4491eaaefa98afe579: Time spent bootstrapping tablet: real 0.004s	user 0.002s	sys 0.000s
I20260601 13:39:48.844973 27826 raft_consensus.cc:515] T a119b4c81ce74749afb8e7f8336c087c P 04158a72d74340a48a966919430a2e81 [term 1 FOLLOWER]: Starting leader election with config: opid_index: -1 OBSOLETE_local: true peers { permanent_uuid: "04158a72d74340a48a966919430a2e81" member_type: VOTER last_known_addr { host: "127.26.171.2" port: 41839 } }
I20260601 13:39:48.845043 27827 raft_consensus.cc:359] T 77d6817f5b1949e3b18d8254e819d139 P 6fba9a2f40ed4e4491eaaefa98afe579 [term 0 FOLLOWER]: Replica starting. Triggering 0 pending ops. Active config: opid_index: -1 OBSOLETE_local: true peers { permanent_uuid: "6fba9a2f40ed4e4491eaaefa98afe579" member_type: VOTER last_known_addr { host: "127.26.171.1" port: 33885 } }
I20260601 13:39:48.845144 27826 leader_election.cc:304] T a119b4c81ce74749afb8e7f8336c087c P 04158a72d74340a48a966919430a2e81 [CANDIDATE]: Term 1 election: Election decided. Result: candidate won. Election summary: received 1 responses out of 1 voters: 1 yes votes; 0 no votes. yes voters: 04158a72d74340a48a966919430a2e81; no voters: 
I20260601 13:39:48.845152 27827 raft_consensus.cc:385] T 77d6817f5b1949e3b18d8254e819d139 P 6fba9a2f40ed4e4491eaaefa98afe579 [term 0 FOLLOWER]: Consensus starting up: Expiring failure detector timer to make a prompt election more likely
I20260601 13:39:48.845227 27827 raft_consensus.cc:740] T 77d6817f5b1949e3b18d8254e819d139 P 6fba9a2f40ed4e4491eaaefa98afe579 [term 0 FOLLOWER]: Becoming Follower/Learner. State: Replica: 6fba9a2f40ed4e4491eaaefa98afe579, State: Initialized, Role: FOLLOWER
I20260601 13:39:48.845335 27828 tablet_bootstrap.cc:492] T c3af51ac91684d93993caaa617f8a1af P 29b50ad6427843a09742e5ecde326148: No bootstrap required, opened a new log
I20260601 13:39:48.845371 27826 leader_election.cc:290] T a119b4c81ce74749afb8e7f8336c087c P 04158a72d74340a48a966919430a2e81 [CANDIDATE]: Term 1 election: Requested vote from peers 
I20260601 13:39:48.845350 27827 consensus_queue.cc:260] T 77d6817f5b1949e3b18d8254e819d139 P 6fba9a2f40ed4e4491eaaefa98afe579 [NON_LEADER]: Queue going to NON_LEADER mode. State: All replicated index: 0, Majority replicated index: 0, Committed index: 0, Last appended: 0.0, Last appended by leader: 0, Current term: 0, Majority size: -1, State: 0, Mode: NON_LEADER, active raft config: opid_index: -1 OBSOLETE_local: true peers { permanent_uuid: "6fba9a2f40ed4e4491eaaefa98afe579" member_type: VOTER last_known_addr { host: "127.26.171.1" port: 33885 } }
I20260601 13:39:48.845412 27828 ts_tablet_manager.cc:1403] T c3af51ac91684d93993caaa617f8a1af P 29b50ad6427843a09742e5ecde326148: Time spent bootstrapping tablet: real 0.002s	user 0.001s	sys 0.000s
I20260601 13:39:48.845449 27827 raft_consensus.cc:399] T 77d6817f5b1949e3b18d8254e819d139 P 6fba9a2f40ed4e4491eaaefa98afe579 [term 0 FOLLOWER]: Only one voter in the Raft config. Triggering election immediately
I20260601 13:39:48.845507 27827 raft_consensus.cc:493] T 77d6817f5b1949e3b18d8254e819d139 P 6fba9a2f40ed4e4491eaaefa98afe579 [term 0 FOLLOWER]: Starting leader election (initial election of a single-replica configuration)
I20260601 13:39:48.845561 27827 raft_consensus.cc:3060] T 77d6817f5b1949e3b18d8254e819d139 P 6fba9a2f40ed4e4491eaaefa98afe579 [term 0 FOLLOWER]: Advancing to term 1
I20260601 13:39:48.845715 27826 ts_tablet_manager.cc:1434] T a119b4c81ce74749afb8e7f8336c087c P 04158a72d74340a48a966919430a2e81: Time spent starting tablet: real 0.003s	user 0.001s	sys 0.002s
I20260601 13:39:48.845983 27828 raft_consensus.cc:359] T c3af51ac91684d93993caaa617f8a1af P 29b50ad6427843a09742e5ecde326148 [term 0 FOLLOWER]: Replica starting. Triggering 0 pending ops. Active config: opid_index: -1 OBSOLETE_local: true peers { permanent_uuid: "29b50ad6427843a09742e5ecde326148" member_type: VOTER last_known_addr { host: "127.26.171.3" port: 41323 } }
I20260601 13:39:48.846067 27828 raft_consensus.cc:385] T c3af51ac91684d93993caaa617f8a1af P 29b50ad6427843a09742e5ecde326148 [term 0 FOLLOWER]: Consensus starting up: Expiring failure detector timer to make a prompt election more likely
I20260601 13:39:48.846095 27828 raft_consensus.cc:740] T c3af51ac91684d93993caaa617f8a1af P 29b50ad6427843a09742e5ecde326148 [term 0 FOLLOWER]: Becoming Follower/Learner. State: Replica: 29b50ad6427843a09742e5ecde326148, State: Initialized, Role: FOLLOWER
I20260601 13:39:48.846489 27827 raft_consensus.cc:515] T 77d6817f5b1949e3b18d8254e819d139 P 6fba9a2f40ed4e4491eaaefa98afe579 [term 1 FOLLOWER]: Starting leader election with config: opid_index: -1 OBSOLETE_local: true peers { permanent_uuid: "6fba9a2f40ed4e4491eaaefa98afe579" member_type: VOTER last_known_addr { host: "127.26.171.1" port: 33885 } }
I20260601 13:39:48.846473 27828 consensus_queue.cc:260] T c3af51ac91684d93993caaa617f8a1af P 29b50ad6427843a09742e5ecde326148 [NON_LEADER]: Queue going to NON_LEADER mode. State: All replicated index: 0, Majority replicated index: 0, Committed index: 0, Last appended: 0.0, Last appended by leader: 0, Current term: 0, Majority size: -1, State: 0, Mode: NON_LEADER, active raft config: opid_index: -1 OBSOLETE_local: true peers { permanent_uuid: "29b50ad6427843a09742e5ecde326148" member_type: VOTER last_known_addr { host: "127.26.171.3" port: 41323 } }
I20260601 13:39:48.846601 27828 raft_consensus.cc:399] T c3af51ac91684d93993caaa617f8a1af P 29b50ad6427843a09742e5ecde326148 [term 0 FOLLOWER]: Only one voter in the Raft config. Triggering election immediately
I20260601 13:39:48.846624 27827 leader_election.cc:304] T 77d6817f5b1949e3b18d8254e819d139 P 6fba9a2f40ed4e4491eaaefa98afe579 [CANDIDATE]: Term 1 election: Election decided. Result: candidate won. Election summary: received 1 responses out of 1 voters: 1 yes votes; 0 no votes. yes voters: 6fba9a2f40ed4e4491eaaefa98afe579; no voters: 
I20260601 13:39:48.846645 27828 raft_consensus.cc:493] T c3af51ac91684d93993caaa617f8a1af P 29b50ad6427843a09742e5ecde326148 [term 0 FOLLOWER]: Starting leader election (initial election of a single-replica configuration)
I20260601 13:39:48.846755 27828 raft_consensus.cc:3060] T c3af51ac91684d93993caaa617f8a1af P 29b50ad6427843a09742e5ecde326148 [term 0 FOLLOWER]: Advancing to term 1
I20260601 13:39:48.846833 27827 leader_election.cc:290] T 77d6817f5b1949e3b18d8254e819d139 P 6fba9a2f40ed4e4491eaaefa98afe579 [CANDIDATE]: Term 1 election: Requested vote from peers 
I20260601 13:39:48.847106 27835 raft_consensus.cc:2804] T 77d6817f5b1949e3b18d8254e819d139 P 6fba9a2f40ed4e4491eaaefa98afe579 [term 1 FOLLOWER]: Leader election won for term 1
I20260601 13:39:48.847128 27827 ts_tablet_manager.cc:1434] T 77d6817f5b1949e3b18d8254e819d139 P 6fba9a2f40ed4e4491eaaefa98afe579: Time spent starting tablet: real 0.002s	user 0.003s	sys 0.000s
I20260601 13:39:48.847416 27835 raft_consensus.cc:697] T 77d6817f5b1949e3b18d8254e819d139 P 6fba9a2f40ed4e4491eaaefa98afe579 [term 1 LEADER]: Becoming Leader. State: Replica: 6fba9a2f40ed4e4491eaaefa98afe579, State: Running, Role: LEADER
I20260601 13:39:48.847602 27835 consensus_queue.cc:237] T 77d6817f5b1949e3b18d8254e819d139 P 6fba9a2f40ed4e4491eaaefa98afe579 [LEADER]: Queue going to LEADER mode. State: All replicated index: 0, Majority replicated index: 0, Committed index: 0, Last appended: 0.0, Last appended by leader: 0, Current term: 1, Majority size: 1, State: 0, Mode: LEADER, active raft config: opid_index: -1 OBSOLETE_local: true peers { permanent_uuid: "6fba9a2f40ed4e4491eaaefa98afe579" member_type: VOTER last_known_addr { host: "127.26.171.1" port: 33885 } }
I20260601 13:39:48.847668 27828 raft_consensus.cc:515] T c3af51ac91684d93993caaa617f8a1af P 29b50ad6427843a09742e5ecde326148 [term 1 FOLLOWER]: Starting leader election with config: opid_index: -1 OBSOLETE_local: true peers { permanent_uuid: "29b50ad6427843a09742e5ecde326148" member_type: VOTER last_known_addr { host: "127.26.171.3" port: 41323 } }
I20260601 13:39:48.847851 27828 leader_election.cc:304] T c3af51ac91684d93993caaa617f8a1af P 29b50ad6427843a09742e5ecde326148 [CANDIDATE]: Term 1 election: Election decided. Result: candidate won. Election summary: received 1 responses out of 1 voters: 1 yes votes; 0 no votes. yes voters: 29b50ad6427843a09742e5ecde326148; no voters: 
I20260601 13:39:48.847425 27827 tablet_bootstrap.cc:492] T 706ead4271144780aa80fdf495ffacd4 P 6fba9a2f40ed4e4491eaaefa98afe579: Bootstrap starting.
I20260601 13:39:48.848060 27828 leader_election.cc:290] T c3af51ac91684d93993caaa617f8a1af P 29b50ad6427843a09742e5ecde326148 [CANDIDATE]: Term 1 election: Requested vote from peers 
I20260601 13:39:48.848349 27828 ts_tablet_manager.cc:1434] T c3af51ac91684d93993caaa617f8a1af P 29b50ad6427843a09742e5ecde326148: Time spent starting tablet: real 0.003s	user 0.003s	sys 0.000s
I20260601 13:39:48.848807 27827 tablet_bootstrap.cc:654] T 706ead4271144780aa80fdf495ffacd4 P 6fba9a2f40ed4e4491eaaefa98afe579: Neither blocks nor log segments found. Creating new log.
I20260601 13:39:48.851585 27338 catalog_manager.cc:5696] T 77d6817f5b1949e3b18d8254e819d139 P 6fba9a2f40ed4e4491eaaefa98afe579 reported cstate change: term changed from 0 to 1, leader changed from <none> to 6fba9a2f40ed4e4491eaaefa98afe579 (127.26.171.1). New cstate: current_term: 1 leader_uuid: "6fba9a2f40ed4e4491eaaefa98afe579" committed_config { opid_index: -1 OBSOLETE_local: true peers { permanent_uuid: "6fba9a2f40ed4e4491eaaefa98afe579" member_type: VOTER last_known_addr { host: "127.26.171.1" port: 33885 } health_report { overall_health: HEALTHY } } }
I20260601 13:39:48.851833 27827 tablet_bootstrap.cc:492] T 706ead4271144780aa80fdf495ffacd4 P 6fba9a2f40ed4e4491eaaefa98afe579: No bootstrap required, opened a new log
I20260601 13:39:48.851902 27827 ts_tablet_manager.cc:1403] T 706ead4271144780aa80fdf495ffacd4 P 6fba9a2f40ed4e4491eaaefa98afe579: Time spent bootstrapping tablet: real 0.005s	user 0.002s	sys 0.000s
I20260601 13:39:48.852244 27827 raft_consensus.cc:359] T 706ead4271144780aa80fdf495ffacd4 P 6fba9a2f40ed4e4491eaaefa98afe579 [term 0 FOLLOWER]: Replica starting. Triggering 0 pending ops. Active config: opid_index: -1 OBSOLETE_local: true peers { permanent_uuid: "6fba9a2f40ed4e4491eaaefa98afe579" member_type: VOTER last_known_addr { host: "127.26.171.1" port: 33885 } }
I20260601 13:39:48.852330 27827 raft_consensus.cc:385] T 706ead4271144780aa80fdf495ffacd4 P 6fba9a2f40ed4e4491eaaefa98afe579 [term 0 FOLLOWER]: Consensus starting up: Expiring failure detector timer to make a prompt election more likely
I20260601 13:39:48.852368 27827 raft_consensus.cc:740] T 706ead4271144780aa80fdf495ffacd4 P 6fba9a2f40ed4e4491eaaefa98afe579 [term 0 FOLLOWER]: Becoming Follower/Learner. State: Replica: 6fba9a2f40ed4e4491eaaefa98afe579, State: Initialized, Role: FOLLOWER
I20260601 13:39:48.852499 27827 consensus_queue.cc:260] T 706ead4271144780aa80fdf495ffacd4 P 6fba9a2f40ed4e4491eaaefa98afe579 [NON_LEADER]: Queue going to NON_LEADER mode. State: All replicated index: 0, Majority replicated index: 0, Committed index: 0, Last appended: 0.0, Last appended by leader: 0, Current term: 0, Majority size: -1, State: 0, Mode: NON_LEADER, active raft config: opid_index: -1 OBSOLETE_local: true peers { permanent_uuid: "6fba9a2f40ed4e4491eaaefa98afe579" member_type: VOTER last_known_addr { host: "127.26.171.1" port: 33885 } }
I20260601 13:39:48.852602 27827 raft_consensus.cc:399] T 706ead4271144780aa80fdf495ffacd4 P 6fba9a2f40ed4e4491eaaefa98afe579 [term 0 FOLLOWER]: Only one voter in the Raft config. Triggering election immediately
I20260601 13:39:48.852650 27827 raft_consensus.cc:493] T 706ead4271144780aa80fdf495ffacd4 P 6fba9a2f40ed4e4491eaaefa98afe579 [term 0 FOLLOWER]: Starting leader election (initial election of a single-replica configuration)
I20260601 13:39:48.852705 27827 raft_consensus.cc:3060] T 706ead4271144780aa80fdf495ffacd4 P 6fba9a2f40ed4e4491eaaefa98afe579 [term 0 FOLLOWER]: Advancing to term 1
I20260601 13:39:48.855084 27827 raft_consensus.cc:515] T 706ead4271144780aa80fdf495ffacd4 P 6fba9a2f40ed4e4491eaaefa98afe579 [term 1 FOLLOWER]: Starting leader election with config: opid_index: -1 OBSOLETE_local: true peers { permanent_uuid: "6fba9a2f40ed4e4491eaaefa98afe579" member_type: VOTER last_known_addr { host: "127.26.171.1" port: 33885 } }
I20260601 13:39:48.855216 27827 leader_election.cc:304] T 706ead4271144780aa80fdf495ffacd4 P 6fba9a2f40ed4e4491eaaefa98afe579 [CANDIDATE]: Term 1 election: Election decided. Result: candidate won. Election summary: received 1 responses out of 1 voters: 1 yes votes; 0 no votes. yes voters: 6fba9a2f40ed4e4491eaaefa98afe579; no voters: 
I20260601 13:39:48.855317 27827 leader_election.cc:290] T 706ead4271144780aa80fdf495ffacd4 P 6fba9a2f40ed4e4491eaaefa98afe579 [CANDIDATE]: Term 1 election: Requested vote from peers 
I20260601 13:39:48.855540 27827 ts_tablet_manager.cc:1434] T 706ead4271144780aa80fdf495ffacd4 P 6fba9a2f40ed4e4491eaaefa98afe579: Time spent starting tablet: real 0.004s	user 0.002s	sys 0.000s
I20260601 13:39:48.856648 27834 raft_consensus.cc:2804] T 706ead4271144780aa80fdf495ffacd4 P 6fba9a2f40ed4e4491eaaefa98afe579 [term 1 FOLLOWER]: Leader election won for term 1
I20260601 13:39:48.856747 27834 raft_consensus.cc:697] T 706ead4271144780aa80fdf495ffacd4 P 6fba9a2f40ed4e4491eaaefa98afe579 [term 1 LEADER]: Becoming Leader. State: Replica: 6fba9a2f40ed4e4491eaaefa98afe579, State: Running, Role: LEADER
I20260601 13:39:48.856864 27834 consensus_queue.cc:237] T 706ead4271144780aa80fdf495ffacd4 P 6fba9a2f40ed4e4491eaaefa98afe579 [LEADER]: Queue going to LEADER mode. State: All replicated index: 0, Majority replicated index: 0, Committed index: 0, Last appended: 0.0, Last appended by leader: 0, Current term: 1, Majority size: 1, State: 0, Mode: LEADER, active raft config: opid_index: -1 OBSOLETE_local: true peers { permanent_uuid: "6fba9a2f40ed4e4491eaaefa98afe579" member_type: VOTER last_known_addr { host: "127.26.171.1" port: 33885 } }
I20260601 13:39:48.857151 27832 raft_consensus.cc:2804] T a119b4c81ce74749afb8e7f8336c087c P 04158a72d74340a48a966919430a2e81 [term 1 FOLLOWER]: Leader election won for term 1
I20260601 13:39:48.857980 27832 raft_consensus.cc:697] T a119b4c81ce74749afb8e7f8336c087c P 04158a72d74340a48a966919430a2e81 [term 1 LEADER]: Becoming Leader. State: Replica: 04158a72d74340a48a966919430a2e81, State: Running, Role: LEADER
I20260601 13:39:48.858157 27832 consensus_queue.cc:237] T a119b4c81ce74749afb8e7f8336c087c P 04158a72d74340a48a966919430a2e81 [LEADER]: Queue going to LEADER mode. State: All replicated index: 0, Majority replicated index: 0, Committed index: 0, Last appended: 0.0, Last appended by leader: 0, Current term: 1, Majority size: 1, State: 0, Mode: LEADER, active raft config: opid_index: -1 OBSOLETE_local: true peers { permanent_uuid: "04158a72d74340a48a966919430a2e81" member_type: VOTER last_known_addr { host: "127.26.171.2" port: 41839 } }
I20260601 13:39:48.858217 27338 catalog_manager.cc:5696] T 706ead4271144780aa80fdf495ffacd4 P 6fba9a2f40ed4e4491eaaefa98afe579 reported cstate change: term changed from 0 to 1, leader changed from <none> to 6fba9a2f40ed4e4491eaaefa98afe579 (127.26.171.1). New cstate: current_term: 1 leader_uuid: "6fba9a2f40ed4e4491eaaefa98afe579" committed_config { opid_index: -1 OBSOLETE_local: true peers { permanent_uuid: "6fba9a2f40ed4e4491eaaefa98afe579" member_type: VOTER last_known_addr { host: "127.26.171.1" port: 33885 } health_report { overall_health: HEALTHY } } }
I20260601 13:39:48.861327 27337 catalog_manager.cc:5696] T a119b4c81ce74749afb8e7f8336c087c P 04158a72d74340a48a966919430a2e81 reported cstate change: term changed from 0 to 1, leader changed from <none> to 04158a72d74340a48a966919430a2e81 (127.26.171.2). New cstate: current_term: 1 leader_uuid: "04158a72d74340a48a966919430a2e81" committed_config { opid_index: -1 OBSOLETE_local: true peers { permanent_uuid: "04158a72d74340a48a966919430a2e81" member_type: VOTER last_known_addr { host: "127.26.171.2" port: 41839 } health_report { overall_health: HEALTHY } } }
I20260601 13:39:48.865695 27839 raft_consensus.cc:2804] T c3af51ac91684d93993caaa617f8a1af P 29b50ad6427843a09742e5ecde326148 [term 1 FOLLOWER]: Leader election won for term 1
I20260601 13:39:48.866245 27839 raft_consensus.cc:697] T c3af51ac91684d93993caaa617f8a1af P 29b50ad6427843a09742e5ecde326148 [term 1 LEADER]: Becoming Leader. State: Replica: 29b50ad6427843a09742e5ecde326148, State: Running, Role: LEADER
I20260601 13:39:48.866386 27839 consensus_queue.cc:237] T c3af51ac91684d93993caaa617f8a1af P 29b50ad6427843a09742e5ecde326148 [LEADER]: Queue going to LEADER mode. State: All replicated index: 0, Majority replicated index: 0, Committed index: 0, Last appended: 0.0, Last appended by leader: 0, Current term: 1, Majority size: 1, State: 0, Mode: LEADER, active raft config: opid_index: -1 OBSOLETE_local: true peers { permanent_uuid: "29b50ad6427843a09742e5ecde326148" member_type: VOTER last_known_addr { host: "127.26.171.3" port: 41323 } }
I20260601 13:39:48.867657 27337 catalog_manager.cc:5696] T c3af51ac91684d93993caaa617f8a1af P 29b50ad6427843a09742e5ecde326148 reported cstate change: term changed from 0 to 1, leader changed from <none> to 29b50ad6427843a09742e5ecde326148 (127.26.171.3). New cstate: current_term: 1 leader_uuid: "29b50ad6427843a09742e5ecde326148" committed_config { opid_index: -1 OBSOLETE_local: true peers { permanent_uuid: "29b50ad6427843a09742e5ecde326148" member_type: VOTER last_known_addr { host: "127.26.171.3" port: 41323 } health_report { overall_health: HEALTHY } } }
I20260601 13:39:48.879276 27308 tablet_server.cc:179] TabletServer@127.26.171.1:0 shutting down...
I20260601 13:39:48.884426 27308 ts_tablet_manager.cc:1507] Shutting down tablet manager...
I20260601 13:39:48.884857 27308 tablet_replica.cc:333] T 706ead4271144780aa80fdf495ffacd4 P 6fba9a2f40ed4e4491eaaefa98afe579: stopping tablet replica
I20260601 13:39:48.885196 27308 raft_consensus.cc:2243] T 706ead4271144780aa80fdf495ffacd4 P 6fba9a2f40ed4e4491eaaefa98afe579 [term 1 LEADER]: Raft consensus shutting down.
I20260601 13:39:48.885365 27308 raft_consensus.cc:2272] T 706ead4271144780aa80fdf495ffacd4 P 6fba9a2f40ed4e4491eaaefa98afe579 [term 1 FOLLOWER]: Raft consensus is shut down!
I20260601 13:39:48.886575 27308 tablet_replica.cc:333] T 77d6817f5b1949e3b18d8254e819d139 P 6fba9a2f40ed4e4491eaaefa98afe579: stopping tablet replica
I20260601 13:39:48.886662 27308 raft_consensus.cc:2243] T 77d6817f5b1949e3b18d8254e819d139 P 6fba9a2f40ed4e4491eaaefa98afe579 [term 1 LEADER]: Raft consensus shutting down.
I20260601 13:39:48.886799 27308 raft_consensus.cc:2272] T 77d6817f5b1949e3b18d8254e819d139 P 6fba9a2f40ed4e4491eaaefa98afe579 [term 1 FOLLOWER]: Raft consensus is shut down!
I20260601 13:39:48.901332 27308 tablet_server.cc:196] TabletServer@127.26.171.1:0 shutdown complete.
I20260601 13:39:48.905582 27308 tablet_server.cc:179] TabletServer@127.26.171.2:0 shutting down...
I20260601 13:39:48.910295 27308 ts_tablet_manager.cc:1507] Shutting down tablet manager...
I20260601 13:39:48.910589 27308 tablet_replica.cc:333] T a119b4c81ce74749afb8e7f8336c087c P 04158a72d74340a48a966919430a2e81: stopping tablet replica
I20260601 13:39:48.910691 27308 raft_consensus.cc:2243] T a119b4c81ce74749afb8e7f8336c087c P 04158a72d74340a48a966919430a2e81 [term 1 LEADER]: Raft consensus shutting down.
I20260601 13:39:48.910790 27308 raft_consensus.cc:2272] T a119b4c81ce74749afb8e7f8336c087c P 04158a72d74340a48a966919430a2e81 [term 1 FOLLOWER]: Raft consensus is shut down!
I20260601 13:39:48.923981 27308 tablet_server.cc:196] TabletServer@127.26.171.2:0 shutdown complete.
I20260601 13:39:48.926084 27308 tablet_server.cc:179] TabletServer@127.26.171.3:0 shutting down...
I20260601 13:39:48.930701 27308 ts_tablet_manager.cc:1507] Shutting down tablet manager...
I20260601 13:39:48.931026 27308 tablet_replica.cc:333] T c3af51ac91684d93993caaa617f8a1af P 29b50ad6427843a09742e5ecde326148: stopping tablet replica
I20260601 13:39:48.931174 27308 raft_consensus.cc:2243] T c3af51ac91684d93993caaa617f8a1af P 29b50ad6427843a09742e5ecde326148 [term 1 LEADER]: Raft consensus shutting down.
I20260601 13:39:48.931324 27308 raft_consensus.cc:2272] T c3af51ac91684d93993caaa617f8a1af P 29b50ad6427843a09742e5ecde326148 [term 1 FOLLOWER]: Raft consensus is shut down!
I20260601 13:39:48.944859 27308 tablet_server.cc:196] TabletServer@127.26.171.3:0 shutdown complete.
I20260601 13:39:48.946990 27308 master.cc:562] Master@127.26.171.62:39595 shutting down...
I20260601 13:39:48.950690 27308 raft_consensus.cc:2243] T 00000000000000000000000000000000 P f043f035f8a742ec991d1906b0865fa8 [term 1 LEADER]: Raft consensus shutting down.
I20260601 13:39:48.950973 27308 raft_consensus.cc:2272] T 00000000000000000000000000000000 P f043f035f8a742ec991d1906b0865fa8 [term 1 FOLLOWER]: Raft consensus is shut down!
I20260601 13:39:48.951043 27308 tablet_replica.cc:333] T 00000000000000000000000000000000 P f043f035f8a742ec991d1906b0865fa8: stopping tablet replica
I20260601 13:39:48.964776 27308 master.cc:584] Master@127.26.171.62:39595 shutdown complete.
I20260601 13:39:48.968073 27308 master.cc:562] Master@127.26.171.61:44479 shutting down...
I20260601 13:39:48.971346 27308 raft_consensus.cc:2243] T 00000000000000000000000000000000 P d980a3ae3f0d45f4a24ee89527ed03f8 [term 1 FOLLOWER]: Raft consensus shutting down.
I20260601 13:39:48.971529 27308 raft_consensus.cc:2272] T 00000000000000000000000000000000 P d980a3ae3f0d45f4a24ee89527ed03f8 [term 1 FOLLOWER]: Raft consensus is shut down!
I20260601 13:39:48.971625 27308 tablet_replica.cc:333] T 00000000000000000000000000000000 P d980a3ae3f0d45f4a24ee89527ed03f8: stopping tablet replica
I20260601 13:39:48.984869 27308 master.cc:584] Master@127.26.171.61:44479 shutdown complete.
I20260601 13:39:48.987429 27308 master.cc:562] Master@127.26.171.60:46489 shutting down...
I20260601 13:39:48.992878 27308 raft_consensus.cc:2243] T 00000000000000000000000000000000 P f9ad2f4765df44108a58aef6a227c3f9 [term 1 FOLLOWER]: Raft consensus shutting down.
I20260601 13:39:48.993129 27308 raft_consensus.cc:2272] T 00000000000000000000000000000000 P f9ad2f4765df44108a58aef6a227c3f9 [term 1 FOLLOWER]: Raft consensus is shut down!
I20260601 13:39:48.993224 27308 tablet_replica.cc:333] T 00000000000000000000000000000000 P f9ad2f4765df44108a58aef6a227c3f9: stopping tablet replica
I20260601 13:39:49.006233 27308 master.cc:584] Master@127.26.171.60:46489 shutdown complete.
[       OK ] AutoRebalancerTest.OnlyLeaderDoesAutoRebalancing (2539 ms)
[ RUN      ] AutoRebalancerTest.AutoRebalancingTurnOffAndOn
I20260601 13:39:49.015038 27308 internal_mini_cluster.cc:156] Creating distributed mini masters. Addrs: 127.26.171.62:34209
I20260601 13:39:49.015441 27308 file_cache.cc:492] Constructed file cache file cache with capacity 419430
W20260601 13:39:49.017336 27849 instance_detector.cc:116] could not retrieve AWS instance metadata: Network error: curl error: HTTP response code said error: The requested URL returned error: 404
W20260601 13:39:49.017452 27850 instance_detector.cc:116] could not retrieve Azure instance metadata: Network error: curl error: HTTP response code said error: The requested URL returned error: 404
W20260601 13:39:49.017383 27852 instance_detector.cc:116] could not retrieve OpenStack instance metadata: Network error: curl error: HTTP response code said error: The requested URL returned error: 404
I20260601 13:39:49.017546 27308 server_base.cc:1061] running on GCE node
I20260601 13:39:49.017885 27308 hybrid_clock.cc:584] initializing the hybrid clock with 'system_unsync' time source
W20260601 13:39:49.017930 27308 system_unsync_time.cc:38] NTP support is disabled. Clock error bounds will not be accurate. This configuration is not suitable for distributed clusters.
I20260601 13:39:49.017946 27308 hybrid_clock.cc:648] HybridClock initialized: now 1780321189017946 us; error 0 us; skew 500 ppm
I20260601 13:39:49.018772 27308 webserver.cc:533] Webserver started at http://127.26.171.62:40195/ using document root <none> and password file <none>
I20260601 13:39:49.018900 27308 fs_manager.cc:362] Metadata directory not provided
I20260601 13:39:49.018945 27308 fs_manager.cc:368] Using write-ahead log directory (fs_wal_dir) as metadata directory
I20260601 13:39:49.019002 27308 server_base.cc:909] This appears to be a new deployment of Kudu; creating new FS layout
I20260601 13:39:49.019354 27308 fs_manager.cc:1068] Generated new instance metadata in path /tmp/dist-test-taskEqSy2U/test-tmp/auto_rebalancer-test.0.AutoRebalancerTest.AutoRebalancingTurnOffAndOn.1780321186464659-27308-0/minicluster-data/master-0-root/instance:
uuid: "f18ae6f913ec4808a6ec2442137259f0"
format_stamp: "Formatted at 2026-06-01 13:39:49 on dist-test-slave-wtdz"
I20260601 13:39:49.020766 27308 fs_manager.cc:696] Time spent creating directory manager: real 0.001s	user 0.001s	sys 0.001s
I20260601 13:39:49.021786 27857 log_block_manager.cc:4031] Time spent loading block containers with low live blocks: real 0.000s	user 0.000s	sys 0.000s
I20260601 13:39:49.022218 27308 fs_manager.cc:730] Time spent opening block manager: real 0.001s	user 0.001s	sys 0.000s
I20260601 13:39:49.022277 27308 fs_manager.cc:647] Opened local filesystem: /tmp/dist-test-taskEqSy2U/test-tmp/auto_rebalancer-test.0.AutoRebalancerTest.AutoRebalancingTurnOffAndOn.1780321186464659-27308-0/minicluster-data/master-0-root
uuid: "f18ae6f913ec4808a6ec2442137259f0"
format_stamp: "Formatted at 2026-06-01 13:39:49 on dist-test-slave-wtdz"
I20260601 13:39:49.022336 27308 fs_report.cc:389] FS layout report
--------------------
wal directory: /tmp/dist-test-taskEqSy2U/test-tmp/auto_rebalancer-test.0.AutoRebalancerTest.AutoRebalancingTurnOffAndOn.1780321186464659-27308-0/minicluster-data/master-0-root
metadata directory: /tmp/dist-test-taskEqSy2U/test-tmp/auto_rebalancer-test.0.AutoRebalancerTest.AutoRebalancingTurnOffAndOn.1780321186464659-27308-0/minicluster-data/master-0-root
1 data directories: /tmp/dist-test-taskEqSy2U/test-tmp/auto_rebalancer-test.0.AutoRebalancerTest.AutoRebalancingTurnOffAndOn.1780321186464659-27308-0/minicluster-data/master-0-root/data
Total live blocks: 0
Total live bytes: 0
Total live bytes (after alignment): 0
Total number of LBM containers: 0 (0 full)
Did not check for missing blocks
Did not check for orphaned blocks
Total full LBM containers with extra space: 0 (0 repaired)
Total full LBM container extra space in bytes: 0 (0 repaired)
Total incomplete LBM containers: 0 (0 repaired)
Total LBM partial records: 0 (0 repaired)
Total corrupted LBM metadata records in RocksDB: 0 (0 repaired)
I20260601 13:39:49.046453 27308 rpc_server.cc:225] running with OpenSSL 1.1.1  11 Sep 2018
