I20260601 13:39:51.199230 32259 catalog_manager.cc:5696] T 36e6aa7bcee04f3199eaf1f5ab30f22a P 5158f81f11414652bb9a46decdba7b8a reported cstate change: term changed from 1 to 2, leader changed from 2995118658874291963ff044ab1d50c4 (127.30.242.193) to 5158f81f11414652bb9a46decdba7b8a (127.30.242.195). New cstate: current_term: 2 leader_uuid: "5158f81f11414652bb9a46decdba7b8a" committed_config { opid_index: -1 OBSOLETE_local: false peers { permanent_uuid: "2995118658874291963ff044ab1d50c4" member_type: VOTER last_known_addr { host: "127.30.242.193" port: 42687 } health_report { overall_health: UNKNOWN } } peers { permanent_uuid: "248208cd73e44d6a862fcbf7059b0cdc" member_type: VOTER last_known_addr { host: "127.30.242.194" port: 45945 } health_report { overall_health: UNKNOWN } } peers { permanent_uuid: "5158f81f11414652bb9a46decdba7b8a" member_type: VOTER last_known_addr { host: "127.30.242.195" port: 45001 } health_report { overall_health: HEALTHY } } }
I20260601 13:39:51.339118 32678 heartbeater.cc:499] Master 127.30.242.254:35607 was elected leader, sending a full tablet report...
I20260601 13:39:51.478725 32362 raft_consensus.cc:1275] T b099123aeef24189913b191283542abc P 2995118658874291963ff044ab1d50c4 [term 2 FOLLOWER]: Refusing update from remote peer 248208cd73e44d6a862fcbf7059b0cdc: Log matching property violated. Preceding OpId in replica: term: 1 index: 1. Preceding OpId from leader: term: 2 index: 2. (index mismatch)
I20260601 13:39:51.479411 32591 consensus_queue.cc:1048] T b099123aeef24189913b191283542abc P 248208cd73e44d6a862fcbf7059b0cdc [LEADER]: Connected to new peer: Peer: permanent_uuid: "2995118658874291963ff044ab1d50c4" member_type: VOTER last_known_addr { host: "127.30.242.193" port: 42687 }, Status: LMP_MISMATCH, Last received: 0.0, Next index: 2, Last known committed idx: 1, Time since last communication: 0.000s
I20260601 13:39:51.482208 32512 raft_consensus.cc:1275] T b099123aeef24189913b191283542abc P 5158f81f11414652bb9a46decdba7b8a [term 2 FOLLOWER]: Refusing update from remote peer 248208cd73e44d6a862fcbf7059b0cdc: Log matching property violated. Preceding OpId in replica: term: 1 index: 1. Preceding OpId from leader: term: 2 index: 2. (index mismatch)
I20260601 13:39:51.482630 32562 consensus_queue.cc:1048] T b099123aeef24189913b191283542abc P 248208cd73e44d6a862fcbf7059b0cdc [LEADER]: Connected to new peer: Peer: permanent_uuid: "5158f81f11414652bb9a46decdba7b8a" member_type: VOTER last_known_addr { host: "127.30.242.195" port: 45001 }, Status: LMP_MISMATCH, Last received: 0.0, Next index: 2, Last known committed idx: 1, Time since last communication: 0.000s
I20260601 13:39:51.696419 32362 raft_consensus.cc:1275] T 36e6aa7bcee04f3199eaf1f5ab30f22a P 2995118658874291963ff044ab1d50c4 [term 2 FOLLOWER]: Refusing update from remote peer 5158f81f11414652bb9a46decdba7b8a: Log matching property violated. Preceding OpId in replica: term: 1 index: 1. Preceding OpId from leader: term: 2 index: 2. (index mismatch)
I20260601 13:39:51.696940 32709 consensus_queue.cc:1048] T 36e6aa7bcee04f3199eaf1f5ab30f22a P 5158f81f11414652bb9a46decdba7b8a [LEADER]: Connected to new peer: Peer: permanent_uuid: "2995118658874291963ff044ab1d50c4" member_type: VOTER last_known_addr { host: "127.30.242.193" port: 42687 }, Status: LMP_MISMATCH, Last received: 0.0, Next index: 2, Last known committed idx: 1, Time since last communication: 0.000s
I20260601 13:39:51.699762 32438 raft_consensus.cc:1275] T 36e6aa7bcee04f3199eaf1f5ab30f22a P 248208cd73e44d6a862fcbf7059b0cdc [term 2 FOLLOWER]: Refusing update from remote peer 5158f81f11414652bb9a46decdba7b8a: Log matching property violated. Preceding OpId in replica: term: 1 index: 1. Preceding OpId from leader: term: 2 index: 2. (index mismatch)
I20260601 13:39:51.700222 32713 consensus_queue.cc:1048] T 36e6aa7bcee04f3199eaf1f5ab30f22a P 5158f81f11414652bb9a46decdba7b8a [LEADER]: Connected to new peer: Peer: permanent_uuid: "248208cd73e44d6a862fcbf7059b0cdc" member_type: VOTER last_known_addr { host: "127.30.242.194" port: 45945 }, Status: LMP_MISMATCH, Last received: 0.0, Next index: 2, Last known committed idx: 1, Time since last communication: 0.000s
I20260601 13:39:52.737553 32313 auto_leader_rebalancer.cc:140] leader rebalance for table test-workload
I20260601 13:39:52.738498 32313 auto_leader_rebalancer.cc:388] table: test-workload, leader rebalance finish, leader transfer count: 0
I20260601 13:39:52.738620 32313 auto_leader_rebalancer.cc:451] All tables' leader rebalancing finished this round
I20260601 13:39:54.738968 32313 auto_leader_rebalancer.cc:140] leader rebalance for table test-workload
I20260601 13:39:54.740687 32313 auto_leader_rebalancer.cc:388] table: test-workload, leader rebalance finish, leader transfer count: 0
I20260601 13:39:54.740842 32313 auto_leader_rebalancer.cc:451] All tables' leader rebalancing finished this round
I20260601 13:39:55.738087 32361 consensus_queue.cc:237] T 6f5f980da9e84deb9cebc8238607c131 P 2995118658874291963ff044ab1d50c4 [LEADER]: Queue going to LEADER mode. State: All replicated index: 0, Majority replicated index: 1, Committed index: 1, Last appended: 1.1, Last appended by leader: 0, Current term: 1, Majority size: 2, State: 0, Mode: LEADER, active raft config: opid_index: 2 OBSOLETE_local: false peers { permanent_uuid: "2995118658874291963ff044ab1d50c4" member_type: VOTER last_known_addr { host: "127.30.242.193" port: 42687 } } peers { permanent_uuid: "248208cd73e44d6a862fcbf7059b0cdc" member_type: VOTER last_known_addr { host: "127.30.242.194" port: 45945 } attrs { replace: true } } peers { permanent_uuid: "5158f81f11414652bb9a46decdba7b8a" member_type: VOTER last_known_addr { host: "127.30.242.195" port: 45001 } } peers { permanent_uuid: "9db88fb9c3db407c9a37b661893f3e1a" member_type: NON_VOTER last_known_addr { host: "127.30.242.196" port: 41445 } attrs { promote: true } }
I20260601 13:39:55.739924 32437 raft_consensus.cc:1275] T 6f5f980da9e84deb9cebc8238607c131 P 248208cd73e44d6a862fcbf7059b0cdc [term 1 FOLLOWER]: Refusing update from remote peer 2995118658874291963ff044ab1d50c4: Log matching property violated. Preceding OpId in replica: term: 1 index: 1. Preceding OpId from leader: term: 1 index: 2. (index mismatch)
I20260601 13:39:55.740168 32512 raft_consensus.cc:1275] T 6f5f980da9e84deb9cebc8238607c131 P 5158f81f11414652bb9a46decdba7b8a [term 1 FOLLOWER]: Refusing update from remote peer 2995118658874291963ff044ab1d50c4: Log matching property violated. Preceding OpId in replica: term: 1 index: 1. Preceding OpId from leader: term: 1 index: 2. (index mismatch)
I20260601 13:39:55.740388 32723 consensus_queue.cc:1048] T 6f5f980da9e84deb9cebc8238607c131 P 2995118658874291963ff044ab1d50c4 [LEADER]: Connected to new peer: Peer: permanent_uuid: "248208cd73e44d6a862fcbf7059b0cdc" member_type: VOTER last_known_addr { host: "127.30.242.194" port: 45945 } attrs { replace: true }, Status: LMP_MISMATCH, Last received: 0.0, Next index: 2, Last known committed idx: 1, Time since last communication: 0.000s
I20260601 13:39:55.740628 32717 consensus_queue.cc:1048] T 6f5f980da9e84deb9cebc8238607c131 P 2995118658874291963ff044ab1d50c4 [LEADER]: Connected to new peer: Peer: permanent_uuid: "5158f81f11414652bb9a46decdba7b8a" member_type: VOTER last_known_addr { host: "127.30.242.195" port: 45001 }, Status: LMP_MISMATCH, Last received: 0.0, Next index: 2, Last known committed idx: 1, Time since last communication: 0.000s
I20260601 13:39:55.742627 32722 raft_consensus.cc:2955] T 6f5f980da9e84deb9cebc8238607c131 P 2995118658874291963ff044ab1d50c4 [term 1 LEADER]: Committing config change with OpId 1.2: config changed from index -1 to 2, NON_VOTER 9db88fb9c3db407c9a37b661893f3e1a (127.30.242.196) added. New config: { opid_index: 2 OBSOLETE_local: false peers { permanent_uuid: "2995118658874291963ff044ab1d50c4" member_type: VOTER last_known_addr { host: "127.30.242.193" port: 42687 } } peers { permanent_uuid: "248208cd73e44d6a862fcbf7059b0cdc" member_type: VOTER last_known_addr { host: "127.30.242.194" port: 45945 } attrs { replace: true } } peers { permanent_uuid: "5158f81f11414652bb9a46decdba7b8a" member_type: VOTER last_known_addr { host: "127.30.242.195" port: 45001 } } peers { permanent_uuid: "9db88fb9c3db407c9a37b661893f3e1a" member_type: NON_VOTER last_known_addr { host: "127.30.242.196" port: 41445 } attrs { promote: true } } }
I20260601 13:39:55.743083 32512 raft_consensus.cc:2955] T 6f5f980da9e84deb9cebc8238607c131 P 5158f81f11414652bb9a46decdba7b8a [term 1 FOLLOWER]: Committing config change with OpId 1.2: config changed from index -1 to 2, NON_VOTER 9db88fb9c3db407c9a37b661893f3e1a (127.30.242.196) added. New config: { opid_index: 2 OBSOLETE_local: false peers { permanent_uuid: "2995118658874291963ff044ab1d50c4" member_type: VOTER last_known_addr { host: "127.30.242.193" port: 42687 } } peers { permanent_uuid: "248208cd73e44d6a862fcbf7059b0cdc" member_type: VOTER last_known_addr { host: "127.30.242.194" port: 45945 } attrs { replace: true } } peers { permanent_uuid: "5158f81f11414652bb9a46decdba7b8a" member_type: VOTER last_known_addr { host: "127.30.242.195" port: 45001 } } peers { permanent_uuid: "9db88fb9c3db407c9a37b661893f3e1a" member_type: NON_VOTER last_known_addr { host: "127.30.242.196" port: 41445 } attrs { promote: true } } }
I20260601 13:39:55.743083 32437 raft_consensus.cc:2955] T 6f5f980da9e84deb9cebc8238607c131 P 248208cd73e44d6a862fcbf7059b0cdc [term 1 FOLLOWER]: Committing config change with OpId 1.2: config changed from index -1 to 2, NON_VOTER 9db88fb9c3db407c9a37b661893f3e1a (127.30.242.196) added. New config: { opid_index: 2 OBSOLETE_local: false peers { permanent_uuid: "2995118658874291963ff044ab1d50c4" member_type: VOTER last_known_addr { host: "127.30.242.193" port: 42687 } } peers { permanent_uuid: "248208cd73e44d6a862fcbf7059b0cdc" member_type: VOTER last_known_addr { host: "127.30.242.194" port: 45945 } attrs { replace: true } } peers { permanent_uuid: "5158f81f11414652bb9a46decdba7b8a" member_type: VOTER last_known_addr { host: "127.30.242.195" port: 45001 } } peers { permanent_uuid: "9db88fb9c3db407c9a37b661893f3e1a" member_type: NON_VOTER last_known_addr { host: "127.30.242.196" port: 41445 } attrs { promote: true } } }
W20260601 13:39:55.745800 32327 consensus_peers.cc:597] T 6f5f980da9e84deb9cebc8238607c131 P 2995118658874291963ff044ab1d50c4 -> Peer 9db88fb9c3db407c9a37b661893f3e1a (127.30.242.196:41445): Couldn't send request to peer 9db88fb9c3db407c9a37b661893f3e1a. Error code: TABLET_NOT_FOUND (6). Status: Not found: Tablet not found: 6f5f980da9e84deb9cebc8238607c131. This is attempt 1: this message will repeat every 5th retry.
I20260601 13:39:55.745857 32259 catalog_manager.cc:5696] T 6f5f980da9e84deb9cebc8238607c131 P 248208cd73e44d6a862fcbf7059b0cdc reported cstate change: config changed from index -1 to 2, NON_VOTER 9db88fb9c3db407c9a37b661893f3e1a (127.30.242.196) added. New cstate: current_term: 1 leader_uuid: "2995118658874291963ff044ab1d50c4" committed_config { opid_index: 2 OBSOLETE_local: false peers { permanent_uuid: "2995118658874291963ff044ab1d50c4" member_type: VOTER last_known_addr { host: "127.30.242.193" port: 42687 } } peers { permanent_uuid: "248208cd73e44d6a862fcbf7059b0cdc" member_type: VOTER last_known_addr { host: "127.30.242.194" port: 45945 } attrs { replace: true } } peers { permanent_uuid: "5158f81f11414652bb9a46decdba7b8a" member_type: VOTER last_known_addr { host: "127.30.242.195" port: 45001 } } peers { permanent_uuid: "9db88fb9c3db407c9a37b661893f3e1a" member_type: NON_VOTER last_known_addr { host: "127.30.242.196" port: 41445 } attrs { promote: true } } }
I20260601 13:39:55.747382 32361 consensus_queue.cc:237] T af37f608a34c4f6a9c1f49f47d276f20 P 2995118658874291963ff044ab1d50c4 [LEADER]: Queue going to LEADER mode. State: All replicated index: 0, Majority replicated index: 1, Committed index: 1, Last appended: 1.1, Last appended by leader: 0, Current term: 1, Majority size: 2, State: 0, Mode: LEADER, active raft config: opid_index: 2 OBSOLETE_local: false peers { permanent_uuid: "2995118658874291963ff044ab1d50c4" member_type: VOTER last_known_addr { host: "127.30.242.193" port: 42687 } } peers { permanent_uuid: "248208cd73e44d6a862fcbf7059b0cdc" member_type: VOTER last_known_addr { host: "127.30.242.194" port: 45945 } } peers { permanent_uuid: "5158f81f11414652bb9a46decdba7b8a" member_type: VOTER last_known_addr { host: "127.30.242.195" port: 45001 } attrs { replace: true } } peers { permanent_uuid: "9db88fb9c3db407c9a37b661893f3e1a" member_type: NON_VOTER last_known_addr { host: "127.30.242.196" port: 41445 } attrs { promote: true } }
I20260601 13:39:55.749091 32512 raft_consensus.cc:1275] T af37f608a34c4f6a9c1f49f47d276f20 P 5158f81f11414652bb9a46decdba7b8a [term 1 FOLLOWER]: Refusing update from remote peer 2995118658874291963ff044ab1d50c4: Log matching property violated. Preceding OpId in replica: term: 1 index: 1. Preceding OpId from leader: term: 1 index: 2. (index mismatch)
I20260601 13:39:55.749049 32437 raft_consensus.cc:1275] T af37f608a34c4f6a9c1f49f47d276f20 P 248208cd73e44d6a862fcbf7059b0cdc [term 1 FOLLOWER]: Refusing update from remote peer 2995118658874291963ff044ab1d50c4: Log matching property violated. Preceding OpId in replica: term: 1 index: 1. Preceding OpId from leader: term: 1 index: 2. (index mismatch)
W20260601 13:39:55.749224 32327 consensus_peers.cc:597] T af37f608a34c4f6a9c1f49f47d276f20 P 2995118658874291963ff044ab1d50c4 -> Peer 9db88fb9c3db407c9a37b661893f3e1a (127.30.242.196:41445): Couldn't send request to peer 9db88fb9c3db407c9a37b661893f3e1a. Error code: TABLET_NOT_FOUND (6). Status: Not found: Tablet not found: af37f608a34c4f6a9c1f49f47d276f20. This is attempt 1: this message will repeat every 5th retry.
I20260601 13:39:55.749523 32722 consensus_queue.cc:1048] T af37f608a34c4f6a9c1f49f47d276f20 P 2995118658874291963ff044ab1d50c4 [LEADER]: Connected to new peer: Peer: permanent_uuid: "248208cd73e44d6a862fcbf7059b0cdc" member_type: VOTER last_known_addr { host: "127.30.242.194" port: 45945 }, Status: LMP_MISMATCH, Last received: 0.0, Next index: 2, Last known committed idx: 1, Time since last communication: 0.000s
I20260601 13:39:55.749981 32723 consensus_queue.cc:1048] T af37f608a34c4f6a9c1f49f47d276f20 P 2995118658874291963ff044ab1d50c4 [LEADER]: Connected to new peer: Peer: permanent_uuid: "5158f81f11414652bb9a46decdba7b8a" member_type: VOTER last_known_addr { host: "127.30.242.195" port: 45001 } attrs { replace: true }, Status: LMP_MISMATCH, Last received: 0.0, Next index: 2, Last known committed idx: 1, Time since last communication: 0.000s
I20260601 13:39:55.752368 32722 raft_consensus.cc:2955] T af37f608a34c4f6a9c1f49f47d276f20 P 2995118658874291963ff044ab1d50c4 [term 1 LEADER]: Committing config change with OpId 1.2: config changed from index -1 to 2, NON_VOTER 9db88fb9c3db407c9a37b661893f3e1a (127.30.242.196) added. New config: { opid_index: 2 OBSOLETE_local: false peers { permanent_uuid: "2995118658874291963ff044ab1d50c4" member_type: VOTER last_known_addr { host: "127.30.242.193" port: 42687 } } peers { permanent_uuid: "248208cd73e44d6a862fcbf7059b0cdc" member_type: VOTER last_known_addr { host: "127.30.242.194" port: 45945 } } peers { permanent_uuid: "5158f81f11414652bb9a46decdba7b8a" member_type: VOTER last_known_addr { host: "127.30.242.195" port: 45001 } attrs { replace: true } } peers { permanent_uuid: "9db88fb9c3db407c9a37b661893f3e1a" member_type: NON_VOTER last_known_addr { host: "127.30.242.196" port: 41445 } attrs { promote: true } } }
I20260601 13:39:55.752789 32437 raft_consensus.cc:2955] T af37f608a34c4f6a9c1f49f47d276f20 P 248208cd73e44d6a862fcbf7059b0cdc [term 1 FOLLOWER]: Committing config change with OpId 1.2: config changed from index -1 to 2, NON_VOTER 9db88fb9c3db407c9a37b661893f3e1a (127.30.242.196) added. New config: { opid_index: 2 OBSOLETE_local: false peers { permanent_uuid: "2995118658874291963ff044ab1d50c4" member_type: VOTER last_known_addr { host: "127.30.242.193" port: 42687 } } peers { permanent_uuid: "248208cd73e44d6a862fcbf7059b0cdc" member_type: VOTER last_known_addr { host: "127.30.242.194" port: 45945 } } peers { permanent_uuid: "5158f81f11414652bb9a46decdba7b8a" member_type: VOTER last_known_addr { host: "127.30.242.195" port: 45001 } attrs { replace: true } } peers { permanent_uuid: "9db88fb9c3db407c9a37b661893f3e1a" member_type: NON_VOTER last_known_addr { host: "127.30.242.196" port: 41445 } attrs { promote: true } } }
I20260601 13:39:55.754436 32512 raft_consensus.cc:2955] T af37f608a34c4f6a9c1f49f47d276f20 P 5158f81f11414652bb9a46decdba7b8a [term 1 FOLLOWER]: Committing config change with OpId 1.2: config changed from index -1 to 2, NON_VOTER 9db88fb9c3db407c9a37b661893f3e1a (127.30.242.196) added. New config: { opid_index: 2 OBSOLETE_local: false peers { permanent_uuid: "2995118658874291963ff044ab1d50c4" member_type: VOTER last_known_addr { host: "127.30.242.193" port: 42687 } } peers { permanent_uuid: "248208cd73e44d6a862fcbf7059b0cdc" member_type: VOTER last_known_addr { host: "127.30.242.194" port: 45945 } } peers { permanent_uuid: "5158f81f11414652bb9a46decdba7b8a" member_type: VOTER last_known_addr { host: "127.30.242.195" port: 45001 } attrs { replace: true } } peers { permanent_uuid: "9db88fb9c3db407c9a37b661893f3e1a" member_type: NON_VOTER last_known_addr { host: "127.30.242.196" port: 41445 } attrs { promote: true } } }
I20260601 13:39:55.755196 32257 catalog_manager.cc:5696] T af37f608a34c4f6a9c1f49f47d276f20 P 248208cd73e44d6a862fcbf7059b0cdc reported cstate change: config changed from index -1 to 2, NON_VOTER 9db88fb9c3db407c9a37b661893f3e1a (127.30.242.196) added. New cstate: current_term: 1 leader_uuid: "2995118658874291963ff044ab1d50c4" committed_config { opid_index: 2 OBSOLETE_local: false peers { permanent_uuid: "2995118658874291963ff044ab1d50c4" member_type: VOTER last_known_addr { host: "127.30.242.193" port: 42687 } } peers { permanent_uuid: "248208cd73e44d6a862fcbf7059b0cdc" member_type: VOTER last_known_addr { host: "127.30.242.194" port: 45945 } } peers { permanent_uuid: "5158f81f11414652bb9a46decdba7b8a" member_type: VOTER last_known_addr { host: "127.30.242.195" port: 45001 } attrs { replace: true } } peers { permanent_uuid: "9db88fb9c3db407c9a37b661893f3e1a" member_type: NON_VOTER last_known_addr { host: "127.30.242.196" port: 41445 } attrs { promote: true } } }
I20260601 13:39:55.760676 32437 consensus_queue.cc:237] T caf986823544457d89b695ee9c52ee87 P 248208cd73e44d6a862fcbf7059b0cdc [LEADER]: Queue going to LEADER mode. State: All replicated index: 0, Majority replicated index: 1, Committed index: 1, Last appended: 1.1, Last appended by leader: 0, Current term: 1, Majority size: 2, State: 0, Mode: LEADER, active raft config: opid_index: 2 OBSOLETE_local: false peers { permanent_uuid: "2995118658874291963ff044ab1d50c4" member_type: VOTER last_known_addr { host: "127.30.242.193" port: 42687 } attrs { replace: true } } peers { permanent_uuid: "248208cd73e44d6a862fcbf7059b0cdc" member_type: VOTER last_known_addr { host: "127.30.242.194" port: 45945 } } peers { permanent_uuid: "5158f81f11414652bb9a46decdba7b8a" member_type: VOTER last_known_addr { host: "127.30.242.195" port: 45001 } } peers { permanent_uuid: "9db88fb9c3db407c9a37b661893f3e1a" member_type: NON_VOTER last_known_addr { host: "127.30.242.196" port: 41445 } attrs { promote: true } }
I20260601 13:39:55.762581 32361 raft_consensus.cc:1275] T caf986823544457d89b695ee9c52ee87 P 2995118658874291963ff044ab1d50c4 [term 1 FOLLOWER]: Refusing update from remote peer 248208cd73e44d6a862fcbf7059b0cdc: Log matching property violated. Preceding OpId in replica: term: 1 index: 1. Preceding OpId from leader: term: 1 index: 2. (index mismatch)
I20260601 13:39:55.762607 32512 raft_consensus.cc:1275] T caf986823544457d89b695ee9c52ee87 P 5158f81f11414652bb9a46decdba7b8a [term 1 FOLLOWER]: Refusing update from remote peer 248208cd73e44d6a862fcbf7059b0cdc: Log matching property violated. Preceding OpId in replica: term: 1 index: 1. Preceding OpId from leader: term: 1 index: 2. (index mismatch)
I20260601 13:39:55.763054 32738 consensus_queue.cc:1048] T caf986823544457d89b695ee9c52ee87 P 248208cd73e44d6a862fcbf7059b0cdc [LEADER]: Connected to new peer: Peer: permanent_uuid: "5158f81f11414652bb9a46decdba7b8a" member_type: VOTER last_known_addr { host: "127.30.242.195" port: 45001 }, Status: LMP_MISMATCH, Last received: 0.0, Next index: 2, Last known committed idx: 1, Time since last communication: 0.000s
I20260601 13:39:55.763927 32683 consensus_queue.cc:1048] T caf986823544457d89b695ee9c52ee87 P 248208cd73e44d6a862fcbf7059b0cdc [LEADER]: Connected to new peer: Peer: permanent_uuid: "2995118658874291963ff044ab1d50c4" member_type: VOTER last_known_addr { host: "127.30.242.193" port: 42687 } attrs { replace: true }, Status: LMP_MISMATCH, Last received: 0.0, Next index: 2, Last known committed idx: 1, Time since last communication: 0.000s
I20260601 13:39:55.765352 32683 raft_consensus.cc:2955] T caf986823544457d89b695ee9c52ee87 P 248208cd73e44d6a862fcbf7059b0cdc [term 1 LEADER]: Committing config change with OpId 1.2: config changed from index -1 to 2, NON_VOTER 9db88fb9c3db407c9a37b661893f3e1a (127.30.242.196) added. New config: { opid_index: 2 OBSOLETE_local: false peers { permanent_uuid: "2995118658874291963ff044ab1d50c4" member_type: VOTER last_known_addr { host: "127.30.242.193" port: 42687 } attrs { replace: true } } peers { permanent_uuid: "248208cd73e44d6a862fcbf7059b0cdc" member_type: VOTER last_known_addr { host: "127.30.242.194" port: 45945 } } peers { permanent_uuid: "5158f81f11414652bb9a46decdba7b8a" member_type: VOTER last_known_addr { host: "127.30.242.195" port: 45001 } } peers { permanent_uuid: "9db88fb9c3db407c9a37b661893f3e1a" member_type: NON_VOTER last_known_addr { host: "127.30.242.196" port: 41445 } attrs { promote: true } } }
I20260601 13:39:55.765787 32512 raft_consensus.cc:2955] T caf986823544457d89b695ee9c52ee87 P 5158f81f11414652bb9a46decdba7b8a [term 1 FOLLOWER]: Committing config change with OpId 1.2: config changed from index -1 to 2, NON_VOTER 9db88fb9c3db407c9a37b661893f3e1a (127.30.242.196) added. New config: { opid_index: 2 OBSOLETE_local: false peers { permanent_uuid: "2995118658874291963ff044ab1d50c4" member_type: VOTER last_known_addr { host: "127.30.242.193" port: 42687 } attrs { replace: true } } peers { permanent_uuid: "248208cd73e44d6a862fcbf7059b0cdc" member_type: VOTER last_known_addr { host: "127.30.242.194" port: 45945 } } peers { permanent_uuid: "5158f81f11414652bb9a46decdba7b8a" member_type: VOTER last_known_addr { host: "127.30.242.195" port: 45001 } } peers { permanent_uuid: "9db88fb9c3db407c9a37b661893f3e1a" member_type: NON_VOTER last_known_addr { host: "127.30.242.196" port: 41445 } attrs { promote: true } } }
W20260601 13:39:55.766393 32403 consensus_peers.cc:597] T caf986823544457d89b695ee9c52ee87 P 248208cd73e44d6a862fcbf7059b0cdc -> Peer 9db88fb9c3db407c9a37b661893f3e1a (127.30.242.196:41445): Couldn't send request to peer 9db88fb9c3db407c9a37b661893f3e1a. Error code: TABLET_NOT_FOUND (6). Status: Not found: Tablet not found: caf986823544457d89b695ee9c52ee87. This is attempt 1: this message will repeat every 5th retry.
I20260601 13:39:55.768122 32258 catalog_manager.cc:5696] T caf986823544457d89b695ee9c52ee87 P 5158f81f11414652bb9a46decdba7b8a reported cstate change: config changed from index -1 to 2, NON_VOTER 9db88fb9c3db407c9a37b661893f3e1a (127.30.242.196) added. New cstate: current_term: 1 leader_uuid: "248208cd73e44d6a862fcbf7059b0cdc" committed_config { opid_index: 2 OBSOLETE_local: false peers { permanent_uuid: "2995118658874291963ff044ab1d50c4" member_type: VOTER last_known_addr { host: "127.30.242.193" port: 42687 } attrs { replace: true } } peers { permanent_uuid: "248208cd73e44d6a862fcbf7059b0cdc" member_type: VOTER last_known_addr { host: "127.30.242.194" port: 45945 } } peers { permanent_uuid: "5158f81f11414652bb9a46decdba7b8a" member_type: VOTER last_known_addr { host: "127.30.242.195" port: 45001 } } peers { permanent_uuid: "9db88fb9c3db407c9a37b661893f3e1a" member_type: NON_VOTER last_known_addr { host: "127.30.242.196" port: 41445 } attrs { promote: true } } }
I20260601 13:39:55.769579 32361 raft_consensus.cc:2955] T caf986823544457d89b695ee9c52ee87 P 2995118658874291963ff044ab1d50c4 [term 1 FOLLOWER]: Committing config change with OpId 1.2: config changed from index -1 to 2, NON_VOTER 9db88fb9c3db407c9a37b661893f3e1a (127.30.242.196) added. New config: { opid_index: 2 OBSOLETE_local: false peers { permanent_uuid: "2995118658874291963ff044ab1d50c4" member_type: VOTER last_known_addr { host: "127.30.242.193" port: 42687 } attrs { replace: true } } peers { permanent_uuid: "248208cd73e44d6a862fcbf7059b0cdc" member_type: VOTER last_known_addr { host: "127.30.242.194" port: 45945 } } peers { permanent_uuid: "5158f81f11414652bb9a46decdba7b8a" member_type: VOTER last_known_addr { host: "127.30.242.195" port: 45001 } } peers { permanent_uuid: "9db88fb9c3db407c9a37b661893f3e1a" member_type: NON_VOTER last_known_addr { host: "127.30.242.196" port: 41445 } attrs { promote: true } } }
I20260601 13:39:55.772915 32512 consensus_queue.cc:237] T a57499872f1a42c999a75c2e5a7d0529 P 5158f81f11414652bb9a46decdba7b8a [LEADER]: Queue going to LEADER mode. State: All replicated index: 0, Majority replicated index: 1, Committed index: 1, Last appended: 1.1, Last appended by leader: 0, Current term: 1, Majority size: 2, State: 0, Mode: LEADER, active raft config: opid_index: 2 OBSOLETE_local: false peers { permanent_uuid: "2995118658874291963ff044ab1d50c4" member_type: VOTER last_known_addr { host: "127.30.242.193" port: 42687 } } peers { permanent_uuid: "248208cd73e44d6a862fcbf7059b0cdc" member_type: VOTER last_known_addr { host: "127.30.242.194" port: 45945 } attrs { replace: true } } peers { permanent_uuid: "5158f81f11414652bb9a46decdba7b8a" member_type: VOTER last_known_addr { host: "127.30.242.195" port: 45001 } } peers { permanent_uuid: "9db88fb9c3db407c9a37b661893f3e1a" member_type: NON_VOTER last_known_addr { host: "127.30.242.196" port: 41445 } attrs { promote: true } }
I20260601 13:39:55.775300 32361 raft_consensus.cc:1275] T a57499872f1a42c999a75c2e5a7d0529 P 2995118658874291963ff044ab1d50c4 [term 1 FOLLOWER]: Refusing update from remote peer 5158f81f11414652bb9a46decdba7b8a: Log matching property violated. Preceding OpId in replica: term: 1 index: 1. Preceding OpId from leader: term: 1 index: 2. (index mismatch)
I20260601 13:39:55.776050 32437 raft_consensus.cc:1275] T a57499872f1a42c999a75c2e5a7d0529 P 248208cd73e44d6a862fcbf7059b0cdc [term 1 FOLLOWER]: Refusing update from remote peer 5158f81f11414652bb9a46decdba7b8a: Log matching property violated. Preceding OpId in replica: term: 1 index: 1. Preceding OpId from leader: term: 1 index: 2. (index mismatch)
I20260601 13:39:55.776511 32716 consensus_queue.cc:1048] T a57499872f1a42c999a75c2e5a7d0529 P 5158f81f11414652bb9a46decdba7b8a [LEADER]: Connected to new peer: Peer: permanent_uuid: "2995118658874291963ff044ab1d50c4" member_type: VOTER last_known_addr { host: "127.30.242.193" port: 42687 }, Status: LMP_MISMATCH, Last received: 0.0, Next index: 2, Last known committed idx: 1, Time since last communication: 0.000s
I20260601 13:39:55.776845 32716 consensus_queue.cc:1048] T a57499872f1a42c999a75c2e5a7d0529 P 5158f81f11414652bb9a46decdba7b8a [LEADER]: Connected to new peer: Peer: permanent_uuid: "248208cd73e44d6a862fcbf7059b0cdc" member_type: VOTER last_known_addr { host: "127.30.242.194" port: 45945 } attrs { replace: true }, Status: LMP_MISMATCH, Last received: 0.0, Next index: 2, Last known committed idx: 1, Time since last communication: 0.000s
I20260601 13:39:55.778766 32716 raft_consensus.cc:2955] T a57499872f1a42c999a75c2e5a7d0529 P 5158f81f11414652bb9a46decdba7b8a [term 1 LEADER]: Committing config change with OpId 1.2: config changed from index -1 to 2, NON_VOTER 9db88fb9c3db407c9a37b661893f3e1a (127.30.242.196) added. New config: { opid_index: 2 OBSOLETE_local: false peers { permanent_uuid: "2995118658874291963ff044ab1d50c4" member_type: VOTER last_known_addr { host: "127.30.242.193" port: 42687 } } peers { permanent_uuid: "248208cd73e44d6a862fcbf7059b0cdc" member_type: VOTER last_known_addr { host: "127.30.242.194" port: 45945 } attrs { replace: true } } peers { permanent_uuid: "5158f81f11414652bb9a46decdba7b8a" member_type: VOTER last_known_addr { host: "127.30.242.195" port: 45001 } } peers { permanent_uuid: "9db88fb9c3db407c9a37b661893f3e1a" member_type: NON_VOTER last_known_addr { host: "127.30.242.196" port: 41445 } attrs { promote: true } } }
I20260601 13:39:55.780589 32437 raft_consensus.cc:2955] T a57499872f1a42c999a75c2e5a7d0529 P 248208cd73e44d6a862fcbf7059b0cdc [term 1 FOLLOWER]: Committing config change with OpId 1.2: config changed from index -1 to 2, NON_VOTER 9db88fb9c3db407c9a37b661893f3e1a (127.30.242.196) added. New config: { opid_index: 2 OBSOLETE_local: false peers { permanent_uuid: "2995118658874291963ff044ab1d50c4" member_type: VOTER last_known_addr { host: "127.30.242.193" port: 42687 } } peers { permanent_uuid: "248208cd73e44d6a862fcbf7059b0cdc" member_type: VOTER last_known_addr { host: "127.30.242.194" port: 45945 } attrs { replace: true } } peers { permanent_uuid: "5158f81f11414652bb9a46decdba7b8a" member_type: VOTER last_known_addr { host: "127.30.242.195" port: 45001 } } peers { permanent_uuid: "9db88fb9c3db407c9a37b661893f3e1a" member_type: NON_VOTER last_known_addr { host: "127.30.242.196" port: 41445 } attrs { promote: true } } }
I20260601 13:39:55.781852 32361 raft_consensus.cc:2955] T a57499872f1a42c999a75c2e5a7d0529 P 2995118658874291963ff044ab1d50c4 [term 1 FOLLOWER]: Committing config change with OpId 1.2: config changed from index -1 to 2, NON_VOTER 9db88fb9c3db407c9a37b661893f3e1a (127.30.242.196) added. New config: { opid_index: 2 OBSOLETE_local: false peers { permanent_uuid: "2995118658874291963ff044ab1d50c4" member_type: VOTER last_known_addr { host: "127.30.242.193" port: 42687 } } peers { permanent_uuid: "248208cd73e44d6a862fcbf7059b0cdc" member_type: VOTER last_known_addr { host: "127.30.242.194" port: 45945 } attrs { replace: true } } peers { permanent_uuid: "5158f81f11414652bb9a46decdba7b8a" member_type: VOTER last_known_addr { host: "127.30.242.195" port: 45001 } } peers { permanent_uuid: "9db88fb9c3db407c9a37b661893f3e1a" member_type: NON_VOTER last_known_addr { host: "127.30.242.196" port: 41445 } attrs { promote: true } } }
I20260601 13:39:55.782302 32258 catalog_manager.cc:5696] T a57499872f1a42c999a75c2e5a7d0529 P 5158f81f11414652bb9a46decdba7b8a reported cstate change: config changed from index -1 to 2, NON_VOTER 9db88fb9c3db407c9a37b661893f3e1a (127.30.242.196) added. New cstate: current_term: 1 leader_uuid: "5158f81f11414652bb9a46decdba7b8a" committed_config { opid_index: 2 OBSOLETE_local: false peers { permanent_uuid: "2995118658874291963ff044ab1d50c4" member_type: VOTER last_known_addr { host: "127.30.242.193" port: 42687 } health_report { overall_health: HEALTHY } } peers { permanent_uuid: "248208cd73e44d6a862fcbf7059b0cdc" member_type: VOTER last_known_addr { host: "127.30.242.194" port: 45945 } attrs { replace: true } health_report { overall_health: HEALTHY } } peers { permanent_uuid: "5158f81f11414652bb9a46decdba7b8a" member_type: VOTER last_known_addr { host: "127.30.242.195" port: 45001 } health_report { overall_health: HEALTHY } } peers { permanent_uuid: "9db88fb9c3db407c9a37b661893f3e1a" member_type: NON_VOTER last_known_addr { host: "127.30.242.196" port: 41445 } attrs { promote: true } health_report { overall_health: UNKNOWN } } }
W20260601 13:39:55.782843 32478 consensus_peers.cc:597] T a57499872f1a42c999a75c2e5a7d0529 P 5158f81f11414652bb9a46decdba7b8a -> Peer 9db88fb9c3db407c9a37b661893f3e1a (127.30.242.196:41445): Couldn't send request to peer 9db88fb9c3db407c9a37b661893f3e1a. Error code: TABLET_NOT_FOUND (6). Status: Not found: Tablet not found: a57499872f1a42c999a75c2e5a7d0529. This is attempt 1: this message will repeat every 5th retry.
I20260601 13:39:55.845891 31691 tablet_server.cc:179] TabletServer@127.30.242.193:0 shutting down...
I20260601 13:39:55.850956 31691 ts_tablet_manager.cc:1507] Shutting down tablet manager...
I20260601 13:39:55.851274 31691 tablet_replica.cc:333] T fc0622757a264536a5ca853f67ab9efd P 2995118658874291963ff044ab1d50c4: stopping tablet replica
I20260601 13:39:55.851689 31691 raft_consensus.cc:2243] T fc0622757a264536a5ca853f67ab9efd P 2995118658874291963ff044ab1d50c4 [term 1 LEADER]: Raft consensus shutting down.
I20260601 13:39:55.851997 31691 raft_consensus.cc:2272] T fc0622757a264536a5ca853f67ab9efd P 2995118658874291963ff044ab1d50c4 [term 1 FOLLOWER]: Raft consensus is shut down!
I20260601 13:39:55.852566 31691 tablet_replica.cc:333] T caf986823544457d89b695ee9c52ee87 P 2995118658874291963ff044ab1d50c4: stopping tablet replica
I20260601 13:39:55.852708 31691 raft_consensus.cc:2243] T caf986823544457d89b695ee9c52ee87 P 2995118658874291963ff044ab1d50c4 [term 1 FOLLOWER]: Raft consensus shutting down.
I20260601 13:39:55.852856 31691 raft_consensus.cc:2272] T caf986823544457d89b695ee9c52ee87 P 2995118658874291963ff044ab1d50c4 [term 1 FOLLOWER]: Raft consensus is shut down!
I20260601 13:39:55.853418 31691 tablet_replica.cc:333] T 6f5f980da9e84deb9cebc8238607c131 P 2995118658874291963ff044ab1d50c4: stopping tablet replica
I20260601 13:39:55.853559 31691 raft_consensus.cc:2243] T 6f5f980da9e84deb9cebc8238607c131 P 2995118658874291963ff044ab1d50c4 [term 1 LEADER]: Raft consensus shutting down.
I20260601 13:39:55.853817 31691 raft_consensus.cc:2272] T 6f5f980da9e84deb9cebc8238607c131 P 2995118658874291963ff044ab1d50c4 [term 1 FOLLOWER]: Raft consensus is shut down!
I20260601 13:39:55.854334 31691 tablet_replica.cc:333] T a57499872f1a42c999a75c2e5a7d0529 P 2995118658874291963ff044ab1d50c4: stopping tablet replica
I20260601 13:39:55.854534 31691 raft_consensus.cc:2243] T a57499872f1a42c999a75c2e5a7d0529 P 2995118658874291963ff044ab1d50c4 [term 1 FOLLOWER]: Raft consensus shutting down.
I20260601 13:39:55.854671 31691 raft_consensus.cc:2272] T a57499872f1a42c999a75c2e5a7d0529 P 2995118658874291963ff044ab1d50c4 [term 1 FOLLOWER]: Raft consensus is shut down!
I20260601 13:39:55.855193 31691 tablet_replica.cc:333] T 573211dcad354e339a2c7fb4f4ea33b3 P 2995118658874291963ff044ab1d50c4: stopping tablet replica
I20260601 13:39:55.855321 31691 raft_consensus.cc:2243] T 573211dcad354e339a2c7fb4f4ea33b3 P 2995118658874291963ff044ab1d50c4 [term 1 FOLLOWER]: Raft consensus shutting down.
I20260601 13:39:55.855468 31691 raft_consensus.cc:2272] T 573211dcad354e339a2c7fb4f4ea33b3 P 2995118658874291963ff044ab1d50c4 [term 1 FOLLOWER]: Raft consensus is shut down!
I20260601 13:39:55.855810 31691 tablet_replica.cc:333] T b099123aeef24189913b191283542abc P 2995118658874291963ff044ab1d50c4: stopping tablet replica
I20260601 13:39:55.855928 31691 raft_consensus.cc:2243] T b099123aeef24189913b191283542abc P 2995118658874291963ff044ab1d50c4 [term 2 FOLLOWER]: Raft consensus shutting down.
I20260601 13:39:55.856045 31691 raft_consensus.cc:2272] T b099123aeef24189913b191283542abc P 2995118658874291963ff044ab1d50c4 [term 2 FOLLOWER]: Raft consensus is shut down!
I20260601 13:39:55.856400 31691 tablet_replica.cc:333] T 36e6aa7bcee04f3199eaf1f5ab30f22a P 2995118658874291963ff044ab1d50c4: stopping tablet replica
I20260601 13:39:55.856514 31691 raft_consensus.cc:2243] T 36e6aa7bcee04f3199eaf1f5ab30f22a P 2995118658874291963ff044ab1d50c4 [term 2 FOLLOWER]: Raft consensus shutting down.
I20260601 13:39:55.856634 31691 raft_consensus.cc:2272] T 36e6aa7bcee04f3199eaf1f5ab30f22a P 2995118658874291963ff044ab1d50c4 [term 2 FOLLOWER]: Raft consensus is shut down!
I20260601 13:39:55.856962 31691 tablet_replica.cc:333] T af37f608a34c4f6a9c1f49f47d276f20 P 2995118658874291963ff044ab1d50c4: stopping tablet replica
I20260601 13:39:55.857087 31691 raft_consensus.cc:2243] T af37f608a34c4f6a9c1f49f47d276f20 P 2995118658874291963ff044ab1d50c4 [term 1 LEADER]: Raft consensus shutting down.
I20260601 13:39:55.857340 31691 raft_consensus.cc:2272] T af37f608a34c4f6a9c1f49f47d276f20 P 2995118658874291963ff044ab1d50c4 [term 1 FOLLOWER]: Raft consensus is shut down!
I20260601 13:39:55.872083 31691 tablet_server.cc:196] TabletServer@127.30.242.193:0 shutdown complete.
I20260601 13:39:55.874881 31691 tablet_server.cc:179] TabletServer@127.30.242.194:0 shutting down...
I20260601 13:39:55.882113 31691 ts_tablet_manager.cc:1507] Shutting down tablet manager...
I20260601 13:39:55.882665 31691 tablet_replica.cc:333] T af37f608a34c4f6a9c1f49f47d276f20 P 248208cd73e44d6a862fcbf7059b0cdc: stopping tablet replica
I20260601 13:39:55.882874 31691 raft_consensus.cc:2243] T af37f608a34c4f6a9c1f49f47d276f20 P 248208cd73e44d6a862fcbf7059b0cdc [term 1 FOLLOWER]: Raft consensus shutting down.
I20260601 13:39:55.883030 31691 raft_consensus.cc:2272] T af37f608a34c4f6a9c1f49f47d276f20 P 248208cd73e44d6a862fcbf7059b0cdc [term 1 FOLLOWER]: Raft consensus is shut down!
I20260601 13:39:55.884006 31691 tablet_replica.cc:333] T caf986823544457d89b695ee9c52ee87 P 248208cd73e44d6a862fcbf7059b0cdc: stopping tablet replica
I20260601 13:39:55.884231 31691 raft_consensus.cc:2243] T caf986823544457d89b695ee9c52ee87 P 248208cd73e44d6a862fcbf7059b0cdc [term 1 LEADER]: Raft consensus shutting down.
I20260601 13:39:55.884536 31691 raft_consensus.cc:2272] T caf986823544457d89b695ee9c52ee87 P 248208cd73e44d6a862fcbf7059b0cdc [term 1 FOLLOWER]: Raft consensus is shut down!
I20260601 13:39:55.885383 31691 tablet_replica.cc:333] T b099123aeef24189913b191283542abc P 248208cd73e44d6a862fcbf7059b0cdc: stopping tablet replica
I20260601 13:39:55.885535 31691 raft_consensus.cc:2243] T b099123aeef24189913b191283542abc P 248208cd73e44d6a862fcbf7059b0cdc [term 2 LEADER]: Raft consensus shutting down.
I20260601 13:39:55.885793 31691 raft_consensus.cc:2272] T b099123aeef24189913b191283542abc P 248208cd73e44d6a862fcbf7059b0cdc [term 2 FOLLOWER]: Raft consensus is shut down!
I20260601 13:39:55.886307 31691 tablet_replica.cc:333] T 36e6aa7bcee04f3199eaf1f5ab30f22a P 248208cd73e44d6a862fcbf7059b0cdc: stopping tablet replica
I20260601 13:39:55.886428 31691 raft_consensus.cc:2243] T 36e6aa7bcee04f3199eaf1f5ab30f22a P 248208cd73e44d6a862fcbf7059b0cdc [term 2 FOLLOWER]: Raft consensus shutting down.
I20260601 13:39:55.886536 31691 raft_consensus.cc:2272] T 36e6aa7bcee04f3199eaf1f5ab30f22a P 248208cd73e44d6a862fcbf7059b0cdc [term 2 FOLLOWER]: Raft consensus is shut down!
I20260601 13:39:55.886952 31691 tablet_replica.cc:333] T 573211dcad354e339a2c7fb4f4ea33b3 P 248208cd73e44d6a862fcbf7059b0cdc: stopping tablet replica
I20260601 13:39:55.887063 31691 raft_consensus.cc:2243] T 573211dcad354e339a2c7fb4f4ea33b3 P 248208cd73e44d6a862fcbf7059b0cdc [term 1 LEADER]: Raft consensus shutting down.
I20260601 13:39:55.887835 31691 raft_consensus.cc:2272] T 573211dcad354e339a2c7fb4f4ea33b3 P 248208cd73e44d6a862fcbf7059b0cdc [term 1 FOLLOWER]: Raft consensus is shut down!
I20260601 13:39:55.888564 31691 tablet_replica.cc:333] T a57499872f1a42c999a75c2e5a7d0529 P 248208cd73e44d6a862fcbf7059b0cdc: stopping tablet replica
I20260601 13:39:55.888710 31691 raft_consensus.cc:2243] T a57499872f1a42c999a75c2e5a7d0529 P 248208cd73e44d6a862fcbf7059b0cdc [term 1 FOLLOWER]: Raft consensus shutting down.
I20260601 13:39:55.888957 31691 raft_consensus.cc:2272] T a57499872f1a42c999a75c2e5a7d0529 P 248208cd73e44d6a862fcbf7059b0cdc [term 1 FOLLOWER]: Raft consensus is shut down!
I20260601 13:39:55.890072 31691 tablet_replica.cc:333] T 6f5f980da9e84deb9cebc8238607c131 P 248208cd73e44d6a862fcbf7059b0cdc: stopping tablet replica
I20260601 13:39:55.890251 31691 raft_consensus.cc:2243] T 6f5f980da9e84deb9cebc8238607c131 P 248208cd73e44d6a862fcbf7059b0cdc [term 1 FOLLOWER]: Raft consensus shutting down.
I20260601 13:39:55.890517 31691 raft_consensus.cc:2272] T 6f5f980da9e84deb9cebc8238607c131 P 248208cd73e44d6a862fcbf7059b0cdc [term 1 FOLLOWER]: Raft consensus is shut down!
I20260601 13:39:55.891445 31691 tablet_replica.cc:333] T fc0622757a264536a5ca853f67ab9efd P 248208cd73e44d6a862fcbf7059b0cdc: stopping tablet replica
I20260601 13:39:55.891592 31691 raft_consensus.cc:2243] T fc0622757a264536a5ca853f67ab9efd P 248208cd73e44d6a862fcbf7059b0cdc [term 1 FOLLOWER]: Raft consensus shutting down.
I20260601 13:39:55.891736 31691 raft_consensus.cc:2272] T fc0622757a264536a5ca853f67ab9efd P 248208cd73e44d6a862fcbf7059b0cdc [term 1 FOLLOWER]: Raft consensus is shut down!
I20260601 13:39:55.896266 31691 tablet_server.cc:196] TabletServer@127.30.242.194:0 shutdown complete.
I20260601 13:39:55.899421 31691 tablet_server.cc:179] TabletServer@127.30.242.195:0 shutting down...
I20260601 13:39:55.907770 31691 ts_tablet_manager.cc:1507] Shutting down tablet manager...
I20260601 13:39:55.908030 31691 tablet_replica.cc:333] T 6f5f980da9e84deb9cebc8238607c131 P 5158f81f11414652bb9a46decdba7b8a: stopping tablet replica
I20260601 13:39:55.908190 31691 raft_consensus.cc:2243] T 6f5f980da9e84deb9cebc8238607c131 P 5158f81f11414652bb9a46decdba7b8a [term 1 FOLLOWER]: Raft consensus shutting down.
I20260601 13:39:55.908350 31691 raft_consensus.cc:2272] T 6f5f980da9e84deb9cebc8238607c131 P 5158f81f11414652bb9a46decdba7b8a [term 1 FOLLOWER]: Raft consensus is shut down!
I20260601 13:39:55.908955 31691 tablet_replica.cc:333] T fc0622757a264536a5ca853f67ab9efd P 5158f81f11414652bb9a46decdba7b8a: stopping tablet replica
I20260601 13:39:55.909107 31691 raft_consensus.cc:2243] T fc0622757a264536a5ca853f67ab9efd P 5158f81f11414652bb9a46decdba7b8a [term 1 FOLLOWER]: Raft consensus shutting down.
I20260601 13:39:55.909233 31691 raft_consensus.cc:2272] T fc0622757a264536a5ca853f67ab9efd P 5158f81f11414652bb9a46decdba7b8a [term 1 FOLLOWER]: Raft consensus is shut down!
I20260601 13:39:55.909633 31691 tablet_replica.cc:333] T 573211dcad354e339a2c7fb4f4ea33b3 P 5158f81f11414652bb9a46decdba7b8a: stopping tablet replica
I20260601 13:39:55.909757 31691 raft_consensus.cc:2243] T 573211dcad354e339a2c7fb4f4ea33b3 P 5158f81f11414652bb9a46decdba7b8a [term 1 FOLLOWER]: Raft consensus shutting down.
I20260601 13:39:55.909876 31691 raft_consensus.cc:2272] T 573211dcad354e339a2c7fb4f4ea33b3 P 5158f81f11414652bb9a46decdba7b8a [term 1 FOLLOWER]: Raft consensus is shut down!
I20260601 13:39:55.910218 31691 tablet_replica.cc:333] T a57499872f1a42c999a75c2e5a7d0529 P 5158f81f11414652bb9a46decdba7b8a: stopping tablet replica
I20260601 13:39:55.910333 31691 raft_consensus.cc:2243] T a57499872f1a42c999a75c2e5a7d0529 P 5158f81f11414652bb9a46decdba7b8a [term 1 LEADER]: Raft consensus shutting down.
I20260601 13:39:55.910578 31691 raft_consensus.cc:2272] T a57499872f1a42c999a75c2e5a7d0529 P 5158f81f11414652bb9a46decdba7b8a [term 1 FOLLOWER]: Raft consensus is shut down!
I20260601 13:39:55.911094 31691 tablet_replica.cc:333] T b099123aeef24189913b191283542abc P 5158f81f11414652bb9a46decdba7b8a: stopping tablet replica
I20260601 13:39:55.911211 31691 raft_consensus.cc:2243] T b099123aeef24189913b191283542abc P 5158f81f11414652bb9a46decdba7b8a [term 2 FOLLOWER]: Raft consensus shutting down.
I20260601 13:39:55.911324 31691 raft_consensus.cc:2272] T b099123aeef24189913b191283542abc P 5158f81f11414652bb9a46decdba7b8a [term 2 FOLLOWER]: Raft consensus is shut down!
I20260601 13:39:55.911676 31691 tablet_replica.cc:333] T 36e6aa7bcee04f3199eaf1f5ab30f22a P 5158f81f11414652bb9a46decdba7b8a: stopping tablet replica
I20260601 13:39:55.911791 31691 raft_consensus.cc:2243] T 36e6aa7bcee04f3199eaf1f5ab30f22a P 5158f81f11414652bb9a46decdba7b8a [term 2 LEADER]: Raft consensus shutting down.
I20260601 13:39:55.911998 31691 raft_consensus.cc:2272] T 36e6aa7bcee04f3199eaf1f5ab30f22a P 5158f81f11414652bb9a46decdba7b8a [term 2 FOLLOWER]: Raft consensus is shut down!
I20260601 13:39:55.912325 31691 tablet_replica.cc:333] T caf986823544457d89b695ee9c52ee87 P 5158f81f11414652bb9a46decdba7b8a: stopping tablet replica
I20260601 13:39:55.912432 31691 raft_consensus.cc:2243] T caf986823544457d89b695ee9c52ee87 P 5158f81f11414652bb9a46decdba7b8a [term 1 FOLLOWER]: Raft consensus shutting down.
I20260601 13:39:55.912554 31691 raft_consensus.cc:2272] T caf986823544457d89b695ee9c52ee87 P 5158f81f11414652bb9a46decdba7b8a [term 1 FOLLOWER]: Raft consensus is shut down!
I20260601 13:39:55.913101 31691 tablet_replica.cc:333] T af37f608a34c4f6a9c1f49f47d276f20 P 5158f81f11414652bb9a46decdba7b8a: stopping tablet replica
I20260601 13:39:55.913213 31691 raft_consensus.cc:2243] T af37f608a34c4f6a9c1f49f47d276f20 P 5158f81f11414652bb9a46decdba7b8a [term 1 FOLLOWER]: Raft consensus shutting down.
I20260601 13:39:55.913317 31691 raft_consensus.cc:2272] T af37f608a34c4f6a9c1f49f47d276f20 P 5158f81f11414652bb9a46decdba7b8a [term 1 FOLLOWER]: Raft consensus is shut down!
I20260601 13:39:55.928049 31691 tablet_server.cc:196] TabletServer@127.30.242.195:0 shutdown complete.
I20260601 13:39:55.931998 31691 tablet_server.cc:179] TabletServer@127.30.242.196:0 shutting down...
I20260601 13:39:55.937598 31691 ts_tablet_manager.cc:1507] Shutting down tablet manager...
I20260601 13:39:55.950031 31691 tablet_server.cc:196] TabletServer@127.30.242.196:0 shutdown complete.
I20260601 13:39:55.952535 31691 master.cc:562] Master@127.30.242.254:35607 shutting down...
W20260601 13:39:55.956336 32307 auto_rebalancer.cc:835] Removing replace marker failed: Catalog manager is not initialized. State: Closing
W20260601 13:39:55.956522 32307 auto_rebalancer.cc:863] Could not move replica: Service unavailable: Catalog manager is not initialized. State: Closing
W20260601 13:39:55.956588 32307 auto_rebalancer.cc:300] scheduled replica move failed to complete: Service unavailable: Catalog manager is not initialized. State: Closing
I20260601 13:39:55.957151 31691 raft_consensus.cc:2243] T 00000000000000000000000000000000 P 48edba5cf3484168b66441ad7ce19695 [term 1 LEADER]: Raft consensus shutting down.
I20260601 13:39:55.957312 31691 raft_consensus.cc:2272] T 00000000000000000000000000000000 P 48edba5cf3484168b66441ad7ce19695 [term 1 FOLLOWER]: Raft consensus is shut down!
I20260601 13:39:55.957371 31691 tablet_replica.cc:333] T 00000000000000000000000000000000 P 48edba5cf3484168b66441ad7ce19695: stopping tablet replica
I20260601 13:39:55.970608 31691 master.cc:584] Master@127.30.242.254:35607 shutdown complete.
[       OK ] AutoRebalancerTest.AutoRebalancingTurnOffAndOn (7302 ms)
[ RUN      ] AutoRebalancerTest.NextLeaderResumesAutoRebalancing
I20260601 13:39:55.981848 31691 internal_mini_cluster.cc:156] Creating distributed mini masters. Addrs: 127.30.242.254:44383,127.30.242.253:40457,127.30.242.252:32867
I20260601 13:39:55.982362 31691 file_cache.cc:492] Constructed file cache file cache with capacity 419430
I20260601 13:39:55.985520 31691 server_base.cc:1061] running on GCE node
W20260601 13:39:55.985507 32749 instance_detector.cc:116] could not retrieve AWS instance metadata: Network error: curl error: HTTP response code said error: The requested URL returned error: 404
W20260601 13:39:55.985543 32752 instance_detector.cc:116] could not retrieve OpenStack instance metadata: Network error: curl error: HTTP response code said error: The requested URL returned error: 404
W20260601 13:39:55.985514 32750 instance_detector.cc:116] could not retrieve Azure instance metadata: Network error: curl error: HTTP response code said error: The requested URL returned error: 404
I20260601 13:39:55.986212 31691 hybrid_clock.cc:584] initializing the hybrid clock with 'system_unsync' time source
W20260601 13:39:55.986279 31691 system_unsync_time.cc:38] NTP support is disabled. Clock error bounds will not be accurate. This configuration is not suitable for distributed clusters.
I20260601 13:39:55.986296 31691 hybrid_clock.cc:648] HybridClock initialized: now 1780321195986296 us; error 0 us; skew 500 ppm
I20260601 13:39:55.987525 31691 webserver.cc:533] Webserver started at http://127.30.242.254:43273/ using document root <none> and password file <none>
I20260601 13:39:55.987746 31691 fs_manager.cc:362] Metadata directory not provided
I20260601 13:39:55.987810 31691 fs_manager.cc:368] Using write-ahead log directory (fs_wal_dir) as metadata directory
I20260601 13:39:55.987896 31691 server_base.cc:909] This appears to be a new deployment of Kudu; creating new FS layout
I20260601 13:39:55.988318 31691 fs_manager.cc:1068] Generated new instance metadata in path /tmp/dist-test-taskAQMIf8/test-tmp/auto_rebalancer-test.0.AutoRebalancerTest.NextLeaderResumesAutoRebalancing.1780321186091621-31691-0/minicluster-data/master-0-root/instance:
uuid: "b96d469137e54ce883553c9acdba92e7"
format_stamp: "Formatted at 2026-06-01 13:39:55 on dist-test-slave-zwfd"
I20260601 13:39:55.990108 31691 fs_manager.cc:696] Time spent creating directory manager: real 0.002s	user 0.000s	sys 0.002s
I20260601 13:39:55.991937 32757 log_block_manager.cc:4031] Time spent loading block containers with low live blocks: real 0.000s	user 0.000s	sys 0.000s
I20260601 13:39:55.992355 31691 fs_manager.cc:730] Time spent opening block manager: real 0.001s	user 0.001s	sys 0.001s
I20260601 13:39:55.992476 31691 fs_manager.cc:647] Opened local filesystem: /tmp/dist-test-taskAQMIf8/test-tmp/auto_rebalancer-test.0.AutoRebalancerTest.NextLeaderResumesAutoRebalancing.1780321186091621-31691-0/minicluster-data/master-0-root
uuid: "b96d469137e54ce883553c9acdba92e7"
format_stamp: "Formatted at 2026-06-01 13:39:55 on dist-test-slave-zwfd"
I20260601 13:39:55.992588 31691 fs_report.cc:389] FS layout report
--------------------
wal directory: /tmp/dist-test-taskAQMIf8/test-tmp/auto_rebalancer-test.0.AutoRebalancerTest.NextLeaderResumesAutoRebalancing.1780321186091621-31691-0/minicluster-data/master-0-root
metadata directory: /tmp/dist-test-taskAQMIf8/test-tmp/auto_rebalancer-test.0.AutoRebalancerTest.NextLeaderResumesAutoRebalancing.1780321186091621-31691-0/minicluster-data/master-0-root
