I20260601 13:40:56.587901  2401 raft_consensus.cc:740] T 7258b81ee95246eea4d3721b991509c1 P d690855fdda0401c9d113d17a977189a [term 0 FOLLOWER]: Becoming Follower/Learner. State: Replica: d690855fdda0401c9d113d17a977189a, State: Initialized, Role: FOLLOWER
I20260601 13:40:56.588037  2401 consensus_queue.cc:260] T 7258b81ee95246eea4d3721b991509c1 P d690855fdda0401c9d113d17a977189a [NON_LEADER]: Queue going to NON_LEADER mode. State: All replicated index: 0, Majority replicated index: 0, Committed index: 0, Last appended: 0.0, Last appended by leader: 0, Current term: 0, Majority size: -1, State: 0, Mode: NON_LEADER, active raft config: opid_index: -1 OBSOLETE_local: false peers { permanent_uuid: "f499bf5879754018adbc56c81af1e23e" member_type: VOTER last_known_addr { host: "127.30.242.194" port: 41405 } } peers { permanent_uuid: "aa005e0cbe464a6baed0c2faa067eaed" member_type: VOTER last_known_addr { host: "127.30.242.193" port: 36341 } } peers { permanent_uuid: "d690855fdda0401c9d113d17a977189a" member_type: VOTER last_known_addr { host: "127.30.242.195" port: 32855 } }
I20260601 13:40:56.588038  2403 tablet_bootstrap.cc:654] T f48402ec994d4ef3955da0b937c31606 P aa005e0cbe464a6baed0c2faa067eaed: Neither blocks nor log segments found. Creating new log.
I20260601 13:40:56.588340  2401 ts_tablet_manager.cc:1434] T 7258b81ee95246eea4d3721b991509c1 P d690855fdda0401c9d113d17a977189a: Time spent starting tablet: real 0.001s	user 0.001s	sys 0.000s
I20260601 13:40:56.588594  2401 tablet_bootstrap.cc:492] T d01a6fc873e54c098a8cecf10dea72fe P d690855fdda0401c9d113d17a977189a: Bootstrap starting.
I20260601 13:40:56.589690  2401 tablet_bootstrap.cc:654] T d01a6fc873e54c098a8cecf10dea72fe P d690855fdda0401c9d113d17a977189a: Neither blocks nor log segments found. Creating new log.
I20260601 13:40:56.590729  2402 tablet_bootstrap.cc:492] T c5ed7368a134480e8e875b9fda7cf922 P f499bf5879754018adbc56c81af1e23e: No bootstrap required, opened a new log
I20260601 13:40:56.590862  2402 ts_tablet_manager.cc:1403] T c5ed7368a134480e8e875b9fda7cf922 P f499bf5879754018adbc56c81af1e23e: Time spent bootstrapping tablet: real 0.007s	user 0.000s	sys 0.002s
I20260601 13:40:56.590893  2403 tablet_bootstrap.cc:492] T f48402ec994d4ef3955da0b937c31606 P aa005e0cbe464a6baed0c2faa067eaed: No bootstrap required, opened a new log
I20260601 13:40:56.590984  2403 ts_tablet_manager.cc:1403] T f48402ec994d4ef3955da0b937c31606 P aa005e0cbe464a6baed0c2faa067eaed: Time spent bootstrapping tablet: real 0.004s	user 0.000s	sys 0.002s
I20260601 13:40:56.591444  2402 raft_consensus.cc:359] T c5ed7368a134480e8e875b9fda7cf922 P f499bf5879754018adbc56c81af1e23e [term 0 FOLLOWER]: Replica starting. Triggering 0 pending ops. Active config: opid_index: -1 OBSOLETE_local: false peers { permanent_uuid: "aa005e0cbe464a6baed0c2faa067eaed" member_type: VOTER last_known_addr { host: "127.30.242.193" port: 36341 } } peers { permanent_uuid: "f499bf5879754018adbc56c81af1e23e" member_type: VOTER last_known_addr { host: "127.30.242.194" port: 41405 } } peers { permanent_uuid: "d690855fdda0401c9d113d17a977189a" member_type: VOTER last_known_addr { host: "127.30.242.195" port: 32855 } }
I20260601 13:40:56.591594  2402 raft_consensus.cc:385] T c5ed7368a134480e8e875b9fda7cf922 P f499bf5879754018adbc56c81af1e23e [term 0 FOLLOWER]: Consensus starting up: Expiring failure detector timer to make a prompt election more likely
I20260601 13:40:56.591535  2403 raft_consensus.cc:359] T f48402ec994d4ef3955da0b937c31606 P aa005e0cbe464a6baed0c2faa067eaed [term 0 FOLLOWER]: Replica starting. Triggering 0 pending ops. Active config: opid_index: -1 OBSOLETE_local: false peers { permanent_uuid: "aa005e0cbe464a6baed0c2faa067eaed" member_type: VOTER last_known_addr { host: "127.30.242.193" port: 36341 } } peers { permanent_uuid: "f499bf5879754018adbc56c81af1e23e" member_type: VOTER last_known_addr { host: "127.30.242.194" port: 41405 } } peers { permanent_uuid: "d690855fdda0401c9d113d17a977189a" member_type: VOTER last_known_addr { host: "127.30.242.195" port: 32855 } }
I20260601 13:40:56.591902  2402 raft_consensus.cc:740] T c5ed7368a134480e8e875b9fda7cf922 P f499bf5879754018adbc56c81af1e23e [term 0 FOLLOWER]: Becoming Follower/Learner. State: Replica: f499bf5879754018adbc56c81af1e23e, State: Initialized, Role: FOLLOWER
I20260601 13:40:56.592015  2403 raft_consensus.cc:385] T f48402ec994d4ef3955da0b937c31606 P aa005e0cbe464a6baed0c2faa067eaed [term 0 FOLLOWER]: Consensus starting up: Expiring failure detector timer to make a prompt election more likely
I20260601 13:40:56.592074  2403 raft_consensus.cc:740] T f48402ec994d4ef3955da0b937c31606 P aa005e0cbe464a6baed0c2faa067eaed [term 0 FOLLOWER]: Becoming Follower/Learner. State: Replica: aa005e0cbe464a6baed0c2faa067eaed, State: Initialized, Role: FOLLOWER
I20260601 13:40:56.592144  2401 tablet_bootstrap.cc:492] T d01a6fc873e54c098a8cecf10dea72fe P d690855fdda0401c9d113d17a977189a: No bootstrap required, opened a new log
I20260601 13:40:56.592238  2401 ts_tablet_manager.cc:1403] T d01a6fc873e54c098a8cecf10dea72fe P d690855fdda0401c9d113d17a977189a: Time spent bootstrapping tablet: real 0.004s	user 0.002s	sys 0.000s
I20260601 13:40:56.592245  2403 consensus_queue.cc:260] T f48402ec994d4ef3955da0b937c31606 P aa005e0cbe464a6baed0c2faa067eaed [NON_LEADER]: Queue going to NON_LEADER mode. State: All replicated index: 0, Majority replicated index: 0, Committed index: 0, Last appended: 0.0, Last appended by leader: 0, Current term: 0, Majority size: -1, State: 0, Mode: NON_LEADER, active raft config: opid_index: -1 OBSOLETE_local: false peers { permanent_uuid: "aa005e0cbe464a6baed0c2faa067eaed" member_type: VOTER last_known_addr { host: "127.30.242.193" port: 36341 } } peers { permanent_uuid: "f499bf5879754018adbc56c81af1e23e" member_type: VOTER last_known_addr { host: "127.30.242.194" port: 41405 } } peers { permanent_uuid: "d690855fdda0401c9d113d17a977189a" member_type: VOTER last_known_addr { host: "127.30.242.195" port: 32855 } }
I20260601 13:40:56.592329  2402 consensus_queue.cc:260] T c5ed7368a134480e8e875b9fda7cf922 P f499bf5879754018adbc56c81af1e23e [NON_LEADER]: Queue going to NON_LEADER mode. State: All replicated index: 0, Majority replicated index: 0, Committed index: 0, Last appended: 0.0, Last appended by leader: 0, Current term: 0, Majority size: -1, State: 0, Mode: NON_LEADER, active raft config: opid_index: -1 OBSOLETE_local: false peers { permanent_uuid: "aa005e0cbe464a6baed0c2faa067eaed" member_type: VOTER last_known_addr { host: "127.30.242.193" port: 36341 } } peers { permanent_uuid: "f499bf5879754018adbc56c81af1e23e" member_type: VOTER last_known_addr { host: "127.30.242.194" port: 41405 } } peers { permanent_uuid: "d690855fdda0401c9d113d17a977189a" member_type: VOTER last_known_addr { host: "127.30.242.195" port: 32855 } }
I20260601 13:40:56.592722  2401 raft_consensus.cc:359] T d01a6fc873e54c098a8cecf10dea72fe P d690855fdda0401c9d113d17a977189a [term 0 FOLLOWER]: Replica starting. Triggering 0 pending ops. Active config: opid_index: -1 OBSOLETE_local: false peers { permanent_uuid: "aa005e0cbe464a6baed0c2faa067eaed" member_type: VOTER last_known_addr { host: "127.30.242.193" port: 36341 } } peers { permanent_uuid: "f499bf5879754018adbc56c81af1e23e" member_type: VOTER last_known_addr { host: "127.30.242.194" port: 41405 } } peers { permanent_uuid: "d690855fdda0401c9d113d17a977189a" member_type: VOTER last_known_addr { host: "127.30.242.195" port: 32855 } }
I20260601 13:40:56.592891  2401 raft_consensus.cc:385] T d01a6fc873e54c098a8cecf10dea72fe P d690855fdda0401c9d113d17a977189a [term 0 FOLLOWER]: Consensus starting up: Expiring failure detector timer to make a prompt election more likely
I20260601 13:40:56.592916  2402 ts_tablet_manager.cc:1434] T c5ed7368a134480e8e875b9fda7cf922 P f499bf5879754018adbc56c81af1e23e: Time spent starting tablet: real 0.002s	user 0.002s	sys 0.000s
I20260601 13:40:56.593087  2403 ts_tablet_manager.cc:1434] T f48402ec994d4ef3955da0b937c31606 P aa005e0cbe464a6baed0c2faa067eaed: Time spent starting tablet: real 0.002s	user 0.001s	sys 0.001s
I20260601 13:40:56.593214  2402 tablet_bootstrap.cc:492] T f48402ec994d4ef3955da0b937c31606 P f499bf5879754018adbc56c81af1e23e: Bootstrap starting.
I20260601 13:40:56.593291  2403 tablet_bootstrap.cc:492] T 928214ecdb7d45e681ea5ccd69fea930 P aa005e0cbe464a6baed0c2faa067eaed: Bootstrap starting.
I20260601 13:40:56.594623  2403 tablet_bootstrap.cc:654] T 928214ecdb7d45e681ea5ccd69fea930 P aa005e0cbe464a6baed0c2faa067eaed: Neither blocks nor log segments found. Creating new log.
I20260601 13:40:56.594945  2402 tablet_bootstrap.cc:654] T f48402ec994d4ef3955da0b937c31606 P f499bf5879754018adbc56c81af1e23e: Neither blocks nor log segments found. Creating new log.
I20260601 13:40:56.592947  2401 raft_consensus.cc:740] T d01a6fc873e54c098a8cecf10dea72fe P d690855fdda0401c9d113d17a977189a [term 0 FOLLOWER]: Becoming Follower/Learner. State: Replica: d690855fdda0401c9d113d17a977189a, State: Initialized, Role: FOLLOWER
I20260601 13:40:56.595530  2401 consensus_queue.cc:260] T d01a6fc873e54c098a8cecf10dea72fe P d690855fdda0401c9d113d17a977189a [NON_LEADER]: Queue going to NON_LEADER mode. State: All replicated index: 0, Majority replicated index: 0, Committed index: 0, Last appended: 0.0, Last appended by leader: 0, Current term: 0, Majority size: -1, State: 0, Mode: NON_LEADER, active raft config: opid_index: -1 OBSOLETE_local: false peers { permanent_uuid: "aa005e0cbe464a6baed0c2faa067eaed" member_type: VOTER last_known_addr { host: "127.30.242.193" port: 36341 } } peers { permanent_uuid: "f499bf5879754018adbc56c81af1e23e" member_type: VOTER last_known_addr { host: "127.30.242.194" port: 41405 } } peers { permanent_uuid: "d690855fdda0401c9d113d17a977189a" member_type: VOTER last_known_addr { host: "127.30.242.195" port: 32855 } }
I20260601 13:40:56.596009  2401 ts_tablet_manager.cc:1434] T d01a6fc873e54c098a8cecf10dea72fe P d690855fdda0401c9d113d17a977189a: Time spent starting tablet: real 0.004s	user 0.001s	sys 0.000s
I20260601 13:40:56.596345  2401 tablet_bootstrap.cc:492] T 50ac83209b864e5ea041df653a5443a9 P d690855fdda0401c9d113d17a977189a: Bootstrap starting.
I20260601 13:40:56.596848  2403 tablet_bootstrap.cc:492] T 928214ecdb7d45e681ea5ccd69fea930 P aa005e0cbe464a6baed0c2faa067eaed: No bootstrap required, opened a new log
I20260601 13:40:56.596993  2403 ts_tablet_manager.cc:1403] T 928214ecdb7d45e681ea5ccd69fea930 P aa005e0cbe464a6baed0c2faa067eaed: Time spent bootstrapping tablet: real 0.004s	user 0.002s	sys 0.001s
I20260601 13:40:56.597630  2403 raft_consensus.cc:359] T 928214ecdb7d45e681ea5ccd69fea930 P aa005e0cbe464a6baed0c2faa067eaed [term 0 FOLLOWER]: Replica starting. Triggering 0 pending ops. Active config: opid_index: -1 OBSOLETE_local: false peers { permanent_uuid: "aa005e0cbe464a6baed0c2faa067eaed" member_type: VOTER last_known_addr { host: "127.30.242.193" port: 36341 } } peers { permanent_uuid: "f499bf5879754018adbc56c81af1e23e" member_type: VOTER last_known_addr { host: "127.30.242.194" port: 41405 } } peers { permanent_uuid: "d690855fdda0401c9d113d17a977189a" member_type: VOTER last_known_addr { host: "127.30.242.195" port: 32855 } }
I20260601 13:40:56.597817  2401 tablet_bootstrap.cc:654] T 50ac83209b864e5ea041df653a5443a9 P d690855fdda0401c9d113d17a977189a: Neither blocks nor log segments found. Creating new log.
I20260601 13:40:56.597817  2403 raft_consensus.cc:385] T 928214ecdb7d45e681ea5ccd69fea930 P aa005e0cbe464a6baed0c2faa067eaed [term 0 FOLLOWER]: Consensus starting up: Expiring failure detector timer to make a prompt election more likely
I20260601 13:40:56.597977  2403 raft_consensus.cc:740] T 928214ecdb7d45e681ea5ccd69fea930 P aa005e0cbe464a6baed0c2faa067eaed [term 0 FOLLOWER]: Becoming Follower/Learner. State: Replica: aa005e0cbe464a6baed0c2faa067eaed, State: Initialized, Role: FOLLOWER
I20260601 13:40:56.598124  2403 consensus_queue.cc:260] T 928214ecdb7d45e681ea5ccd69fea930 P aa005e0cbe464a6baed0c2faa067eaed [NON_LEADER]: Queue going to NON_LEADER mode. State: All replicated index: 0, Majority replicated index: 0, Committed index: 0, Last appended: 0.0, Last appended by leader: 0, Current term: 0, Majority size: -1, State: 0, Mode: NON_LEADER, active raft config: opid_index: -1 OBSOLETE_local: false peers { permanent_uuid: "aa005e0cbe464a6baed0c2faa067eaed" member_type: VOTER last_known_addr { host: "127.30.242.193" port: 36341 } } peers { permanent_uuid: "f499bf5879754018adbc56c81af1e23e" member_type: VOTER last_known_addr { host: "127.30.242.194" port: 41405 } } peers { permanent_uuid: "d690855fdda0401c9d113d17a977189a" member_type: VOTER last_known_addr { host: "127.30.242.195" port: 32855 } }
I20260601 13:40:56.598441  2403 ts_tablet_manager.cc:1434] T 928214ecdb7d45e681ea5ccd69fea930 P aa005e0cbe464a6baed0c2faa067eaed: Time spent starting tablet: real 0.001s	user 0.001s	sys 0.000s
I20260601 13:40:56.598665  2403 tablet_bootstrap.cc:492] T 7258b81ee95246eea4d3721b991509c1 P aa005e0cbe464a6baed0c2faa067eaed: Bootstrap starting.
I20260601 13:40:56.599234  2401 tablet_bootstrap.cc:492] T 50ac83209b864e5ea041df653a5443a9 P d690855fdda0401c9d113d17a977189a: No bootstrap required, opened a new log
I20260601 13:40:56.599329  2401 ts_tablet_manager.cc:1403] T 50ac83209b864e5ea041df653a5443a9 P d690855fdda0401c9d113d17a977189a: Time spent bootstrapping tablet: real 0.003s	user 0.002s	sys 0.001s
I20260601 13:40:56.599603  2402 tablet_bootstrap.cc:492] T f48402ec994d4ef3955da0b937c31606 P f499bf5879754018adbc56c81af1e23e: No bootstrap required, opened a new log
I20260601 13:40:56.599747  2402 ts_tablet_manager.cc:1403] T f48402ec994d4ef3955da0b937c31606 P f499bf5879754018adbc56c81af1e23e: Time spent bootstrapping tablet: real 0.007s	user 0.003s	sys 0.000s
I20260601 13:40:56.599848  2401 raft_consensus.cc:359] T 50ac83209b864e5ea041df653a5443a9 P d690855fdda0401c9d113d17a977189a [term 0 FOLLOWER]: Replica starting. Triggering 0 pending ops. Active config: opid_index: -1 OBSOLETE_local: false peers { permanent_uuid: "d690855fdda0401c9d113d17a977189a" member_type: VOTER last_known_addr { host: "127.30.242.195" port: 32855 } } peers { permanent_uuid: "f499bf5879754018adbc56c81af1e23e" member_type: VOTER last_known_addr { host: "127.30.242.194" port: 41405 } } peers { permanent_uuid: "aa005e0cbe464a6baed0c2faa067eaed" member_type: VOTER last_known_addr { host: "127.30.242.193" port: 36341 } }
I20260601 13:40:56.599992  2401 raft_consensus.cc:385] T 50ac83209b864e5ea041df653a5443a9 P d690855fdda0401c9d113d17a977189a [term 0 FOLLOWER]: Consensus starting up: Expiring failure detector timer to make a prompt election more likely
I20260601 13:40:56.600047  2401 raft_consensus.cc:740] T 50ac83209b864e5ea041df653a5443a9 P d690855fdda0401c9d113d17a977189a [term 0 FOLLOWER]: Becoming Follower/Learner. State: Replica: d690855fdda0401c9d113d17a977189a, State: Initialized, Role: FOLLOWER
I20260601 13:40:56.600191  2401 consensus_queue.cc:260] T 50ac83209b864e5ea041df653a5443a9 P d690855fdda0401c9d113d17a977189a [NON_LEADER]: Queue going to NON_LEADER mode. State: All replicated index: 0, Majority replicated index: 0, Committed index: 0, Last appended: 0.0, Last appended by leader: 0, Current term: 0, Majority size: -1, State: 0, Mode: NON_LEADER, active raft config: opid_index: -1 OBSOLETE_local: false peers { permanent_uuid: "d690855fdda0401c9d113d17a977189a" member_type: VOTER last_known_addr { host: "127.30.242.195" port: 32855 } } peers { permanent_uuid: "f499bf5879754018adbc56c81af1e23e" member_type: VOTER last_known_addr { host: "127.30.242.194" port: 41405 } } peers { permanent_uuid: "aa005e0cbe464a6baed0c2faa067eaed" member_type: VOTER last_known_addr { host: "127.30.242.193" port: 36341 } }
I20260601 13:40:56.600335  2402 raft_consensus.cc:359] T f48402ec994d4ef3955da0b937c31606 P f499bf5879754018adbc56c81af1e23e [term 0 FOLLOWER]: Replica starting. Triggering 0 pending ops. Active config: opid_index: -1 OBSOLETE_local: false peers { permanent_uuid: "aa005e0cbe464a6baed0c2faa067eaed" member_type: VOTER last_known_addr { host: "127.30.242.193" port: 36341 } } peers { permanent_uuid: "f499bf5879754018adbc56c81af1e23e" member_type: VOTER last_known_addr { host: "127.30.242.194" port: 41405 } } peers { permanent_uuid: "d690855fdda0401c9d113d17a977189a" member_type: VOTER last_known_addr { host: "127.30.242.195" port: 32855 } }
I20260601 13:40:56.600528  2402 raft_consensus.cc:385] T f48402ec994d4ef3955da0b937c31606 P f499bf5879754018adbc56c81af1e23e [term 0 FOLLOWER]: Consensus starting up: Expiring failure detector timer to make a prompt election more likely
I20260601 13:40:56.600594  2402 raft_consensus.cc:740] T f48402ec994d4ef3955da0b937c31606 P f499bf5879754018adbc56c81af1e23e [term 0 FOLLOWER]: Becoming Follower/Learner. State: Replica: f499bf5879754018adbc56c81af1e23e, State: Initialized, Role: FOLLOWER
I20260601 13:40:56.600600  2401 ts_tablet_manager.cc:1434] T 50ac83209b864e5ea041df653a5443a9 P d690855fdda0401c9d113d17a977189a: Time spent starting tablet: real 0.001s	user 0.000s	sys 0.001s
I20260601 13:40:56.600805  2402 consensus_queue.cc:260] T f48402ec994d4ef3955da0b937c31606 P f499bf5879754018adbc56c81af1e23e [NON_LEADER]: Queue going to NON_LEADER mode. State: All replicated index: 0, Majority replicated index: 0, Committed index: 0, Last appended: 0.0, Last appended by leader: 0, Current term: 0, Majority size: -1, State: 0, Mode: NON_LEADER, active raft config: opid_index: -1 OBSOLETE_local: false peers { permanent_uuid: "aa005e0cbe464a6baed0c2faa067eaed" member_type: VOTER last_known_addr { host: "127.30.242.193" port: 36341 } } peers { permanent_uuid: "f499bf5879754018adbc56c81af1e23e" member_type: VOTER last_known_addr { host: "127.30.242.194" port: 41405 } } peers { permanent_uuid: "d690855fdda0401c9d113d17a977189a" member_type: VOTER last_known_addr { host: "127.30.242.195" port: 32855 } }
I20260601 13:40:56.601001  2401 tablet_bootstrap.cc:492] T 34de0edd7ec247c7a9ee5cea21aa6f93 P d690855fdda0401c9d113d17a977189a: Bootstrap starting.
I20260601 13:40:56.601027  2403 tablet_bootstrap.cc:654] T 7258b81ee95246eea4d3721b991509c1 P aa005e0cbe464a6baed0c2faa067eaed: Neither blocks nor log segments found. Creating new log.
I20260601 13:40:56.601210  2402 ts_tablet_manager.cc:1434] T f48402ec994d4ef3955da0b937c31606 P f499bf5879754018adbc56c81af1e23e: Time spent starting tablet: real 0.001s	user 0.001s	sys 0.000s
I20260601 13:40:56.601487  2402 tablet_bootstrap.cc:492] T c2833b0222de4628ab72c22a888199ef P f499bf5879754018adbc56c81af1e23e: Bootstrap starting.
I20260601 13:40:56.602382  2401 tablet_bootstrap.cc:654] T 34de0edd7ec247c7a9ee5cea21aa6f93 P d690855fdda0401c9d113d17a977189a: Neither blocks nor log segments found. Creating new log.
I20260601 13:40:56.602872  2402 tablet_bootstrap.cc:654] T c2833b0222de4628ab72c22a888199ef P f499bf5879754018adbc56c81af1e23e: Neither blocks nor log segments found. Creating new log.
I20260601 13:40:56.604929  2401 tablet_bootstrap.cc:492] T 34de0edd7ec247c7a9ee5cea21aa6f93 P d690855fdda0401c9d113d17a977189a: No bootstrap required, opened a new log
I20260601 13:40:56.605041  2401 ts_tablet_manager.cc:1403] T 34de0edd7ec247c7a9ee5cea21aa6f93 P d690855fdda0401c9d113d17a977189a: Time spent bootstrapping tablet: real 0.004s	user 0.000s	sys 0.002s
I20260601 13:40:56.605163  2402 tablet_bootstrap.cc:492] T c2833b0222de4628ab72c22a888199ef P f499bf5879754018adbc56c81af1e23e: No bootstrap required, opened a new log
I20260601 13:40:56.605235  2402 ts_tablet_manager.cc:1403] T c2833b0222de4628ab72c22a888199ef P f499bf5879754018adbc56c81af1e23e: Time spent bootstrapping tablet: real 0.004s	user 0.001s	sys 0.001s
I20260601 13:40:56.605533  2401 raft_consensus.cc:359] T 34de0edd7ec247c7a9ee5cea21aa6f93 P d690855fdda0401c9d113d17a977189a [term 0 FOLLOWER]: Replica starting. Triggering 0 pending ops. Active config: opid_index: -1 OBSOLETE_local: false peers { permanent_uuid: "f499bf5879754018adbc56c81af1e23e" member_type: VOTER last_known_addr { host: "127.30.242.194" port: 41405 } } peers { permanent_uuid: "aa005e0cbe464a6baed0c2faa067eaed" member_type: VOTER last_known_addr { host: "127.30.242.193" port: 36341 } } peers { permanent_uuid: "d690855fdda0401c9d113d17a977189a" member_type: VOTER last_known_addr { host: "127.30.242.195" port: 32855 } }
I20260601 13:40:56.605587  2402 raft_consensus.cc:359] T c2833b0222de4628ab72c22a888199ef P f499bf5879754018adbc56c81af1e23e [term 0 FOLLOWER]: Replica starting. Triggering 0 pending ops. Active config: opid_index: -1 OBSOLETE_local: false peers { permanent_uuid: "aa005e0cbe464a6baed0c2faa067eaed" member_type: VOTER last_known_addr { host: "127.30.242.193" port: 36341 } } peers { permanent_uuid: "f499bf5879754018adbc56c81af1e23e" member_type: VOTER last_known_addr { host: "127.30.242.194" port: 41405 } } peers { permanent_uuid: "d690855fdda0401c9d113d17a977189a" member_type: VOTER last_known_addr { host: "127.30.242.195" port: 32855 } }
I20260601 13:40:56.605683  2401 raft_consensus.cc:385] T 34de0edd7ec247c7a9ee5cea21aa6f93 P d690855fdda0401c9d113d17a977189a [term 0 FOLLOWER]: Consensus starting up: Expiring failure detector timer to make a prompt election more likely
I20260601 13:40:56.605765  2402 raft_consensus.cc:385] T c2833b0222de4628ab72c22a888199ef P f499bf5879754018adbc56c81af1e23e [term 0 FOLLOWER]: Consensus starting up: Expiring failure detector timer to make a prompt election more likely
I20260601 13:40:56.605818  2401 raft_consensus.cc:740] T 34de0edd7ec247c7a9ee5cea21aa6f93 P d690855fdda0401c9d113d17a977189a [term 0 FOLLOWER]: Becoming Follower/Learner. State: Replica: d690855fdda0401c9d113d17a977189a, State: Initialized, Role: FOLLOWER
I20260601 13:40:56.605855  2402 raft_consensus.cc:740] T c2833b0222de4628ab72c22a888199ef P f499bf5879754018adbc56c81af1e23e [term 0 FOLLOWER]: Becoming Follower/Learner. State: Replica: f499bf5879754018adbc56c81af1e23e, State: Initialized, Role: FOLLOWER
I20260601 13:40:56.606015  2403 tablet_bootstrap.cc:492] T 7258b81ee95246eea4d3721b991509c1 P aa005e0cbe464a6baed0c2faa067eaed: No bootstrap required, opened a new log
I20260601 13:40:56.606021  2402 consensus_queue.cc:260] T c2833b0222de4628ab72c22a888199ef P f499bf5879754018adbc56c81af1e23e [NON_LEADER]: Queue going to NON_LEADER mode. State: All replicated index: 0, Majority replicated index: 0, Committed index: 0, Last appended: 0.0, Last appended by leader: 0, Current term: 0, Majority size: -1, State: 0, Mode: NON_LEADER, active raft config: opid_index: -1 OBSOLETE_local: false peers { permanent_uuid: "aa005e0cbe464a6baed0c2faa067eaed" member_type: VOTER last_known_addr { host: "127.30.242.193" port: 36341 } } peers { permanent_uuid: "f499bf5879754018adbc56c81af1e23e" member_type: VOTER last_known_addr { host: "127.30.242.194" port: 41405 } } peers { permanent_uuid: "d690855fdda0401c9d113d17a977189a" member_type: VOTER last_known_addr { host: "127.30.242.195" port: 32855 } }
I20260601 13:40:56.606015  2401 consensus_queue.cc:260] T 34de0edd7ec247c7a9ee5cea21aa6f93 P d690855fdda0401c9d113d17a977189a [NON_LEADER]: Queue going to NON_LEADER mode. State: All replicated index: 0, Majority replicated index: 0, Committed index: 0, Last appended: 0.0, Last appended by leader: 0, Current term: 0, Majority size: -1, State: 0, Mode: NON_LEADER, active raft config: opid_index: -1 OBSOLETE_local: false peers { permanent_uuid: "f499bf5879754018adbc56c81af1e23e" member_type: VOTER last_known_addr { host: "127.30.242.194" port: 41405 } } peers { permanent_uuid: "aa005e0cbe464a6baed0c2faa067eaed" member_type: VOTER last_known_addr { host: "127.30.242.193" port: 36341 } } peers { permanent_uuid: "d690855fdda0401c9d113d17a977189a" member_type: VOTER last_known_addr { host: "127.30.242.195" port: 32855 } }
I20260601 13:40:56.606187  2403 ts_tablet_manager.cc:1403] T 7258b81ee95246eea4d3721b991509c1 P aa005e0cbe464a6baed0c2faa067eaed: Time spent bootstrapping tablet: real 0.008s	user 0.003s	sys 0.000s
I20260601 13:40:56.606365  2402 ts_tablet_manager.cc:1434] T c2833b0222de4628ab72c22a888199ef P f499bf5879754018adbc56c81af1e23e: Time spent starting tablet: real 0.001s	user 0.000s	sys 0.001s
I20260601 13:40:56.606408  2401 ts_tablet_manager.cc:1434] T 34de0edd7ec247c7a9ee5cea21aa6f93 P d690855fdda0401c9d113d17a977189a: Time spent starting tablet: real 0.001s	user 0.000s	sys 0.001s
I20260601 13:40:56.606554  2402 tablet_bootstrap.cc:492] T 7258b81ee95246eea4d3721b991509c1 P f499bf5879754018adbc56c81af1e23e: Bootstrap starting.
I20260601 13:40:56.606571  2401 tablet_bootstrap.cc:492] T 928214ecdb7d45e681ea5ccd69fea930 P d690855fdda0401c9d113d17a977189a: Bootstrap starting.
I20260601 13:40:56.606647  2403 raft_consensus.cc:359] T 7258b81ee95246eea4d3721b991509c1 P aa005e0cbe464a6baed0c2faa067eaed [term 0 FOLLOWER]: Replica starting. Triggering 0 pending ops. Active config: opid_index: -1 OBSOLETE_local: false peers { permanent_uuid: "f499bf5879754018adbc56c81af1e23e" member_type: VOTER last_known_addr { host: "127.30.242.194" port: 41405 } } peers { permanent_uuid: "aa005e0cbe464a6baed0c2faa067eaed" member_type: VOTER last_known_addr { host: "127.30.242.193" port: 36341 } } peers { permanent_uuid: "d690855fdda0401c9d113d17a977189a" member_type: VOTER last_known_addr { host: "127.30.242.195" port: 32855 } }
I20260601 13:40:56.606741  2403 raft_consensus.cc:385] T 7258b81ee95246eea4d3721b991509c1 P aa005e0cbe464a6baed0c2faa067eaed [term 0 FOLLOWER]: Consensus starting up: Expiring failure detector timer to make a prompt election more likely
I20260601 13:40:56.606773  2403 raft_consensus.cc:740] T 7258b81ee95246eea4d3721b991509c1 P aa005e0cbe464a6baed0c2faa067eaed [term 0 FOLLOWER]: Becoming Follower/Learner. State: Replica: aa005e0cbe464a6baed0c2faa067eaed, State: Initialized, Role: FOLLOWER
I20260601 13:40:56.606884  2403 consensus_queue.cc:260] T 7258b81ee95246eea4d3721b991509c1 P aa005e0cbe464a6baed0c2faa067eaed [NON_LEADER]: Queue going to NON_LEADER mode. State: All replicated index: 0, Majority replicated index: 0, Committed index: 0, Last appended: 0.0, Last appended by leader: 0, Current term: 0, Majority size: -1, State: 0, Mode: NON_LEADER, active raft config: opid_index: -1 OBSOLETE_local: false peers { permanent_uuid: "f499bf5879754018adbc56c81af1e23e" member_type: VOTER last_known_addr { host: "127.30.242.194" port: 41405 } } peers { permanent_uuid: "aa005e0cbe464a6baed0c2faa067eaed" member_type: VOTER last_known_addr { host: "127.30.242.193" port: 36341 } } peers { permanent_uuid: "d690855fdda0401c9d113d17a977189a" member_type: VOTER last_known_addr { host: "127.30.242.195" port: 32855 } }
I20260601 13:40:56.607173  2403 ts_tablet_manager.cc:1434] T 7258b81ee95246eea4d3721b991509c1 P aa005e0cbe464a6baed0c2faa067eaed: Time spent starting tablet: real 0.001s	user 0.001s	sys 0.000s
I20260601 13:40:56.607398  2403 tablet_bootstrap.cc:492] T d01a6fc873e54c098a8cecf10dea72fe P aa005e0cbe464a6baed0c2faa067eaed: Bootstrap starting.
I20260601 13:40:56.607813  2402 tablet_bootstrap.cc:654] T 7258b81ee95246eea4d3721b991509c1 P f499bf5879754018adbc56c81af1e23e: Neither blocks nor log segments found. Creating new log.
I20260601 13:40:56.607811  2401 tablet_bootstrap.cc:654] T 928214ecdb7d45e681ea5ccd69fea930 P d690855fdda0401c9d113d17a977189a: Neither blocks nor log segments found. Creating new log.
I20260601 13:40:56.608347  2408 raft_consensus.cc:493] T 50ac83209b864e5ea041df653a5443a9 P d690855fdda0401c9d113d17a977189a [term 0 FOLLOWER]: Starting pre-election (no leader contacted us within the election timeout)
I20260601 13:40:56.608444  2408 raft_consensus.cc:515] T 50ac83209b864e5ea041df653a5443a9 P d690855fdda0401c9d113d17a977189a [term 0 FOLLOWER]: Starting pre-election with config: opid_index: -1 OBSOLETE_local: false peers { permanent_uuid: "d690855fdda0401c9d113d17a977189a" member_type: VOTER last_known_addr { host: "127.30.242.195" port: 32855 } } peers { permanent_uuid: "f499bf5879754018adbc56c81af1e23e" member_type: VOTER last_known_addr { host: "127.30.242.194" port: 41405 } } peers { permanent_uuid: "aa005e0cbe464a6baed0c2faa067eaed" member_type: VOTER last_known_addr { host: "127.30.242.193" port: 36341 } }
I20260601 13:40:56.608518  2403 tablet_bootstrap.cc:654] T d01a6fc873e54c098a8cecf10dea72fe P aa005e0cbe464a6baed0c2faa067eaed: Neither blocks nor log segments found. Creating new log.
I20260601 13:40:56.608976  2408 leader_election.cc:290] T 50ac83209b864e5ea041df653a5443a9 P d690855fdda0401c9d113d17a977189a [CANDIDATE]: Term 1 pre-election: Requested pre-vote from peers f499bf5879754018adbc56c81af1e23e (127.30.242.194:41405), aa005e0cbe464a6baed0c2faa067eaed (127.30.242.193:36341)
I20260601 13:40:56.609033  2401 tablet_bootstrap.cc:492] T 928214ecdb7d45e681ea5ccd69fea930 P d690855fdda0401c9d113d17a977189a: No bootstrap required, opened a new log
I20260601 13:40:56.609104  2401 ts_tablet_manager.cc:1403] T 928214ecdb7d45e681ea5ccd69fea930 P d690855fdda0401c9d113d17a977189a: Time spent bootstrapping tablet: real 0.003s	user 0.001s	sys 0.001s
I20260601 13:40:56.609555  2401 raft_consensus.cc:359] T 928214ecdb7d45e681ea5ccd69fea930 P d690855fdda0401c9d113d17a977189a [term 0 FOLLOWER]: Replica starting. Triggering 0 pending ops. Active config: opid_index: -1 OBSOLETE_local: false peers { permanent_uuid: "aa005e0cbe464a6baed0c2faa067eaed" member_type: VOTER last_known_addr { host: "127.30.242.193" port: 36341 } } peers { permanent_uuid: "f499bf5879754018adbc56c81af1e23e" member_type: VOTER last_known_addr { host: "127.30.242.194" port: 41405 } } peers { permanent_uuid: "d690855fdda0401c9d113d17a977189a" member_type: VOTER last_known_addr { host: "127.30.242.195" port: 32855 } }
I20260601 13:40:56.609669  2401 raft_consensus.cc:385] T 928214ecdb7d45e681ea5ccd69fea930 P d690855fdda0401c9d113d17a977189a [term 0 FOLLOWER]: Consensus starting up: Expiring failure detector timer to make a prompt election more likely
I20260601 13:40:56.609709  2401 raft_consensus.cc:740] T 928214ecdb7d45e681ea5ccd69fea930 P d690855fdda0401c9d113d17a977189a [term 0 FOLLOWER]: Becoming Follower/Learner. State: Replica: d690855fdda0401c9d113d17a977189a, State: Initialized, Role: FOLLOWER
I20260601 13:40:56.609822  2401 consensus_queue.cc:260] T 928214ecdb7d45e681ea5ccd69fea930 P d690855fdda0401c9d113d17a977189a [NON_LEADER]: Queue going to NON_LEADER mode. State: All replicated index: 0, Majority replicated index: 0, Committed index: 0, Last appended: 0.0, Last appended by leader: 0, Current term: 0, Majority size: -1, State: 0, Mode: NON_LEADER, active raft config: opid_index: -1 OBSOLETE_local: false peers { permanent_uuid: "aa005e0cbe464a6baed0c2faa067eaed" member_type: VOTER last_known_addr { host: "127.30.242.193" port: 36341 } } peers { permanent_uuid: "f499bf5879754018adbc56c81af1e23e" member_type: VOTER last_known_addr { host: "127.30.242.194" port: 41405 } } peers { permanent_uuid: "d690855fdda0401c9d113d17a977189a" member_type: VOTER last_known_addr { host: "127.30.242.195" port: 32855 } }
I20260601 13:40:56.610105  2401 ts_tablet_manager.cc:1434] T 928214ecdb7d45e681ea5ccd69fea930 P d690855fdda0401c9d113d17a977189a: Time spent starting tablet: real 0.001s	user 0.000s	sys 0.000s
I20260601 13:40:56.610301  2401 tablet_bootstrap.cc:492] T c2833b0222de4628ab72c22a888199ef P d690855fdda0401c9d113d17a977189a: Bootstrap starting.
I20260601 13:40:56.611481  2401 tablet_bootstrap.cc:654] T c2833b0222de4628ab72c22a888199ef P d690855fdda0401c9d113d17a977189a: Neither blocks nor log segments found. Creating new log.
I20260601 13:40:56.612821  2401 tablet_bootstrap.cc:492] T c2833b0222de4628ab72c22a888199ef P d690855fdda0401c9d113d17a977189a: No bootstrap required, opened a new log
I20260601 13:40:56.612914  2401 ts_tablet_manager.cc:1403] T c2833b0222de4628ab72c22a888199ef P d690855fdda0401c9d113d17a977189a: Time spent bootstrapping tablet: real 0.003s	user 0.000s	sys 0.002s
I20260601 13:40:56.613389  2401 raft_consensus.cc:359] T c2833b0222de4628ab72c22a888199ef P d690855fdda0401c9d113d17a977189a [term 0 FOLLOWER]: Replica starting. Triggering 0 pending ops. Active config: opid_index: -1 OBSOLETE_local: false peers { permanent_uuid: "aa005e0cbe464a6baed0c2faa067eaed" member_type: VOTER last_known_addr { host: "127.30.242.193" port: 36341 } } peers { permanent_uuid: "f499bf5879754018adbc56c81af1e23e" member_type: VOTER last_known_addr { host: "127.30.242.194" port: 41405 } } peers { permanent_uuid: "d690855fdda0401c9d113d17a977189a" member_type: VOTER last_known_addr { host: "127.30.242.195" port: 32855 } }
I20260601 13:40:56.613552  2401 raft_consensus.cc:385] T c2833b0222de4628ab72c22a888199ef P d690855fdda0401c9d113d17a977189a [term 0 FOLLOWER]: Consensus starting up: Expiring failure detector timer to make a prompt election more likely
I20260601 13:40:56.613651  2401 raft_consensus.cc:740] T c2833b0222de4628ab72c22a888199ef P d690855fdda0401c9d113d17a977189a [term 0 FOLLOWER]: Becoming Follower/Learner. State: Replica: d690855fdda0401c9d113d17a977189a, State: Initialized, Role: FOLLOWER
I20260601 13:40:56.613837  2401 consensus_queue.cc:260] T c2833b0222de4628ab72c22a888199ef P d690855fdda0401c9d113d17a977189a [NON_LEADER]: Queue going to NON_LEADER mode. State: All replicated index: 0, Majority replicated index: 0, Committed index: 0, Last appended: 0.0, Last appended by leader: 0, Current term: 0, Majority size: -1, State: 0, Mode: NON_LEADER, active raft config: opid_index: -1 OBSOLETE_local: false peers { permanent_uuid: "aa005e0cbe464a6baed0c2faa067eaed" member_type: VOTER last_known_addr { host: "127.30.242.193" port: 36341 } } peers { permanent_uuid: "f499bf5879754018adbc56c81af1e23e" member_type: VOTER last_known_addr { host: "127.30.242.194" port: 41405 } } peers { permanent_uuid: "d690855fdda0401c9d113d17a977189a" member_type: VOTER last_known_addr { host: "127.30.242.195" port: 32855 } }
I20260601 13:40:56.614173  2403 tablet_bootstrap.cc:492] T d01a6fc873e54c098a8cecf10dea72fe P aa005e0cbe464a6baed0c2faa067eaed: No bootstrap required, opened a new log
I20260601 13:40:56.614228  2401 ts_tablet_manager.cc:1434] T c2833b0222de4628ab72c22a888199ef P d690855fdda0401c9d113d17a977189a: Time spent starting tablet: real 0.001s	user 0.000s	sys 0.001s
I20260601 13:40:56.614264  2403 ts_tablet_manager.cc:1403] T d01a6fc873e54c098a8cecf10dea72fe P aa005e0cbe464a6baed0c2faa067eaed: Time spent bootstrapping tablet: real 0.007s	user 0.002s	sys 0.000s
I20260601 13:40:56.614672  2403 raft_consensus.cc:359] T d01a6fc873e54c098a8cecf10dea72fe P aa005e0cbe464a6baed0c2faa067eaed [term 0 FOLLOWER]: Replica starting. Triggering 0 pending ops. Active config: opid_index: -1 OBSOLETE_local: false peers { permanent_uuid: "aa005e0cbe464a6baed0c2faa067eaed" member_type: VOTER last_known_addr { host: "127.30.242.193" port: 36341 } } peers { permanent_uuid: "f499bf5879754018adbc56c81af1e23e" member_type: VOTER last_known_addr { host: "127.30.242.194" port: 41405 } } peers { permanent_uuid: "d690855fdda0401c9d113d17a977189a" member_type: VOTER last_known_addr { host: "127.30.242.195" port: 32855 } }
I20260601 13:40:56.614777  2403 raft_consensus.cc:385] T d01a6fc873e54c098a8cecf10dea72fe P aa005e0cbe464a6baed0c2faa067eaed [term 0 FOLLOWER]: Consensus starting up: Expiring failure detector timer to make a prompt election more likely
I20260601 13:40:56.614809  2403 raft_consensus.cc:740] T d01a6fc873e54c098a8cecf10dea72fe P aa005e0cbe464a6baed0c2faa067eaed [term 0 FOLLOWER]: Becoming Follower/Learner. State: Replica: aa005e0cbe464a6baed0c2faa067eaed, State: Initialized, Role: FOLLOWER
I20260601 13:40:56.614944  2403 consensus_queue.cc:260] T d01a6fc873e54c098a8cecf10dea72fe P aa005e0cbe464a6baed0c2faa067eaed [NON_LEADER]: Queue going to NON_LEADER mode. State: All replicated index: 0, Majority replicated index: 0, Committed index: 0, Last appended: 0.0, Last appended by leader: 0, Current term: 0, Majority size: -1, State: 0, Mode: NON_LEADER, active raft config: opid_index: -1 OBSOLETE_local: false peers { permanent_uuid: "aa005e0cbe464a6baed0c2faa067eaed" member_type: VOTER last_known_addr { host: "127.30.242.193" port: 36341 } } peers { permanent_uuid: "f499bf5879754018adbc56c81af1e23e" member_type: VOTER last_known_addr { host: "127.30.242.194" port: 41405 } } peers { permanent_uuid: "d690855fdda0401c9d113d17a977189a" member_type: VOTER last_known_addr { host: "127.30.242.195" port: 32855 } }
I20260601 13:40:56.615248  2403 ts_tablet_manager.cc:1434] T d01a6fc873e54c098a8cecf10dea72fe P aa005e0cbe464a6baed0c2faa067eaed: Time spent starting tablet: real 0.001s	user 0.001s	sys 0.000s
I20260601 13:40:56.615458  2403 tablet_bootstrap.cc:492] T 34de0edd7ec247c7a9ee5cea21aa6f93 P aa005e0cbe464a6baed0c2faa067eaed: Bootstrap starting.
I20260601 13:40:56.616694  2403 tablet_bootstrap.cc:654] T 34de0edd7ec247c7a9ee5cea21aa6f93 P aa005e0cbe464a6baed0c2faa067eaed: Neither blocks nor log segments found. Creating new log.
I20260601 13:40:56.617818  2280 tablet_service.cc:1917] Received RequestConsensusVote() RPC: tablet_id: "50ac83209b864e5ea041df653a5443a9" candidate_uuid: "d690855fdda0401c9d113d17a977189a" candidate_term: 1 candidate_status { last_received { term: 0 index: 0 } } ignore_live_leader: false dest_uuid: "f499bf5879754018adbc56c81af1e23e" is_pre_election: true
I20260601 13:40:56.617987  2280 raft_consensus.cc:2468] T 50ac83209b864e5ea041df653a5443a9 P f499bf5879754018adbc56c81af1e23e [term 0 FOLLOWER]: Leader pre-election vote request: Granting yes vote for candidate d690855fdda0401c9d113d17a977189a in term 0.
I20260601 13:40:56.618353  2321 leader_election.cc:304] T 50ac83209b864e5ea041df653a5443a9 P d690855fdda0401c9d113d17a977189a [CANDIDATE]: Term 1 pre-election: Election decided. Result: candidate won. Election summary: received 2 responses out of 3 voters: 2 yes votes; 0 no votes. yes voters: d690855fdda0401c9d113d17a977189a, f499bf5879754018adbc56c81af1e23e; no voters: 
I20260601 13:40:56.618511  2403 tablet_bootstrap.cc:492] T 34de0edd7ec247c7a9ee5cea21aa6f93 P aa005e0cbe464a6baed0c2faa067eaed: No bootstrap required, opened a new log
I20260601 13:40:56.618551  2408 raft_consensus.cc:2804] T 50ac83209b864e5ea041df653a5443a9 P d690855fdda0401c9d113d17a977189a [term 0 FOLLOWER]: Leader pre-election won for term 1
I20260601 13:40:56.618614  2408 raft_consensus.cc:493] T 50ac83209b864e5ea041df653a5443a9 P d690855fdda0401c9d113d17a977189a [term 0 FOLLOWER]: Starting leader election (no leader contacted us within the election timeout)
I20260601 13:40:56.618666  2408 raft_consensus.cc:3060] T 50ac83209b864e5ea041df653a5443a9 P d690855fdda0401c9d113d17a977189a [term 0 FOLLOWER]: Advancing to term 1
I20260601 13:40:56.618682  2402 tablet_bootstrap.cc:492] T 7258b81ee95246eea4d3721b991509c1 P f499bf5879754018adbc56c81af1e23e: No bootstrap required, opened a new log
I20260601 13:40:56.618767  2402 ts_tablet_manager.cc:1403] T 7258b81ee95246eea4d3721b991509c1 P f499bf5879754018adbc56c81af1e23e: Time spent bootstrapping tablet: real 0.012s	user 0.002s	sys 0.000s
I20260601 13:40:56.619288  2402 raft_consensus.cc:359] T 7258b81ee95246eea4d3721b991509c1 P f499bf5879754018adbc56c81af1e23e [term 0 FOLLOWER]: Replica starting. Triggering 0 pending ops. Active config: opid_index: -1 OBSOLETE_local: false peers { permanent_uuid: "f499bf5879754018adbc56c81af1e23e" member_type: VOTER last_known_addr { host: "127.30.242.194" port: 41405 } } peers { permanent_uuid: "aa005e0cbe464a6baed0c2faa067eaed" member_type: VOTER last_known_addr { host: "127.30.242.193" port: 36341 } } peers { permanent_uuid: "d690855fdda0401c9d113d17a977189a" member_type: VOTER last_known_addr { host: "127.30.242.195" port: 32855 } }
I20260601 13:40:56.618619  2403 ts_tablet_manager.cc:1403] T 34de0edd7ec247c7a9ee5cea21aa6f93 P aa005e0cbe464a6baed0c2faa067eaed: Time spent bootstrapping tablet: real 0.003s	user 0.000s	sys 0.003s
I20260601 13:40:56.619438  2402 raft_consensus.cc:385] T 7258b81ee95246eea4d3721b991509c1 P f499bf5879754018adbc56c81af1e23e [term 0 FOLLOWER]: Consensus starting up: Expiring failure detector timer to make a prompt election more likely
I20260601 13:40:56.619481  2402 raft_consensus.cc:740] T 7258b81ee95246eea4d3721b991509c1 P f499bf5879754018adbc56c81af1e23e [term 0 FOLLOWER]: Becoming Follower/Learner. State: Replica: f499bf5879754018adbc56c81af1e23e, State: Initialized, Role: FOLLOWER
I20260601 13:40:56.619666  2402 consensus_queue.cc:260] T 7258b81ee95246eea4d3721b991509c1 P f499bf5879754018adbc56c81af1e23e [NON_LEADER]: Queue going to NON_LEADER mode. State: All replicated index: 0, Majority replicated index: 0, Committed index: 0, Last appended: 0.0, Last appended by leader: 0, Current term: 0, Majority size: -1, State: 0, Mode: NON_LEADER, active raft config: opid_index: -1 OBSOLETE_local: false peers { permanent_uuid: "f499bf5879754018adbc56c81af1e23e" member_type: VOTER last_known_addr { host: "127.30.242.194" port: 41405 } } peers { permanent_uuid: "aa005e0cbe464a6baed0c2faa067eaed" member_type: VOTER last_known_addr { host: "127.30.242.193" port: 36341 } } peers { permanent_uuid: "d690855fdda0401c9d113d17a977189a" member_type: VOTER last_known_addr { host: "127.30.242.195" port: 32855 } }
I20260601 13:40:56.619831  2408 raft_consensus.cc:515] T 50ac83209b864e5ea041df653a5443a9 P d690855fdda0401c9d113d17a977189a [term 1 FOLLOWER]: Starting leader election with config: opid_index: -1 OBSOLETE_local: false peers { permanent_uuid: "d690855fdda0401c9d113d17a977189a" member_type: VOTER last_known_addr { host: "127.30.242.195" port: 32855 } } peers { permanent_uuid: "f499bf5879754018adbc56c81af1e23e" member_type: VOTER last_known_addr { host: "127.30.242.194" port: 41405 } } peers { permanent_uuid: "aa005e0cbe464a6baed0c2faa067eaed" member_type: VOTER last_known_addr { host: "127.30.242.193" port: 36341 } }
I20260601 13:40:56.619967  2403 raft_consensus.cc:359] T 34de0edd7ec247c7a9ee5cea21aa6f93 P aa005e0cbe464a6baed0c2faa067eaed [term 0 FOLLOWER]: Replica starting. Triggering 0 pending ops. Active config: opid_index: -1 OBSOLETE_local: false peers { permanent_uuid: "f499bf5879754018adbc56c81af1e23e" member_type: VOTER last_known_addr { host: "127.30.242.194" port: 41405 } } peers { permanent_uuid: "aa005e0cbe464a6baed0c2faa067eaed" member_type: VOTER last_known_addr { host: "127.30.242.193" port: 36341 } } peers { permanent_uuid: "d690855fdda0401c9d113d17a977189a" member_type: VOTER last_known_addr { host: "127.30.242.195" port: 32855 } }
I20260601 13:40:56.620069  2403 raft_consensus.cc:385] T 34de0edd7ec247c7a9ee5cea21aa6f93 P aa005e0cbe464a6baed0c2faa067eaed [term 0 FOLLOWER]: Consensus starting up: Expiring failure detector timer to make a prompt election more likely
I20260601 13:40:56.620102  2403 raft_consensus.cc:740] T 34de0edd7ec247c7a9ee5cea21aa6f93 P aa005e0cbe464a6baed0c2faa067eaed [term 0 FOLLOWER]: Becoming Follower/Learner. State: Replica: aa005e0cbe464a6baed0c2faa067eaed, State: Initialized, Role: FOLLOWER
I20260601 13:40:56.620106  2402 ts_tablet_manager.cc:1434] T 7258b81ee95246eea4d3721b991509c1 P f499bf5879754018adbc56c81af1e23e: Time spent starting tablet: real 0.001s	user 0.001s	sys 0.000s
I20260601 13:40:56.620234  2408 leader_election.cc:290] T 50ac83209b864e5ea041df653a5443a9 P d690855fdda0401c9d113d17a977189a [CANDIDATE]: Term 1 election: Requested vote from peers f499bf5879754018adbc56c81af1e23e (127.30.242.194:41405), aa005e0cbe464a6baed0c2faa067eaed (127.30.242.193:36341)
I20260601 13:40:56.620229  2403 consensus_queue.cc:260] T 34de0edd7ec247c7a9ee5cea21aa6f93 P aa005e0cbe464a6baed0c2faa067eaed [NON_LEADER]: Queue going to NON_LEADER mode. State: All replicated index: 0, Majority replicated index: 0, Committed index: 0, Last appended: 0.0, Last appended by leader: 0, Current term: 0, Majority size: -1, State: 0, Mode: NON_LEADER, active raft config: opid_index: -1 OBSOLETE_local: false peers { permanent_uuid: "f499bf5879754018adbc56c81af1e23e" member_type: VOTER last_known_addr { host: "127.30.242.194" port: 41405 } } peers { permanent_uuid: "aa005e0cbe464a6baed0c2faa067eaed" member_type: VOTER last_known_addr { host: "127.30.242.193" port: 36341 } } peers { permanent_uuid: "d690855fdda0401c9d113d17a977189a" member_type: VOTER last_known_addr { host: "127.30.242.195" port: 32855 } }
I20260601 13:40:56.620512  2403 ts_tablet_manager.cc:1434] T 34de0edd7ec247c7a9ee5cea21aa6f93 P aa005e0cbe464a6baed0c2faa067eaed: Time spent starting tablet: real 0.001s	user 0.000s	sys 0.000s
I20260601 13:40:56.620344  2402 tablet_bootstrap.cc:492] T 34de0edd7ec247c7a9ee5cea21aa6f93 P f499bf5879754018adbc56c81af1e23e: Bootstrap starting.
I20260601 13:40:56.620740  2403 tablet_bootstrap.cc:492] T 50ac83209b864e5ea041df653a5443a9 P aa005e0cbe464a6baed0c2faa067eaed: Bootstrap starting.
I20260601 13:40:56.620823  2280 tablet_service.cc:1917] Received RequestConsensusVote() RPC: tablet_id: "50ac83209b864e5ea041df653a5443a9" candidate_uuid: "d690855fdda0401c9d113d17a977189a" candidate_term: 1 candidate_status { last_received { term: 0 index: 0 } } ignore_live_leader: false dest_uuid: "f499bf5879754018adbc56c81af1e23e"
I20260601 13:40:56.620916  2280 raft_consensus.cc:3060] T 50ac83209b864e5ea041df653a5443a9 P f499bf5879754018adbc56c81af1e23e [term 0 FOLLOWER]: Advancing to term 1
I20260601 13:40:56.622035  2403 tablet_bootstrap.cc:654] T 50ac83209b864e5ea041df653a5443a9 P aa005e0cbe464a6baed0c2faa067eaed: Neither blocks nor log segments found. Creating new log.
I20260601 13:40:56.622061  2280 raft_consensus.cc:2468] T 50ac83209b864e5ea041df653a5443a9 P f499bf5879754018adbc56c81af1e23e [term 1 FOLLOWER]: Leader election vote request: Granting yes vote for candidate d690855fdda0401c9d113d17a977189a in term 1.
I20260601 13:40:56.622550  2321 leader_election.cc:304] T 50ac83209b864e5ea041df653a5443a9 P d690855fdda0401c9d113d17a977189a [CANDIDATE]: Term 1 election: Election decided. Result: candidate won. Election summary: received 2 responses out of 3 voters: 2 yes votes; 0 no votes. yes voters: d690855fdda0401c9d113d17a977189a, f499bf5879754018adbc56c81af1e23e; no voters: 
I20260601 13:40:56.622718  2408 raft_consensus.cc:2804] T 50ac83209b864e5ea041df653a5443a9 P d690855fdda0401c9d113d17a977189a [term 1 FOLLOWER]: Leader election won for term 1
I20260601 13:40:56.622901  2408 raft_consensus.cc:697] T 50ac83209b864e5ea041df653a5443a9 P d690855fdda0401c9d113d17a977189a [term 1 LEADER]: Becoming Leader. State: Replica: d690855fdda0401c9d113d17a977189a, State: Running, Role: LEADER
I20260601 13:40:56.623045  2408 consensus_queue.cc:237] T 50ac83209b864e5ea041df653a5443a9 P d690855fdda0401c9d113d17a977189a [LEADER]: Queue going to LEADER mode. State: All replicated index: 0, Majority replicated index: 0, Committed index: 0, Last appended: 0.0, Last appended by leader: 0, Current term: 1, Majority size: 2, State: 0, Mode: LEADER, active raft config: opid_index: -1 OBSOLETE_local: false peers { permanent_uuid: "d690855fdda0401c9d113d17a977189a" member_type: VOTER last_known_addr { host: "127.30.242.195" port: 32855 } } peers { permanent_uuid: "f499bf5879754018adbc56c81af1e23e" member_type: VOTER last_known_addr { host: "127.30.242.194" port: 41405 } } peers { permanent_uuid: "aa005e0cbe464a6baed0c2faa067eaed" member_type: VOTER last_known_addr { host: "127.30.242.193" port: 36341 } }
I20260601 13:40:56.624173  2402 tablet_bootstrap.cc:654] T 34de0edd7ec247c7a9ee5cea21aa6f93 P f499bf5879754018adbc56c81af1e23e: Neither blocks nor log segments found. Creating new log.
I20260601 13:40:56.624986  2101 catalog_manager.cc:5696] T 50ac83209b864e5ea041df653a5443a9 P d690855fdda0401c9d113d17a977189a reported cstate change: term changed from 0 to 1, leader changed from <none> to d690855fdda0401c9d113d17a977189a (127.30.242.195). New cstate: current_term: 1 leader_uuid: "d690855fdda0401c9d113d17a977189a" committed_config { opid_index: -1 OBSOLETE_local: false peers { permanent_uuid: "d690855fdda0401c9d113d17a977189a" member_type: VOTER last_known_addr { host: "127.30.242.195" port: 32855 } health_report { overall_health: HEALTHY } } peers { permanent_uuid: "f499bf5879754018adbc56c81af1e23e" member_type: VOTER last_known_addr { host: "127.30.242.194" port: 41405 } health_report { overall_health: UNKNOWN } } peers { permanent_uuid: "aa005e0cbe464a6baed0c2faa067eaed" member_type: VOTER last_known_addr { host: "127.30.242.193" port: 36341 } health_report { overall_health: UNKNOWN } } }
I20260601 13:40:56.625411  2204 tablet_service.cc:1917] Received RequestConsensusVote() RPC: tablet_id: "50ac83209b864e5ea041df653a5443a9" candidate_uuid: "d690855fdda0401c9d113d17a977189a" candidate_term: 1 candidate_status { last_received { term: 0 index: 0 } } ignore_live_leader: false dest_uuid: "aa005e0cbe464a6baed0c2faa067eaed" is_pre_election: true
I20260601 13:40:56.625450  2203 tablet_service.cc:1917] Received RequestConsensusVote() RPC: tablet_id: "50ac83209b864e5ea041df653a5443a9" candidate_uuid: "d690855fdda0401c9d113d17a977189a" candidate_term: 1 candidate_status { last_received { term: 0 index: 0 } } ignore_live_leader: false dest_uuid: "aa005e0cbe464a6baed0c2faa067eaed"
W20260601 13:40:56.625801  2320 leader_election.cc:343] T 50ac83209b864e5ea041df653a5443a9 P d690855fdda0401c9d113d17a977189a [CANDIDATE]: Term 1 pre-election: Tablet error from VoteRequest() call to peer aa005e0cbe464a6baed0c2faa067eaed (127.30.242.193:36341): Illegal state: must be running to vote when last-logged opid is not known
W20260601 13:40:56.626039  2320 leader_election.cc:343] T 50ac83209b864e5ea041df653a5443a9 P d690855fdda0401c9d113d17a977189a [CANDIDATE]: Term 1 election: Tablet error from VoteRequest() call to peer aa005e0cbe464a6baed0c2faa067eaed (127.30.242.193:36341): Illegal state: must be running to vote when last-logged opid is not known
I20260601 13:40:56.626258  2403 tablet_bootstrap.cc:492] T 50ac83209b864e5ea041df653a5443a9 P aa005e0cbe464a6baed0c2faa067eaed: No bootstrap required, opened a new log
