I20260601 13:23:25.906582 25904 ts_tablet_manager.cc:1434] T 84c25e5df636471fb67225e2cdcdea7d P 852f008e7fe5417fa31cc4856339dcf5: Time spent starting tablet: real 0.001s	user 0.002s	sys 0.000s
I20260601 13:23:25.907254 25907 tablet_bootstrap.cc:654] T 84c25e5df636471fb67225e2cdcdea7d P efc906217a884310891b81a55fe95729: Neither blocks nor log segments found. Creating new log.
I20260601 13:23:25.908411 25907 tablet_bootstrap.cc:492] T 84c25e5df636471fb67225e2cdcdea7d P efc906217a884310891b81a55fe95729: No bootstrap required, opened a new log
I20260601 13:23:25.908495 25907 ts_tablet_manager.cc:1403] T 84c25e5df636471fb67225e2cdcdea7d P efc906217a884310891b81a55fe95729: Time spent bootstrapping tablet: real 0.003s	user 0.002s	sys 0.000s
I20260601 13:23:25.908929 25907 raft_consensus.cc:359] T 84c25e5df636471fb67225e2cdcdea7d P efc906217a884310891b81a55fe95729 [term 0 FOLLOWER]: Replica starting. Triggering 0 pending ops. Active config: opid_index: -1 OBSOLETE_local: false peers { permanent_uuid: "efc906217a884310891b81a55fe95729" member_type: VOTER last_known_addr { host: "127.21.24.195" port: 45271 } } peers { permanent_uuid: "852f008e7fe5417fa31cc4856339dcf5" member_type: VOTER last_known_addr { host: "127.21.24.194" port: 46521 } } peers { permanent_uuid: "6bd43e91477d401e97e158eefe313eea" member_type: VOTER last_known_addr { host: "127.21.24.193" port: 45731 } }
I20260601 13:23:25.909027 25907 raft_consensus.cc:385] T 84c25e5df636471fb67225e2cdcdea7d P efc906217a884310891b81a55fe95729 [term 0 FOLLOWER]: Consensus starting up: Expiring failure detector timer to make a prompt election more likely
I20260601 13:23:25.909060 25907 raft_consensus.cc:740] T 84c25e5df636471fb67225e2cdcdea7d P efc906217a884310891b81a55fe95729 [term 0 FOLLOWER]: Becoming Follower/Learner. State: Replica: efc906217a884310891b81a55fe95729, State: Initialized, Role: FOLLOWER
I20260601 13:23:25.909170 25907 consensus_queue.cc:260] T 84c25e5df636471fb67225e2cdcdea7d P efc906217a884310891b81a55fe95729 [NON_LEADER]: Queue going to NON_LEADER mode. State: All replicated index: 0, Majority replicated index: 0, Committed index: 0, Last appended: 0.0, Last appended by leader: 0, Current term: 0, Majority size: -1, State: 0, Mode: NON_LEADER, active raft config: opid_index: -1 OBSOLETE_local: false peers { permanent_uuid: "efc906217a884310891b81a55fe95729" member_type: VOTER last_known_addr { host: "127.21.24.195" port: 45271 } } peers { permanent_uuid: "852f008e7fe5417fa31cc4856339dcf5" member_type: VOTER last_known_addr { host: "127.21.24.194" port: 46521 } } peers { permanent_uuid: "6bd43e91477d401e97e158eefe313eea" member_type: VOTER last_known_addr { host: "127.21.24.193" port: 45731 } }
I20260601 13:23:25.909531 25907 ts_tablet_manager.cc:1434] T 84c25e5df636471fb67225e2cdcdea7d P efc906217a884310891b81a55fe95729: Time spent starting tablet: real 0.001s	user 0.001s	sys 0.000s
I20260601 13:23:26.053481 25908 raft_consensus.cc:493] T 84c25e5df636471fb67225e2cdcdea7d P 6bd43e91477d401e97e158eefe313eea [term 0 FOLLOWER]: Starting pre-election (no leader contacted us within the election timeout)
I20260601 13:23:26.053655 25908 raft_consensus.cc:515] T 84c25e5df636471fb67225e2cdcdea7d P 6bd43e91477d401e97e158eefe313eea [term 0 FOLLOWER]: Starting pre-election with config: opid_index: -1 OBSOLETE_local: false peers { permanent_uuid: "efc906217a884310891b81a55fe95729" member_type: VOTER last_known_addr { host: "127.21.24.195" port: 45271 } } peers { permanent_uuid: "852f008e7fe5417fa31cc4856339dcf5" member_type: VOTER last_known_addr { host: "127.21.24.194" port: 46521 } } peers { permanent_uuid: "6bd43e91477d401e97e158eefe313eea" member_type: VOTER last_known_addr { host: "127.21.24.193" port: 45731 } }
I20260601 13:23:26.054250 25908 leader_election.cc:290] T 84c25e5df636471fb67225e2cdcdea7d P 6bd43e91477d401e97e158eefe313eea [CANDIDATE]: Term 1 pre-election: Requested pre-vote from peers efc906217a884310891b81a55fe95729 (127.21.24.195:45271), 852f008e7fe5417fa31cc4856339dcf5 (127.21.24.194:46521)
I20260601 13:23:26.058008 25856 tablet_service.cc:1917] Received RequestConsensusVote() RPC: tablet_id: "84c25e5df636471fb67225e2cdcdea7d" candidate_uuid: "6bd43e91477d401e97e158eefe313eea" candidate_term: 1 candidate_status { last_received { term: 0 index: 0 } } ignore_live_leader: false dest_uuid: "efc906217a884310891b81a55fe95729" is_pre_election: true
I20260601 13:23:26.058131 25856 raft_consensus.cc:2468] T 84c25e5df636471fb67225e2cdcdea7d P efc906217a884310891b81a55fe95729 [term 0 FOLLOWER]: Leader pre-election vote request: Granting yes vote for candidate 6bd43e91477d401e97e158eefe313eea in term 0.
I20260601 13:23:26.058135 25781 tablet_service.cc:1917] Received RequestConsensusVote() RPC: tablet_id: "84c25e5df636471fb67225e2cdcdea7d" candidate_uuid: "6bd43e91477d401e97e158eefe313eea" candidate_term: 1 candidate_status { last_received { term: 0 index: 0 } } ignore_live_leader: false dest_uuid: "852f008e7fe5417fa31cc4856339dcf5" is_pre_election: true
I20260601 13:23:26.058362 25781 raft_consensus.cc:2468] T 84c25e5df636471fb67225e2cdcdea7d P 852f008e7fe5417fa31cc4856339dcf5 [term 0 FOLLOWER]: Leader pre-election vote request: Granting yes vote for candidate 6bd43e91477d401e97e158eefe313eea in term 0.
I20260601 13:23:26.058522 25668 leader_election.cc:304] T 84c25e5df636471fb67225e2cdcdea7d P 6bd43e91477d401e97e158eefe313eea [CANDIDATE]: Term 1 pre-election: Election decided. Result: candidate won. Election summary: received 2 responses out of 3 voters: 2 yes votes; 0 no votes. yes voters: 6bd43e91477d401e97e158eefe313eea, efc906217a884310891b81a55fe95729; no voters: 
I20260601 13:23:26.058686 25908 raft_consensus.cc:2804] T 84c25e5df636471fb67225e2cdcdea7d P 6bd43e91477d401e97e158eefe313eea [term 0 FOLLOWER]: Leader pre-election won for term 1
I20260601 13:23:26.058756 25908 raft_consensus.cc:493] T 84c25e5df636471fb67225e2cdcdea7d P 6bd43e91477d401e97e158eefe313eea [term 0 FOLLOWER]: Starting leader election (no leader contacted us within the election timeout)
I20260601 13:23:26.058800 25908 raft_consensus.cc:3060] T 84c25e5df636471fb67225e2cdcdea7d P 6bd43e91477d401e97e158eefe313eea [term 0 FOLLOWER]: Advancing to term 1
I20260601 13:23:26.059715 25908 raft_consensus.cc:515] T 84c25e5df636471fb67225e2cdcdea7d P 6bd43e91477d401e97e158eefe313eea [term 1 FOLLOWER]: Starting leader election with config: opid_index: -1 OBSOLETE_local: false peers { permanent_uuid: "efc906217a884310891b81a55fe95729" member_type: VOTER last_known_addr { host: "127.21.24.195" port: 45271 } } peers { permanent_uuid: "852f008e7fe5417fa31cc4856339dcf5" member_type: VOTER last_known_addr { host: "127.21.24.194" port: 46521 } } peers { permanent_uuid: "6bd43e91477d401e97e158eefe313eea" member_type: VOTER last_known_addr { host: "127.21.24.193" port: 45731 } }
I20260601 13:23:26.060030 25908 leader_election.cc:290] T 84c25e5df636471fb67225e2cdcdea7d P 6bd43e91477d401e97e158eefe313eea [CANDIDATE]: Term 1 election: Requested vote from peers efc906217a884310891b81a55fe95729 (127.21.24.195:45271), 852f008e7fe5417fa31cc4856339dcf5 (127.21.24.194:46521)
I20260601 13:23:26.060326 25856 tablet_service.cc:1917] Received RequestConsensusVote() RPC: tablet_id: "84c25e5df636471fb67225e2cdcdea7d" candidate_uuid: "6bd43e91477d401e97e158eefe313eea" candidate_term: 1 candidate_status { last_received { term: 0 index: 0 } } ignore_live_leader: false dest_uuid: "efc906217a884310891b81a55fe95729"
I20260601 13:23:26.060436 25856 raft_consensus.cc:3060] T 84c25e5df636471fb67225e2cdcdea7d P efc906217a884310891b81a55fe95729 [term 0 FOLLOWER]: Advancing to term 1
I20260601 13:23:26.060405 25781 tablet_service.cc:1917] Received RequestConsensusVote() RPC: tablet_id: "84c25e5df636471fb67225e2cdcdea7d" candidate_uuid: "6bd43e91477d401e97e158eefe313eea" candidate_term: 1 candidate_status { last_received { term: 0 index: 0 } } ignore_live_leader: false dest_uuid: "852f008e7fe5417fa31cc4856339dcf5"
I20260601 13:23:26.060523 25781 raft_consensus.cc:3060] T 84c25e5df636471fb67225e2cdcdea7d P 852f008e7fe5417fa31cc4856339dcf5 [term 0 FOLLOWER]: Advancing to term 1
I20260601 13:23:26.061225 25856 raft_consensus.cc:2468] T 84c25e5df636471fb67225e2cdcdea7d P efc906217a884310891b81a55fe95729 [term 1 FOLLOWER]: Leader election vote request: Granting yes vote for candidate 6bd43e91477d401e97e158eefe313eea in term 1.
I20260601 13:23:26.061306 25781 raft_consensus.cc:2468] T 84c25e5df636471fb67225e2cdcdea7d P 852f008e7fe5417fa31cc4856339dcf5 [term 1 FOLLOWER]: Leader election vote request: Granting yes vote for candidate 6bd43e91477d401e97e158eefe313eea in term 1.
I20260601 13:23:26.061553 25668 leader_election.cc:304] T 84c25e5df636471fb67225e2cdcdea7d P 6bd43e91477d401e97e158eefe313eea [CANDIDATE]: Term 1 election: Election decided. Result: candidate won. Election summary: received 2 responses out of 3 voters: 2 yes votes; 0 no votes. yes voters: 6bd43e91477d401e97e158eefe313eea, efc906217a884310891b81a55fe95729; no voters: 
I20260601 13:23:26.061700 25908 raft_consensus.cc:2804] T 84c25e5df636471fb67225e2cdcdea7d P 6bd43e91477d401e97e158eefe313eea [term 1 FOLLOWER]: Leader election won for term 1
I20260601 13:23:26.061923 25908 raft_consensus.cc:697] T 84c25e5df636471fb67225e2cdcdea7d P 6bd43e91477d401e97e158eefe313eea [term 1 LEADER]: Becoming Leader. State: Replica: 6bd43e91477d401e97e158eefe313eea, State: Running, Role: LEADER
I20260601 13:23:26.062077 25908 consensus_queue.cc:237] T 84c25e5df636471fb67225e2cdcdea7d P 6bd43e91477d401e97e158eefe313eea [LEADER]: Queue going to LEADER mode. State: All replicated index: 0, Majority replicated index: 0, Committed index: 0, Last appended: 0.0, Last appended by leader: 0, Current term: 1, Majority size: 2, State: 0, Mode: LEADER, active raft config: opid_index: -1 OBSOLETE_local: false peers { permanent_uuid: "efc906217a884310891b81a55fe95729" member_type: VOTER last_known_addr { host: "127.21.24.195" port: 45271 } } peers { permanent_uuid: "852f008e7fe5417fa31cc4856339dcf5" member_type: VOTER last_known_addr { host: "127.21.24.194" port: 46521 } } peers { permanent_uuid: "6bd43e91477d401e97e158eefe313eea" member_type: VOTER last_known_addr { host: "127.21.24.193" port: 45731 } }
I20260601 13:23:26.063609 25600 catalog_manager.cc:5696] T 84c25e5df636471fb67225e2cdcdea7d P 6bd43e91477d401e97e158eefe313eea reported cstate change: term changed from 0 to 1, leader changed from <none> to 6bd43e91477d401e97e158eefe313eea (127.21.24.193). New cstate: current_term: 1 leader_uuid: "6bd43e91477d401e97e158eefe313eea" committed_config { opid_index: -1 OBSOLETE_local: false peers { permanent_uuid: "efc906217a884310891b81a55fe95729" member_type: VOTER last_known_addr { host: "127.21.24.195" port: 45271 } health_report { overall_health: UNKNOWN } } peers { permanent_uuid: "852f008e7fe5417fa31cc4856339dcf5" member_type: VOTER last_known_addr { host: "127.21.24.194" port: 46521 } health_report { overall_health: UNKNOWN } } peers { permanent_uuid: "6bd43e91477d401e97e158eefe313eea" member_type: VOTER last_known_addr { host: "127.21.24.193" port: 45731 } health_report { overall_health: HEALTHY } } }
I20260601 13:23:26.478549 25908 consensus_queue.cc:1048] T 84c25e5df636471fb67225e2cdcdea7d P 6bd43e91477d401e97e158eefe313eea [LEADER]: Connected to new peer: Peer: permanent_uuid: "efc906217a884310891b81a55fe95729" member_type: VOTER last_known_addr { host: "127.21.24.195" port: 45271 }, Status: LMP_MISMATCH, Last received: 0.0, Next index: 1, Last known committed idx: 0, Time since last communication: 0.000s
I20260601 13:23:26.481556 25908 consensus_queue.cc:1048] T 84c25e5df636471fb67225e2cdcdea7d P 6bd43e91477d401e97e158eefe313eea [LEADER]: Connected to new peer: Peer: permanent_uuid: "852f008e7fe5417fa31cc4856339dcf5" member_type: VOTER last_known_addr { host: "127.21.24.194" port: 46521 }, Status: LMP_MISMATCH, Last received: 0.0, Next index: 1, Last known committed idx: 0, Time since last communication: 0.000s
I20260601 13:23:26.744853 25656 auto_leader_rebalancer.cc:140] leader rebalance for table test-workload
I20260601 13:23:26.745143 25656 auto_leader_rebalancer.cc:388] table: test-workload, leader rebalance finish, leader transfer count: 0
I20260601 13:23:26.745193 25656 auto_leader_rebalancer.cc:451] All tables' leader rebalancing finished this round
I20260601 13:23:26.746369 25650 placement_policy_util.cc:407] tablet 84c25e5df636471fb67225e2cdcdea7d: detected majority of replicas (2 of 3) at location L0
I20260601 13:23:27.748046 25650 placement_policy_util.cc:407] tablet 84c25e5df636471fb67225e2cdcdea7d: detected majority of replicas (2 of 3) at location L0
I20260601 13:23:28.745486 25656 auto_leader_rebalancer.cc:140] leader rebalance for table test-workload
I20260601 13:23:28.745779 25656 auto_leader_rebalancer.cc:388] table: test-workload, leader rebalance finish, leader transfer count: 0
I20260601 13:23:28.745828 25656 auto_leader_rebalancer.cc:451] All tables' leader rebalancing finished this round
I20260601 13:23:28.749491 25650 placement_policy_util.cc:407] tablet 84c25e5df636471fb67225e2cdcdea7d: detected majority of replicas (2 of 3) at location L0
I20260601 13:23:29.750998 25650 placement_policy_util.cc:407] tablet 84c25e5df636471fb67225e2cdcdea7d: detected majority of replicas (2 of 3) at location L0
I20260601 13:23:30.746097 25656 auto_leader_rebalancer.cc:140] leader rebalance for table test-workload
I20260601 13:23:30.746371 25656 auto_leader_rebalancer.cc:388] table: test-workload, leader rebalance finish, leader transfer count: 0
I20260601 13:23:30.746418 25656 auto_leader_rebalancer.cc:451] All tables' leader rebalancing finished this round
I20260601 13:23:30.752413 25650 placement_policy_util.cc:407] tablet 84c25e5df636471fb67225e2cdcdea7d: detected majority of replicas (2 of 3) at location L0
I20260601 13:23:31.753901 25650 placement_policy_util.cc:407] tablet 84c25e5df636471fb67225e2cdcdea7d: detected majority of replicas (2 of 3) at location L0
I20260601 13:23:32.746771 25656 auto_leader_rebalancer.cc:140] leader rebalance for table test-workload
I20260601 13:23:32.747205 25656 auto_leader_rebalancer.cc:388] table: test-workload, leader rebalance finish, leader transfer count: 0
I20260601 13:23:32.747315 25656 auto_leader_rebalancer.cc:451] All tables' leader rebalancing finished this round
I20260601 13:23:32.755517 25650 placement_policy_util.cc:407] tablet 84c25e5df636471fb67225e2cdcdea7d: detected majority of replicas (2 of 3) at location L0
I20260601 13:23:33.757074 25650 placement_policy_util.cc:407] tablet 84c25e5df636471fb67225e2cdcdea7d: detected majority of replicas (2 of 3) at location L0
I20260601 13:23:34.747628 25656 auto_leader_rebalancer.cc:140] leader rebalance for table test-workload
I20260601 13:23:34.747900 25656 auto_leader_rebalancer.cc:388] table: test-workload, leader rebalance finish, leader transfer count: 0
I20260601 13:23:34.747949 25656 auto_leader_rebalancer.cc:451] All tables' leader rebalancing finished this round
I20260601 13:23:34.758590 25650 placement_policy_util.cc:407] tablet 84c25e5df636471fb67225e2cdcdea7d: detected majority of replicas (2 of 3) at location L0
I20260601 13:23:35.760305 25650 placement_policy_util.cc:407] tablet 84c25e5df636471fb67225e2cdcdea7d: detected majority of replicas (2 of 3) at location L0
I20260601 13:23:36.748265 25656 auto_leader_rebalancer.cc:140] leader rebalance for table test-workload
I20260601 13:23:36.748608 25656 auto_leader_rebalancer.cc:388] table: test-workload, leader rebalance finish, leader transfer count: 0
I20260601 13:23:36.748668 25656 auto_leader_rebalancer.cc:451] All tables' leader rebalancing finished this round
I20260601 13:23:36.761793 25650 placement_policy_util.cc:407] tablet 84c25e5df636471fb67225e2cdcdea7d: detected majority of replicas (2 of 3) at location L0
I20260601 13:23:37.135736 21603 tablet_server.cc:179] TabletServer@127.21.24.193:0 shutting down...
I20260601 13:23:37.139475 21603 ts_tablet_manager.cc:1507] Shutting down tablet manager...
I20260601 13:23:37.139691 21603 tablet_replica.cc:333] T 84c25e5df636471fb67225e2cdcdea7d P 6bd43e91477d401e97e158eefe313eea: stopping tablet replica
I20260601 13:23:37.139814 21603 raft_consensus.cc:2243] T 84c25e5df636471fb67225e2cdcdea7d P 6bd43e91477d401e97e158eefe313eea [term 1 LEADER]: Raft consensus shutting down.
I20260601 13:23:37.140014 21603 raft_consensus.cc:2272] T 84c25e5df636471fb67225e2cdcdea7d P 6bd43e91477d401e97e158eefe313eea [term 1 FOLLOWER]: Raft consensus is shut down!
I20260601 13:23:37.152932 21603 tablet_server.cc:196] TabletServer@127.21.24.193:0 shutdown complete.
I20260601 13:23:37.154990 21603 tablet_server.cc:179] TabletServer@127.21.24.194:0 shutting down...
I20260601 13:23:37.158502 21603 ts_tablet_manager.cc:1507] Shutting down tablet manager...
I20260601 13:23:37.158694 21603 tablet_replica.cc:333] T 84c25e5df636471fb67225e2cdcdea7d P 852f008e7fe5417fa31cc4856339dcf5: stopping tablet replica
I20260601 13:23:37.158839 21603 raft_consensus.cc:2243] T 84c25e5df636471fb67225e2cdcdea7d P 852f008e7fe5417fa31cc4856339dcf5 [term 1 FOLLOWER]: Raft consensus shutting down.
I20260601 13:23:37.158986 21603 raft_consensus.cc:2272] T 84c25e5df636471fb67225e2cdcdea7d P 852f008e7fe5417fa31cc4856339dcf5 [term 1 FOLLOWER]: Raft consensus is shut down!
I20260601 13:23:37.171792 21603 tablet_server.cc:196] TabletServer@127.21.24.194:0 shutdown complete.
I20260601 13:23:37.173723 21603 tablet_server.cc:179] TabletServer@127.21.24.195:0 shutting down...
I20260601 13:23:37.177385 21603 ts_tablet_manager.cc:1507] Shutting down tablet manager...
I20260601 13:23:37.177584 21603 tablet_replica.cc:333] T 84c25e5df636471fb67225e2cdcdea7d P efc906217a884310891b81a55fe95729: stopping tablet replica
I20260601 13:23:37.177698 21603 raft_consensus.cc:2243] T 84c25e5df636471fb67225e2cdcdea7d P efc906217a884310891b81a55fe95729 [term 1 FOLLOWER]: Raft consensus shutting down.
I20260601 13:23:37.177799 21603 raft_consensus.cc:2272] T 84c25e5df636471fb67225e2cdcdea7d P efc906217a884310891b81a55fe95729 [term 1 FOLLOWER]: Raft consensus is shut down!
I20260601 13:23:37.190091 21603 tablet_server.cc:196] TabletServer@127.21.24.195:0 shutdown complete.
I20260601 13:23:37.191999 21603 master.cc:562] Master@127.21.24.254:39073 shutting down...
I20260601 13:23:37.195770 21603 raft_consensus.cc:2243] T 00000000000000000000000000000000 P 38cda0b1a1014937ae5e494aebdee03d [term 1 LEADER]: Raft consensus shutting down.
I20260601 13:23:37.195933 21603 raft_consensus.cc:2272] T 00000000000000000000000000000000 P 38cda0b1a1014937ae5e494aebdee03d [term 1 FOLLOWER]: Raft consensus is shut down!
I20260601 13:23:37.196017 21603 tablet_replica.cc:333] T 00000000000000000000000000000000 P 38cda0b1a1014937ae5e494aebdee03d: stopping tablet replica
I20260601 13:23:37.208130 21603 master.cc:584] Master@127.21.24.254:39073 shutdown complete.
[       OK ] AutoRebalancerTest.NoReplicaMovesIfCannotFixPlacementPolicy (12505 ms)
[ RUN      ] AutoRebalancerTest.TestMaxMovesPerServer
I20260601 13:23:37.214107 21603 internal_mini_cluster.cc:156] Creating distributed mini masters. Addrs: 127.21.24.254:33721
I20260601 13:23:37.214445 21603 file_cache.cc:492] Constructed file cache file cache with capacity 419430
W20260601 13:23:37.216581 25928 instance_detector.cc:116] could not retrieve AWS instance metadata: Network error: curl error: HTTP response code said error: The requested URL returned error: 404
W20260601 13:23:37.216651 25929 instance_detector.cc:116] could not retrieve Azure instance metadata: Network error: curl error: HTTP response code said error: The requested URL returned error: 404
W20260601 13:23:37.216704 25931 instance_detector.cc:116] could not retrieve OpenStack instance metadata: Network error: curl error: HTTP response code said error: The requested URL returned error: 404
I20260601 13:23:37.216897 21603 server_base.cc:1061] running on GCE node
I20260601 13:23:37.217034 21603 hybrid_clock.cc:584] initializing the hybrid clock with 'system_unsync' time source
W20260601 13:23:37.217067 21603 system_unsync_time.cc:38] NTP support is disabled. Clock error bounds will not be accurate. This configuration is not suitable for distributed clusters.
I20260601 13:23:37.217111 21603 hybrid_clock.cc:648] HybridClock initialized: now 1780320217217111 us; error 0 us; skew 500 ppm
I20260601 13:23:37.217902 21603 webserver.cc:533] Webserver started at http://127.21.24.254:44455/ using document root <none> and password file <none>
I20260601 13:23:37.218060 21603 fs_manager.cc:362] Metadata directory not provided
I20260601 13:23:37.218106 21603 fs_manager.cc:368] Using write-ahead log directory (fs_wal_dir) as metadata directory
I20260601 13:23:37.218155 21603 server_base.cc:909] This appears to be a new deployment of Kudu; creating new FS layout
I20260601 13:23:37.218518 21603 fs_manager.cc:1068] Generated new instance metadata in path /tmp/dist-test-task08yvJu/test-tmp/auto_rebalancer-test.0.AutoRebalancerTest.TestMaxMovesPerServer.1780320110158089-21603-0/minicluster-data/master-0-root/instance:
uuid: "2b9229ed103441a2b04bb2c46fa16315"
format_stamp: "Formatted at 2026-06-01 13:23:37 on dist-test-slave-5tll"
I20260601 13:23:37.220064 21603 fs_manager.cc:696] Time spent creating directory manager: real 0.001s	user 0.002s	sys 0.000s
I20260601 13:23:37.221021 25936 log_block_manager.cc:4031] Time spent loading block containers with low live blocks: real 0.000s	user 0.000s	sys 0.000s
I20260601 13:23:37.221263 21603 fs_manager.cc:730] Time spent opening block manager: real 0.001s	user 0.001s	sys 0.000s
I20260601 13:23:37.221342 21603 fs_manager.cc:647] Opened local filesystem: /tmp/dist-test-task08yvJu/test-tmp/auto_rebalancer-test.0.AutoRebalancerTest.TestMaxMovesPerServer.1780320110158089-21603-0/minicluster-data/master-0-root
uuid: "2b9229ed103441a2b04bb2c46fa16315"
format_stamp: "Formatted at 2026-06-01 13:23:37 on dist-test-slave-5tll"
I20260601 13:23:37.221443 21603 fs_report.cc:389] FS layout report
--------------------
wal directory: /tmp/dist-test-task08yvJu/test-tmp/auto_rebalancer-test.0.AutoRebalancerTest.TestMaxMovesPerServer.1780320110158089-21603-0/minicluster-data/master-0-root
metadata directory: /tmp/dist-test-task08yvJu/test-tmp/auto_rebalancer-test.0.AutoRebalancerTest.TestMaxMovesPerServer.1780320110158089-21603-0/minicluster-data/master-0-root
1 data directories: /tmp/dist-test-task08yvJu/test-tmp/auto_rebalancer-test.0.AutoRebalancerTest.TestMaxMovesPerServer.1780320110158089-21603-0/minicluster-data/master-0-root/data
Total live blocks: 0
Total live bytes: 0
Total live bytes (after alignment): 0
Total number of LBM containers: 0 (0 full)
Did not check for missing blocks
Did not check for orphaned blocks
Total full LBM containers with extra space: 0 (0 repaired)
Total full LBM container extra space in bytes: 0 (0 repaired)
Total incomplete LBM containers: 0 (0 repaired)
Total LBM partial records: 0 (0 repaired)
Total corrupted LBM metadata records in RocksDB: 0 (0 repaired)
I20260601 13:23:37.227579 21603 rpc_server.cc:225] running with OpenSSL 1.1.1  11 Sep 2018
I20260601 13:23:37.227887 21603 kserver.cc:163] Server-wide thread pool size limit: 3276
I20260601 13:23:37.231737 21603 rpc_server.cc:307] RPC server started. Bound to: 127.21.24.254:33721
I20260601 13:23:37.234182 25988 acceptor_pool.cc:272] collecting diagnostics on the listening RPC socket 127.21.24.254:33721 every 8 connection(s)
I20260601 13:23:37.234609 25989 data_dirs.cc:400] Could only allocate 1 dirs of requested 3 for tablet 00000000000000000000000000000000. 1 dirs total, 0 dirs full, 0 dirs failed
I20260601 13:23:37.236418 25989 tablet_bootstrap.cc:492] T 00000000000000000000000000000000 P 2b9229ed103441a2b04bb2c46fa16315: Bootstrap starting.
I20260601 13:23:37.237172 25989 tablet_bootstrap.cc:654] T 00000000000000000000000000000000 P 2b9229ed103441a2b04bb2c46fa16315: Neither blocks nor log segments found. Creating new log.
I20260601 13:23:37.238091 25989 tablet_bootstrap.cc:492] T 00000000000000000000000000000000 P 2b9229ed103441a2b04bb2c46fa16315: No bootstrap required, opened a new log
I20260601 13:23:37.238469 25989 raft_consensus.cc:359] T 00000000000000000000000000000000 P 2b9229ed103441a2b04bb2c46fa16315 [term 0 FOLLOWER]: Replica starting. Triggering 0 pending ops. Active config: opid_index: -1 OBSOLETE_local: true peers { permanent_uuid: "2b9229ed103441a2b04bb2c46fa16315" member_type: VOTER }
I20260601 13:23:37.238550 25989 raft_consensus.cc:385] T 00000000000000000000000000000000 P 2b9229ed103441a2b04bb2c46fa16315 [term 0 FOLLOWER]: Consensus starting up: Expiring failure detector timer to make a prompt election more likely
I20260601 13:23:37.238597 25989 raft_consensus.cc:740] T 00000000000000000000000000000000 P 2b9229ed103441a2b04bb2c46fa16315 [term 0 FOLLOWER]: Becoming Follower/Learner. State: Replica: 2b9229ed103441a2b04bb2c46fa16315, State: Initialized, Role: FOLLOWER
I20260601 13:23:37.238755 25989 consensus_queue.cc:260] T 00000000000000000000000000000000 P 2b9229ed103441a2b04bb2c46fa16315 [NON_LEADER]: Queue going to NON_LEADER mode. State: All replicated index: 0, Majority replicated index: 0, Committed index: 0, Last appended: 0.0, Last appended by leader: 0, Current term: 0, Majority size: -1, State: 0, Mode: NON_LEADER, active raft config: opid_index: -1 OBSOLETE_local: true peers { permanent_uuid: "2b9229ed103441a2b04bb2c46fa16315" member_type: VOTER }
I20260601 13:23:37.238830 25989 raft_consensus.cc:399] T 00000000000000000000000000000000 P 2b9229ed103441a2b04bb2c46fa16315 [term 0 FOLLOWER]: Only one voter in the Raft config. Triggering election immediately
I20260601 13:23:37.238894 25989 raft_consensus.cc:493] T 00000000000000000000000000000000 P 2b9229ed103441a2b04bb2c46fa16315 [term 0 FOLLOWER]: Starting leader election (initial election of a single-replica configuration)
I20260601 13:23:37.238951 25989 raft_consensus.cc:3060] T 00000000000000000000000000000000 P 2b9229ed103441a2b04bb2c46fa16315 [term 0 FOLLOWER]: Advancing to term 1
I20260601 13:23:37.239652 25989 raft_consensus.cc:515] T 00000000000000000000000000000000 P 2b9229ed103441a2b04bb2c46fa16315 [term 1 FOLLOWER]: Starting leader election with config: opid_index: -1 OBSOLETE_local: true peers { permanent_uuid: "2b9229ed103441a2b04bb2c46fa16315" member_type: VOTER }
I20260601 13:23:37.239791 25989 leader_election.cc:304] T 00000000000000000000000000000000 P 2b9229ed103441a2b04bb2c46fa16315 [CANDIDATE]: Term 1 election: Election decided. Result: candidate won. Election summary: received 1 responses out of 1 voters: 1 yes votes; 0 no votes. yes voters: 2b9229ed103441a2b04bb2c46fa16315; no voters: 
I20260601 13:23:37.239986 25989 leader_election.cc:290] T 00000000000000000000000000000000 P 2b9229ed103441a2b04bb2c46fa16315 [CANDIDATE]: Term 1 election: Requested vote from peers 
I20260601 13:23:37.240126 25992 raft_consensus.cc:2804] T 00000000000000000000000000000000 P 2b9229ed103441a2b04bb2c46fa16315 [term 1 FOLLOWER]: Leader election won for term 1
I20260601 13:23:37.240341 25992 raft_consensus.cc:697] T 00000000000000000000000000000000 P 2b9229ed103441a2b04bb2c46fa16315 [term 1 LEADER]: Becoming Leader. State: Replica: 2b9229ed103441a2b04bb2c46fa16315, State: Running, Role: LEADER
I20260601 13:23:37.240499 25989 sys_catalog.cc:565] T 00000000000000000000000000000000 P 2b9229ed103441a2b04bb2c46fa16315 [sys.catalog]: configured and running, proceeding with master startup.
I20260601 13:23:37.240474 25992 consensus_queue.cc:237] T 00000000000000000000000000000000 P 2b9229ed103441a2b04bb2c46fa16315 [LEADER]: Queue going to LEADER mode. State: All replicated index: 0, Majority replicated index: 0, Committed index: 0, Last appended: 0.0, Last appended by leader: 0, Current term: 1, Majority size: 1, State: 0, Mode: LEADER, active raft config: opid_index: -1 OBSOLETE_local: true peers { permanent_uuid: "2b9229ed103441a2b04bb2c46fa16315" member_type: VOTER }
I20260601 13:23:37.240952 25993 sys_catalog.cc:455] T 00000000000000000000000000000000 P 2b9229ed103441a2b04bb2c46fa16315 [sys.catalog]: SysCatalogTable state changed. Reason: RaftConsensus started. Latest consensus state: current_term: 1 leader_uuid: "2b9229ed103441a2b04bb2c46fa16315" committed_config { opid_index: -1 OBSOLETE_local: true peers { permanent_uuid: "2b9229ed103441a2b04bb2c46fa16315" member_type: VOTER } }
I20260601 13:23:37.240975 25994 sys_catalog.cc:455] T 00000000000000000000000000000000 P 2b9229ed103441a2b04bb2c46fa16315 [sys.catalog]: SysCatalogTable state changed. Reason: New leader 2b9229ed103441a2b04bb2c46fa16315. Latest consensus state: current_term: 1 leader_uuid: "2b9229ed103441a2b04bb2c46fa16315" committed_config { opid_index: -1 OBSOLETE_local: true peers { permanent_uuid: "2b9229ed103441a2b04bb2c46fa16315" member_type: VOTER } }
I20260601 13:23:37.241117 25994 sys_catalog.cc:458] T 00000000000000000000000000000000 P 2b9229ed103441a2b04bb2c46fa16315 [sys.catalog]: This master's current role is: LEADER
I20260601 13:23:37.241101 25993 sys_catalog.cc:458] T 00000000000000000000000000000000 P 2b9229ed103441a2b04bb2c46fa16315 [sys.catalog]: This master's current role is: LEADER
I20260601 13:23:37.241634 25998 catalog_manager.cc:1510] Loading table and tablet metadata into memory...
I20260601 13:23:37.242475 25998 catalog_manager.cc:1519] Initializing Kudu cluster ID...
I20260601 13:23:37.242656 21603 internal_mini_cluster.cc:184] Waiting to initialize catalog manager on master 0
I20260601 13:23:37.244307 25998 catalog_manager.cc:1382] Generated new cluster ID: b1210184de6f4e5aacc53321b98c67be
I20260601 13:23:37.244361 25998 catalog_manager.cc:1530] Initializing Kudu internal certificate authority...
I20260601 13:23:37.265740 25998 catalog_manager.cc:1405] Generated new certificate authority record
I20260601 13:23:37.266319 25998 catalog_manager.cc:1539] Loading token signing keys...
I20260601 13:23:37.283910 25998 catalog_manager.cc:6069] T 00000000000000000000000000000000 P 2b9229ed103441a2b04bb2c46fa16315: Generated new TSK 0
I20260601 13:23:37.284106 25998 catalog_manager.cc:1549] Initializing in-progress tserver states...
I20260601 13:23:37.307402 21603 file_cache.cc:492] Constructed file cache file cache with capacity 419430
W20260601 13:23:37.309352 26010 instance_detector.cc:116] could not retrieve AWS instance metadata: Network error: curl error: HTTP response code said error: The requested URL returned error: 404
I20260601 13:23:37.309422 21603 server_base.cc:1061] running on GCE node
W20260601 13:23:37.309376 26011 instance_detector.cc:116] could not retrieve Azure instance metadata: Network error: curl error: HTTP response code said error: The requested URL returned error: 404
W20260601 13:23:37.309368 26013 instance_detector.cc:116] could not retrieve OpenStack instance metadata: Network error: curl error: HTTP response code said error: The requested URL returned error: 404
I20260601 13:23:37.309728 21603 hybrid_clock.cc:584] initializing the hybrid clock with 'system_unsync' time source
W20260601 13:23:37.309772 21603 system_unsync_time.cc:38] NTP support is disabled. Clock error bounds will not be accurate. This configuration is not suitable for distributed clusters.
I20260601 13:23:37.309788 21603 hybrid_clock.cc:648] HybridClock initialized: now 1780320217309788 us; error 0 us; skew 500 ppm
I20260601 13:23:37.310563 21603 webserver.cc:533] Webserver started at http://127.21.24.193:42675/ using document root <none> and password file <none>
I20260601 13:23:37.310686 21603 fs_manager.cc:362] Metadata directory not provided
I20260601 13:23:37.310729 21603 fs_manager.cc:368] Using write-ahead log directory (fs_wal_dir) as metadata directory
I20260601 13:23:37.310778 21603 server_base.cc:909] This appears to be a new deployment of Kudu; creating new FS layout
I20260601 13:23:37.311165 21603 fs_manager.cc:1068] Generated new instance metadata in path /tmp/dist-test-task08yvJu/test-tmp/auto_rebalancer-test.0.AutoRebalancerTest.TestMaxMovesPerServer.1780320110158089-21603-0/minicluster-data/ts-0-root/instance:
uuid: "d1de031bacd048e896e925fc8aaf8c5b"
format_stamp: "Formatted at 2026-06-01 13:23:37 on dist-test-slave-5tll"
I20260601 13:23:37.313071 21603 fs_manager.cc:696] Time spent creating directory manager: real 0.002s	user 0.001s	sys 0.000s
I20260601 13:23:37.313946 26018 log_block_manager.cc:4031] Time spent loading block containers with low live blocks: real 0.000s	user 0.000s	sys 0.000s
I20260601 13:23:37.314208 21603 fs_manager.cc:730] Time spent opening block manager: real 0.001s	user 0.001s	sys 0.000s
I20260601 13:23:37.314266 21603 fs_manager.cc:647] Opened local filesystem: /tmp/dist-test-task08yvJu/test-tmp/auto_rebalancer-test.0.AutoRebalancerTest.TestMaxMovesPerServer.1780320110158089-21603-0/minicluster-data/ts-0-root
uuid: "d1de031bacd048e896e925fc8aaf8c5b"
format_stamp: "Formatted at 2026-06-01 13:23:37 on dist-test-slave-5tll"
I20260601 13:23:37.314359 21603 fs_report.cc:389] FS layout report
--------------------
wal directory: /tmp/dist-test-task08yvJu/test-tmp/auto_rebalancer-test.0.AutoRebalancerTest.TestMaxMovesPerServer.1780320110158089-21603-0/minicluster-data/ts-0-root
metadata directory: /tmp/dist-test-task08yvJu/test-tmp/auto_rebalancer-test.0.AutoRebalancerTest.TestMaxMovesPerServer.1780320110158089-21603-0/minicluster-data/ts-0-root
1 data directories: /tmp/dist-test-task08yvJu/test-tmp/auto_rebalancer-test.0.AutoRebalancerTest.TestMaxMovesPerServer.1780320110158089-21603-0/minicluster-data/ts-0-root/data
Total live blocks: 0
Total live bytes: 0
Total live bytes (after alignment): 0
Total number of LBM containers: 0 (0 full)
Did not check for missing blocks
Did not check for orphaned blocks
Total full LBM containers with extra space: 0 (0 repaired)
Total full LBM container extra space in bytes: 0 (0 repaired)
Total incomplete LBM containers: 0 (0 repaired)
Total LBM partial records: 0 (0 repaired)
Total corrupted LBM metadata records in RocksDB: 0 (0 repaired)
I20260601 13:23:37.323218 21603 rpc_server.cc:225] running with OpenSSL 1.1.1  11 Sep 2018
I20260601 13:23:37.323591 21603 kserver.cc:163] Server-wide thread pool size limit: 3276
I20260601 13:23:37.323865 21603 txn_system_client.cc:432] TxnSystemClient initialization is disabled...
I20260601 13:23:37.324313 21603 ts_tablet_manager.cc:585] Loaded tablet metadata (0 total tablets, 0 live tablets)
I20260601 13:23:37.324350 21603 ts_tablet_manager.cc:531] Time spent load tablet metadata: real 0.000s	user 0.000s	sys 0.000s
I20260601 13:23:37.324422 21603 ts_tablet_manager.cc:616] Registered 0 tablets
I20260601 13:23:37.324471 21603 ts_tablet_manager.cc:595] Time spent register tablets: real 0.000s	user 0.000s	sys 0.000s
I20260601 13:23:37.328498 21603 rpc_server.cc:307] RPC server started. Bound to: 127.21.24.193:35377
I20260601 13:23:37.328524 26081 acceptor_pool.cc:272] collecting diagnostics on the listening RPC socket 127.21.24.193:35377 every 8 connection(s)
I20260601 13:23:37.329341 21603 file_cache.cc:492] Constructed file cache file cache with capacity 419430
W20260601 13:23:37.330955 26087 instance_detector.cc:116] could not retrieve Azure instance metadata: Network error: curl error: HTTP response code said error: The requested URL returned error: 404
W20260601 13:23:37.331120 26089 instance_detector.cc:116] could not retrieve OpenStack instance metadata: Network error: curl error: HTTP response code said error: The requested URL returned error: 404
W20260601 13:23:37.331173 26086 instance_detector.cc:116] could not retrieve AWS instance metadata: Network error: curl error: HTTP response code said error: The requested URL returned error: 404
I20260601 13:23:37.331244 21603 server_base.cc:1061] running on GCE node
I20260601 13:23:37.331524 21603 hybrid_clock.cc:584] initializing the hybrid clock with 'system_unsync' time source
W20260601 13:23:37.331568 21603 system_unsync_time.cc:38] NTP support is disabled. Clock error bounds will not be accurate. This configuration is not suitable for distributed clusters.
I20260601 13:23:37.331584 21603 hybrid_clock.cc:648] HybridClock initialized: now 1780320217331584 us; error 0 us; skew 500 ppm
I20260601 13:23:37.332520 21603 webserver.cc:533] Webserver started at http://127.21.24.194:37745/ using document root <none> and password file <none>
I20260601 13:23:37.332679 21603 fs_manager.cc:362] Metadata directory not provided
I20260601 13:23:37.332746 21603 fs_manager.cc:368] Using write-ahead log directory (fs_wal_dir) as metadata directory
I20260601 13:23:37.332823 21603 server_base.cc:909] This appears to be a new deployment of Kudu; creating new FS layout
I20260601 13:23:37.333280 21603 fs_manager.cc:1068] Generated new instance metadata in path /tmp/dist-test-task08yvJu/test-tmp/auto_rebalancer-test.0.AutoRebalancerTest.TestMaxMovesPerServer.1780320110158089-21603-0/minicluster-data/ts-1-root/instance:
uuid: "0c3c32f37957456b93a3fc57c079e1df"
format_stamp: "Formatted at 2026-06-01 13:23:37 on dist-test-slave-5tll"
I20260601 13:23:37.334267 26082 heartbeater.cc:344] Connected to a master server at 127.21.24.254:33721
I20260601 13:23:37.334352 26082 heartbeater.cc:461] Registering TS with master...
I20260601 13:23:37.334517 26082 heartbeater.cc:507] Master 127.21.24.254:33721 requested a full tablet report, sending...
I20260601 13:23:37.335022 21603 fs_manager.cc:696] Time spent creating directory manager: real 0.001s	user 0.002s	sys 0.000s
I20260601 13:23:37.335136 25953 ts_manager.cc:194] Registered new tserver with Master: d1de031bacd048e896e925fc8aaf8c5b (127.21.24.193:35377)
I20260601 13:23:37.335923 25953 master_service.cc:502] Signed X509 certificate for tserver {username='slave'} at 127.0.0.1:56064
I20260601 13:23:37.336097 26094 log_block_manager.cc:4031] Time spent loading block containers with low live blocks: real 0.000s	user 0.000s	sys 0.000s
I20260601 13:23:37.336516 21603 fs_manager.cc:730] Time spent opening block manager: real 0.001s	user 0.001s	sys 0.000s
I20260601 13:23:37.336596 21603 fs_manager.cc:647] Opened local filesystem: /tmp/dist-test-task08yvJu/test-tmp/auto_rebalancer-test.0.AutoRebalancerTest.TestMaxMovesPerServer.1780320110158089-21603-0/minicluster-data/ts-1-root
uuid: "0c3c32f37957456b93a3fc57c079e1df"
format_stamp: "Formatted at 2026-06-01 13:23:37 on dist-test-slave-5tll"
I20260601 13:23:37.336663 21603 fs_report.cc:389] FS layout report
--------------------
wal directory: /tmp/dist-test-task08yvJu/test-tmp/auto_rebalancer-test.0.AutoRebalancerTest.TestMaxMovesPerServer.1780320110158089-21603-0/minicluster-data/ts-1-root
metadata directory: /tmp/dist-test-task08yvJu/test-tmp/auto_rebalancer-test.0.AutoRebalancerTest.TestMaxMovesPerServer.1780320110158089-21603-0/minicluster-data/ts-1-root
1 data directories: /tmp/dist-test-task08yvJu/test-tmp/auto_rebalancer-test.0.AutoRebalancerTest.TestMaxMovesPerServer.1780320110158089-21603-0/minicluster-data/ts-1-root/data
Total live blocks: 0
Total live bytes: 0
Total live bytes (after alignment): 0
Total number of LBM containers: 0 (0 full)
Did not check for missing blocks
Did not check for orphaned blocks
Total full LBM containers with extra space: 0 (0 repaired)
Total full LBM container extra space in bytes: 0 (0 repaired)
Total incomplete LBM containers: 0 (0 repaired)
Total LBM partial records: 0 (0 repaired)
Total corrupted LBM metadata records in RocksDB: 0 (0 repaired)
I20260601 13:23:37.345731 21603 rpc_server.cc:225] running with OpenSSL 1.1.1  11 Sep 2018
I20260601 13:23:37.346067 21603 kserver.cc:163] Server-wide thread pool size limit: 3276
I20260601 13:23:37.346300 21603 txn_system_client.cc:432] TxnSystemClient initialization is disabled...
I20260601 13:23:37.346773 21603 ts_tablet_manager.cc:585] Loaded tablet metadata (0 total tablets, 0 live tablets)
I20260601 13:23:37.346812 21603 ts_tablet_manager.cc:531] Time spent load tablet metadata: real 0.000s	user 0.000s	sys 0.000s
I20260601 13:23:37.346889 21603 ts_tablet_manager.cc:616] Registered 0 tablets
I20260601 13:23:37.346928 21603 ts_tablet_manager.cc:595] Time spent register tablets: real 0.000s	user 0.000s	sys 0.000s
I20260601 13:23:37.351233 21603 rpc_server.cc:307] RPC server started. Bound to: 127.21.24.194:42425
I20260601 13:23:37.351300 26157 acceptor_pool.cc:272] collecting diagnostics on the listening RPC socket 127.21.24.194:42425 every 8 connection(s)
I20260601 13:23:37.352167 21603 file_cache.cc:492] Constructed file cache file cache with capacity 419430
W20260601 13:23:37.354351 26162 instance_detector.cc:116] could not retrieve Azure instance metadata: Network error: curl error: HTTP response code said error: The requested URL returned error: 404
W20260601 13:23:37.354509 26161 instance_detector.cc:116] could not retrieve AWS instance metadata: Network error: curl error: HTTP response code said error: The requested URL returned error: 404
I20260601 13:23:37.355898 21603 server_base.cc:1061] running on GCE node
W20260601 13:23:37.355985 26164 instance_detector.cc:116] could not retrieve OpenStack instance metadata: Network error: curl error: HTTP response code said error: The requested URL returned error: 404
I20260601 13:23:37.356344 21603 hybrid_clock.cc:584] initializing the hybrid clock with 'system_unsync' time source
W20260601 13:23:37.356428 21603 system_unsync_time.cc:38] NTP support is disabled. Clock error bounds will not be accurate. This configuration is not suitable for distributed clusters.
I20260601 13:23:37.356456 21603 hybrid_clock.cc:648] HybridClock initialized: now 1780320217356455 us; error 0 us; skew 500 ppm
I20260601 13:23:37.357300 26158 heartbeater.cc:344] Connected to a master server at 127.21.24.254:33721
I20260601 13:23:37.357362 21603 webserver.cc:533] Webserver started at http://127.21.24.195:42773/ using document root <none> and password file <none>
I20260601 13:23:37.357401 26158 heartbeater.cc:461] Registering TS with master...
I20260601 13:23:37.357529 21603 fs_manager.cc:362] Metadata directory not provided
I20260601 13:23:37.357599 21603 fs_manager.cc:368] Using write-ahead log directory (fs_wal_dir) as metadata directory
I20260601 13:23:37.357642 26158 heartbeater.cc:507] Master 127.21.24.254:33721 requested a full tablet report, sending...
I20260601 13:23:37.357676 21603 server_base.cc:909] This appears to be a new deployment of Kudu; creating new FS layout
I20260601 13:23:37.358145 21603 fs_manager.cc:1068] Generated new instance metadata in path /tmp/dist-test-task08yvJu/test-tmp/auto_rebalancer-test.0.AutoRebalancerTest.TestMaxMovesPerServer.1780320110158089-21603-0/minicluster-data/ts-2-root/instance:
uuid: "ea6f6ae867f4480c8c6565664c7d3e1a"
format_stamp: "Formatted at 2026-06-01 13:23:37 on dist-test-slave-5tll"
I20260601 13:23:37.358299 25953 ts_manager.cc:194] Registered new tserver with Master: 0c3c32f37957456b93a3fc57c079e1df (127.21.24.194:42425)
I20260601 13:23:37.358985 25953 master_service.cc:502] Signed X509 certificate for tserver {username='slave'} at 127.0.0.1:56072
I20260601 13:23:37.359926 21603 fs_manager.cc:696] Time spent creating directory manager: real 0.002s	user 0.000s	sys 0.002s
I20260601 13:23:37.360741 26169 log_block_manager.cc:4031] Time spent loading block containers with low live blocks: real 0.000s	user 0.000s	sys 0.000s
I20260601 13:23:37.360996 21603 fs_manager.cc:730] Time spent opening block manager: real 0.001s	user 0.000s	sys 0.001s
I20260601 13:23:37.361076 21603 fs_manager.cc:647] Opened local filesystem: /tmp/dist-test-task08yvJu/test-tmp/auto_rebalancer-test.0.AutoRebalancerTest.TestMaxMovesPerServer.1780320110158089-21603-0/minicluster-data/ts-2-root
uuid: "ea6f6ae867f4480c8c6565664c7d3e1a"
format_stamp: "Formatted at 2026-06-01 13:23:37 on dist-test-slave-5tll"
I20260601 13:23:37.361143 21603 fs_report.cc:389] FS layout report
--------------------
wal directory: /tmp/dist-test-task08yvJu/test-tmp/auto_rebalancer-test.0.AutoRebalancerTest.TestMaxMovesPerServer.1780320110158089-21603-0/minicluster-data/ts-2-root
metadata directory: /tmp/dist-test-task08yvJu/test-tmp/auto_rebalancer-test.0.AutoRebalancerTest.TestMaxMovesPerServer.1780320110158089-21603-0/minicluster-data/ts-2-root
1 data directories: /tmp/dist-test-task08yvJu/test-tmp/auto_rebalancer-test.0.AutoRebalancerTest.TestMaxMovesPerServer.1780320110158089-21603-0/minicluster-data/ts-2-root/data
Total live blocks: 0
Total live bytes: 0
Total live bytes (after alignment): 0
Total number of LBM containers: 0 (0 full)
Did not check for missing blocks
Did not check for orphaned blocks
Total full LBM containers with extra space: 0 (0 repaired)
Total full LBM container extra space in bytes: 0 (0 repaired)
Total incomplete LBM containers: 0 (0 repaired)
Total LBM partial records: 0 (0 repaired)
Total corrupted LBM metadata records in RocksDB: 0 (0 repaired)
I20260601 13:23:37.381333 21603 rpc_server.cc:225] running with OpenSSL 1.1.1  11 Sep 2018
I20260601 13:23:37.381804 21603 kserver.cc:163] Server-wide thread pool size limit: 3276
I20260601 13:23:37.382136 21603 txn_system_client.cc:432] TxnSystemClient initialization is disabled...
I20260601 13:23:37.382606 21603 ts_tablet_manager.cc:585] Loaded tablet metadata (0 total tablets, 0 live tablets)
I20260601 13:23:37.382668 21603 ts_tablet_manager.cc:531] Time spent load tablet metadata: real 0.000s	user 0.000s	sys 0.000s
I20260601 13:23:37.382726 21603 ts_tablet_manager.cc:616] Registered 0 tablets
I20260601 13:23:37.382762 21603 ts_tablet_manager.cc:595] Time spent register tablets: real 0.000s	user 0.000s	sys 0.000s
I20260601 13:23:37.387598 21603 rpc_server.cc:307] RPC server started. Bound to: 127.21.24.195:44453
I20260601 13:23:37.387635 26232 acceptor_pool.cc:272] collecting diagnostics on the listening RPC socket 127.21.24.195:44453 every 8 connection(s)
I20260601 13:23:37.392230 26233 heartbeater.cc:344] Connected to a master server at 127.21.24.254:33721
I20260601 13:23:37.392324 26233 heartbeater.cc:461] Registering TS with master...
I20260601 13:23:37.392584 26233 heartbeater.cc:507] Master 127.21.24.254:33721 requested a full tablet report, sending...
I20260601 13:23:37.393227 25953 ts_manager.cc:194] Registered new tserver with Master: ea6f6ae867f4480c8c6565664c7d3e1a (127.21.24.195:44453)
I20260601 13:23:37.393676 21603 internal_mini_cluster.cc:371] 3 TS(s) registered with all masters after 0.00562216s
I20260601 13:23:37.393847 25953 master_service.cc:502] Signed X509 certificate for tserver {username='slave'} at 127.0.0.1:56082
I20260601 13:23:38.337028 26082 heartbeater.cc:499] Master 127.21.24.254:33721 was elected leader, sending a full tablet report...
I20260601 13:23:38.359941 26158 heartbeater.cc:499] Master 127.21.24.254:33721 was elected leader, sending a full tablet report...
I20260601 13:23:38.394712 26233 heartbeater.cc:499] Master 127.21.24.254:33721 was elected leader, sending a full tablet report...
I20260601 13:23:38.428557 25953 catalog_manager.cc:2282] Servicing CreateTable request from {username='slave'} at 127.0.0.1:56096:
name: "test-workload"
schema {
  columns {
    name: "key"
    type: INT32
    is_key: true
    is_nullable: false
    encoding: AUTO_ENCODING
    compression: DEFAULT_COMPRESSION
    cfile_block_size: 0
    immutable: false
  }
  columns {
    name: "int_val"
    type: INT32
    is_key: false
    is_nullable: false
    encoding: AUTO_ENCODING
    compression: DEFAULT_COMPRESSION
    cfile_block_size: 0
    immutable: false
  }
  columns {
    name: "string_val"
    type: STRING
    is_key: false
    is_nullable: true
    encoding: AUTO_ENCODING
    compression: DEFAULT_COMPRESSION
    cfile_block_size: 0
    immutable: false
  }
}
num_replicas: 3
split_rows_range_bounds {
  rows: "\004\001\000\252\252\252\n\004\001\000TUU\025\004\001\000\376\377\377\037\004\001\000\250\252\252*\004\001\000RUU5\004\001\000\374\377\377?\004\001\000\246\252\252J\004\001\000PUUU\004\001\000\372\377\377_\004\001\000\244\252\252j\004\001\000NUUu""\004\001\000\252\252\252\n\004\001\000TUU\025\004\001\000\376\377\377\037\004\001\000\250\252\252*\004\001\000RUU5\004\001\000\374\377\377?\004\001\000\246\252\252J\004\001\000PUUU\004\001\000\372\377\377_\004\001\000\244\252\252j\004\001\000NUUu"
  indirect_data: """"
}
partition_schema {
  range_schema {
    columns {
      name: "key"
    }
  }
}
W20260601 13:23:38.429109 25953 catalog_manager.cc:7076] The number of live tablet servers is not enough to re-replicate a tablet replica of the newly created table test-workload in case of a server failure: 4 tablet servers would be needed, 3 are available. Consider bringing up more tablet servers.
I20260601 13:23:38.443368 26197 tablet_service.cc:1511] Processing CreateTablet for tablet 687b3582d9c143119a7f764a2e383654 (DEFAULT_TABLE table=test-workload [id=c14af3ffc904418da27823da6f64e3c5]), partition=RANGE (key) PARTITION VALUES < 178956970
I20260601 13:23:38.443567 26195 tablet_service.cc:1511] Processing CreateTablet for tablet ac712d458bd1446290e59c16cd7eed94 (DEFAULT_TABLE table=test-workload [id=c14af3ffc904418da27823da6f64e3c5]), partition=RANGE (key) PARTITION 357913940 <= VALUES < 536870910
I20260601 13:23:38.443720 26197 data_dirs.cc:400] Could only allocate 1 dirs of requested 3 for tablet 687b3582d9c143119a7f764a2e383654. 1 dirs total, 0 dirs full, 0 dirs failed
I20260601 13:23:38.443918 26195 data_dirs.cc:400] Could only allocate 1 dirs of requested 3 for tablet ac712d458bd1446290e59c16cd7eed94. 1 dirs total, 0 dirs full, 0 dirs failed
I20260601 13:23:38.443974 26122 tablet_service.cc:1511] Processing CreateTablet for tablet 687b3582d9c143119a7f764a2e383654 (DEFAULT_TABLE table=test-workload [id=c14af3ffc904418da27823da6f64e3c5]), partition=RANGE (key) PARTITION VALUES < 178956970
I20260601 13:23:38.444221 26122 data_dirs.cc:400] Could only allocate 1 dirs of requested 3 for tablet 687b3582d9c143119a7f764a2e383654. 1 dirs total, 0 dirs full, 0 dirs failed
