I20260601 13:39:58.388319 28128 leader_election.cc:290] T 021f3159a53144999aca5ca9b7b7cac6 P 5127cd9a018948b0a73ed5fafa027a0a [CANDIDATE]: Term 1 pre-election: Requested pre-vote from peers f9ec5ef9025e4e5c9ce14f0b34931883 (127.25.147.194:39501), b3a8869a3eb24213bcafb0fe7c059185 (127.25.147.195:42109)
I20260601 13:39:58.392345 27996 tablet_service.cc:1917] Received RequestConsensusVote() RPC: tablet_id: "021f3159a53144999aca5ca9b7b7cac6" candidate_uuid: "5127cd9a018948b0a73ed5fafa027a0a" candidate_term: 1 candidate_status { last_received { term: 0 index: 0 } } ignore_live_leader: false dest_uuid: "f9ec5ef9025e4e5c9ce14f0b34931883" is_pre_election: true
I20260601 13:39:58.392351 28071 tablet_service.cc:1917] Received RequestConsensusVote() RPC: tablet_id: "021f3159a53144999aca5ca9b7b7cac6" candidate_uuid: "5127cd9a018948b0a73ed5fafa027a0a" candidate_term: 1 candidate_status { last_received { term: 0 index: 0 } } ignore_live_leader: false dest_uuid: "b3a8869a3eb24213bcafb0fe7c059185" is_pre_election: true
I20260601 13:39:58.392566 27996 raft_consensus.cc:2468] T 021f3159a53144999aca5ca9b7b7cac6 P f9ec5ef9025e4e5c9ce14f0b34931883 [term 0 FOLLOWER]: Leader pre-election vote request: Granting yes vote for candidate 5127cd9a018948b0a73ed5fafa027a0a in term 0.
I20260601 13:39:58.392613 28071 raft_consensus.cc:2468] T 021f3159a53144999aca5ca9b7b7cac6 P b3a8869a3eb24213bcafb0fe7c059185 [term 0 FOLLOWER]: Leader pre-election vote request: Granting yes vote for candidate 5127cd9a018948b0a73ed5fafa027a0a in term 0.
I20260601 13:39:58.392948 27886 leader_election.cc:304] T 021f3159a53144999aca5ca9b7b7cac6 P 5127cd9a018948b0a73ed5fafa027a0a [CANDIDATE]: Term 1 pre-election: Election decided. Result: candidate won. Election summary: received 2 responses out of 3 voters: 2 yes votes; 0 no votes. yes voters: 5127cd9a018948b0a73ed5fafa027a0a, f9ec5ef9025e4e5c9ce14f0b34931883; no voters: 
I20260601 13:39:58.393180 28128 raft_consensus.cc:2804] T 021f3159a53144999aca5ca9b7b7cac6 P 5127cd9a018948b0a73ed5fafa027a0a [term 0 FOLLOWER]: Leader pre-election won for term 1
I20260601 13:39:58.393251 28128 raft_consensus.cc:493] T 021f3159a53144999aca5ca9b7b7cac6 P 5127cd9a018948b0a73ed5fafa027a0a [term 0 FOLLOWER]: Starting leader election (no leader contacted us within the election timeout)
I20260601 13:39:58.393280 28128 raft_consensus.cc:3060] T 021f3159a53144999aca5ca9b7b7cac6 P 5127cd9a018948b0a73ed5fafa027a0a [term 0 FOLLOWER]: Advancing to term 1
I20260601 13:39:58.394275 28128 raft_consensus.cc:515] T 021f3159a53144999aca5ca9b7b7cac6 P 5127cd9a018948b0a73ed5fafa027a0a [term 1 FOLLOWER]: Starting leader election with config: opid_index: -1 OBSOLETE_local: false peers { permanent_uuid: "5127cd9a018948b0a73ed5fafa027a0a" member_type: VOTER last_known_addr { host: "127.25.147.193" port: 38399 } } peers { permanent_uuid: "f9ec5ef9025e4e5c9ce14f0b34931883" member_type: VOTER last_known_addr { host: "127.25.147.194" port: 39501 } } peers { permanent_uuid: "b3a8869a3eb24213bcafb0fe7c059185" member_type: VOTER last_known_addr { host: "127.25.147.195" port: 42109 } }
I20260601 13:39:58.394658 28128 leader_election.cc:290] T 021f3159a53144999aca5ca9b7b7cac6 P 5127cd9a018948b0a73ed5fafa027a0a [CANDIDATE]: Term 1 election: Requested vote from peers f9ec5ef9025e4e5c9ce14f0b34931883 (127.25.147.194:39501), b3a8869a3eb24213bcafb0fe7c059185 (127.25.147.195:42109)
I20260601 13:39:58.395077 27996 tablet_service.cc:1917] Received RequestConsensusVote() RPC: tablet_id: "021f3159a53144999aca5ca9b7b7cac6" candidate_uuid: "5127cd9a018948b0a73ed5fafa027a0a" candidate_term: 1 candidate_status { last_received { term: 0 index: 0 } } ignore_live_leader: false dest_uuid: "f9ec5ef9025e4e5c9ce14f0b34931883"
I20260601 13:39:58.395141 28071 tablet_service.cc:1917] Received RequestConsensusVote() RPC: tablet_id: "021f3159a53144999aca5ca9b7b7cac6" candidate_uuid: "5127cd9a018948b0a73ed5fafa027a0a" candidate_term: 1 candidate_status { last_received { term: 0 index: 0 } } ignore_live_leader: false dest_uuid: "b3a8869a3eb24213bcafb0fe7c059185"
I20260601 13:39:58.395212 27996 raft_consensus.cc:3060] T 021f3159a53144999aca5ca9b7b7cac6 P f9ec5ef9025e4e5c9ce14f0b34931883 [term 0 FOLLOWER]: Advancing to term 1
I20260601 13:39:58.395251 28071 raft_consensus.cc:3060] T 021f3159a53144999aca5ca9b7b7cac6 P b3a8869a3eb24213bcafb0fe7c059185 [term 0 FOLLOWER]: Advancing to term 1
I20260601 13:39:58.396072 28071 raft_consensus.cc:2468] T 021f3159a53144999aca5ca9b7b7cac6 P b3a8869a3eb24213bcafb0fe7c059185 [term 1 FOLLOWER]: Leader election vote request: Granting yes vote for candidate 5127cd9a018948b0a73ed5fafa027a0a in term 1.
I20260601 13:39:58.396075 27996 raft_consensus.cc:2468] T 021f3159a53144999aca5ca9b7b7cac6 P f9ec5ef9025e4e5c9ce14f0b34931883 [term 1 FOLLOWER]: Leader election vote request: Granting yes vote for candidate 5127cd9a018948b0a73ed5fafa027a0a in term 1.
I20260601 13:39:58.396365 27886 leader_election.cc:304] T 021f3159a53144999aca5ca9b7b7cac6 P 5127cd9a018948b0a73ed5fafa027a0a [CANDIDATE]: Term 1 election: Election decided. Result: candidate won. Election summary: received 2 responses out of 3 voters: 2 yes votes; 0 no votes. yes voters: 5127cd9a018948b0a73ed5fafa027a0a, b3a8869a3eb24213bcafb0fe7c059185; no voters: 
I20260601 13:39:58.396538 28128 raft_consensus.cc:2804] T 021f3159a53144999aca5ca9b7b7cac6 P 5127cd9a018948b0a73ed5fafa027a0a [term 1 FOLLOWER]: Leader election won for term 1
I20260601 13:39:58.396749 28128 raft_consensus.cc:697] T 021f3159a53144999aca5ca9b7b7cac6 P 5127cd9a018948b0a73ed5fafa027a0a [term 1 LEADER]: Becoming Leader. State: Replica: 5127cd9a018948b0a73ed5fafa027a0a, State: Running, Role: LEADER
I20260601 13:39:58.396904 28128 consensus_queue.cc:237] T 021f3159a53144999aca5ca9b7b7cac6 P 5127cd9a018948b0a73ed5fafa027a0a [LEADER]: Queue going to LEADER mode. State: All replicated index: 0, Majority replicated index: 0, Committed index: 0, Last appended: 0.0, Last appended by leader: 0, Current term: 1, Majority size: 2, State: 0, Mode: LEADER, active raft config: opid_index: -1 OBSOLETE_local: false peers { permanent_uuid: "5127cd9a018948b0a73ed5fafa027a0a" member_type: VOTER last_known_addr { host: "127.25.147.193" port: 38399 } } peers { permanent_uuid: "f9ec5ef9025e4e5c9ce14f0b34931883" member_type: VOTER last_known_addr { host: "127.25.147.194" port: 39501 } } peers { permanent_uuid: "b3a8869a3eb24213bcafb0fe7c059185" member_type: VOTER last_known_addr { host: "127.25.147.195" port: 42109 } }
I20260601 13:39:58.398461 27816 catalog_manager.cc:5696] T 021f3159a53144999aca5ca9b7b7cac6 P 5127cd9a018948b0a73ed5fafa027a0a reported cstate change: term changed from 0 to 1, leader changed from <none> to 5127cd9a018948b0a73ed5fafa027a0a (127.25.147.193). New cstate: current_term: 1 leader_uuid: "5127cd9a018948b0a73ed5fafa027a0a" committed_config { opid_index: -1 OBSOLETE_local: false peers { permanent_uuid: "5127cd9a018948b0a73ed5fafa027a0a" member_type: VOTER last_known_addr { host: "127.25.147.193" port: 38399 } health_report { overall_health: HEALTHY } } peers { permanent_uuid: "f9ec5ef9025e4e5c9ce14f0b34931883" member_type: VOTER last_known_addr { host: "127.25.147.194" port: 39501 } health_report { overall_health: UNKNOWN } } peers { permanent_uuid: "b3a8869a3eb24213bcafb0fe7c059185" member_type: VOTER last_known_addr { host: "127.25.147.195" port: 42109 } health_report { overall_health: UNKNOWN } } }
I20260601 13:39:58.423836 28123 consensus_queue.cc:1048] T 9dd65e1ce7cc4a85a65174e9eb359e2b P b3a8869a3eb24213bcafb0fe7c059185 [LEADER]: Connected to new peer: Peer: permanent_uuid: "f9ec5ef9025e4e5c9ce14f0b34931883" member_type: VOTER last_known_addr { host: "127.25.147.194" port: 39501 }, Status: LMP_MISMATCH, Last received: 0.0, Next index: 1, Last known committed idx: 0, Time since last communication: 0.000s
I20260601 13:39:58.427212 28139 consensus_queue.cc:1048] T 9dd65e1ce7cc4a85a65174e9eb359e2b P b3a8869a3eb24213bcafb0fe7c059185 [LEADER]: Connected to new peer: Peer: permanent_uuid: "5127cd9a018948b0a73ed5fafa027a0a" member_type: VOTER last_known_addr { host: "127.25.147.193" port: 38399 }, Status: LMP_MISMATCH, Last received: 0.0, Next index: 1, Last known committed idx: 0, Time since last communication: 0.000s
I20260601 13:39:58.775815 28128 consensus_queue.cc:1048] T 021f3159a53144999aca5ca9b7b7cac6 P 5127cd9a018948b0a73ed5fafa027a0a [LEADER]: Connected to new peer: Peer: permanent_uuid: "b3a8869a3eb24213bcafb0fe7c059185" member_type: VOTER last_known_addr { host: "127.25.147.195" port: 42109 }, Status: LMP_MISMATCH, Last received: 0.0, Next index: 1, Last known committed idx: 0, Time since last communication: 0.000s
I20260601 13:39:58.779057 28144 consensus_queue.cc:1048] T 021f3159a53144999aca5ca9b7b7cac6 P 5127cd9a018948b0a73ed5fafa027a0a [LEADER]: Connected to new peer: Peer: permanent_uuid: "f9ec5ef9025e4e5c9ce14f0b34931883" member_type: VOTER last_known_addr { host: "127.25.147.194" port: 39501 }, Status: LMP_MISMATCH, Last received: 0.0, Next index: 1, Last known committed idx: 0, Time since last communication: 0.000s
I20260601 13:39:58.779523 27871 auto_leader_rebalancer.cc:140] leader rebalance for table test-workload
I20260601 13:39:58.779867 27871 auto_leader_rebalancer.cc:388] table: test-workload, leader rebalance finish, leader transfer count: 0
I20260601 13:39:58.779937 27871 auto_leader_rebalancer.cc:451] All tables' leader rebalancing finished this round
I20260601 13:40:00.780257 27871 auto_leader_rebalancer.cc:140] leader rebalance for table test-workload
I20260601 13:40:00.780722 27871 auto_leader_rebalancer.cc:388] table: test-workload, leader rebalance finish, leader transfer count: 0
I20260601 13:40:00.780791 27871 auto_leader_rebalancer.cc:451] All tables' leader rebalancing finished this round
I20260601 13:40:02.781176 27871 auto_leader_rebalancer.cc:140] leader rebalance for table test-workload
I20260601 13:40:02.781697 27871 auto_leader_rebalancer.cc:388] table: test-workload, leader rebalance finish, leader transfer count: 0
I20260601 13:40:02.781769 27871 auto_leader_rebalancer.cc:451] All tables' leader rebalancing finished this round
I20260601 13:40:04.782770 27871 auto_leader_rebalancer.cc:140] leader rebalance for table test-workload
I20260601 13:40:04.783375 27871 auto_leader_rebalancer.cc:388] table: test-workload, leader rebalance finish, leader transfer count: 0
I20260601 13:40:04.783461 27871 auto_leader_rebalancer.cc:451] All tables' leader rebalancing finished this round
I20260601 13:40:06.783810 27871 auto_leader_rebalancer.cc:140] leader rebalance for table test-workload
I20260601 13:40:06.784327 27871 auto_leader_rebalancer.cc:388] table: test-workload, leader rebalance finish, leader transfer count: 0
I20260601 13:40:06.784396 27871 auto_leader_rebalancer.cc:451] All tables' leader rebalancing finished this round
I20260601 13:40:08.784757 27871 auto_leader_rebalancer.cc:140] leader rebalance for table test-workload
I20260601 13:40:08.785249 27871 auto_leader_rebalancer.cc:388] table: test-workload, leader rebalance finish, leader transfer count: 0
I20260601 13:40:08.785320 27871 auto_leader_rebalancer.cc:451] All tables' leader rebalancing finished this round
I20260601 13:40:09.551213 26191 file_cache.cc:492] Constructed file cache file cache with capacity 419430
W20260601 13:40:09.553471 28152 instance_detector.cc:116] could not retrieve AWS instance metadata: Network error: curl error: HTTP response code said error: The requested URL returned error: 404
W20260601 13:40:09.553525 28153 instance_detector.cc:116] could not retrieve Azure instance metadata: Network error: curl error: HTTP response code said error: The requested URL returned error: 404
I20260601 13:40:09.553541 26191 server_base.cc:1061] running on GCE node
W20260601 13:40:09.553539 28155 instance_detector.cc:116] could not retrieve OpenStack instance metadata: Network error: curl error: HTTP response code said error: The requested URL returned error: 404
I20260601 13:40:09.553947 26191 hybrid_clock.cc:584] initializing the hybrid clock with 'system_unsync' time source
W20260601 13:40:09.553988 26191 system_unsync_time.cc:38] NTP support is disabled. Clock error bounds will not be accurate. This configuration is not suitable for distributed clusters.
I20260601 13:40:09.554004 26191 hybrid_clock.cc:648] HybridClock initialized: now 1780321209554004 us; error 0 us; skew 500 ppm
I20260601 13:40:09.554922 26191 webserver.cc:533] Webserver started at http://127.25.147.196:41665/ using document root <none> and password file <none>
I20260601 13:40:09.555051 26191 fs_manager.cc:362] Metadata directory not provided
I20260601 13:40:09.555094 26191 fs_manager.cc:368] Using write-ahead log directory (fs_wal_dir) as metadata directory
I20260601 13:40:09.555146 26191 server_base.cc:909] This appears to be a new deployment of Kudu; creating new FS layout
I20260601 13:40:09.555502 26191 fs_manager.cc:1068] Generated new instance metadata in path /tmp/dist-test-taskZ_5LXM/test-tmp/auto_rebalancer-test.0.AutoRebalancerTest.MovesScheduledIfAddTserver.1780321182176524-26191-0/minicluster-data/ts-3-root/instance:
uuid: "3c387084436241cba2dac59b9598a32d"
format_stamp: "Formatted at 2026-06-01 13:40:09 on dist-test-slave-mdfg"
I20260601 13:40:09.557114 26191 fs_manager.cc:696] Time spent creating directory manager: real 0.001s	user 0.001s	sys 0.000s
I20260601 13:40:09.558404 28160 log_block_manager.cc:4031] Time spent loading block containers with low live blocks: real 0.000s	user 0.000s	sys 0.000s
I20260601 13:40:09.558732 26191 fs_manager.cc:730] Time spent opening block manager: real 0.001s	user 0.001s	sys 0.000s
I20260601 13:40:09.558797 26191 fs_manager.cc:647] Opened local filesystem: /tmp/dist-test-taskZ_5LXM/test-tmp/auto_rebalancer-test.0.AutoRebalancerTest.MovesScheduledIfAddTserver.1780321182176524-26191-0/minicluster-data/ts-3-root
uuid: "3c387084436241cba2dac59b9598a32d"
format_stamp: "Formatted at 2026-06-01 13:40:09 on dist-test-slave-mdfg"
I20260601 13:40:09.558859 26191 fs_report.cc:389] FS layout report
--------------------
wal directory: /tmp/dist-test-taskZ_5LXM/test-tmp/auto_rebalancer-test.0.AutoRebalancerTest.MovesScheduledIfAddTserver.1780321182176524-26191-0/minicluster-data/ts-3-root
metadata directory: /tmp/dist-test-taskZ_5LXM/test-tmp/auto_rebalancer-test.0.AutoRebalancerTest.MovesScheduledIfAddTserver.1780321182176524-26191-0/minicluster-data/ts-3-root
1 data directories: /tmp/dist-test-taskZ_5LXM/test-tmp/auto_rebalancer-test.0.AutoRebalancerTest.MovesScheduledIfAddTserver.1780321182176524-26191-0/minicluster-data/ts-3-root/data
Total live blocks: 0
Total live bytes: 0
Total live bytes (after alignment): 0
Total number of LBM containers: 0 (0 full)
Did not check for missing blocks
Did not check for orphaned blocks
Total full LBM containers with extra space: 0 (0 repaired)
Total full LBM container extra space in bytes: 0 (0 repaired)
Total incomplete LBM containers: 0 (0 repaired)
Total LBM partial records: 0 (0 repaired)
Total corrupted LBM metadata records in RocksDB: 0 (0 repaired)
I20260601 13:40:09.578907 26191 rpc_server.cc:225] running with OpenSSL 1.1.1  11 Sep 2018
I20260601 13:40:09.579308 26191 kserver.cc:163] Server-wide thread pool size limit: 3276
I20260601 13:40:09.579649 26191 txn_system_client.cc:432] TxnSystemClient initialization is disabled...
I20260601 13:40:09.580178 26191 ts_tablet_manager.cc:585] Loaded tablet metadata (0 total tablets, 0 live tablets)
I20260601 13:40:09.580219 26191 ts_tablet_manager.cc:531] Time spent load tablet metadata: real 0.000s	user 0.000s	sys 0.000s
I20260601 13:40:09.580284 26191 ts_tablet_manager.cc:616] Registered 0 tablets
I20260601 13:40:09.580328 26191 ts_tablet_manager.cc:595] Time spent register tablets: real 0.000s	user 0.000s	sys 0.000s
I20260601 13:40:09.585204 26191 rpc_server.cc:307] RPC server started. Bound to: 127.25.147.196:45349
I20260601 13:40:09.585250 28223 acceptor_pool.cc:272] collecting diagnostics on the listening RPC socket 127.25.147.196:45349 every 8 connection(s)
I20260601 13:40:09.589903 28224 heartbeater.cc:344] Connected to a master server at 127.25.147.254:44199
I20260601 13:40:09.590018 28224 heartbeater.cc:461] Registering TS with master...
I20260601 13:40:09.590247 28224 heartbeater.cc:507] Master 127.25.147.254:44199 requested a full tablet report, sending...
I20260601 13:40:09.590816 27816 ts_manager.cc:194] Registered new tserver with Master: 3c387084436241cba2dac59b9598a32d (127.25.147.196:45349)
I20260601 13:40:09.591356 27816 master_service.cc:502] Signed X509 certificate for tserver {username='slave'} at 127.0.0.1:58544
I20260601 13:40:09.796336 27920 consensus_queue.cc:237] T 021f3159a53144999aca5ca9b7b7cac6 P 5127cd9a018948b0a73ed5fafa027a0a [LEADER]: Queue going to LEADER mode. State: All replicated index: 0, Majority replicated index: 1, Committed index: 1, Last appended: 1.1, Last appended by leader: 0, Current term: 1, Majority size: 2, State: 0, Mode: LEADER, active raft config: opid_index: 2 OBSOLETE_local: false peers { permanent_uuid: "5127cd9a018948b0a73ed5fafa027a0a" member_type: VOTER last_known_addr { host: "127.25.147.193" port: 38399 } } peers { permanent_uuid: "f9ec5ef9025e4e5c9ce14f0b34931883" member_type: VOTER last_known_addr { host: "127.25.147.194" port: 39501 } attrs { replace: true } } peers { permanent_uuid: "b3a8869a3eb24213bcafb0fe7c059185" member_type: VOTER last_known_addr { host: "127.25.147.195" port: 42109 } } peers { permanent_uuid: "3c387084436241cba2dac59b9598a32d" member_type: NON_VOTER last_known_addr { host: "127.25.147.196" port: 45349 } attrs { promote: true } }
I20260601 13:40:09.798074 28071 raft_consensus.cc:1275] T 021f3159a53144999aca5ca9b7b7cac6 P b3a8869a3eb24213bcafb0fe7c059185 [term 1 FOLLOWER]: Refusing update from remote peer 5127cd9a018948b0a73ed5fafa027a0a: Log matching property violated. Preceding OpId in replica: term: 1 index: 1. Preceding OpId from leader: term: 1 index: 2. (index mismatch)
I20260601 13:40:09.798115 27996 raft_consensus.cc:1275] T 021f3159a53144999aca5ca9b7b7cac6 P f9ec5ef9025e4e5c9ce14f0b34931883 [term 1 FOLLOWER]: Refusing update from remote peer 5127cd9a018948b0a73ed5fafa027a0a: Log matching property violated. Preceding OpId in replica: term: 1 index: 1. Preceding OpId from leader: term: 1 index: 2. (index mismatch)
I20260601 13:40:09.798486 28232 consensus_queue.cc:1048] T 021f3159a53144999aca5ca9b7b7cac6 P 5127cd9a018948b0a73ed5fafa027a0a [LEADER]: Connected to new peer: Peer: permanent_uuid: "f9ec5ef9025e4e5c9ce14f0b34931883" member_type: VOTER last_known_addr { host: "127.25.147.194" port: 39501 } attrs { replace: true }, Status: LMP_MISMATCH, Last received: 0.0, Next index: 2, Last known committed idx: 1, Time since last communication: 0.000s
I20260601 13:40:09.798740 28231 consensus_queue.cc:1048] T 021f3159a53144999aca5ca9b7b7cac6 P 5127cd9a018948b0a73ed5fafa027a0a [LEADER]: Connected to new peer: Peer: permanent_uuid: "b3a8869a3eb24213bcafb0fe7c059185" member_type: VOTER last_known_addr { host: "127.25.147.195" port: 42109 }, Status: LMP_MISMATCH, Last received: 0.0, Next index: 2, Last known committed idx: 1, Time since last communication: 0.000s
I20260601 13:40:09.800658 28232 raft_consensus.cc:2955] T 021f3159a53144999aca5ca9b7b7cac6 P 5127cd9a018948b0a73ed5fafa027a0a [term 1 LEADER]: Committing config change with OpId 1.2: config changed from index -1 to 2, NON_VOTER 3c387084436241cba2dac59b9598a32d (127.25.147.196) added. New config: { opid_index: 2 OBSOLETE_local: false peers { permanent_uuid: "5127cd9a018948b0a73ed5fafa027a0a" member_type: VOTER last_known_addr { host: "127.25.147.193" port: 38399 } } peers { permanent_uuid: "f9ec5ef9025e4e5c9ce14f0b34931883" member_type: VOTER last_known_addr { host: "127.25.147.194" port: 39501 } attrs { replace: true } } peers { permanent_uuid: "b3a8869a3eb24213bcafb0fe7c059185" member_type: VOTER last_known_addr { host: "127.25.147.195" port: 42109 } } peers { permanent_uuid: "3c387084436241cba2dac59b9598a32d" member_type: NON_VOTER last_known_addr { host: "127.25.147.196" port: 45349 } attrs { promote: true } } }
I20260601 13:40:09.801782 27996 raft_consensus.cc:2955] T 021f3159a53144999aca5ca9b7b7cac6 P f9ec5ef9025e4e5c9ce14f0b34931883 [term 1 FOLLOWER]: Committing config change with OpId 1.2: config changed from index -1 to 2, NON_VOTER 3c387084436241cba2dac59b9598a32d (127.25.147.196) added. New config: { opid_index: 2 OBSOLETE_local: false peers { permanent_uuid: "5127cd9a018948b0a73ed5fafa027a0a" member_type: VOTER last_known_addr { host: "127.25.147.193" port: 38399 } } peers { permanent_uuid: "f9ec5ef9025e4e5c9ce14f0b34931883" member_type: VOTER last_known_addr { host: "127.25.147.194" port: 39501 } attrs { replace: true } } peers { permanent_uuid: "b3a8869a3eb24213bcafb0fe7c059185" member_type: VOTER last_known_addr { host: "127.25.147.195" port: 42109 } } peers { permanent_uuid: "3c387084436241cba2dac59b9598a32d" member_type: NON_VOTER last_known_addr { host: "127.25.147.196" port: 45349 } attrs { promote: true } } }
I20260601 13:40:09.801782 28071 raft_consensus.cc:2955] T 021f3159a53144999aca5ca9b7b7cac6 P b3a8869a3eb24213bcafb0fe7c059185 [term 1 FOLLOWER]: Committing config change with OpId 1.2: config changed from index -1 to 2, NON_VOTER 3c387084436241cba2dac59b9598a32d (127.25.147.196) added. New config: { opid_index: 2 OBSOLETE_local: false peers { permanent_uuid: "5127cd9a018948b0a73ed5fafa027a0a" member_type: VOTER last_known_addr { host: "127.25.147.193" port: 38399 } } peers { permanent_uuid: "f9ec5ef9025e4e5c9ce14f0b34931883" member_type: VOTER last_known_addr { host: "127.25.147.194" port: 39501 } attrs { replace: true } } peers { permanent_uuid: "b3a8869a3eb24213bcafb0fe7c059185" member_type: VOTER last_known_addr { host: "127.25.147.195" port: 42109 } } peers { permanent_uuid: "3c387084436241cba2dac59b9598a32d" member_type: NON_VOTER last_known_addr { host: "127.25.147.196" port: 45349 } attrs { promote: true } } }
I20260601 13:40:09.804018 27816 catalog_manager.cc:5696] T 021f3159a53144999aca5ca9b7b7cac6 P 5127cd9a018948b0a73ed5fafa027a0a reported cstate change: config changed from index -1 to 2, NON_VOTER 3c387084436241cba2dac59b9598a32d (127.25.147.196) added. New cstate: current_term: 1 leader_uuid: "5127cd9a018948b0a73ed5fafa027a0a" committed_config { opid_index: 2 OBSOLETE_local: false peers { permanent_uuid: "5127cd9a018948b0a73ed5fafa027a0a" member_type: VOTER last_known_addr { host: "127.25.147.193" port: 38399 } health_report { overall_health: HEALTHY } } peers { permanent_uuid: "f9ec5ef9025e4e5c9ce14f0b34931883" member_type: VOTER last_known_addr { host: "127.25.147.194" port: 39501 } attrs { replace: true } health_report { overall_health: HEALTHY } } peers { permanent_uuid: "b3a8869a3eb24213bcafb0fe7c059185" member_type: VOTER last_known_addr { host: "127.25.147.195" port: 42109 } health_report { overall_health: HEALTHY } } peers { permanent_uuid: "3c387084436241cba2dac59b9598a32d" member_type: NON_VOTER last_known_addr { host: "127.25.147.196" port: 45349 } attrs { promote: true } health_report { overall_health: UNKNOWN } } }
W20260601 13:40:09.804225 27885 consensus_peers.cc:597] T 021f3159a53144999aca5ca9b7b7cac6 P 5127cd9a018948b0a73ed5fafa027a0a -> Peer 3c387084436241cba2dac59b9598a32d (127.25.147.196:45349): Couldn't send request to peer 3c387084436241cba2dac59b9598a32d. Error code: TABLET_NOT_FOUND (6). Status: Not found: Tablet not found: 021f3159a53144999aca5ca9b7b7cac6. This is attempt 1: this message will repeat every 5th retry.
I20260601 13:40:10.364256 28243 ts_tablet_manager.cc:933] T 021f3159a53144999aca5ca9b7b7cac6 P 3c387084436241cba2dac59b9598a32d: Initiating tablet copy from peer 5127cd9a018948b0a73ed5fafa027a0a (127.25.147.193:38399)
I20260601 13:40:10.364696 28243 tablet_copy_client.cc:323] T 021f3159a53144999aca5ca9b7b7cac6 P 3c387084436241cba2dac59b9598a32d: tablet copy: Beginning tablet copy session from remote peer at address 127.25.147.193:38399
I20260601 13:40:10.368467 27930 tablet_copy_service.cc:140] P 5127cd9a018948b0a73ed5fafa027a0a: Received BeginTabletCopySession request for tablet 021f3159a53144999aca5ca9b7b7cac6 from peer 3c387084436241cba2dac59b9598a32d ({username='slave'} at 127.0.0.1:39272)
I20260601 13:40:10.368589 27930 tablet_copy_service.cc:161] P 5127cd9a018948b0a73ed5fafa027a0a: Beginning new tablet copy session on tablet 021f3159a53144999aca5ca9b7b7cac6 from peer 3c387084436241cba2dac59b9598a32d at {username='slave'} at 127.0.0.1:39272: session id = 3c387084436241cba2dac59b9598a32d-021f3159a53144999aca5ca9b7b7cac6
I20260601 13:40:10.369521 27930 tablet_copy_source_session.cc:215] T 021f3159a53144999aca5ca9b7b7cac6 P 5127cd9a018948b0a73ed5fafa027a0a: Tablet Copy: opened 0 blocks and 1 log segments
I20260601 13:40:10.370420 28243 data_dirs.cc:400] Could only allocate 1 dirs of requested 3 for tablet 021f3159a53144999aca5ca9b7b7cac6. 1 dirs total, 0 dirs full, 0 dirs failed
I20260601 13:40:10.372205 28243 tablet_copy_client.cc:806] T 021f3159a53144999aca5ca9b7b7cac6 P 3c387084436241cba2dac59b9598a32d: tablet copy: Starting download of 0 data blocks...
I20260601 13:40:10.372390 28243 tablet_copy_client.cc:670] T 021f3159a53144999aca5ca9b7b7cac6 P 3c387084436241cba2dac59b9598a32d: tablet copy: Starting download of 1 WAL segments...
I20260601 13:40:10.373523 28243 tablet_copy_client.cc:538] T 021f3159a53144999aca5ca9b7b7cac6 P 3c387084436241cba2dac59b9598a32d: tablet copy: Tablet Copy complete. Replacing tablet superblock.
I20260601 13:40:10.374812 28243 tablet_bootstrap.cc:492] T 021f3159a53144999aca5ca9b7b7cac6 P 3c387084436241cba2dac59b9598a32d: Bootstrap starting.
I20260601 13:40:10.378661 28243 tablet_bootstrap.cc:492] T 021f3159a53144999aca5ca9b7b7cac6 P 3c387084436241cba2dac59b9598a32d: Bootstrap replayed 1/1 log segments. Stats: ops{read=2 overwritten=0 applied=2 ignored=0} inserts{seen=0 ignored=0} mutations{seen=0 ignored=0} orphaned_commits=0. Pending: 0 replicates
I20260601 13:40:10.378983 28243 tablet_bootstrap.cc:492] T 021f3159a53144999aca5ca9b7b7cac6 P 3c387084436241cba2dac59b9598a32d: Bootstrap complete.
I20260601 13:40:10.379148 28243 ts_tablet_manager.cc:1403] T 021f3159a53144999aca5ca9b7b7cac6 P 3c387084436241cba2dac59b9598a32d: Time spent bootstrapping tablet: real 0.004s	user 0.001s	sys 0.004s
I20260601 13:40:10.379612 28243 raft_consensus.cc:359] T 021f3159a53144999aca5ca9b7b7cac6 P 3c387084436241cba2dac59b9598a32d [term 1 LEARNER]: Replica starting. Triggering 0 pending ops. Active config: opid_index: 2 OBSOLETE_local: false peers { permanent_uuid: "5127cd9a018948b0a73ed5fafa027a0a" member_type: VOTER last_known_addr { host: "127.25.147.193" port: 38399 } } peers { permanent_uuid: "f9ec5ef9025e4e5c9ce14f0b34931883" member_type: VOTER last_known_addr { host: "127.25.147.194" port: 39501 } attrs { replace: true } } peers { permanent_uuid: "b3a8869a3eb24213bcafb0fe7c059185" member_type: VOTER last_known_addr { host: "127.25.147.195" port: 42109 } } peers { permanent_uuid: "3c387084436241cba2dac59b9598a32d" member_type: NON_VOTER last_known_addr { host: "127.25.147.196" port: 45349 } attrs { promote: true } }
I20260601 13:40:10.379741 28243 raft_consensus.cc:740] T 021f3159a53144999aca5ca9b7b7cac6 P 3c387084436241cba2dac59b9598a32d [term 1 LEARNER]: Becoming Follower/Learner. State: Replica: 3c387084436241cba2dac59b9598a32d, State: Initialized, Role: LEARNER
I20260601 13:40:10.379834 28243 consensus_queue.cc:260] T 021f3159a53144999aca5ca9b7b7cac6 P 3c387084436241cba2dac59b9598a32d [NON_LEADER]: Queue going to NON_LEADER mode. State: All replicated index: 0, Majority replicated index: 0, Committed index: 2, Last appended: 1.2, Last appended by leader: 2, Current term: 0, Majority size: -1, State: 0, Mode: NON_LEADER, active raft config: opid_index: 2 OBSOLETE_local: false peers { permanent_uuid: "5127cd9a018948b0a73ed5fafa027a0a" member_type: VOTER last_known_addr { host: "127.25.147.193" port: 38399 } } peers { permanent_uuid: "f9ec5ef9025e4e5c9ce14f0b34931883" member_type: VOTER last_known_addr { host: "127.25.147.194" port: 39501 } attrs { replace: true } } peers { permanent_uuid: "b3a8869a3eb24213bcafb0fe7c059185" member_type: VOTER last_known_addr { host: "127.25.147.195" port: 42109 } } peers { permanent_uuid: "3c387084436241cba2dac59b9598a32d" member_type: NON_VOTER last_known_addr { host: "127.25.147.196" port: 45349 } attrs { promote: true } }
I20260601 13:40:10.380216 28243 ts_tablet_manager.cc:1434] T 021f3159a53144999aca5ca9b7b7cac6 P 3c387084436241cba2dac59b9598a32d: Time spent starting tablet: real 0.001s	user 0.001s	sys 0.000s
I20260601 13:40:10.380298 28224 heartbeater.cc:499] Master 127.25.147.254:44199 was elected leader, sending a full tablet report...
I20260601 13:40:10.380690 27930 tablet_copy_service.cc:342] P 5127cd9a018948b0a73ed5fafa027a0a: Request end of tablet copy session 3c387084436241cba2dac59b9598a32d-021f3159a53144999aca5ca9b7b7cac6 received from {username='slave'} at 127.0.0.1:39272
I20260601 13:40:10.380771 27930 tablet_copy_service.cc:434] P 5127cd9a018948b0a73ed5fafa027a0a: ending tablet copy session 3c387084436241cba2dac59b9598a32d-021f3159a53144999aca5ca9b7b7cac6 on tablet 021f3159a53144999aca5ca9b7b7cac6 with peer 3c387084436241cba2dac59b9598a32d
I20260601 13:40:10.754422 28198 raft_consensus.cc:1217] T 021f3159a53144999aca5ca9b7b7cac6 P 3c387084436241cba2dac59b9598a32d [term 1 LEARNER]: Deduplicated request from leader. Original: 1.1->[1.2-1.2]   Dedup: 1.2->[]
I20260601 13:40:10.785712 27871 auto_leader_rebalancer.cc:140] leader rebalance for table test-workload
I20260601 13:40:10.786185 27871 auto_leader_rebalancer.cc:388] table: test-workload, leader rebalance finish, leader transfer count: 0
I20260601 13:40:10.786263 27871 auto_leader_rebalancer.cc:451] All tables' leader rebalancing finished this round
I20260601 13:40:11.302153 28250 raft_consensus.cc:1064] T 021f3159a53144999aca5ca9b7b7cac6 P 5127cd9a018948b0a73ed5fafa027a0a: attempting to promote NON_VOTER 3c387084436241cba2dac59b9598a32d to VOTER
I20260601 13:40:11.302670 28250 consensus_queue.cc:237] T 021f3159a53144999aca5ca9b7b7cac6 P 5127cd9a018948b0a73ed5fafa027a0a [LEADER]: Queue going to LEADER mode. State: All replicated index: 0, Majority replicated index: 2, Committed index: 2, Last appended: 1.2, Last appended by leader: 0, Current term: 1, Majority size: 3, State: 0, Mode: LEADER, active raft config: opid_index: 3 OBSOLETE_local: false peers { permanent_uuid: "5127cd9a018948b0a73ed5fafa027a0a" member_type: VOTER last_known_addr { host: "127.25.147.193" port: 38399 } } peers { permanent_uuid: "f9ec5ef9025e4e5c9ce14f0b34931883" member_type: VOTER last_known_addr { host: "127.25.147.194" port: 39501 } attrs { replace: true } } peers { permanent_uuid: "b3a8869a3eb24213bcafb0fe7c059185" member_type: VOTER last_known_addr { host: "127.25.147.195" port: 42109 } } peers { permanent_uuid: "3c387084436241cba2dac59b9598a32d" member_type: VOTER last_known_addr { host: "127.25.147.196" port: 45349 } attrs { promote: false } }
I20260601 13:40:11.304296 28198 raft_consensus.cc:1275] T 021f3159a53144999aca5ca9b7b7cac6 P 3c387084436241cba2dac59b9598a32d [term 1 LEARNER]: Refusing update from remote peer 5127cd9a018948b0a73ed5fafa027a0a: Log matching property violated. Preceding OpId in replica: term: 1 index: 2. Preceding OpId from leader: term: 1 index: 3. (index mismatch)
I20260601 13:40:11.304384 28071 raft_consensus.cc:1275] T 021f3159a53144999aca5ca9b7b7cac6 P b3a8869a3eb24213bcafb0fe7c059185 [term 1 FOLLOWER]: Refusing update from remote peer 5127cd9a018948b0a73ed5fafa027a0a: Log matching property violated. Preceding OpId in replica: term: 1 index: 2. Preceding OpId from leader: term: 1 index: 3. (index mismatch)
I20260601 13:40:11.304816 28254 consensus_queue.cc:1048] T 021f3159a53144999aca5ca9b7b7cac6 P 5127cd9a018948b0a73ed5fafa027a0a [LEADER]: Connected to new peer: Peer: permanent_uuid: "b3a8869a3eb24213bcafb0fe7c059185" member_type: VOTER last_known_addr { host: "127.25.147.195" port: 42109 }, Status: LMP_MISMATCH, Last received: 0.0, Next index: 3, Last known committed idx: 2, Time since last communication: 0.000s
I20260601 13:40:11.304922 27996 raft_consensus.cc:1275] T 021f3159a53144999aca5ca9b7b7cac6 P f9ec5ef9025e4e5c9ce14f0b34931883 [term 1 FOLLOWER]: Refusing update from remote peer 5127cd9a018948b0a73ed5fafa027a0a: Log matching property violated. Preceding OpId in replica: term: 1 index: 2. Preceding OpId from leader: term: 1 index: 3. (index mismatch)
I20260601 13:40:11.305188 28253 consensus_queue.cc:1048] T 021f3159a53144999aca5ca9b7b7cac6 P 5127cd9a018948b0a73ed5fafa027a0a [LEADER]: Connected to new peer: Peer: permanent_uuid: "3c387084436241cba2dac59b9598a32d" member_type: VOTER last_known_addr { host: "127.25.147.196" port: 45349 } attrs { promote: false }, Status: LMP_MISMATCH, Last received: 0.0, Next index: 3, Last known committed idx: 2, Time since last communication: 0.000s
I20260601 13:40:11.305441 28254 consensus_queue.cc:1048] T 021f3159a53144999aca5ca9b7b7cac6 P 5127cd9a018948b0a73ed5fafa027a0a [LEADER]: Connected to new peer: Peer: permanent_uuid: "f9ec5ef9025e4e5c9ce14f0b34931883" member_type: VOTER last_known_addr { host: "127.25.147.194" port: 39501 } attrs { replace: true }, Status: LMP_MISMATCH, Last received: 0.0, Next index: 3, Last known committed idx: 2, Time since last communication: 0.000s
I20260601 13:40:11.307297 28254 raft_consensus.cc:2955] T 021f3159a53144999aca5ca9b7b7cac6 P 5127cd9a018948b0a73ed5fafa027a0a [term 1 LEADER]: Committing config change with OpId 1.3: config changed from index 2 to 3, 3c387084436241cba2dac59b9598a32d (127.25.147.196) changed from NON_VOTER to VOTER. New config: { opid_index: 3 OBSOLETE_local: false peers { permanent_uuid: "5127cd9a018948b0a73ed5fafa027a0a" member_type: VOTER last_known_addr { host: "127.25.147.193" port: 38399 } } peers { permanent_uuid: "f9ec5ef9025e4e5c9ce14f0b34931883" member_type: VOTER last_known_addr { host: "127.25.147.194" port: 39501 } attrs { replace: true } } peers { permanent_uuid: "b3a8869a3eb24213bcafb0fe7c059185" member_type: VOTER last_known_addr { host: "127.25.147.195" port: 42109 } } peers { permanent_uuid: "3c387084436241cba2dac59b9598a32d" member_type: VOTER last_known_addr { host: "127.25.147.196" port: 45349 } attrs { promote: false } } }
I20260601 13:40:11.307713 28198 raft_consensus.cc:2955] T 021f3159a53144999aca5ca9b7b7cac6 P 3c387084436241cba2dac59b9598a32d [term 1 FOLLOWER]: Committing config change with OpId 1.3: config changed from index 2 to 3, 3c387084436241cba2dac59b9598a32d (127.25.147.196) changed from NON_VOTER to VOTER. New config: { opid_index: 3 OBSOLETE_local: false peers { permanent_uuid: "5127cd9a018948b0a73ed5fafa027a0a" member_type: VOTER last_known_addr { host: "127.25.147.193" port: 38399 } } peers { permanent_uuid: "f9ec5ef9025e4e5c9ce14f0b34931883" member_type: VOTER last_known_addr { host: "127.25.147.194" port: 39501 } attrs { replace: true } } peers { permanent_uuid: "b3a8869a3eb24213bcafb0fe7c059185" member_type: VOTER last_known_addr { host: "127.25.147.195" port: 42109 } } peers { permanent_uuid: "3c387084436241cba2dac59b9598a32d" member_type: VOTER last_known_addr { host: "127.25.147.196" port: 45349 } attrs { promote: false } } }
I20260601 13:40:11.307734 27996 raft_consensus.cc:2955] T 021f3159a53144999aca5ca9b7b7cac6 P f9ec5ef9025e4e5c9ce14f0b34931883 [term 1 FOLLOWER]: Committing config change with OpId 1.3: config changed from index 2 to 3, 3c387084436241cba2dac59b9598a32d (127.25.147.196) changed from NON_VOTER to VOTER. New config: { opid_index: 3 OBSOLETE_local: false peers { permanent_uuid: "5127cd9a018948b0a73ed5fafa027a0a" member_type: VOTER last_known_addr { host: "127.25.147.193" port: 38399 } } peers { permanent_uuid: "f9ec5ef9025e4e5c9ce14f0b34931883" member_type: VOTER last_known_addr { host: "127.25.147.194" port: 39501 } attrs { replace: true } } peers { permanent_uuid: "b3a8869a3eb24213bcafb0fe7c059185" member_type: VOTER last_known_addr { host: "127.25.147.195" port: 42109 } } peers { permanent_uuid: "3c387084436241cba2dac59b9598a32d" member_type: VOTER last_known_addr { host: "127.25.147.196" port: 45349 } attrs { promote: false } } }
I20260601 13:40:11.310890 27817 catalog_manager.cc:5696] T 021f3159a53144999aca5ca9b7b7cac6 P 5127cd9a018948b0a73ed5fafa027a0a reported cstate change: config changed from index 2 to 3, 3c387084436241cba2dac59b9598a32d (127.25.147.196) changed from NON_VOTER to VOTER. New cstate: current_term: 1 leader_uuid: "5127cd9a018948b0a73ed5fafa027a0a" committed_config { opid_index: 3 OBSOLETE_local: false peers { permanent_uuid: "5127cd9a018948b0a73ed5fafa027a0a" member_type: VOTER last_known_addr { host: "127.25.147.193" port: 38399 } health_report { overall_health: HEALTHY } } peers { permanent_uuid: "f9ec5ef9025e4e5c9ce14f0b34931883" member_type: VOTER last_known_addr { host: "127.25.147.194" port: 39501 } attrs { replace: true } health_report { overall_health: HEALTHY } } peers { permanent_uuid: "b3a8869a3eb24213bcafb0fe7c059185" member_type: VOTER last_known_addr { host: "127.25.147.195" port: 42109 } health_report { overall_health: HEALTHY } } peers { permanent_uuid: "3c387084436241cba2dac59b9598a32d" member_type: VOTER last_known_addr { host: "127.25.147.196" port: 45349 } attrs { promote: false } health_report { overall_health: HEALTHY } } }
I20260601 13:40:11.311899 28071 raft_consensus.cc:2955] T 021f3159a53144999aca5ca9b7b7cac6 P b3a8869a3eb24213bcafb0fe7c059185 [term 1 FOLLOWER]: Committing config change with OpId 1.3: config changed from index 2 to 3, 3c387084436241cba2dac59b9598a32d (127.25.147.196) changed from NON_VOTER to VOTER. New config: { opid_index: 3 OBSOLETE_local: false peers { permanent_uuid: "5127cd9a018948b0a73ed5fafa027a0a" member_type: VOTER last_known_addr { host: "127.25.147.193" port: 38399 } } peers { permanent_uuid: "f9ec5ef9025e4e5c9ce14f0b34931883" member_type: VOTER last_known_addr { host: "127.25.147.194" port: 39501 } attrs { replace: true } } peers { permanent_uuid: "b3a8869a3eb24213bcafb0fe7c059185" member_type: VOTER last_known_addr { host: "127.25.147.195" port: 42109 } } peers { permanent_uuid: "3c387084436241cba2dac59b9598a32d" member_type: VOTER last_known_addr { host: "127.25.147.196" port: 45349 } attrs { promote: false } } }
I20260601 13:40:11.315327 27920 consensus_queue.cc:237] T 021f3159a53144999aca5ca9b7b7cac6 P 5127cd9a018948b0a73ed5fafa027a0a [LEADER]: Queue going to LEADER mode. State: All replicated index: 0, Majority replicated index: 3, Committed index: 3, Last appended: 1.3, Last appended by leader: 0, Current term: 1, Majority size: 2, State: 0, Mode: LEADER, active raft config: opid_index: 4 OBSOLETE_local: false peers { permanent_uuid: "5127cd9a018948b0a73ed5fafa027a0a" member_type: VOTER last_known_addr { host: "127.25.147.193" port: 38399 } } peers { permanent_uuid: "b3a8869a3eb24213bcafb0fe7c059185" member_type: VOTER last_known_addr { host: "127.25.147.195" port: 42109 } } peers { permanent_uuid: "3c387084436241cba2dac59b9598a32d" member_type: VOTER last_known_addr { host: "127.25.147.196" port: 45349 } attrs { promote: false } }
I20260601 13:40:11.316531 28198 raft_consensus.cc:1275] T 021f3159a53144999aca5ca9b7b7cac6 P 3c387084436241cba2dac59b9598a32d [term 1 FOLLOWER]: Refusing update from remote peer 5127cd9a018948b0a73ed5fafa027a0a: Log matching property violated. Preceding OpId in replica: term: 1 index: 3. Preceding OpId from leader: term: 1 index: 4. (index mismatch)
I20260601 13:40:11.316980 28071 raft_consensus.cc:1275] T 021f3159a53144999aca5ca9b7b7cac6 P b3a8869a3eb24213bcafb0fe7c059185 [term 1 FOLLOWER]: Refusing update from remote peer 5127cd9a018948b0a73ed5fafa027a0a: Log matching property violated. Preceding OpId in replica: term: 1 index: 3. Preceding OpId from leader: term: 1 index: 4. (index mismatch)
I20260601 13:40:11.317169 28250 consensus_queue.cc:1048] T 021f3159a53144999aca5ca9b7b7cac6 P 5127cd9a018948b0a73ed5fafa027a0a [LEADER]: Connected to new peer: Peer: permanent_uuid: "3c387084436241cba2dac59b9598a32d" member_type: VOTER last_known_addr { host: "127.25.147.196" port: 45349 } attrs { promote: false }, Status: LMP_MISMATCH, Last received: 0.0, Next index: 4, Last known committed idx: 3, Time since last communication: 0.000s
I20260601 13:40:11.317335 28253 consensus_queue.cc:1048] T 021f3159a53144999aca5ca9b7b7cac6 P 5127cd9a018948b0a73ed5fafa027a0a [LEADER]: Connected to new peer: Peer: permanent_uuid: "b3a8869a3eb24213bcafb0fe7c059185" member_type: VOTER last_known_addr { host: "127.25.147.195" port: 42109 }, Status: LMP_MISMATCH, Last received: 0.0, Next index: 4, Last known committed idx: 3, Time since last communication: 0.000s
I20260601 13:40:11.318789 28253 raft_consensus.cc:2955] T 021f3159a53144999aca5ca9b7b7cac6 P 5127cd9a018948b0a73ed5fafa027a0a [term 1 LEADER]: Committing config change with OpId 1.4: config changed from index 3 to 4, VOTER f9ec5ef9025e4e5c9ce14f0b34931883 (127.25.147.194) evicted. New config: { opid_index: 4 OBSOLETE_local: false peers { permanent_uuid: "5127cd9a018948b0a73ed5fafa027a0a" member_type: VOTER last_known_addr { host: "127.25.147.193" port: 38399 } } peers { permanent_uuid: "b3a8869a3eb24213bcafb0fe7c059185" member_type: VOTER last_known_addr { host: "127.25.147.195" port: 42109 } } peers { permanent_uuid: "3c387084436241cba2dac59b9598a32d" member_type: VOTER last_known_addr { host: "127.25.147.196" port: 45349 } attrs { promote: false } } }
I20260601 13:40:11.319036 28198 raft_consensus.cc:2955] T 021f3159a53144999aca5ca9b7b7cac6 P 3c387084436241cba2dac59b9598a32d [term 1 FOLLOWER]: Committing config change with OpId 1.4: config changed from index 3 to 4, VOTER f9ec5ef9025e4e5c9ce14f0b34931883 (127.25.147.194) evicted. New config: { opid_index: 4 OBSOLETE_local: false peers { permanent_uuid: "5127cd9a018948b0a73ed5fafa027a0a" member_type: VOTER last_known_addr { host: "127.25.147.193" port: 38399 } } peers { permanent_uuid: "b3a8869a3eb24213bcafb0fe7c059185" member_type: VOTER last_known_addr { host: "127.25.147.195" port: 42109 } } peers { permanent_uuid: "3c387084436241cba2dac59b9598a32d" member_type: VOTER last_known_addr { host: "127.25.147.196" port: 45349 } attrs { promote: false } } }
I20260601 13:40:11.319451 28071 raft_consensus.cc:2955] T 021f3159a53144999aca5ca9b7b7cac6 P b3a8869a3eb24213bcafb0fe7c059185 [term 1 FOLLOWER]: Committing config change with OpId 1.4: config changed from index 3 to 4, VOTER f9ec5ef9025e4e5c9ce14f0b34931883 (127.25.147.194) evicted. New config: { opid_index: 4 OBSOLETE_local: false peers { permanent_uuid: "5127cd9a018948b0a73ed5fafa027a0a" member_type: VOTER last_known_addr { host: "127.25.147.193" port: 38399 } } peers { permanent_uuid: "b3a8869a3eb24213bcafb0fe7c059185" member_type: VOTER last_known_addr { host: "127.25.147.195" port: 42109 } } peers { permanent_uuid: "3c387084436241cba2dac59b9598a32d" member_type: VOTER last_known_addr { host: "127.25.147.196" port: 45349 } attrs { promote: false } } }
I20260601 13:40:11.320618 27804 catalog_manager.cc:5209] ChangeConfig:REMOVE_PEER RPC for tablet 021f3159a53144999aca5ca9b7b7cac6 with cas_config_opid_index 3: ChangeConfig:REMOVE_PEER succeeded (attempt 1)
I20260601 13:40:11.321385 27815 catalog_manager.cc:5696] T 021f3159a53144999aca5ca9b7b7cac6 P 3c387084436241cba2dac59b9598a32d reported cstate change: config changed from index 3 to 4, VOTER f9ec5ef9025e4e5c9ce14f0b34931883 (127.25.147.194) evicted. New cstate: current_term: 1 leader_uuid: "5127cd9a018948b0a73ed5fafa027a0a" committed_config { opid_index: 4 OBSOLETE_local: false peers { permanent_uuid: "5127cd9a018948b0a73ed5fafa027a0a" member_type: VOTER last_known_addr { host: "127.25.147.193" port: 38399 } } peers { permanent_uuid: "b3a8869a3eb24213bcafb0fe7c059185" member_type: VOTER last_known_addr { host: "127.25.147.195" port: 42109 } } peers { permanent_uuid: "3c387084436241cba2dac59b9598a32d" member_type: VOTER last_known_addr { host: "127.25.147.196" port: 45349 } attrs { promote: false } } }
I20260601 13:40:11.324066 27986 tablet_service.cc:1558] Processing DeleteTablet for tablet 021f3159a53144999aca5ca9b7b7cac6 with delete_type TABLET_DATA_TOMBSTONED (TS f9ec5ef9025e4e5c9ce14f0b34931883 not found in new config with opid_index 4) from {username='slave'} at 127.0.0.1:38782
I20260601 13:40:11.324579 28264 tablet_replica.cc:333] T 021f3159a53144999aca5ca9b7b7cac6 P f9ec5ef9025e4e5c9ce14f0b34931883: stopping tablet replica
I20260601 13:40:11.324680 28264 raft_consensus.cc:2243] T 021f3159a53144999aca5ca9b7b7cac6 P f9ec5ef9025e4e5c9ce14f0b34931883 [term 1 FOLLOWER]: Raft consensus shutting down.
I20260601 13:40:11.324785 28264 raft_consensus.cc:2272] T 021f3159a53144999aca5ca9b7b7cac6 P f9ec5ef9025e4e5c9ce14f0b34931883 [term 1 FOLLOWER]: Raft consensus is shut down!
I20260601 13:40:11.325299 28264 ts_tablet_manager.cc:1916] T 021f3159a53144999aca5ca9b7b7cac6 P f9ec5ef9025e4e5c9ce14f0b34931883: Deleting tablet data with delete state TABLET_DATA_TOMBSTONED
I20260601 13:40:11.327018 28264 ts_tablet_manager.cc:1929] T 021f3159a53144999aca5ca9b7b7cac6 P f9ec5ef9025e4e5c9ce14f0b34931883: tablet deleted with delete type TABLET_DATA_TOMBSTONED: last-logged OpId 1.3
I20260601 13:40:11.327087 28264 log.cc:1199] T 021f3159a53144999aca5ca9b7b7cac6 P f9ec5ef9025e4e5c9ce14f0b34931883: Deleting WAL directory at /tmp/dist-test-taskZ_5LXM/test-tmp/auto_rebalancer-test.0.AutoRebalancerTest.MovesScheduledIfAddTserver.1780321182176524-26191-0/minicluster-data/ts-1-root/wals/021f3159a53144999aca5ca9b7b7cac6
I20260601 13:40:11.327514 27804 catalog_manager.cc:5027] TS f9ec5ef9025e4e5c9ce14f0b34931883 (127.25.147.194:39501): tablet 021f3159a53144999aca5ca9b7b7cac6 (table test-workload [id=b186efab7fc04ab984c4d4c2447d9336]) successfully deleted
I20260601 13:40:12.786644 27871 auto_leader_rebalancer.cc:140] leader rebalance for table test-workload
I20260601 13:40:12.787576 27871 auto_leader_rebalancer.cc:388] table: test-workload, leader rebalance finish, leader transfer count: 0
I20260601 13:40:12.787704 27871 auto_leader_rebalancer.cc:451] All tables' leader rebalancing finished this round
I20260601 13:40:14.788094 27871 auto_leader_rebalancer.cc:140] leader rebalance for table test-workload
I20260601 13:40:14.788511 27871 auto_leader_rebalancer.cc:388] table: test-workload, leader rebalance finish, leader transfer count: 0
I20260601 13:40:14.788578 27871 auto_leader_rebalancer.cc:451] All tables' leader rebalancing finished this round
I20260601 13:40:16.788931 27871 auto_leader_rebalancer.cc:140] leader rebalance for table test-workload
I20260601 13:40:16.789315 27871 auto_leader_rebalancer.cc:388] table: test-workload, leader rebalance finish, leader transfer count: 0
I20260601 13:40:16.789381 27871 auto_leader_rebalancer.cc:451] All tables' leader rebalancing finished this round
I20260601 13:40:18.789772 27871 auto_leader_rebalancer.cc:140] leader rebalance for table test-workload
I20260601 13:40:18.790269 27871 auto_leader_rebalancer.cc:388] table: test-workload, leader rebalance finish, leader transfer count: 0
I20260601 13:40:18.790386 27871 auto_leader_rebalancer.cc:451] All tables' leader rebalancing finished this round
I20260601 13:40:20.790768 27871 auto_leader_rebalancer.cc:140] leader rebalance for table test-workload
I20260601 13:40:20.791256 27871 auto_leader_rebalancer.cc:388] table: test-workload, leader rebalance finish, leader transfer count: 0
I20260601 13:40:20.791383 27871 auto_leader_rebalancer.cc:451] All tables' leader rebalancing finished this round
I20260601 13:40:22.791769 27871 auto_leader_rebalancer.cc:140] leader rebalance for table test-workload
I20260601 13:40:22.792339 27871 auto_leader_rebalancer.cc:388] table: test-workload, leader rebalance finish, leader transfer count: 0
I20260601 13:40:22.792418 27871 auto_leader_rebalancer.cc:451] All tables' leader rebalancing finished this round
I20260601 13:40:22.921494 26191 tablet_server.cc:179] TabletServer@127.25.147.193:0 shutting down...
I20260601 13:40:22.925559 26191 ts_tablet_manager.cc:1507] Shutting down tablet manager...
I20260601 13:40:22.925850 26191 tablet_replica.cc:333] T 9dd65e1ce7cc4a85a65174e9eb359e2b P 5127cd9a018948b0a73ed5fafa027a0a: stopping tablet replica
I20260601 13:40:22.925981 26191 raft_consensus.cc:2243] T 9dd65e1ce7cc4a85a65174e9eb359e2b P 5127cd9a018948b0a73ed5fafa027a0a [term 1 FOLLOWER]: Raft consensus shutting down.
I20260601 13:40:22.926095 26191 raft_consensus.cc:2272] T 9dd65e1ce7cc4a85a65174e9eb359e2b P 5127cd9a018948b0a73ed5fafa027a0a [term 1 FOLLOWER]: Raft consensus is shut down!
I20260601 13:40:22.926522 26191 tablet_replica.cc:333] T 021f3159a53144999aca5ca9b7b7cac6 P 5127cd9a018948b0a73ed5fafa027a0a: stopping tablet replica
I20260601 13:40:22.926595 26191 raft_consensus.cc:2243] T 021f3159a53144999aca5ca9b7b7cac6 P 5127cd9a018948b0a73ed5fafa027a0a [term 1 LEADER]: Raft consensus shutting down.
I20260601 13:40:22.926757 26191 raft_consensus.cc:2272] T 021f3159a53144999aca5ca9b7b7cac6 P 5127cd9a018948b0a73ed5fafa027a0a [term 1 FOLLOWER]: Raft consensus is shut down!
I20260601 13:40:22.940028 26191 tablet_server.cc:196] TabletServer@127.25.147.193:0 shutdown complete.
I20260601 13:40:22.942525 26191 tablet_server.cc:179] TabletServer@127.25.147.194:0 shutting down...
I20260601 13:40:22.947533 26191 ts_tablet_manager.cc:1507] Shutting down tablet manager...
I20260601 13:40:22.947793 26191 tablet_replica.cc:333] T 9dd65e1ce7cc4a85a65174e9eb359e2b P f9ec5ef9025e4e5c9ce14f0b34931883: stopping tablet replica
I20260601 13:40:22.947909 26191 raft_consensus.cc:2243] T 9dd65e1ce7cc4a85a65174e9eb359e2b P f9ec5ef9025e4e5c9ce14f0b34931883 [term 1 FOLLOWER]: Raft consensus shutting down.
I20260601 13:40:22.948019 26191 raft_consensus.cc:2272] T 9dd65e1ce7cc4a85a65174e9eb359e2b P f9ec5ef9025e4e5c9ce14f0b34931883 [term 1 FOLLOWER]: Raft consensus is shut down!
I20260601 13:40:22.962077 26191 tablet_server.cc:196] TabletServer@127.25.147.194:0 shutdown complete.
