I20260601 13:39:58.099988  9060 leader_election.cc:290] T 899814a715d14d61834cf9940f13bbb3 P 05688d4c7fd241e8ae6795eea3cacb11 [CANDIDATE]: Term 1 pre-election: Requested pre-vote from peers 74e8b5688a6448e6bf630091eaf83054 (127.6.241.193:36449), 9c8a643152a349268b0f1c2873cef6aa (127.6.241.194:40971)
I20260601 13:39:58.100585  8930 tablet_service.cc:1917] Received RequestConsensusVote() RPC: tablet_id: "899814a715d14d61834cf9940f13bbb3" candidate_uuid: "05688d4c7fd241e8ae6795eea3cacb11" candidate_term: 1 candidate_status { last_received { term: 0 index: 0 } } ignore_live_leader: false dest_uuid: "9c8a643152a349268b0f1c2873cef6aa" is_pre_election: true
I20260601 13:39:58.100585  8854 tablet_service.cc:1917] Received RequestConsensusVote() RPC: tablet_id: "899814a715d14d61834cf9940f13bbb3" candidate_uuid: "05688d4c7fd241e8ae6795eea3cacb11" candidate_term: 1 candidate_status { last_received { term: 0 index: 0 } } ignore_live_leader: false dest_uuid: "74e8b5688a6448e6bf630091eaf83054" is_pre_election: true
I20260601 13:39:58.100765  8930 raft_consensus.cc:2468] T 899814a715d14d61834cf9940f13bbb3 P 9c8a643152a349268b0f1c2873cef6aa [term 0 FOLLOWER]: Leader pre-election vote request: Granting yes vote for candidate 05688d4c7fd241e8ae6795eea3cacb11 in term 0.
I20260601 13:39:58.100795  8854 raft_consensus.cc:2468] T 899814a715d14d61834cf9940f13bbb3 P 74e8b5688a6448e6bf630091eaf83054 [term 0 FOLLOWER]: Leader pre-election vote request: Granting yes vote for candidate 05688d4c7fd241e8ae6795eea3cacb11 in term 0.
I20260601 13:39:58.101074  8968 leader_election.cc:304] T 899814a715d14d61834cf9940f13bbb3 P 05688d4c7fd241e8ae6795eea3cacb11 [CANDIDATE]: Term 1 pre-election: Election decided. Result: candidate won. Election summary: received 2 responses out of 3 voters: 2 yes votes; 0 no votes. yes voters: 05688d4c7fd241e8ae6795eea3cacb11, 9c8a643152a349268b0f1c2873cef6aa; no voters: 
I20260601 13:39:58.101276  9060 raft_consensus.cc:2804] T 899814a715d14d61834cf9940f13bbb3 P 05688d4c7fd241e8ae6795eea3cacb11 [term 0 FOLLOWER]: Leader pre-election won for term 1
I20260601 13:39:58.101336  9060 raft_consensus.cc:493] T 899814a715d14d61834cf9940f13bbb3 P 05688d4c7fd241e8ae6795eea3cacb11 [term 0 FOLLOWER]: Starting leader election (no leader contacted us within the election timeout)
I20260601 13:39:58.101380  9060 raft_consensus.cc:3060] T 899814a715d14d61834cf9940f13bbb3 P 05688d4c7fd241e8ae6795eea3cacb11 [term 0 FOLLOWER]: Advancing to term 1
I20260601 13:39:58.102406  9060 raft_consensus.cc:515] T 899814a715d14d61834cf9940f13bbb3 P 05688d4c7fd241e8ae6795eea3cacb11 [term 1 FOLLOWER]: Starting leader election with config: opid_index: -1 OBSOLETE_local: false peers { permanent_uuid: "05688d4c7fd241e8ae6795eea3cacb11" member_type: VOTER last_known_addr { host: "127.6.241.195" port: 45007 } } peers { permanent_uuid: "74e8b5688a6448e6bf630091eaf83054" member_type: VOTER last_known_addr { host: "127.6.241.193" port: 36449 } } peers { permanent_uuid: "9c8a643152a349268b0f1c2873cef6aa" member_type: VOTER last_known_addr { host: "127.6.241.194" port: 40971 } }
I20260601 13:39:58.102746  9060 leader_election.cc:290] T 899814a715d14d61834cf9940f13bbb3 P 05688d4c7fd241e8ae6795eea3cacb11 [CANDIDATE]: Term 1 election: Requested vote from peers 74e8b5688a6448e6bf630091eaf83054 (127.6.241.193:36449), 9c8a643152a349268b0f1c2873cef6aa (127.6.241.194:40971)
I20260601 13:39:58.103166  8854 tablet_service.cc:1917] Received RequestConsensusVote() RPC: tablet_id: "899814a715d14d61834cf9940f13bbb3" candidate_uuid: "05688d4c7fd241e8ae6795eea3cacb11" candidate_term: 1 candidate_status { last_received { term: 0 index: 0 } } ignore_live_leader: false dest_uuid: "74e8b5688a6448e6bf630091eaf83054"
I20260601 13:39:58.103181  8930 tablet_service.cc:1917] Received RequestConsensusVote() RPC: tablet_id: "899814a715d14d61834cf9940f13bbb3" candidate_uuid: "05688d4c7fd241e8ae6795eea3cacb11" candidate_term: 1 candidate_status { last_received { term: 0 index: 0 } } ignore_live_leader: false dest_uuid: "9c8a643152a349268b0f1c2873cef6aa"
I20260601 13:39:58.103273  8854 raft_consensus.cc:3060] T 899814a715d14d61834cf9940f13bbb3 P 74e8b5688a6448e6bf630091eaf83054 [term 0 FOLLOWER]: Advancing to term 1
I20260601 13:39:58.103295  8930 raft_consensus.cc:3060] T 899814a715d14d61834cf9940f13bbb3 P 9c8a643152a349268b0f1c2873cef6aa [term 0 FOLLOWER]: Advancing to term 1
I20260601 13:39:58.104151  8930 raft_consensus.cc:2468] T 899814a715d14d61834cf9940f13bbb3 P 9c8a643152a349268b0f1c2873cef6aa [term 1 FOLLOWER]: Leader election vote request: Granting yes vote for candidate 05688d4c7fd241e8ae6795eea3cacb11 in term 1.
I20260601 13:39:58.104152  8854 raft_consensus.cc:2468] T 899814a715d14d61834cf9940f13bbb3 P 74e8b5688a6448e6bf630091eaf83054 [term 1 FOLLOWER]: Leader election vote request: Granting yes vote for candidate 05688d4c7fd241e8ae6795eea3cacb11 in term 1.
I20260601 13:39:58.104450  8968 leader_election.cc:304] T 899814a715d14d61834cf9940f13bbb3 P 05688d4c7fd241e8ae6795eea3cacb11 [CANDIDATE]: Term 1 election: Election decided. Result: candidate won. Election summary: received 2 responses out of 3 voters: 2 yes votes; 0 no votes. yes voters: 05688d4c7fd241e8ae6795eea3cacb11, 74e8b5688a6448e6bf630091eaf83054; no voters: 
I20260601 13:39:58.104602  9060 raft_consensus.cc:2804] T 899814a715d14d61834cf9940f13bbb3 P 05688d4c7fd241e8ae6795eea3cacb11 [term 1 FOLLOWER]: Leader election won for term 1
I20260601 13:39:58.104692  9060 raft_consensus.cc:697] T 899814a715d14d61834cf9940f13bbb3 P 05688d4c7fd241e8ae6795eea3cacb11 [term 1 LEADER]: Becoming Leader. State: Replica: 05688d4c7fd241e8ae6795eea3cacb11, State: Running, Role: LEADER
I20260601 13:39:58.104877  9060 consensus_queue.cc:237] T 899814a715d14d61834cf9940f13bbb3 P 05688d4c7fd241e8ae6795eea3cacb11 [LEADER]: Queue going to LEADER mode. State: All replicated index: 0, Majority replicated index: 0, Committed index: 0, Last appended: 0.0, Last appended by leader: 0, Current term: 1, Majority size: 2, State: 0, Mode: LEADER, active raft config: opid_index: -1 OBSOLETE_local: false peers { permanent_uuid: "05688d4c7fd241e8ae6795eea3cacb11" member_type: VOTER last_known_addr { host: "127.6.241.195" port: 45007 } } peers { permanent_uuid: "74e8b5688a6448e6bf630091eaf83054" member_type: VOTER last_known_addr { host: "127.6.241.193" port: 36449 } } peers { permanent_uuid: "9c8a643152a349268b0f1c2873cef6aa" member_type: VOTER last_known_addr { host: "127.6.241.194" port: 40971 } }
I20260601 13:39:58.106611  8751 catalog_manager.cc:5696] T 899814a715d14d61834cf9940f13bbb3 P 05688d4c7fd241e8ae6795eea3cacb11 reported cstate change: term changed from 0 to 1, leader changed from <none> to 05688d4c7fd241e8ae6795eea3cacb11 (127.6.241.195). New cstate: current_term: 1 leader_uuid: "05688d4c7fd241e8ae6795eea3cacb11" committed_config { opid_index: -1 OBSOLETE_local: false peers { permanent_uuid: "05688d4c7fd241e8ae6795eea3cacb11" member_type: VOTER last_known_addr { host: "127.6.241.195" port: 45007 } health_report { overall_health: HEALTHY } } peers { permanent_uuid: "74e8b5688a6448e6bf630091eaf83054" member_type: VOTER last_known_addr { host: "127.6.241.193" port: 36449 } health_report { overall_health: UNKNOWN } } peers { permanent_uuid: "9c8a643152a349268b0f1c2873cef6aa" member_type: VOTER last_known_addr { host: "127.6.241.194" port: 40971 } health_report { overall_health: UNKNOWN } } }
I20260601 13:39:58.442885  9060 consensus_queue.cc:1048] T bd7172bd14124d30b11fe75d274a1cc4 P 05688d4c7fd241e8ae6795eea3cacb11 [LEADER]: Connected to new peer: Peer: permanent_uuid: "9c8a643152a349268b0f1c2873cef6aa" member_type: VOTER last_known_addr { host: "127.6.241.194" port: 40971 }, Status: LMP_MISMATCH, Last received: 0.0, Next index: 1, Last known committed idx: 0, Time since last communication: 0.000s
I20260601 13:39:58.446856  9065 consensus_queue.cc:1048] T bd7172bd14124d30b11fe75d274a1cc4 P 05688d4c7fd241e8ae6795eea3cacb11 [LEADER]: Connected to new peer: Peer: permanent_uuid: "74e8b5688a6448e6bf630091eaf83054" member_type: VOTER last_known_addr { host: "127.6.241.193" port: 36449 }, Status: LMP_MISMATCH, Last received: 0.0, Next index: 1, Last known committed idx: 0, Time since last communication: 0.000s
I20260601 13:39:58.554473  8805 auto_leader_rebalancer.cc:140] leader rebalance for table test-workload
I20260601 13:39:58.559896  9005 tablet_service.cc:2072] Received LeaderStepDown RPC: tablet_id: "bd7172bd14124d30b11fe75d274a1cc4"
dest_uuid: "05688d4c7fd241e8ae6795eea3cacb11"
mode: GRACEFUL
new_leader_uuid: "74e8b5688a6448e6bf630091eaf83054"
 from {username='slave'} at 127.0.0.1:52362
I20260601 13:39:58.560106  9005 raft_consensus.cc:606] T bd7172bd14124d30b11fe75d274a1cc4 P 05688d4c7fd241e8ae6795eea3cacb11 [term 1 LEADER]: Received request to transfer leadership to TS 74e8b5688a6448e6bf630091eaf83054
I20260601 13:39:58.560603  8805 auto_leader_rebalancer.cc:388] table: test-workload, leader rebalance finish, leader transfer count: 1
I20260601 13:39:58.560719  8805 auto_leader_rebalancer.cc:451] All tables' leader rebalancing finished this round
I20260601 13:39:58.569070  9065 consensus_queue.cc:1048] T 899814a715d14d61834cf9940f13bbb3 P 05688d4c7fd241e8ae6795eea3cacb11 [LEADER]: Connected to new peer: Peer: permanent_uuid: "74e8b5688a6448e6bf630091eaf83054" member_type: VOTER last_known_addr { host: "127.6.241.193" port: 36449 }, Status: LMP_MISMATCH, Last received: 0.0, Next index: 1, Last known committed idx: 0, Time since last communication: 0.000s
I20260601 13:39:58.572214  9065 consensus_queue.cc:1048] T 899814a715d14d61834cf9940f13bbb3 P 05688d4c7fd241e8ae6795eea3cacb11 [LEADER]: Connected to new peer: Peer: permanent_uuid: "9c8a643152a349268b0f1c2873cef6aa" member_type: VOTER last_known_addr { host: "127.6.241.194" port: 40971 }, Status: LMP_MISMATCH, Last received: 0.0, Next index: 1, Last known committed idx: 0, Time since last communication: 0.000s
I20260601 13:39:58.948345  9079 raft_consensus.cc:993] T bd7172bd14124d30b11fe75d274a1cc4 P 05688d4c7fd241e8ae6795eea3cacb11: : Instructing follower 74e8b5688a6448e6bf630091eaf83054 to start an election
I20260601 13:39:58.948498  9079 raft_consensus.cc:1081] T bd7172bd14124d30b11fe75d274a1cc4 P 05688d4c7fd241e8ae6795eea3cacb11 [term 1 LEADER]: Signalling peer 74e8b5688a6448e6bf630091eaf83054 to start an election
I20260601 13:39:58.949093  8854 tablet_service.cc:2044] Received Run Leader Election RPC: tablet_id: "bd7172bd14124d30b11fe75d274a1cc4"
dest_uuid: "74e8b5688a6448e6bf630091eaf83054"
 from {username='slave'} at 127.0.0.1:37550
I20260601 13:39:58.949271  8854 raft_consensus.cc:493] T bd7172bd14124d30b11fe75d274a1cc4 P 74e8b5688a6448e6bf630091eaf83054 [term 1 FOLLOWER]: Starting forced leader election (received explicit request)
I20260601 13:39:58.949333  8854 raft_consensus.cc:3060] T bd7172bd14124d30b11fe75d274a1cc4 P 74e8b5688a6448e6bf630091eaf83054 [term 1 FOLLOWER]: Advancing to term 2
I20260601 13:39:58.950352  8854 raft_consensus.cc:515] T bd7172bd14124d30b11fe75d274a1cc4 P 74e8b5688a6448e6bf630091eaf83054 [term 2 FOLLOWER]: Starting forced leader election with config: opid_index: -1 OBSOLETE_local: false peers { permanent_uuid: "74e8b5688a6448e6bf630091eaf83054" member_type: VOTER last_known_addr { host: "127.6.241.193" port: 36449 } } peers { permanent_uuid: "9c8a643152a349268b0f1c2873cef6aa" member_type: VOTER last_known_addr { host: "127.6.241.194" port: 40971 } } peers { permanent_uuid: "05688d4c7fd241e8ae6795eea3cacb11" member_type: VOTER last_known_addr { host: "127.6.241.195" port: 45007 } }
I20260601 13:39:58.950835  8854 leader_election.cc:290] T bd7172bd14124d30b11fe75d274a1cc4 P 74e8b5688a6448e6bf630091eaf83054 [CANDIDATE]: Term 2 election: Requested vote from peers 9c8a643152a349268b0f1c2873cef6aa (127.6.241.194:40971), 05688d4c7fd241e8ae6795eea3cacb11 (127.6.241.195:45007)
I20260601 13:39:58.954852  8930 tablet_service.cc:1917] Received RequestConsensusVote() RPC: tablet_id: "bd7172bd14124d30b11fe75d274a1cc4" candidate_uuid: "74e8b5688a6448e6bf630091eaf83054" candidate_term: 2 candidate_status { last_received { term: 1 index: 1 } } ignore_live_leader: true dest_uuid: "9c8a643152a349268b0f1c2873cef6aa"
I20260601 13:39:58.955006  8930 raft_consensus.cc:3060] T bd7172bd14124d30b11fe75d274a1cc4 P 9c8a643152a349268b0f1c2873cef6aa [term 1 FOLLOWER]: Advancing to term 2
I20260601 13:39:58.956035  8930 raft_consensus.cc:2468] T bd7172bd14124d30b11fe75d274a1cc4 P 9c8a643152a349268b0f1c2873cef6aa [term 2 FOLLOWER]: Leader election vote request: Granting yes vote for candidate 74e8b5688a6448e6bf630091eaf83054 in term 2.
I20260601 13:39:58.956247  8929 raft_consensus.cc:1240] T bd7172bd14124d30b11fe75d274a1cc4 P 9c8a643152a349268b0f1c2873cef6aa [term 2 FOLLOWER]: Rejecting Update request from peer 05688d4c7fd241e8ae6795eea3cacb11 for earlier term 1. Current term is 2. Ops: []
I20260601 13:39:58.956324  9005 tablet_service.cc:1917] Received RequestConsensusVote() RPC: tablet_id: "bd7172bd14124d30b11fe75d274a1cc4" candidate_uuid: "74e8b5688a6448e6bf630091eaf83054" candidate_term: 2 candidate_status { last_received { term: 1 index: 1 } } ignore_live_leader: true dest_uuid: "05688d4c7fd241e8ae6795eea3cacb11"
I20260601 13:39:58.956396  8817 leader_election.cc:304] T bd7172bd14124d30b11fe75d274a1cc4 P 74e8b5688a6448e6bf630091eaf83054 [CANDIDATE]: Term 2 election: Election decided. Result: candidate won. Election summary: received 2 responses out of 3 voters: 2 yes votes; 0 no votes. yes voters: 74e8b5688a6448e6bf630091eaf83054, 9c8a643152a349268b0f1c2873cef6aa; no voters: 
I20260601 13:39:58.956435  9005 raft_consensus.cc:3055] T bd7172bd14124d30b11fe75d274a1cc4 P 05688d4c7fd241e8ae6795eea3cacb11 [term 1 LEADER]: Stepping down as leader of term 1
I20260601 13:39:58.956466  9005 raft_consensus.cc:740] T bd7172bd14124d30b11fe75d274a1cc4 P 05688d4c7fd241e8ae6795eea3cacb11 [term 1 LEADER]: Becoming Follower/Learner. State: Replica: 05688d4c7fd241e8ae6795eea3cacb11, State: Running, Role: LEADER
I20260601 13:39:58.956593  9072 raft_consensus.cc:2804] T bd7172bd14124d30b11fe75d274a1cc4 P 74e8b5688a6448e6bf630091eaf83054 [term 2 FOLLOWER]: Leader election won for term 2
I20260601 13:39:58.956655  9005 consensus_queue.cc:260] T bd7172bd14124d30b11fe75d274a1cc4 P 05688d4c7fd241e8ae6795eea3cacb11 [NON_LEADER]: Queue going to NON_LEADER mode. State: All replicated index: 0, Majority replicated index: 1, Committed index: 1, Last appended: 1.1, Last appended by leader: 1, Current term: 1, Majority size: -1, State: 0, Mode: NON_LEADER, active raft config: opid_index: -1 OBSOLETE_local: false peers { permanent_uuid: "74e8b5688a6448e6bf630091eaf83054" member_type: VOTER last_known_addr { host: "127.6.241.193" port: 36449 } } peers { permanent_uuid: "9c8a643152a349268b0f1c2873cef6aa" member_type: VOTER last_known_addr { host: "127.6.241.194" port: 40971 } } peers { permanent_uuid: "05688d4c7fd241e8ae6795eea3cacb11" member_type: VOTER last_known_addr { host: "127.6.241.195" port: 45007 } }
I20260601 13:39:58.956848  9072 raft_consensus.cc:697] T bd7172bd14124d30b11fe75d274a1cc4 P 74e8b5688a6448e6bf630091eaf83054 [term 2 LEADER]: Becoming Leader. State: Replica: 74e8b5688a6448e6bf630091eaf83054, State: Running, Role: LEADER
I20260601 13:39:58.956796  9079 consensus_queue.cc:1059] T bd7172bd14124d30b11fe75d274a1cc4 P 05688d4c7fd241e8ae6795eea3cacb11 [NON_LEADER]: Peer responded invalid term: Peer: permanent_uuid: "9c8a643152a349268b0f1c2873cef6aa" member_type: VOTER last_known_addr { host: "127.6.241.194" port: 40971 }, Status: INVALID_TERM, Last received: 1.1, Next index: 2, Last known committed idx: 1, Time since last communication: 0.000s
I20260601 13:39:58.957028  9072 consensus_queue.cc:237] T bd7172bd14124d30b11fe75d274a1cc4 P 74e8b5688a6448e6bf630091eaf83054 [LEADER]: Queue going to LEADER mode. State: All replicated index: 0, Majority replicated index: 1, Committed index: 1, Last appended: 1.1, Last appended by leader: 1, Current term: 2, Majority size: 2, State: 0, Mode: LEADER, active raft config: opid_index: -1 OBSOLETE_local: false peers { permanent_uuid: "74e8b5688a6448e6bf630091eaf83054" member_type: VOTER last_known_addr { host: "127.6.241.193" port: 36449 } } peers { permanent_uuid: "9c8a643152a349268b0f1c2873cef6aa" member_type: VOTER last_known_addr { host: "127.6.241.194" port: 40971 } } peers { permanent_uuid: "05688d4c7fd241e8ae6795eea3cacb11" member_type: VOTER last_known_addr { host: "127.6.241.195" port: 45007 } }
I20260601 13:39:58.957151  9005 raft_consensus.cc:3060] T bd7172bd14124d30b11fe75d274a1cc4 P 05688d4c7fd241e8ae6795eea3cacb11 [term 1 FOLLOWER]: Advancing to term 2
I20260601 13:39:58.958284  9005 raft_consensus.cc:2468] T bd7172bd14124d30b11fe75d274a1cc4 P 05688d4c7fd241e8ae6795eea3cacb11 [term 2 FOLLOWER]: Leader election vote request: Granting yes vote for candidate 74e8b5688a6448e6bf630091eaf83054 in term 2.
I20260601 13:39:58.958640  8751 catalog_manager.cc:5696] T bd7172bd14124d30b11fe75d274a1cc4 P 74e8b5688a6448e6bf630091eaf83054 reported cstate change: term changed from 1 to 2, leader changed from 05688d4c7fd241e8ae6795eea3cacb11 (127.6.241.195) to 74e8b5688a6448e6bf630091eaf83054 (127.6.241.193). New cstate: current_term: 2 leader_uuid: "74e8b5688a6448e6bf630091eaf83054" committed_config { opid_index: -1 OBSOLETE_local: false peers { permanent_uuid: "74e8b5688a6448e6bf630091eaf83054" member_type: VOTER last_known_addr { host: "127.6.241.193" port: 36449 } health_report { overall_health: HEALTHY } } peers { permanent_uuid: "9c8a643152a349268b0f1c2873cef6aa" member_type: VOTER last_known_addr { host: "127.6.241.194" port: 40971 } health_report { overall_health: UNKNOWN } } peers { permanent_uuid: "05688d4c7fd241e8ae6795eea3cacb11" member_type: VOTER last_known_addr { host: "127.6.241.195" port: 45007 } health_report { overall_health: UNKNOWN } } }
I20260601 13:39:59.405859  8929 raft_consensus.cc:1275] T bd7172bd14124d30b11fe75d274a1cc4 P 9c8a643152a349268b0f1c2873cef6aa [term 2 FOLLOWER]: Refusing update from remote peer 74e8b5688a6448e6bf630091eaf83054: Log matching property violated. Preceding OpId in replica: term: 1 index: 1. Preceding OpId from leader: term: 2 index: 2. (index mismatch)
I20260601 13:39:59.406383  9072 consensus_queue.cc:1048] T bd7172bd14124d30b11fe75d274a1cc4 P 74e8b5688a6448e6bf630091eaf83054 [LEADER]: Connected to new peer: Peer: permanent_uuid: "9c8a643152a349268b0f1c2873cef6aa" member_type: VOTER last_known_addr { host: "127.6.241.194" port: 40971 }, Status: LMP_MISMATCH, Last received: 0.0, Next index: 2, Last known committed idx: 1, Time since last communication: 0.000s
I20260601 13:39:59.408195  9005 raft_consensus.cc:1275] T bd7172bd14124d30b11fe75d274a1cc4 P 05688d4c7fd241e8ae6795eea3cacb11 [term 2 FOLLOWER]: Refusing update from remote peer 74e8b5688a6448e6bf630091eaf83054: Log matching property violated. Preceding OpId in replica: term: 1 index: 1. Preceding OpId from leader: term: 2 index: 2. (index mismatch)
I20260601 13:39:59.408726  9083 consensus_queue.cc:1048] T bd7172bd14124d30b11fe75d274a1cc4 P 74e8b5688a6448e6bf630091eaf83054 [LEADER]: Connected to new peer: Peer: permanent_uuid: "05688d4c7fd241e8ae6795eea3cacb11" member_type: VOTER last_known_addr { host: "127.6.241.195" port: 45007 }, Status: LMP_MISMATCH, Last received: 0.0, Next index: 2, Last known committed idx: 1, Time since last communication: 0.000s
I20260601 13:40:00.561122  8805 auto_leader_rebalancer.cc:140] leader rebalance for table test-workload
I20260601 13:40:00.561694  8805 auto_leader_rebalancer.cc:388] table: test-workload, leader rebalance finish, leader transfer count: 0
I20260601 13:40:00.561780  8805 auto_leader_rebalancer.cc:451] All tables' leader rebalancing finished this round
I20260601 13:40:02.562115  8805 auto_leader_rebalancer.cc:140] leader rebalance for table test-workload
I20260601 13:40:02.562618  8805 auto_leader_rebalancer.cc:388] table: test-workload, leader rebalance finish, leader transfer count: 0
I20260601 13:40:02.562707  8805 auto_leader_rebalancer.cc:451] All tables' leader rebalancing finished this round
I20260601 13:40:04.563010  8805 auto_leader_rebalancer.cc:140] leader rebalance for table test-workload
I20260601 13:40:04.563508  8805 auto_leader_rebalancer.cc:388] table: test-workload, leader rebalance finish, leader transfer count: 0
I20260601 13:40:04.563599  8805 auto_leader_rebalancer.cc:451] All tables' leader rebalancing finished this round
I20260601 13:40:06.563922  8805 auto_leader_rebalancer.cc:140] leader rebalance for table test-workload
I20260601 13:40:06.564466  8805 auto_leader_rebalancer.cc:388] table: test-workload, leader rebalance finish, leader transfer count: 0
I20260601 13:40:06.564551  8805 auto_leader_rebalancer.cc:451] All tables' leader rebalancing finished this round
I20260601 13:40:08.564941  8805 auto_leader_rebalancer.cc:140] leader rebalance for table test-workload
I20260601 13:40:08.565541  8805 auto_leader_rebalancer.cc:388] table: test-workload, leader rebalance finish, leader transfer count: 0
I20260601 13:40:08.565620  8805 auto_leader_rebalancer.cc:451] All tables' leader rebalancing finished this round
I20260601 13:40:09.176142  7111 file_cache.cc:492] Constructed file cache file cache with capacity 419430
W20260601 13:40:09.178728  9094 instance_detector.cc:116] could not retrieve Azure instance metadata: Network error: curl error: HTTP response code said error: The requested URL returned error: 404
W20260601 13:40:09.178741  9096 instance_detector.cc:116] could not retrieve OpenStack instance metadata: Network error: curl error: HTTP response code said error: The requested URL returned error: 404
I20260601 13:40:09.178861  7111 server_base.cc:1061] running on GCE node
W20260601 13:40:09.178870  9093 instance_detector.cc:116] could not retrieve AWS instance metadata: Network error: curl error: HTTP response code said error: The requested URL returned error: 404
I20260601 13:40:09.179323  7111 hybrid_clock.cc:584] initializing the hybrid clock with 'system_unsync' time source
W20260601 13:40:09.179380  7111 system_unsync_time.cc:38] NTP support is disabled. Clock error bounds will not be accurate. This configuration is not suitable for distributed clusters.
I20260601 13:40:09.179404  7111 hybrid_clock.cc:648] HybridClock initialized: now 1780321209179403 us; error 0 us; skew 500 ppm
I20260601 13:40:09.180555  7111 webserver.cc:533] Webserver started at http://127.6.241.196:35517/ using document root <none> and password file <none>
I20260601 13:40:09.180719  7111 fs_manager.cc:362] Metadata directory not provided
I20260601 13:40:09.180774  7111 fs_manager.cc:368] Using write-ahead log directory (fs_wal_dir) as metadata directory
I20260601 13:40:09.180869  7111 server_base.cc:909] This appears to be a new deployment of Kudu; creating new FS layout
I20260601 13:40:09.181308  7111 fs_manager.cc:1068] Generated new instance metadata in path /tmp/dist-test-taskLTRSYK/test-tmp/auto_rebalancer-test.0.AutoRebalancerTest.MovesScheduledIfAddTserver.1780321179934117-7111-0/minicluster-data/ts-3-root/instance:
uuid: "898f55091afa49f484ad6d0ef2d4e07d"
format_stamp: "Formatted at 2026-06-01 13:40:09 on dist-test-slave-c6m2"
I20260601 13:40:09.182868  7111 fs_manager.cc:696] Time spent creating directory manager: real 0.001s	user 0.002s	sys 0.000s
I20260601 13:40:09.183840  9101 log_block_manager.cc:4031] Time spent loading block containers with low live blocks: real 0.000s	user 0.000s	sys 0.000s
I20260601 13:40:09.184080  7111 fs_manager.cc:730] Time spent opening block manager: real 0.001s	user 0.001s	sys 0.000s
I20260601 13:40:09.184144  7111 fs_manager.cc:647] Opened local filesystem: /tmp/dist-test-taskLTRSYK/test-tmp/auto_rebalancer-test.0.AutoRebalancerTest.MovesScheduledIfAddTserver.1780321179934117-7111-0/minicluster-data/ts-3-root
uuid: "898f55091afa49f484ad6d0ef2d4e07d"
format_stamp: "Formatted at 2026-06-01 13:40:09 on dist-test-slave-c6m2"
I20260601 13:40:09.184207  7111 fs_report.cc:389] FS layout report
--------------------
wal directory: /tmp/dist-test-taskLTRSYK/test-tmp/auto_rebalancer-test.0.AutoRebalancerTest.MovesScheduledIfAddTserver.1780321179934117-7111-0/minicluster-data/ts-3-root
metadata directory: /tmp/dist-test-taskLTRSYK/test-tmp/auto_rebalancer-test.0.AutoRebalancerTest.MovesScheduledIfAddTserver.1780321179934117-7111-0/minicluster-data/ts-3-root
1 data directories: /tmp/dist-test-taskLTRSYK/test-tmp/auto_rebalancer-test.0.AutoRebalancerTest.MovesScheduledIfAddTserver.1780321179934117-7111-0/minicluster-data/ts-3-root/data
Total live blocks: 0
Total live bytes: 0
Total live bytes (after alignment): 0
Total number of LBM containers: 0 (0 full)
Did not check for missing blocks
Did not check for orphaned blocks
Total full LBM containers with extra space: 0 (0 repaired)
Total full LBM container extra space in bytes: 0 (0 repaired)
Total incomplete LBM containers: 0 (0 repaired)
Total LBM partial records: 0 (0 repaired)
Total corrupted LBM metadata records in RocksDB: 0 (0 repaired)
I20260601 13:40:09.200124  7111 rpc_server.cc:225] running with OpenSSL 1.1.1  11 Sep 2018
I20260601 13:40:09.200786  7111 kserver.cc:163] Server-wide thread pool size limit: 3276
I20260601 13:40:09.201118  7111 txn_system_client.cc:432] TxnSystemClient initialization is disabled...
I20260601 13:40:09.201676  7111 ts_tablet_manager.cc:585] Loaded tablet metadata (0 total tablets, 0 live tablets)
I20260601 13:40:09.201715  7111 ts_tablet_manager.cc:531] Time spent load tablet metadata: real 0.000s	user 0.000s	sys 0.000s
I20260601 13:40:09.201751  7111 ts_tablet_manager.cc:616] Registered 0 tablets
I20260601 13:40:09.201779  7111 ts_tablet_manager.cc:595] Time spent register tablets: real 0.000s	user 0.000s	sys 0.000s
I20260601 13:40:09.207075  7111 rpc_server.cc:307] RPC server started. Bound to: 127.6.241.196:33457
I20260601 13:40:09.207156  9164 acceptor_pool.cc:272] collecting diagnostics on the listening RPC socket 127.6.241.196:33457 every 8 connection(s)
I20260601 13:40:09.216493  9165 heartbeater.cc:344] Connected to a master server at 127.6.241.254:45409
I20260601 13:40:09.216658  9165 heartbeater.cc:461] Registering TS with master...
I20260601 13:40:09.216965  9165 heartbeater.cc:507] Master 127.6.241.254:45409 requested a full tablet report, sending...
I20260601 13:40:09.217772  8751 ts_manager.cc:194] Registered new tserver with Master: 898f55091afa49f484ad6d0ef2d4e07d (127.6.241.196:33457)
I20260601 13:40:09.218451  8751 master_service.cc:502] Signed X509 certificate for tserver {username='slave'} at 127.0.0.1:45446
I20260601 13:40:09.573571  8854 consensus_queue.cc:237] T bd7172bd14124d30b11fe75d274a1cc4 P 74e8b5688a6448e6bf630091eaf83054 [LEADER]: Queue going to LEADER mode. State: All replicated index: 0, Majority replicated index: 2, Committed index: 2, Last appended: 2.2, Last appended by leader: 1, Current term: 2, Majority size: 2, State: 0, Mode: LEADER, active raft config: opid_index: 3 OBSOLETE_local: false peers { permanent_uuid: "74e8b5688a6448e6bf630091eaf83054" member_type: VOTER last_known_addr { host: "127.6.241.193" port: 36449 } } peers { permanent_uuid: "9c8a643152a349268b0f1c2873cef6aa" member_type: VOTER last_known_addr { host: "127.6.241.194" port: 40971 } attrs { replace: true } } peers { permanent_uuid: "05688d4c7fd241e8ae6795eea3cacb11" member_type: VOTER last_known_addr { host: "127.6.241.195" port: 45007 } } peers { permanent_uuid: "898f55091afa49f484ad6d0ef2d4e07d" member_type: NON_VOTER last_known_addr { host: "127.6.241.196" port: 33457 } attrs { promote: true } }
I20260601 13:40:09.575654  9005 raft_consensus.cc:1275] T bd7172bd14124d30b11fe75d274a1cc4 P 05688d4c7fd241e8ae6795eea3cacb11 [term 2 FOLLOWER]: Refusing update from remote peer 74e8b5688a6448e6bf630091eaf83054: Log matching property violated. Preceding OpId in replica: term: 2 index: 2. Preceding OpId from leader: term: 2 index: 3. (index mismatch)
I20260601 13:40:09.575891  8929 raft_consensus.cc:1275] T bd7172bd14124d30b11fe75d274a1cc4 P 9c8a643152a349268b0f1c2873cef6aa [term 2 FOLLOWER]: Refusing update from remote peer 74e8b5688a6448e6bf630091eaf83054: Log matching property violated. Preceding OpId in replica: term: 2 index: 2. Preceding OpId from leader: term: 2 index: 3. (index mismatch)
I20260601 13:40:09.576212  9172 consensus_queue.cc:1048] T bd7172bd14124d30b11fe75d274a1cc4 P 74e8b5688a6448e6bf630091eaf83054 [LEADER]: Connected to new peer: Peer: permanent_uuid: "05688d4c7fd241e8ae6795eea3cacb11" member_type: VOTER last_known_addr { host: "127.6.241.195" port: 45007 }, Status: LMP_MISMATCH, Last received: 0.0, Next index: 3, Last known committed idx: 2, Time since last communication: 0.000s
I20260601 13:40:09.576514  9173 consensus_queue.cc:1048] T bd7172bd14124d30b11fe75d274a1cc4 P 74e8b5688a6448e6bf630091eaf83054 [LEADER]: Connected to new peer: Peer: permanent_uuid: "9c8a643152a349268b0f1c2873cef6aa" member_type: VOTER last_known_addr { host: "127.6.241.194" port: 40971 } attrs { replace: true }, Status: LMP_MISMATCH, Last received: 0.0, Next index: 3, Last known committed idx: 2, Time since last communication: 0.000s
I20260601 13:40:09.579264  9092 raft_consensus.cc:2955] T bd7172bd14124d30b11fe75d274a1cc4 P 74e8b5688a6448e6bf630091eaf83054 [term 2 LEADER]: Committing config change with OpId 2.3: config changed from index -1 to 3, NON_VOTER 898f55091afa49f484ad6d0ef2d4e07d (127.6.241.196) added. New config: { opid_index: 3 OBSOLETE_local: false peers { permanent_uuid: "74e8b5688a6448e6bf630091eaf83054" member_type: VOTER last_known_addr { host: "127.6.241.193" port: 36449 } } peers { permanent_uuid: "9c8a643152a349268b0f1c2873cef6aa" member_type: VOTER last_known_addr { host: "127.6.241.194" port: 40971 } attrs { replace: true } } peers { permanent_uuid: "05688d4c7fd241e8ae6795eea3cacb11" member_type: VOTER last_known_addr { host: "127.6.241.195" port: 45007 } } peers { permanent_uuid: "898f55091afa49f484ad6d0ef2d4e07d" member_type: NON_VOTER last_known_addr { host: "127.6.241.196" port: 33457 } attrs { promote: true } } }
W20260601 13:40:09.579661  8818 consensus_peers.cc:597] T bd7172bd14124d30b11fe75d274a1cc4 P 74e8b5688a6448e6bf630091eaf83054 -> Peer 898f55091afa49f484ad6d0ef2d4e07d (127.6.241.196:33457): Couldn't send request to peer 898f55091afa49f484ad6d0ef2d4e07d. Error code: TABLET_NOT_FOUND (6). Status: Not found: Tablet not found: bd7172bd14124d30b11fe75d274a1cc4. This is attempt 1: this message will repeat every 5th retry.
I20260601 13:40:09.579689  9005 raft_consensus.cc:2955] T bd7172bd14124d30b11fe75d274a1cc4 P 05688d4c7fd241e8ae6795eea3cacb11 [term 2 FOLLOWER]: Committing config change with OpId 2.3: config changed from index -1 to 3, NON_VOTER 898f55091afa49f484ad6d0ef2d4e07d (127.6.241.196) added. New config: { opid_index: 3 OBSOLETE_local: false peers { permanent_uuid: "74e8b5688a6448e6bf630091eaf83054" member_type: VOTER last_known_addr { host: "127.6.241.193" port: 36449 } } peers { permanent_uuid: "9c8a643152a349268b0f1c2873cef6aa" member_type: VOTER last_known_addr { host: "127.6.241.194" port: 40971 } attrs { replace: true } } peers { permanent_uuid: "05688d4c7fd241e8ae6795eea3cacb11" member_type: VOTER last_known_addr { host: "127.6.241.195" port: 45007 } } peers { permanent_uuid: "898f55091afa49f484ad6d0ef2d4e07d" member_type: NON_VOTER last_known_addr { host: "127.6.241.196" port: 33457 } attrs { promote: true } } }
I20260601 13:40:09.579907  8929 raft_consensus.cc:2955] T bd7172bd14124d30b11fe75d274a1cc4 P 9c8a643152a349268b0f1c2873cef6aa [term 2 FOLLOWER]: Committing config change with OpId 2.3: config changed from index -1 to 3, NON_VOTER 898f55091afa49f484ad6d0ef2d4e07d (127.6.241.196) added. New config: { opid_index: 3 OBSOLETE_local: false peers { permanent_uuid: "74e8b5688a6448e6bf630091eaf83054" member_type: VOTER last_known_addr { host: "127.6.241.193" port: 36449 } } peers { permanent_uuid: "9c8a643152a349268b0f1c2873cef6aa" member_type: VOTER last_known_addr { host: "127.6.241.194" port: 40971 } attrs { replace: true } } peers { permanent_uuid: "05688d4c7fd241e8ae6795eea3cacb11" member_type: VOTER last_known_addr { host: "127.6.241.195" port: 45007 } } peers { permanent_uuid: "898f55091afa49f484ad6d0ef2d4e07d" member_type: NON_VOTER last_known_addr { host: "127.6.241.196" port: 33457 } attrs { promote: true } } }
I20260601 13:40:09.582705  8750 catalog_manager.cc:5696] T bd7172bd14124d30b11fe75d274a1cc4 P 9c8a643152a349268b0f1c2873cef6aa reported cstate change: config changed from index -1 to 3, NON_VOTER 898f55091afa49f484ad6d0ef2d4e07d (127.6.241.196) added. New cstate: current_term: 2 leader_uuid: "74e8b5688a6448e6bf630091eaf83054" committed_config { opid_index: 3 OBSOLETE_local: false peers { permanent_uuid: "74e8b5688a6448e6bf630091eaf83054" member_type: VOTER last_known_addr { host: "127.6.241.193" port: 36449 } } peers { permanent_uuid: "9c8a643152a349268b0f1c2873cef6aa" member_type: VOTER last_known_addr { host: "127.6.241.194" port: 40971 } attrs { replace: true } } peers { permanent_uuid: "05688d4c7fd241e8ae6795eea3cacb11" member_type: VOTER last_known_addr { host: "127.6.241.195" port: 45007 } } peers { permanent_uuid: "898f55091afa49f484ad6d0ef2d4e07d" member_type: NON_VOTER last_known_addr { host: "127.6.241.196" port: 33457 } attrs { promote: true } } }
I20260601 13:40:10.049532  9183 ts_tablet_manager.cc:933] T bd7172bd14124d30b11fe75d274a1cc4 P 898f55091afa49f484ad6d0ef2d4e07d: Initiating tablet copy from peer 74e8b5688a6448e6bf630091eaf83054 (127.6.241.193:36449)
I20260601 13:40:10.050459  9183 tablet_copy_client.cc:323] T bd7172bd14124d30b11fe75d274a1cc4 P 898f55091afa49f484ad6d0ef2d4e07d: tablet copy: Beginning tablet copy session from remote peer at address 127.6.241.193:36449
I20260601 13:40:10.055811  8864 tablet_copy_service.cc:140] P 74e8b5688a6448e6bf630091eaf83054: Received BeginTabletCopySession request for tablet bd7172bd14124d30b11fe75d274a1cc4 from peer 898f55091afa49f484ad6d0ef2d4e07d ({username='slave'} at 127.0.0.1:34876)
I20260601 13:40:10.056041  8864 tablet_copy_service.cc:161] P 74e8b5688a6448e6bf630091eaf83054: Beginning new tablet copy session on tablet bd7172bd14124d30b11fe75d274a1cc4 from peer 898f55091afa49f484ad6d0ef2d4e07d at {username='slave'} at 127.0.0.1:34876: session id = 898f55091afa49f484ad6d0ef2d4e07d-bd7172bd14124d30b11fe75d274a1cc4
I20260601 13:40:10.057840  8864 tablet_copy_source_session.cc:215] T bd7172bd14124d30b11fe75d274a1cc4 P 74e8b5688a6448e6bf630091eaf83054: Tablet Copy: opened 0 blocks and 1 log segments
I20260601 13:40:10.059535  9183 data_dirs.cc:400] Could only allocate 1 dirs of requested 3 for tablet bd7172bd14124d30b11fe75d274a1cc4. 1 dirs total, 0 dirs full, 0 dirs failed
I20260601 13:40:10.062126  9183 tablet_copy_client.cc:806] T bd7172bd14124d30b11fe75d274a1cc4 P 898f55091afa49f484ad6d0ef2d4e07d: tablet copy: Starting download of 0 data blocks...
I20260601 13:40:10.062498  9183 tablet_copy_client.cc:670] T bd7172bd14124d30b11fe75d274a1cc4 P 898f55091afa49f484ad6d0ef2d4e07d: tablet copy: Starting download of 1 WAL segments...
I20260601 13:40:10.064637  9183 tablet_copy_client.cc:538] T bd7172bd14124d30b11fe75d274a1cc4 P 898f55091afa49f484ad6d0ef2d4e07d: tablet copy: Tablet Copy complete. Replacing tablet superblock.
I20260601 13:40:10.066619  9183 tablet_bootstrap.cc:492] T bd7172bd14124d30b11fe75d274a1cc4 P 898f55091afa49f484ad6d0ef2d4e07d: Bootstrap starting.
I20260601 13:40:10.072587  9183 tablet_bootstrap.cc:492] T bd7172bd14124d30b11fe75d274a1cc4 P 898f55091afa49f484ad6d0ef2d4e07d: Bootstrap replayed 1/1 log segments. Stats: ops{read=3 overwritten=0 applied=3 ignored=0} inserts{seen=0 ignored=0} mutations{seen=0 ignored=0} orphaned_commits=0. Pending: 0 replicates
I20260601 13:40:10.072942  9183 tablet_bootstrap.cc:492] T bd7172bd14124d30b11fe75d274a1cc4 P 898f55091afa49f484ad6d0ef2d4e07d: Bootstrap complete.
I20260601 13:40:10.073552  9183 ts_tablet_manager.cc:1403] T bd7172bd14124d30b11fe75d274a1cc4 P 898f55091afa49f484ad6d0ef2d4e07d: Time spent bootstrapping tablet: real 0.007s	user 0.008s	sys 0.000s
I20260601 13:40:10.074205  9183 raft_consensus.cc:359] T bd7172bd14124d30b11fe75d274a1cc4 P 898f55091afa49f484ad6d0ef2d4e07d [term 2 LEARNER]: Replica starting. Triggering 0 pending ops. Active config: opid_index: 3 OBSOLETE_local: false peers { permanent_uuid: "74e8b5688a6448e6bf630091eaf83054" member_type: VOTER last_known_addr { host: "127.6.241.193" port: 36449 } } peers { permanent_uuid: "9c8a643152a349268b0f1c2873cef6aa" member_type: VOTER last_known_addr { host: "127.6.241.194" port: 40971 } attrs { replace: true } } peers { permanent_uuid: "05688d4c7fd241e8ae6795eea3cacb11" member_type: VOTER last_known_addr { host: "127.6.241.195" port: 45007 } } peers { permanent_uuid: "898f55091afa49f484ad6d0ef2d4e07d" member_type: NON_VOTER last_known_addr { host: "127.6.241.196" port: 33457 } attrs { promote: true } }
I20260601 13:40:10.074388  9183 raft_consensus.cc:740] T bd7172bd14124d30b11fe75d274a1cc4 P 898f55091afa49f484ad6d0ef2d4e07d [term 2 LEARNER]: Becoming Follower/Learner. State: Replica: 898f55091afa49f484ad6d0ef2d4e07d, State: Initialized, Role: LEARNER
I20260601 13:40:10.074513  9183 consensus_queue.cc:260] T bd7172bd14124d30b11fe75d274a1cc4 P 898f55091afa49f484ad6d0ef2d4e07d [NON_LEADER]: Queue going to NON_LEADER mode. State: All replicated index: 0, Majority replicated index: 0, Committed index: 3, Last appended: 2.3, Last appended by leader: 3, Current term: 0, Majority size: -1, State: 0, Mode: NON_LEADER, active raft config: opid_index: 3 OBSOLETE_local: false peers { permanent_uuid: "74e8b5688a6448e6bf630091eaf83054" member_type: VOTER last_known_addr { host: "127.6.241.193" port: 36449 } } peers { permanent_uuid: "9c8a643152a349268b0f1c2873cef6aa" member_type: VOTER last_known_addr { host: "127.6.241.194" port: 40971 } attrs { replace: true } } peers { permanent_uuid: "05688d4c7fd241e8ae6795eea3cacb11" member_type: VOTER last_known_addr { host: "127.6.241.195" port: 45007 } } peers { permanent_uuid: "898f55091afa49f484ad6d0ef2d4e07d" member_type: NON_VOTER last_known_addr { host: "127.6.241.196" port: 33457 } attrs { promote: true } }
I20260601 13:40:10.075011  9165 heartbeater.cc:499] Master 127.6.241.254:45409 was elected leader, sending a full tablet report...
I20260601 13:40:10.075011  9183 ts_tablet_manager.cc:1434] T bd7172bd14124d30b11fe75d274a1cc4 P 898f55091afa49f484ad6d0ef2d4e07d: Time spent starting tablet: real 0.001s	user 0.001s	sys 0.000s
I20260601 13:40:10.075805  8864 tablet_copy_service.cc:342] P 74e8b5688a6448e6bf630091eaf83054: Request end of tablet copy session 898f55091afa49f484ad6d0ef2d4e07d-bd7172bd14124d30b11fe75d274a1cc4 received from {username='slave'} at 127.0.0.1:34876
I20260601 13:40:10.075913  8864 tablet_copy_service.cc:434] P 74e8b5688a6448e6bf630091eaf83054: ending tablet copy session 898f55091afa49f484ad6d0ef2d4e07d-bd7172bd14124d30b11fe75d274a1cc4 on tablet bd7172bd14124d30b11fe75d274a1cc4 with peer 898f55091afa49f484ad6d0ef2d4e07d
I20260601 13:40:10.477451  9139 raft_consensus.cc:1217] T bd7172bd14124d30b11fe75d274a1cc4 P 898f55091afa49f484ad6d0ef2d4e07d [term 2 LEARNER]: Deduplicated request from leader. Original: 2.2->[2.3-2.3]   Dedup: 2.3->[]
I20260601 13:40:10.565934  8805 auto_leader_rebalancer.cc:140] leader rebalance for table test-workload
I20260601 13:40:10.566426  8805 auto_leader_rebalancer.cc:388] table: test-workload, leader rebalance finish, leader transfer count: 0
I20260601 13:40:10.566509  8805 auto_leader_rebalancer.cc:451] All tables' leader rebalancing finished this round
I20260601 13:40:11.031272  9190 raft_consensus.cc:1064] T bd7172bd14124d30b11fe75d274a1cc4 P 74e8b5688a6448e6bf630091eaf83054: attempting to promote NON_VOTER 898f55091afa49f484ad6d0ef2d4e07d to VOTER
I20260601 13:40:11.031899  9190 consensus_queue.cc:237] T bd7172bd14124d30b11fe75d274a1cc4 P 74e8b5688a6448e6bf630091eaf83054 [LEADER]: Queue going to LEADER mode. State: All replicated index: 0, Majority replicated index: 3, Committed index: 3, Last appended: 2.3, Last appended by leader: 1, Current term: 2, Majority size: 3, State: 0, Mode: LEADER, active raft config: opid_index: 4 OBSOLETE_local: false peers { permanent_uuid: "74e8b5688a6448e6bf630091eaf83054" member_type: VOTER last_known_addr { host: "127.6.241.193" port: 36449 } } peers { permanent_uuid: "9c8a643152a349268b0f1c2873cef6aa" member_type: VOTER last_known_addr { host: "127.6.241.194" port: 40971 } attrs { replace: true } } peers { permanent_uuid: "05688d4c7fd241e8ae6795eea3cacb11" member_type: VOTER last_known_addr { host: "127.6.241.195" port: 45007 } } peers { permanent_uuid: "898f55091afa49f484ad6d0ef2d4e07d" member_type: VOTER last_known_addr { host: "127.6.241.196" port: 33457 } attrs { promote: false } }
I20260601 13:40:11.033356  9139 raft_consensus.cc:1275] T bd7172bd14124d30b11fe75d274a1cc4 P 898f55091afa49f484ad6d0ef2d4e07d [term 2 LEARNER]: Refusing update from remote peer 74e8b5688a6448e6bf630091eaf83054: Log matching property violated. Preceding OpId in replica: term: 2 index: 3. Preceding OpId from leader: term: 2 index: 4. (index mismatch)
I20260601 13:40:11.033356  9005 raft_consensus.cc:1275] T bd7172bd14124d30b11fe75d274a1cc4 P 05688d4c7fd241e8ae6795eea3cacb11 [term 2 FOLLOWER]: Refusing update from remote peer 74e8b5688a6448e6bf630091eaf83054: Log matching property violated. Preceding OpId in replica: term: 2 index: 3. Preceding OpId from leader: term: 2 index: 4. (index mismatch)
I20260601 13:40:11.033820  8929 raft_consensus.cc:1275] T bd7172bd14124d30b11fe75d274a1cc4 P 9c8a643152a349268b0f1c2873cef6aa [term 2 FOLLOWER]: Refusing update from remote peer 74e8b5688a6448e6bf630091eaf83054: Log matching property violated. Preceding OpId in replica: term: 2 index: 3. Preceding OpId from leader: term: 2 index: 4. (index mismatch)
I20260601 13:40:11.033792  9188 consensus_queue.cc:1048] T bd7172bd14124d30b11fe75d274a1cc4 P 74e8b5688a6448e6bf630091eaf83054 [LEADER]: Connected to new peer: Peer: permanent_uuid: "898f55091afa49f484ad6d0ef2d4e07d" member_type: VOTER last_known_addr { host: "127.6.241.196" port: 33457 } attrs { promote: false }, Status: LMP_MISMATCH, Last received: 0.0, Next index: 4, Last known committed idx: 3, Time since last communication: 0.000s
I20260601 13:40:11.034184  9193 consensus_queue.cc:1048] T bd7172bd14124d30b11fe75d274a1cc4 P 74e8b5688a6448e6bf630091eaf83054 [LEADER]: Connected to new peer: Peer: permanent_uuid: "05688d4c7fd241e8ae6795eea3cacb11" member_type: VOTER last_known_addr { host: "127.6.241.195" port: 45007 }, Status: LMP_MISMATCH, Last received: 0.0, Next index: 4, Last known committed idx: 3, Time since last communication: 0.000s
I20260601 13:40:11.034407  9192 consensus_queue.cc:1048] T bd7172bd14124d30b11fe75d274a1cc4 P 74e8b5688a6448e6bf630091eaf83054 [LEADER]: Connected to new peer: Peer: permanent_uuid: "9c8a643152a349268b0f1c2873cef6aa" member_type: VOTER last_known_addr { host: "127.6.241.194" port: 40971 } attrs { replace: true }, Status: LMP_MISMATCH, Last received: 0.0, Next index: 4, Last known committed idx: 3, Time since last communication: 0.000s
I20260601 13:40:11.036229  9192 raft_consensus.cc:2955] T bd7172bd14124d30b11fe75d274a1cc4 P 74e8b5688a6448e6bf630091eaf83054 [term 2 LEADER]: Committing config change with OpId 2.4: config changed from index 3 to 4, 898f55091afa49f484ad6d0ef2d4e07d (127.6.241.196) changed from NON_VOTER to VOTER. New config: { opid_index: 4 OBSOLETE_local: false peers { permanent_uuid: "74e8b5688a6448e6bf630091eaf83054" member_type: VOTER last_known_addr { host: "127.6.241.193" port: 36449 } } peers { permanent_uuid: "9c8a643152a349268b0f1c2873cef6aa" member_type: VOTER last_known_addr { host: "127.6.241.194" port: 40971 } attrs { replace: true } } peers { permanent_uuid: "05688d4c7fd241e8ae6795eea3cacb11" member_type: VOTER last_known_addr { host: "127.6.241.195" port: 45007 } } peers { permanent_uuid: "898f55091afa49f484ad6d0ef2d4e07d" member_type: VOTER last_known_addr { host: "127.6.241.196" port: 33457 } attrs { promote: false } } }
I20260601 13:40:11.036717  8929 raft_consensus.cc:2955] T bd7172bd14124d30b11fe75d274a1cc4 P 9c8a643152a349268b0f1c2873cef6aa [term 2 FOLLOWER]: Committing config change with OpId 2.4: config changed from index 3 to 4, 898f55091afa49f484ad6d0ef2d4e07d (127.6.241.196) changed from NON_VOTER to VOTER. New config: { opid_index: 4 OBSOLETE_local: false peers { permanent_uuid: "74e8b5688a6448e6bf630091eaf83054" member_type: VOTER last_known_addr { host: "127.6.241.193" port: 36449 } } peers { permanent_uuid: "9c8a643152a349268b0f1c2873cef6aa" member_type: VOTER last_known_addr { host: "127.6.241.194" port: 40971 } attrs { replace: true } } peers { permanent_uuid: "05688d4c7fd241e8ae6795eea3cacb11" member_type: VOTER last_known_addr { host: "127.6.241.195" port: 45007 } } peers { permanent_uuid: "898f55091afa49f484ad6d0ef2d4e07d" member_type: VOTER last_known_addr { host: "127.6.241.196" port: 33457 } attrs { promote: false } } }
I20260601 13:40:11.036715  9005 raft_consensus.cc:2955] T bd7172bd14124d30b11fe75d274a1cc4 P 05688d4c7fd241e8ae6795eea3cacb11 [term 2 FOLLOWER]: Committing config change with OpId 2.4: config changed from index 3 to 4, 898f55091afa49f484ad6d0ef2d4e07d (127.6.241.196) changed from NON_VOTER to VOTER. New config: { opid_index: 4 OBSOLETE_local: false peers { permanent_uuid: "74e8b5688a6448e6bf630091eaf83054" member_type: VOTER last_known_addr { host: "127.6.241.193" port: 36449 } } peers { permanent_uuid: "9c8a643152a349268b0f1c2873cef6aa" member_type: VOTER last_known_addr { host: "127.6.241.194" port: 40971 } attrs { replace: true } } peers { permanent_uuid: "05688d4c7fd241e8ae6795eea3cacb11" member_type: VOTER last_known_addr { host: "127.6.241.195" port: 45007 } } peers { permanent_uuid: "898f55091afa49f484ad6d0ef2d4e07d" member_type: VOTER last_known_addr { host: "127.6.241.196" port: 33457 } attrs { promote: false } } }
I20260601 13:40:11.039075  9139 raft_consensus.cc:2955] T bd7172bd14124d30b11fe75d274a1cc4 P 898f55091afa49f484ad6d0ef2d4e07d [term 2 FOLLOWER]: Committing config change with OpId 2.4: config changed from index 3 to 4, 898f55091afa49f484ad6d0ef2d4e07d (127.6.241.196) changed from NON_VOTER to VOTER. New config: { opid_index: 4 OBSOLETE_local: false peers { permanent_uuid: "74e8b5688a6448e6bf630091eaf83054" member_type: VOTER last_known_addr { host: "127.6.241.193" port: 36449 } } peers { permanent_uuid: "9c8a643152a349268b0f1c2873cef6aa" member_type: VOTER last_known_addr { host: "127.6.241.194" port: 40971 } attrs { replace: true } } peers { permanent_uuid: "05688d4c7fd241e8ae6795eea3cacb11" member_type: VOTER last_known_addr { host: "127.6.241.195" port: 45007 } } peers { permanent_uuid: "898f55091afa49f484ad6d0ef2d4e07d" member_type: VOTER last_known_addr { host: "127.6.241.196" port: 33457 } attrs { promote: false } } }
I20260601 13:40:11.039611  8749 catalog_manager.cc:5696] T bd7172bd14124d30b11fe75d274a1cc4 P 74e8b5688a6448e6bf630091eaf83054 reported cstate change: config changed from index 3 to 4, 898f55091afa49f484ad6d0ef2d4e07d (127.6.241.196) changed from NON_VOTER to VOTER. New cstate: current_term: 2 leader_uuid: "74e8b5688a6448e6bf630091eaf83054" committed_config { opid_index: 4 OBSOLETE_local: false peers { permanent_uuid: "74e8b5688a6448e6bf630091eaf83054" member_type: VOTER last_known_addr { host: "127.6.241.193" port: 36449 } health_report { overall_health: HEALTHY } } peers { permanent_uuid: "9c8a643152a349268b0f1c2873cef6aa" member_type: VOTER last_known_addr { host: "127.6.241.194" port: 40971 } attrs { replace: true } health_report { overall_health: HEALTHY } } peers { permanent_uuid: "05688d4c7fd241e8ae6795eea3cacb11" member_type: VOTER last_known_addr { host: "127.6.241.195" port: 45007 } health_report { overall_health: HEALTHY } } peers { permanent_uuid: "898f55091afa49f484ad6d0ef2d4e07d" member_type: VOTER last_known_addr { host: "127.6.241.196" port: 33457 } attrs { promote: false } health_report { overall_health: HEALTHY } } }
I20260601 13:40:11.045287  8854 consensus_queue.cc:237] T bd7172bd14124d30b11fe75d274a1cc4 P 74e8b5688a6448e6bf630091eaf83054 [LEADER]: Queue going to LEADER mode. State: All replicated index: 0, Majority replicated index: 4, Committed index: 4, Last appended: 2.4, Last appended by leader: 1, Current term: 2, Majority size: 2, State: 0, Mode: LEADER, active raft config: opid_index: 5 OBSOLETE_local: false peers { permanent_uuid: "74e8b5688a6448e6bf630091eaf83054" member_type: VOTER last_known_addr { host: "127.6.241.193" port: 36449 } } peers { permanent_uuid: "05688d4c7fd241e8ae6795eea3cacb11" member_type: VOTER last_known_addr { host: "127.6.241.195" port: 45007 } } peers { permanent_uuid: "898f55091afa49f484ad6d0ef2d4e07d" member_type: VOTER last_known_addr { host: "127.6.241.196" port: 33457 } attrs { promote: false } }
I20260601 13:40:11.046833  9005 raft_consensus.cc:1275] T bd7172bd14124d30b11fe75d274a1cc4 P 05688d4c7fd241e8ae6795eea3cacb11 [term 2 FOLLOWER]: Refusing update from remote peer 74e8b5688a6448e6bf630091eaf83054: Log matching property violated. Preceding OpId in replica: term: 2 index: 4. Preceding OpId from leader: term: 2 index: 5. (index mismatch)
I20260601 13:40:11.047312  9193 consensus_queue.cc:1048] T bd7172bd14124d30b11fe75d274a1cc4 P 74e8b5688a6448e6bf630091eaf83054 [LEADER]: Connected to new peer: Peer: permanent_uuid: "05688d4c7fd241e8ae6795eea3cacb11" member_type: VOTER last_known_addr { host: "127.6.241.195" port: 45007 }, Status: LMP_MISMATCH, Last received: 0.0, Next index: 5, Last known committed idx: 4, Time since last communication: 0.000s
I20260601 13:40:11.046890  9139 raft_consensus.cc:1275] T bd7172bd14124d30b11fe75d274a1cc4 P 898f55091afa49f484ad6d0ef2d4e07d [term 2 FOLLOWER]: Refusing update from remote peer 74e8b5688a6448e6bf630091eaf83054: Log matching property violated. Preceding OpId in replica: term: 2 index: 4. Preceding OpId from leader: term: 2 index: 5. (index mismatch)
