I20260601 13:39:42.409185 11935 raft_consensus.cc:2468] T 4d9750f1bf7a4e67a230dd2511fd7ca2 P 022f58c01f014057a1095097787e2712 [term 1 FOLLOWER]: Leader election vote request: Granting yes vote for candidate a678cc55c67f436585a62a0102efc7a4 in term 1.
I20260601 13:39:42.409616 12051 leader_election.cc:304] T 4d9750f1bf7a4e67a230dd2511fd7ca2 P a678cc55c67f436585a62a0102efc7a4 [CANDIDATE]: Term 1 election: Election decided. Result: candidate won. Election summary: received 2 responses out of 3 voters: 2 yes votes; 0 no votes. yes voters: 022f58c01f014057a1095097787e2712, a678cc55c67f436585a62a0102efc7a4; no voters: 
I20260601 13:39:42.409794 12140 raft_consensus.cc:2804] T 4d9750f1bf7a4e67a230dd2511fd7ca2 P a678cc55c67f436585a62a0102efc7a4 [term 1 FOLLOWER]: Leader election won for term 1
I20260601 13:39:42.409828 12134 tablet_bootstrap.cc:492] T 93828ce34c4d49f298bc315e8e6f7cca P a678cc55c67f436585a62a0102efc7a4: No bootstrap required, opened a new log
I20260601 13:39:42.409941 12134 ts_tablet_manager.cc:1403] T 93828ce34c4d49f298bc315e8e6f7cca P a678cc55c67f436585a62a0102efc7a4: Time spent bootstrapping tablet: real 0.013s	user 0.000s	sys 0.001s
I20260601 13:39:42.409965 12086 tablet_service.cc:1917] Received RequestConsensusVote() RPC: tablet_id: "95b4ea99bec7435cb1d232a537713ee0" candidate_uuid: "022f58c01f014057a1095097787e2712" candidate_term: 1 candidate_status { last_received { term: 0 index: 0 } } ignore_live_leader: false dest_uuid: "a678cc55c67f436585a62a0102efc7a4" is_pre_election: true
I20260601 13:39:42.410065 12086 raft_consensus.cc:2468] T 95b4ea99bec7435cb1d232a537713ee0 P a678cc55c67f436585a62a0102efc7a4 [term 0 FOLLOWER]: Leader pre-election vote request: Granting yes vote for candidate 022f58c01f014057a1095097787e2712 in term 0.
I20260601 13:39:42.410128 12011 tablet_service.cc:1917] Received RequestConsensusVote() RPC: tablet_id: "95b4ea99bec7435cb1d232a537713ee0" candidate_uuid: "022f58c01f014057a1095097787e2712" candidate_term: 1 candidate_status { last_received { term: 0 index: 0 } } ignore_live_leader: false dest_uuid: "a533f2cf2a8c4a35bf003f0e2eef6cbb"
I20260601 13:39:42.410230 12011 raft_consensus.cc:3060] T 95b4ea99bec7435cb1d232a537713ee0 P a533f2cf2a8c4a35bf003f0e2eef6cbb [term 0 FOLLOWER]: Advancing to term 1
I20260601 13:39:42.410316 12085 tablet_service.cc:1917] Received RequestConsensusVote() RPC: tablet_id: "95b4ea99bec7435cb1d232a537713ee0" candidate_uuid: "022f58c01f014057a1095097787e2712" candidate_term: 1 candidate_status { last_received { term: 0 index: 0 } } ignore_live_leader: false dest_uuid: "a678cc55c67f436585a62a0102efc7a4"
I20260601 13:39:42.410403 12085 raft_consensus.cc:3060] T 95b4ea99bec7435cb1d232a537713ee0 P a678cc55c67f436585a62a0102efc7a4 [term 0 FOLLOWER]: Advancing to term 1
I20260601 13:39:42.410380 12134 raft_consensus.cc:359] T 93828ce34c4d49f298bc315e8e6f7cca P a678cc55c67f436585a62a0102efc7a4 [term 0 FOLLOWER]: Replica starting. Triggering 0 pending ops. Active config: opid_index: -1 OBSOLETE_local: false peers { permanent_uuid: "022f58c01f014057a1095097787e2712" member_type: VOTER last_known_addr { host: "127.10.254.129" port: 33663 } } peers { permanent_uuid: "a533f2cf2a8c4a35bf003f0e2eef6cbb" member_type: VOTER last_known_addr { host: "127.10.254.130" port: 38141 } } peers { permanent_uuid: "a678cc55c67f436585a62a0102efc7a4" member_type: VOTER last_known_addr { host: "127.10.254.131" port: 33557 } }
I20260601 13:39:42.410462 12134 raft_consensus.cc:385] T 93828ce34c4d49f298bc315e8e6f7cca P a678cc55c67f436585a62a0102efc7a4 [term 0 FOLLOWER]: Consensus starting up: Expiring failure detector timer to make a prompt election more likely
I20260601 13:39:42.410494 12134 raft_consensus.cc:740] T 93828ce34c4d49f298bc315e8e6f7cca P a678cc55c67f436585a62a0102efc7a4 [term 0 FOLLOWER]: Becoming Follower/Learner. State: Replica: a678cc55c67f436585a62a0102efc7a4, State: Initialized, Role: FOLLOWER
I20260601 13:39:42.410609 12134 consensus_queue.cc:260] T 93828ce34c4d49f298bc315e8e6f7cca P a678cc55c67f436585a62a0102efc7a4 [NON_LEADER]: Queue going to NON_LEADER mode. State: All replicated index: 0, Majority replicated index: 0, Committed index: 0, Last appended: 0.0, Last appended by leader: 0, Current term: 0, Majority size: -1, State: 0, Mode: NON_LEADER, active raft config: opid_index: -1 OBSOLETE_local: false peers { permanent_uuid: "022f58c01f014057a1095097787e2712" member_type: VOTER last_known_addr { host: "127.10.254.129" port: 33663 } } peers { permanent_uuid: "a533f2cf2a8c4a35bf003f0e2eef6cbb" member_type: VOTER last_known_addr { host: "127.10.254.130" port: 38141 } } peers { permanent_uuid: "a678cc55c67f436585a62a0102efc7a4" member_type: VOTER last_known_addr { host: "127.10.254.131" port: 33557 } }
I20260601 13:39:42.411054 12134 ts_tablet_manager.cc:1434] T 93828ce34c4d49f298bc315e8e6f7cca P a678cc55c67f436585a62a0102efc7a4: Time spent starting tablet: real 0.001s	user 0.000s	sys 0.001s
I20260601 13:39:42.411159 12011 raft_consensus.cc:2468] T 95b4ea99bec7435cb1d232a537713ee0 P a533f2cf2a8c4a35bf003f0e2eef6cbb [term 1 FOLLOWER]: Leader election vote request: Granting yes vote for candidate 022f58c01f014057a1095097787e2712 in term 1.
I20260601 13:39:42.411250 12134 tablet_bootstrap.cc:492] T 412213090626447e9b16d954e8ae19c0 P a678cc55c67f436585a62a0102efc7a4: Bootstrap starting.
I20260601 13:39:42.411391 11898 leader_election.cc:304] T 95b4ea99bec7435cb1d232a537713ee0 P 022f58c01f014057a1095097787e2712 [CANDIDATE]: Term 1 election: Election decided. Result: candidate won. Election summary: received 2 responses out of 3 voters: 2 yes votes; 0 no votes. yes voters: 022f58c01f014057a1095097787e2712, a533f2cf2a8c4a35bf003f0e2eef6cbb; no voters: 
I20260601 13:39:42.411532 12141 raft_consensus.cc:2804] T 95b4ea99bec7435cb1d232a537713ee0 P 022f58c01f014057a1095097787e2712 [term 1 FOLLOWER]: Leader election won for term 1
I20260601 13:39:42.411664 12085 raft_consensus.cc:2468] T 95b4ea99bec7435cb1d232a537713ee0 P a678cc55c67f436585a62a0102efc7a4 [term 1 FOLLOWER]: Leader election vote request: Granting yes vote for candidate 022f58c01f014057a1095097787e2712 in term 1.
I20260601 13:39:42.411747 12141 raft_consensus.cc:697] T 95b4ea99bec7435cb1d232a537713ee0 P 022f58c01f014057a1095097787e2712 [term 1 LEADER]: Becoming Leader. State: Replica: 022f58c01f014057a1095097787e2712, State: Running, Role: LEADER
I20260601 13:39:42.411882 12141 consensus_queue.cc:237] T 95b4ea99bec7435cb1d232a537713ee0 P 022f58c01f014057a1095097787e2712 [LEADER]: Queue going to LEADER mode. State: All replicated index: 0, Majority replicated index: 0, Committed index: 0, Last appended: 0.0, Last appended by leader: 0, Current term: 1, Majority size: 2, State: 0, Mode: LEADER, active raft config: opid_index: -1 OBSOLETE_local: false peers { permanent_uuid: "022f58c01f014057a1095097787e2712" member_type: VOTER last_known_addr { host: "127.10.254.129" port: 33663 } } peers { permanent_uuid: "a533f2cf2a8c4a35bf003f0e2eef6cbb" member_type: VOTER last_known_addr { host: "127.10.254.130" port: 38141 } } peers { permanent_uuid: "a678cc55c67f436585a62a0102efc7a4" member_type: VOTER last_known_addr { host: "127.10.254.131" port: 33557 } }
I20260601 13:39:42.409968 12140 raft_consensus.cc:697] T 4d9750f1bf7a4e67a230dd2511fd7ca2 P a678cc55c67f436585a62a0102efc7a4 [term 1 LEADER]: Becoming Leader. State: Replica: a678cc55c67f436585a62a0102efc7a4, State: Running, Role: LEADER
I20260601 13:39:42.412151 12140 consensus_queue.cc:237] T 4d9750f1bf7a4e67a230dd2511fd7ca2 P a678cc55c67f436585a62a0102efc7a4 [LEADER]: Queue going to LEADER mode. State: All replicated index: 0, Majority replicated index: 0, Committed index: 0, Last appended: 0.0, Last appended by leader: 0, Current term: 1, Majority size: 2, State: 0, Mode: LEADER, active raft config: opid_index: -1 OBSOLETE_local: false peers { permanent_uuid: "a533f2cf2a8c4a35bf003f0e2eef6cbb" member_type: VOTER last_known_addr { host: "127.10.254.130" port: 38141 } } peers { permanent_uuid: "022f58c01f014057a1095097787e2712" member_type: VOTER last_known_addr { host: "127.10.254.129" port: 33663 } } peers { permanent_uuid: "a678cc55c67f436585a62a0102efc7a4" member_type: VOTER last_known_addr { host: "127.10.254.131" port: 33557 } }
I20260601 13:39:42.412230 12011 tablet_service.cc:1917] Received RequestConsensusVote() RPC: tablet_id: "4d9750f1bf7a4e67a230dd2511fd7ca2" candidate_uuid: "a678cc55c67f436585a62a0102efc7a4" candidate_term: 1 candidate_status { last_received { term: 0 index: 0 } } ignore_live_leader: false dest_uuid: "a533f2cf2a8c4a35bf003f0e2eef6cbb" is_pre_election: true
I20260601 13:39:42.412292 12134 tablet_bootstrap.cc:654] T 412213090626447e9b16d954e8ae19c0 P a678cc55c67f436585a62a0102efc7a4: Neither blocks nor log segments found. Creating new log.
I20260601 13:39:42.412314 12011 raft_consensus.cc:2468] T 4d9750f1bf7a4e67a230dd2511fd7ca2 P a533f2cf2a8c4a35bf003f0e2eef6cbb [term 0 FOLLOWER]: Leader pre-election vote request: Granting yes vote for candidate a678cc55c67f436585a62a0102efc7a4 in term 0.
I20260601 13:39:42.412545 12010 tablet_service.cc:1917] Received RequestConsensusVote() RPC: tablet_id: "4d9750f1bf7a4e67a230dd2511fd7ca2" candidate_uuid: "a678cc55c67f436585a62a0102efc7a4" candidate_term: 1 candidate_status { last_received { term: 0 index: 0 } } ignore_live_leader: false dest_uuid: "a533f2cf2a8c4a35bf003f0e2eef6cbb"
I20260601 13:39:42.412627 12010 raft_consensus.cc:3060] T 4d9750f1bf7a4e67a230dd2511fd7ca2 P a533f2cf2a8c4a35bf003f0e2eef6cbb [term 0 FOLLOWER]: Advancing to term 1
I20260601 13:39:42.413488 12010 raft_consensus.cc:2468] T 4d9750f1bf7a4e67a230dd2511fd7ca2 P a533f2cf2a8c4a35bf003f0e2eef6cbb [term 1 FOLLOWER]: Leader election vote request: Granting yes vote for candidate a678cc55c67f436585a62a0102efc7a4 in term 1.
I20260601 13:39:42.413818 12132 tablet_bootstrap.cc:492] T 93828ce34c4d49f298bc315e8e6f7cca P 022f58c01f014057a1095097787e2712: No bootstrap required, opened a new log
I20260601 13:39:42.413882 12134 tablet_bootstrap.cc:492] T 412213090626447e9b16d954e8ae19c0 P a678cc55c67f436585a62a0102efc7a4: No bootstrap required, opened a new log
I20260601 13:39:42.413962 12134 ts_tablet_manager.cc:1403] T 412213090626447e9b16d954e8ae19c0 P a678cc55c67f436585a62a0102efc7a4: Time spent bootstrapping tablet: real 0.003s	user 0.000s	sys 0.002s
I20260601 13:39:42.413930 11832 catalog_manager.cc:5696] T 4d9750f1bf7a4e67a230dd2511fd7ca2 P a678cc55c67f436585a62a0102efc7a4 reported cstate change: term changed from 0 to 1, leader changed from <none> to a678cc55c67f436585a62a0102efc7a4 (127.10.254.131). New cstate: current_term: 1 leader_uuid: "a678cc55c67f436585a62a0102efc7a4" committed_config { opid_index: -1 OBSOLETE_local: false peers { permanent_uuid: "a533f2cf2a8c4a35bf003f0e2eef6cbb" member_type: VOTER last_known_addr { host: "127.10.254.130" port: 38141 } health_report { overall_health: UNKNOWN } } peers { permanent_uuid: "022f58c01f014057a1095097787e2712" member_type: VOTER last_known_addr { host: "127.10.254.129" port: 33663 } health_report { overall_health: UNKNOWN } } peers { permanent_uuid: "a678cc55c67f436585a62a0102efc7a4" member_type: VOTER last_known_addr { host: "127.10.254.131" port: 33557 } health_report { overall_health: HEALTHY } } }
I20260601 13:39:42.414393 12134 raft_consensus.cc:359] T 412213090626447e9b16d954e8ae19c0 P a678cc55c67f436585a62a0102efc7a4 [term 0 FOLLOWER]: Replica starting. Triggering 0 pending ops. Active config: opid_index: -1 OBSOLETE_local: false peers { permanent_uuid: "022f58c01f014057a1095097787e2712" member_type: VOTER last_known_addr { host: "127.10.254.129" port: 33663 } } peers { permanent_uuid: "a533f2cf2a8c4a35bf003f0e2eef6cbb" member_type: VOTER last_known_addr { host: "127.10.254.130" port: 38141 } } peers { permanent_uuid: "a678cc55c67f436585a62a0102efc7a4" member_type: VOTER last_known_addr { host: "127.10.254.131" port: 33557 } }
I20260601 13:39:42.414489 12134 raft_consensus.cc:385] T 412213090626447e9b16d954e8ae19c0 P a678cc55c67f436585a62a0102efc7a4 [term 0 FOLLOWER]: Consensus starting up: Expiring failure detector timer to make a prompt election more likely
I20260601 13:39:42.414538 12134 raft_consensus.cc:740] T 412213090626447e9b16d954e8ae19c0 P a678cc55c67f436585a62a0102efc7a4 [term 0 FOLLOWER]: Becoming Follower/Learner. State: Replica: a678cc55c67f436585a62a0102efc7a4, State: Initialized, Role: FOLLOWER
I20260601 13:39:42.414669 12134 consensus_queue.cc:260] T 412213090626447e9b16d954e8ae19c0 P a678cc55c67f436585a62a0102efc7a4 [NON_LEADER]: Queue going to NON_LEADER mode. State: All replicated index: 0, Majority replicated index: 0, Committed index: 0, Last appended: 0.0, Last appended by leader: 0, Current term: 0, Majority size: -1, State: 0, Mode: NON_LEADER, active raft config: opid_index: -1 OBSOLETE_local: false peers { permanent_uuid: "022f58c01f014057a1095097787e2712" member_type: VOTER last_known_addr { host: "127.10.254.129" port: 33663 } } peers { permanent_uuid: "a533f2cf2a8c4a35bf003f0e2eef6cbb" member_type: VOTER last_known_addr { host: "127.10.254.130" port: 38141 } } peers { permanent_uuid: "a678cc55c67f436585a62a0102efc7a4" member_type: VOTER last_known_addr { host: "127.10.254.131" port: 33557 } }
I20260601 13:39:42.414712 11830 catalog_manager.cc:5696] T 95b4ea99bec7435cb1d232a537713ee0 P 022f58c01f014057a1095097787e2712 reported cstate change: term changed from 0 to 1, leader changed from <none> to 022f58c01f014057a1095097787e2712 (127.10.254.129). New cstate: current_term: 1 leader_uuid: "022f58c01f014057a1095097787e2712" committed_config { opid_index: -1 OBSOLETE_local: false peers { permanent_uuid: "022f58c01f014057a1095097787e2712" member_type: VOTER last_known_addr { host: "127.10.254.129" port: 33663 } health_report { overall_health: HEALTHY } } peers { permanent_uuid: "a533f2cf2a8c4a35bf003f0e2eef6cbb" member_type: VOTER last_known_addr { host: "127.10.254.130" port: 38141 } health_report { overall_health: UNKNOWN } } peers { permanent_uuid: "a678cc55c67f436585a62a0102efc7a4" member_type: VOTER last_known_addr { host: "127.10.254.131" port: 33557 } health_report { overall_health: UNKNOWN } } }
I20260601 13:39:42.414987 12134 ts_tablet_manager.cc:1434] T 412213090626447e9b16d954e8ae19c0 P a678cc55c67f436585a62a0102efc7a4: Time spent starting tablet: real 0.001s	user 0.000s	sys 0.001s
I20260601 13:39:42.415146 12134 tablet_bootstrap.cc:492] T 7774971604bd4fae99fd2606eb430786 P a678cc55c67f436585a62a0102efc7a4: Bootstrap starting.
I20260601 13:39:42.416108 12134 tablet_bootstrap.cc:654] T 7774971604bd4fae99fd2606eb430786 P a678cc55c67f436585a62a0102efc7a4: Neither blocks nor log segments found. Creating new log.
I20260601 13:39:42.413892 12132 ts_tablet_manager.cc:1403] T 93828ce34c4d49f298bc315e8e6f7cca P 022f58c01f014057a1095097787e2712: Time spent bootstrapping tablet: real 0.015s	user 0.002s	sys 0.000s
I20260601 13:39:42.417062 12132 raft_consensus.cc:359] T 93828ce34c4d49f298bc315e8e6f7cca P 022f58c01f014057a1095097787e2712 [term 0 FOLLOWER]: Replica starting. Triggering 0 pending ops. Active config: opid_index: -1 OBSOLETE_local: false peers { permanent_uuid: "022f58c01f014057a1095097787e2712" member_type: VOTER last_known_addr { host: "127.10.254.129" port: 33663 } } peers { permanent_uuid: "a533f2cf2a8c4a35bf003f0e2eef6cbb" member_type: VOTER last_known_addr { host: "127.10.254.130" port: 38141 } } peers { permanent_uuid: "a678cc55c67f436585a62a0102efc7a4" member_type: VOTER last_known_addr { host: "127.10.254.131" port: 33557 } }
I20260601 13:39:42.417150 12132 raft_consensus.cc:385] T 93828ce34c4d49f298bc315e8e6f7cca P 022f58c01f014057a1095097787e2712 [term 0 FOLLOWER]: Consensus starting up: Expiring failure detector timer to make a prompt election more likely
I20260601 13:39:42.417147 12134 tablet_bootstrap.cc:492] T 7774971604bd4fae99fd2606eb430786 P a678cc55c67f436585a62a0102efc7a4: No bootstrap required, opened a new log
I20260601 13:39:42.417227 12132 raft_consensus.cc:740] T 93828ce34c4d49f298bc315e8e6f7cca P 022f58c01f014057a1095097787e2712 [term 0 FOLLOWER]: Becoming Follower/Learner. State: Replica: 022f58c01f014057a1095097787e2712, State: Initialized, Role: FOLLOWER
I20260601 13:39:42.417297 12134 ts_tablet_manager.cc:1403] T 7774971604bd4fae99fd2606eb430786 P a678cc55c67f436585a62a0102efc7a4: Time spent bootstrapping tablet: real 0.002s	user 0.000s	sys 0.002s
I20260601 13:39:42.417341 12132 consensus_queue.cc:260] T 93828ce34c4d49f298bc315e8e6f7cca P 022f58c01f014057a1095097787e2712 [NON_LEADER]: Queue going to NON_LEADER mode. State: All replicated index: 0, Majority replicated index: 0, Committed index: 0, Last appended: 0.0, Last appended by leader: 0, Current term: 0, Majority size: -1, State: 0, Mode: NON_LEADER, active raft config: opid_index: -1 OBSOLETE_local: false peers { permanent_uuid: "022f58c01f014057a1095097787e2712" member_type: VOTER last_known_addr { host: "127.10.254.129" port: 33663 } } peers { permanent_uuid: "a533f2cf2a8c4a35bf003f0e2eef6cbb" member_type: VOTER last_known_addr { host: "127.10.254.130" port: 38141 } } peers { permanent_uuid: "a678cc55c67f436585a62a0102efc7a4" member_type: VOTER last_known_addr { host: "127.10.254.131" port: 33557 } }
I20260601 13:39:42.417582 12132 ts_tablet_manager.cc:1434] T 93828ce34c4d49f298bc315e8e6f7cca P 022f58c01f014057a1095097787e2712: Time spent starting tablet: real 0.001s	user 0.001s	sys 0.000s
I20260601 13:39:42.417681 12134 raft_consensus.cc:359] T 7774971604bd4fae99fd2606eb430786 P a678cc55c67f436585a62a0102efc7a4 [term 0 FOLLOWER]: Replica starting. Triggering 0 pending ops. Active config: opid_index: -1 OBSOLETE_local: false peers { permanent_uuid: "022f58c01f014057a1095097787e2712" member_type: VOTER last_known_addr { host: "127.10.254.129" port: 33663 } } peers { permanent_uuid: "a533f2cf2a8c4a35bf003f0e2eef6cbb" member_type: VOTER last_known_addr { host: "127.10.254.130" port: 38141 } } peers { permanent_uuid: "a678cc55c67f436585a62a0102efc7a4" member_type: VOTER last_known_addr { host: "127.10.254.131" port: 33557 } }
I20260601 13:39:42.417788 12134 raft_consensus.cc:385] T 7774971604bd4fae99fd2606eb430786 P a678cc55c67f436585a62a0102efc7a4 [term 0 FOLLOWER]: Consensus starting up: Expiring failure detector timer to make a prompt election more likely
I20260601 13:39:42.417804 12132 tablet_bootstrap.cc:492] T 412213090626447e9b16d954e8ae19c0 P 022f58c01f014057a1095097787e2712: Bootstrap starting.
I20260601 13:39:42.417824 12134 raft_consensus.cc:740] T 7774971604bd4fae99fd2606eb430786 P a678cc55c67f436585a62a0102efc7a4 [term 0 FOLLOWER]: Becoming Follower/Learner. State: Replica: a678cc55c67f436585a62a0102efc7a4, State: Initialized, Role: FOLLOWER
I20260601 13:39:42.417928 12134 consensus_queue.cc:260] T 7774971604bd4fae99fd2606eb430786 P a678cc55c67f436585a62a0102efc7a4 [NON_LEADER]: Queue going to NON_LEADER mode. State: All replicated index: 0, Majority replicated index: 0, Committed index: 0, Last appended: 0.0, Last appended by leader: 0, Current term: 0, Majority size: -1, State: 0, Mode: NON_LEADER, active raft config: opid_index: -1 OBSOLETE_local: false peers { permanent_uuid: "022f58c01f014057a1095097787e2712" member_type: VOTER last_known_addr { host: "127.10.254.129" port: 33663 } } peers { permanent_uuid: "a533f2cf2a8c4a35bf003f0e2eef6cbb" member_type: VOTER last_known_addr { host: "127.10.254.130" port: 38141 } } peers { permanent_uuid: "a678cc55c67f436585a62a0102efc7a4" member_type: VOTER last_known_addr { host: "127.10.254.131" port: 33557 } }
I20260601 13:39:42.418195 12134 ts_tablet_manager.cc:1434] T 7774971604bd4fae99fd2606eb430786 P a678cc55c67f436585a62a0102efc7a4: Time spent starting tablet: real 0.001s	user 0.000s	sys 0.000s
I20260601 13:39:42.419150 12132 tablet_bootstrap.cc:654] T 412213090626447e9b16d954e8ae19c0 P 022f58c01f014057a1095097787e2712: Neither blocks nor log segments found. Creating new log.
I20260601 13:39:42.420598 12132 tablet_bootstrap.cc:492] T 412213090626447e9b16d954e8ae19c0 P 022f58c01f014057a1095097787e2712: No bootstrap required, opened a new log
I20260601 13:39:42.420697 12132 ts_tablet_manager.cc:1403] T 412213090626447e9b16d954e8ae19c0 P 022f58c01f014057a1095097787e2712: Time spent bootstrapping tablet: real 0.003s	user 0.002s	sys 0.000s
I20260601 13:39:42.421036 12132 raft_consensus.cc:359] T 412213090626447e9b16d954e8ae19c0 P 022f58c01f014057a1095097787e2712 [term 0 FOLLOWER]: Replica starting. Triggering 0 pending ops. Active config: opid_index: -1 OBSOLETE_local: false peers { permanent_uuid: "022f58c01f014057a1095097787e2712" member_type: VOTER last_known_addr { host: "127.10.254.129" port: 33663 } } peers { permanent_uuid: "a533f2cf2a8c4a35bf003f0e2eef6cbb" member_type: VOTER last_known_addr { host: "127.10.254.130" port: 38141 } } peers { permanent_uuid: "a678cc55c67f436585a62a0102efc7a4" member_type: VOTER last_known_addr { host: "127.10.254.131" port: 33557 } }
I20260601 13:39:42.421111 12132 raft_consensus.cc:385] T 412213090626447e9b16d954e8ae19c0 P 022f58c01f014057a1095097787e2712 [term 0 FOLLOWER]: Consensus starting up: Expiring failure detector timer to make a prompt election more likely
I20260601 13:39:42.421132 12132 raft_consensus.cc:740] T 412213090626447e9b16d954e8ae19c0 P 022f58c01f014057a1095097787e2712 [term 0 FOLLOWER]: Becoming Follower/Learner. State: Replica: 022f58c01f014057a1095097787e2712, State: Initialized, Role: FOLLOWER
I20260601 13:39:42.421242 12132 consensus_queue.cc:260] T 412213090626447e9b16d954e8ae19c0 P 022f58c01f014057a1095097787e2712 [NON_LEADER]: Queue going to NON_LEADER mode. State: All replicated index: 0, Majority replicated index: 0, Committed index: 0, Last appended: 0.0, Last appended by leader: 0, Current term: 0, Majority size: -1, State: 0, Mode: NON_LEADER, active raft config: opid_index: -1 OBSOLETE_local: false peers { permanent_uuid: "022f58c01f014057a1095097787e2712" member_type: VOTER last_known_addr { host: "127.10.254.129" port: 33663 } } peers { permanent_uuid: "a533f2cf2a8c4a35bf003f0e2eef6cbb" member_type: VOTER last_known_addr { host: "127.10.254.130" port: 38141 } } peers { permanent_uuid: "a678cc55c67f436585a62a0102efc7a4" member_type: VOTER last_known_addr { host: "127.10.254.131" port: 33557 } }
I20260601 13:39:42.421492 12132 ts_tablet_manager.cc:1434] T 412213090626447e9b16d954e8ae19c0 P 022f58c01f014057a1095097787e2712: Time spent starting tablet: real 0.001s	user 0.000s	sys 0.000s
I20260601 13:39:42.452824 12137 raft_consensus.cc:493] T 7774971604bd4fae99fd2606eb430786 P a533f2cf2a8c4a35bf003f0e2eef6cbb [term 0 FOLLOWER]: Starting pre-election (no leader contacted us within the election timeout)
I20260601 13:39:42.452953 12137 raft_consensus.cc:515] T 7774971604bd4fae99fd2606eb430786 P a533f2cf2a8c4a35bf003f0e2eef6cbb [term 0 FOLLOWER]: Starting pre-election with config: opid_index: -1 OBSOLETE_local: false peers { permanent_uuid: "022f58c01f014057a1095097787e2712" member_type: VOTER last_known_addr { host: "127.10.254.129" port: 33663 } } peers { permanent_uuid: "a533f2cf2a8c4a35bf003f0e2eef6cbb" member_type: VOTER last_known_addr { host: "127.10.254.130" port: 38141 } } peers { permanent_uuid: "a678cc55c67f436585a62a0102efc7a4" member_type: VOTER last_known_addr { host: "127.10.254.131" port: 33557 } }
I20260601 13:39:42.453511 12137 leader_election.cc:290] T 7774971604bd4fae99fd2606eb430786 P a533f2cf2a8c4a35bf003f0e2eef6cbb [CANDIDATE]: Term 1 pre-election: Requested pre-vote from peers 022f58c01f014057a1095097787e2712 (127.10.254.129:33663), a678cc55c67f436585a62a0102efc7a4 (127.10.254.131:33557)
I20260601 13:39:42.457106 11935 tablet_service.cc:1917] Received RequestConsensusVote() RPC: tablet_id: "7774971604bd4fae99fd2606eb430786" candidate_uuid: "a533f2cf2a8c4a35bf003f0e2eef6cbb" candidate_term: 1 candidate_status { last_received { term: 0 index: 0 } } ignore_live_leader: false dest_uuid: "022f58c01f014057a1095097787e2712" is_pre_election: true
I20260601 13:39:42.457190 12085 tablet_service.cc:1917] Received RequestConsensusVote() RPC: tablet_id: "7774971604bd4fae99fd2606eb430786" candidate_uuid: "a533f2cf2a8c4a35bf003f0e2eef6cbb" candidate_term: 1 candidate_status { last_received { term: 0 index: 0 } } ignore_live_leader: false dest_uuid: "a678cc55c67f436585a62a0102efc7a4" is_pre_election: true
I20260601 13:39:42.457268 11935 raft_consensus.cc:2468] T 7774971604bd4fae99fd2606eb430786 P 022f58c01f014057a1095097787e2712 [term 0 FOLLOWER]: Leader pre-election vote request: Granting yes vote for candidate a533f2cf2a8c4a35bf003f0e2eef6cbb in term 0.
I20260601 13:39:42.457356 12085 raft_consensus.cc:2468] T 7774971604bd4fae99fd2606eb430786 P a678cc55c67f436585a62a0102efc7a4 [term 0 FOLLOWER]: Leader pre-election vote request: Granting yes vote for candidate a533f2cf2a8c4a35bf003f0e2eef6cbb in term 0.
I20260601 13:39:42.457636 11976 leader_election.cc:304] T 7774971604bd4fae99fd2606eb430786 P a533f2cf2a8c4a35bf003f0e2eef6cbb [CANDIDATE]: Term 1 pre-election: Election decided. Result: candidate won. Election summary: received 2 responses out of 3 voters: 2 yes votes; 0 no votes. yes voters: 022f58c01f014057a1095097787e2712, a533f2cf2a8c4a35bf003f0e2eef6cbb; no voters: 
I20260601 13:39:42.457861 12137 raft_consensus.cc:2804] T 7774971604bd4fae99fd2606eb430786 P a533f2cf2a8c4a35bf003f0e2eef6cbb [term 0 FOLLOWER]: Leader pre-election won for term 1
I20260601 13:39:42.457908 12137 raft_consensus.cc:493] T 7774971604bd4fae99fd2606eb430786 P a533f2cf2a8c4a35bf003f0e2eef6cbb [term 0 FOLLOWER]: Starting leader election (no leader contacted us within the election timeout)
I20260601 13:39:42.457934 12137 raft_consensus.cc:3060] T 7774971604bd4fae99fd2606eb430786 P a533f2cf2a8c4a35bf003f0e2eef6cbb [term 0 FOLLOWER]: Advancing to term 1
I20260601 13:39:42.458694 12137 raft_consensus.cc:515] T 7774971604bd4fae99fd2606eb430786 P a533f2cf2a8c4a35bf003f0e2eef6cbb [term 1 FOLLOWER]: Starting leader election with config: opid_index: -1 OBSOLETE_local: false peers { permanent_uuid: "022f58c01f014057a1095097787e2712" member_type: VOTER last_known_addr { host: "127.10.254.129" port: 33663 } } peers { permanent_uuid: "a533f2cf2a8c4a35bf003f0e2eef6cbb" member_type: VOTER last_known_addr { host: "127.10.254.130" port: 38141 } } peers { permanent_uuid: "a678cc55c67f436585a62a0102efc7a4" member_type: VOTER last_known_addr { host: "127.10.254.131" port: 33557 } }
I20260601 13:39:42.459084 12137 leader_election.cc:290] T 7774971604bd4fae99fd2606eb430786 P a533f2cf2a8c4a35bf003f0e2eef6cbb [CANDIDATE]: Term 1 election: Requested vote from peers 022f58c01f014057a1095097787e2712 (127.10.254.129:33663), a678cc55c67f436585a62a0102efc7a4 (127.10.254.131:33557)
I20260601 13:39:42.459365 12085 tablet_service.cc:1917] Received RequestConsensusVote() RPC: tablet_id: "7774971604bd4fae99fd2606eb430786" candidate_uuid: "a533f2cf2a8c4a35bf003f0e2eef6cbb" candidate_term: 1 candidate_status { last_received { term: 0 index: 0 } } ignore_live_leader: false dest_uuid: "a678cc55c67f436585a62a0102efc7a4"
I20260601 13:39:42.459404 11935 tablet_service.cc:1917] Received RequestConsensusVote() RPC: tablet_id: "7774971604bd4fae99fd2606eb430786" candidate_uuid: "a533f2cf2a8c4a35bf003f0e2eef6cbb" candidate_term: 1 candidate_status { last_received { term: 0 index: 0 } } ignore_live_leader: false dest_uuid: "022f58c01f014057a1095097787e2712"
I20260601 13:39:42.459498 12085 raft_consensus.cc:3060] T 7774971604bd4fae99fd2606eb430786 P a678cc55c67f436585a62a0102efc7a4 [term 0 FOLLOWER]: Advancing to term 1
I20260601 13:39:42.459522 11935 raft_consensus.cc:3060] T 7774971604bd4fae99fd2606eb430786 P 022f58c01f014057a1095097787e2712 [term 0 FOLLOWER]: Advancing to term 1
I20260601 13:39:42.460181 12085 raft_consensus.cc:2468] T 7774971604bd4fae99fd2606eb430786 P a678cc55c67f436585a62a0102efc7a4 [term 1 FOLLOWER]: Leader election vote request: Granting yes vote for candidate a533f2cf2a8c4a35bf003f0e2eef6cbb in term 1.
I20260601 13:39:42.460170 11935 raft_consensus.cc:2468] T 7774971604bd4fae99fd2606eb430786 P 022f58c01f014057a1095097787e2712 [term 1 FOLLOWER]: Leader election vote request: Granting yes vote for candidate a533f2cf2a8c4a35bf003f0e2eef6cbb in term 1.
I20260601 13:39:42.460491 11974 leader_election.cc:304] T 7774971604bd4fae99fd2606eb430786 P a533f2cf2a8c4a35bf003f0e2eef6cbb [CANDIDATE]: Term 1 election: Election decided. Result: candidate won. Election summary: received 3 responses out of 3 voters: 3 yes votes; 0 no votes. yes voters: 022f58c01f014057a1095097787e2712, a533f2cf2a8c4a35bf003f0e2eef6cbb, a678cc55c67f436585a62a0102efc7a4; no voters: 
I20260601 13:39:42.460621 12137 raft_consensus.cc:2804] T 7774971604bd4fae99fd2606eb430786 P a533f2cf2a8c4a35bf003f0e2eef6cbb [term 1 FOLLOWER]: Leader election won for term 1
I20260601 13:39:42.460837 12137 raft_consensus.cc:697] T 7774971604bd4fae99fd2606eb430786 P a533f2cf2a8c4a35bf003f0e2eef6cbb [term 1 LEADER]: Becoming Leader. State: Replica: a533f2cf2a8c4a35bf003f0e2eef6cbb, State: Running, Role: LEADER
I20260601 13:39:42.460981 12137 consensus_queue.cc:237] T 7774971604bd4fae99fd2606eb430786 P a533f2cf2a8c4a35bf003f0e2eef6cbb [LEADER]: Queue going to LEADER mode. State: All replicated index: 0, Majority replicated index: 0, Committed index: 0, Last appended: 0.0, Last appended by leader: 0, Current term: 1, Majority size: 2, State: 0, Mode: LEADER, active raft config: opid_index: -1 OBSOLETE_local: false peers { permanent_uuid: "022f58c01f014057a1095097787e2712" member_type: VOTER last_known_addr { host: "127.10.254.129" port: 33663 } } peers { permanent_uuid: "a533f2cf2a8c4a35bf003f0e2eef6cbb" member_type: VOTER last_known_addr { host: "127.10.254.130" port: 38141 } } peers { permanent_uuid: "a678cc55c67f436585a62a0102efc7a4" member_type: VOTER last_known_addr { host: "127.10.254.131" port: 33557 } }
I20260601 13:39:42.462473 11830 catalog_manager.cc:5696] T 7774971604bd4fae99fd2606eb430786 P a533f2cf2a8c4a35bf003f0e2eef6cbb reported cstate change: term changed from 0 to 1, leader changed from <none> to a533f2cf2a8c4a35bf003f0e2eef6cbb (127.10.254.130). New cstate: current_term: 1 leader_uuid: "a533f2cf2a8c4a35bf003f0e2eef6cbb" committed_config { opid_index: -1 OBSOLETE_local: false peers { permanent_uuid: "022f58c01f014057a1095097787e2712" member_type: VOTER last_known_addr { host: "127.10.254.129" port: 33663 } health_report { overall_health: UNKNOWN } } peers { permanent_uuid: "a533f2cf2a8c4a35bf003f0e2eef6cbb" member_type: VOTER last_known_addr { host: "127.10.254.130" port: 38141 } health_report { overall_health: HEALTHY } } peers { permanent_uuid: "a678cc55c67f436585a62a0102efc7a4" member_type: VOTER last_known_addr { host: "127.10.254.131" port: 33557 } health_report { overall_health: UNKNOWN } } }
I20260601 13:39:42.466645 12165 raft_consensus.cc:493] T 00c8b79c13ad4883b73587099cb0b4d5 P a678cc55c67f436585a62a0102efc7a4 [term 0 FOLLOWER]: Starting pre-election (no leader contacted us within the election timeout)
I20260601 13:39:42.466728 12165 raft_consensus.cc:515] T 00c8b79c13ad4883b73587099cb0b4d5 P a678cc55c67f436585a62a0102efc7a4 [term 0 FOLLOWER]: Starting pre-election with config: opid_index: -1 OBSOLETE_local: false peers { permanent_uuid: "022f58c01f014057a1095097787e2712" member_type: VOTER last_known_addr { host: "127.10.254.129" port: 33663 } } peers { permanent_uuid: "a533f2cf2a8c4a35bf003f0e2eef6cbb" member_type: VOTER last_known_addr { host: "127.10.254.130" port: 38141 } } peers { permanent_uuid: "a678cc55c67f436585a62a0102efc7a4" member_type: VOTER last_known_addr { host: "127.10.254.131" port: 33557 } }
I20260601 13:39:42.467133 12165 leader_election.cc:290] T 00c8b79c13ad4883b73587099cb0b4d5 P a678cc55c67f436585a62a0102efc7a4 [CANDIDATE]: Term 1 pre-election: Requested pre-vote from peers 022f58c01f014057a1095097787e2712 (127.10.254.129:33663), a533f2cf2a8c4a35bf003f0e2eef6cbb (127.10.254.130:38141)
I20260601 13:39:42.467372 11935 tablet_service.cc:1917] Received RequestConsensusVote() RPC: tablet_id: "00c8b79c13ad4883b73587099cb0b4d5" candidate_uuid: "a678cc55c67f436585a62a0102efc7a4" candidate_term: 1 candidate_status { last_received { term: 0 index: 0 } } ignore_live_leader: false dest_uuid: "022f58c01f014057a1095097787e2712" is_pre_election: true
I20260601 13:39:42.467411 12010 tablet_service.cc:1917] Received RequestConsensusVote() RPC: tablet_id: "00c8b79c13ad4883b73587099cb0b4d5" candidate_uuid: "a678cc55c67f436585a62a0102efc7a4" candidate_term: 1 candidate_status { last_received { term: 0 index: 0 } } ignore_live_leader: false dest_uuid: "a533f2cf2a8c4a35bf003f0e2eef6cbb" is_pre_election: true
I20260601 13:39:42.467468 11935 raft_consensus.cc:2468] T 00c8b79c13ad4883b73587099cb0b4d5 P 022f58c01f014057a1095097787e2712 [term 0 FOLLOWER]: Leader pre-election vote request: Granting yes vote for candidate a678cc55c67f436585a62a0102efc7a4 in term 0.
I20260601 13:39:42.467554 12010 raft_consensus.cc:2468] T 00c8b79c13ad4883b73587099cb0b4d5 P a533f2cf2a8c4a35bf003f0e2eef6cbb [term 0 FOLLOWER]: Leader pre-election vote request: Granting yes vote for candidate a678cc55c67f436585a62a0102efc7a4 in term 0.
I20260601 13:39:42.467739 12051 leader_election.cc:304] T 00c8b79c13ad4883b73587099cb0b4d5 P a678cc55c67f436585a62a0102efc7a4 [CANDIDATE]: Term 1 pre-election: Election decided. Result: candidate won. Election summary: received 2 responses out of 3 voters: 2 yes votes; 0 no votes. yes voters: 022f58c01f014057a1095097787e2712, a678cc55c67f436585a62a0102efc7a4; no voters: 
I20260601 13:39:42.467902 12165 raft_consensus.cc:2804] T 00c8b79c13ad4883b73587099cb0b4d5 P a678cc55c67f436585a62a0102efc7a4 [term 0 FOLLOWER]: Leader pre-election won for term 1
I20260601 13:39:42.467983 12165 raft_consensus.cc:493] T 00c8b79c13ad4883b73587099cb0b4d5 P a678cc55c67f436585a62a0102efc7a4 [term 0 FOLLOWER]: Starting leader election (no leader contacted us within the election timeout)
I20260601 13:39:42.468035 12165 raft_consensus.cc:3060] T 00c8b79c13ad4883b73587099cb0b4d5 P a678cc55c67f436585a62a0102efc7a4 [term 0 FOLLOWER]: Advancing to term 1
I20260601 13:39:42.468775 12165 raft_consensus.cc:515] T 00c8b79c13ad4883b73587099cb0b4d5 P a678cc55c67f436585a62a0102efc7a4 [term 1 FOLLOWER]: Starting leader election with config: opid_index: -1 OBSOLETE_local: false peers { permanent_uuid: "022f58c01f014057a1095097787e2712" member_type: VOTER last_known_addr { host: "127.10.254.129" port: 33663 } } peers { permanent_uuid: "a533f2cf2a8c4a35bf003f0e2eef6cbb" member_type: VOTER last_known_addr { host: "127.10.254.130" port: 38141 } } peers { permanent_uuid: "a678cc55c67f436585a62a0102efc7a4" member_type: VOTER last_known_addr { host: "127.10.254.131" port: 33557 } }
I20260601 13:39:42.469090 12165 leader_election.cc:290] T 00c8b79c13ad4883b73587099cb0b4d5 P a678cc55c67f436585a62a0102efc7a4 [CANDIDATE]: Term 1 election: Requested vote from peers 022f58c01f014057a1095097787e2712 (127.10.254.129:33663), a533f2cf2a8c4a35bf003f0e2eef6cbb (127.10.254.130:38141)
I20260601 13:39:42.469393 12010 tablet_service.cc:1917] Received RequestConsensusVote() RPC: tablet_id: "00c8b79c13ad4883b73587099cb0b4d5" candidate_uuid: "a678cc55c67f436585a62a0102efc7a4" candidate_term: 1 candidate_status { last_received { term: 0 index: 0 } } ignore_live_leader: false dest_uuid: "a533f2cf2a8c4a35bf003f0e2eef6cbb"
I20260601 13:39:42.469527 12010 raft_consensus.cc:3060] T 00c8b79c13ad4883b73587099cb0b4d5 P a533f2cf2a8c4a35bf003f0e2eef6cbb [term 0 FOLLOWER]: Advancing to term 1
I20260601 13:39:42.470296 12010 raft_consensus.cc:2468] T 00c8b79c13ad4883b73587099cb0b4d5 P a533f2cf2a8c4a35bf003f0e2eef6cbb [term 1 FOLLOWER]: Leader election vote request: Granting yes vote for candidate a678cc55c67f436585a62a0102efc7a4 in term 1.
I20260601 13:39:42.470511 11935 tablet_service.cc:1917] Received RequestConsensusVote() RPC: tablet_id: "00c8b79c13ad4883b73587099cb0b4d5" candidate_uuid: "a678cc55c67f436585a62a0102efc7a4" candidate_term: 1 candidate_status { last_received { term: 0 index: 0 } } ignore_live_leader: false dest_uuid: "022f58c01f014057a1095097787e2712"
I20260601 13:39:42.470580 12049 leader_election.cc:304] T 00c8b79c13ad4883b73587099cb0b4d5 P a678cc55c67f436585a62a0102efc7a4 [CANDIDATE]: Term 1 election: Election decided. Result: candidate won. Election summary: received 2 responses out of 3 voters: 2 yes votes; 0 no votes. yes voters: a533f2cf2a8c4a35bf003f0e2eef6cbb, a678cc55c67f436585a62a0102efc7a4; no voters: 
I20260601 13:39:42.470616 11935 raft_consensus.cc:3060] T 00c8b79c13ad4883b73587099cb0b4d5 P 022f58c01f014057a1095097787e2712 [term 0 FOLLOWER]: Advancing to term 1
I20260601 13:39:42.470818 12165 raft_consensus.cc:2804] T 00c8b79c13ad4883b73587099cb0b4d5 P a678cc55c67f436585a62a0102efc7a4 [term 1 FOLLOWER]: Leader election won for term 1
I20260601 13:39:42.470911 12165 raft_consensus.cc:697] T 00c8b79c13ad4883b73587099cb0b4d5 P a678cc55c67f436585a62a0102efc7a4 [term 1 LEADER]: Becoming Leader. State: Replica: a678cc55c67f436585a62a0102efc7a4, State: Running, Role: LEADER
I20260601 13:39:42.471030 12165 consensus_queue.cc:237] T 00c8b79c13ad4883b73587099cb0b4d5 P a678cc55c67f436585a62a0102efc7a4 [LEADER]: Queue going to LEADER mode. State: All replicated index: 0, Majority replicated index: 0, Committed index: 0, Last appended: 0.0, Last appended by leader: 0, Current term: 1, Majority size: 2, State: 0, Mode: LEADER, active raft config: opid_index: -1 OBSOLETE_local: false peers { permanent_uuid: "022f58c01f014057a1095097787e2712" member_type: VOTER last_known_addr { host: "127.10.254.129" port: 33663 } } peers { permanent_uuid: "a533f2cf2a8c4a35bf003f0e2eef6cbb" member_type: VOTER last_known_addr { host: "127.10.254.130" port: 38141 } } peers { permanent_uuid: "a678cc55c67f436585a62a0102efc7a4" member_type: VOTER last_known_addr { host: "127.10.254.131" port: 33557 } }
I20260601 13:39:42.471565 11935 raft_consensus.cc:2468] T 00c8b79c13ad4883b73587099cb0b4d5 P 022f58c01f014057a1095097787e2712 [term 1 FOLLOWER]: Leader election vote request: Granting yes vote for candidate a678cc55c67f436585a62a0102efc7a4 in term 1.
I20260601 13:39:42.472605 11830 catalog_manager.cc:5696] T 00c8b79c13ad4883b73587099cb0b4d5 P a678cc55c67f436585a62a0102efc7a4 reported cstate change: term changed from 0 to 1, leader changed from <none> to a678cc55c67f436585a62a0102efc7a4 (127.10.254.131). New cstate: current_term: 1 leader_uuid: "a678cc55c67f436585a62a0102efc7a4" committed_config { opid_index: -1 OBSOLETE_local: false peers { permanent_uuid: "022f58c01f014057a1095097787e2712" member_type: VOTER last_known_addr { host: "127.10.254.129" port: 33663 } health_report { overall_health: UNKNOWN } } peers { permanent_uuid: "a533f2cf2a8c4a35bf003f0e2eef6cbb" member_type: VOTER last_known_addr { host: "127.10.254.130" port: 38141 } health_report { overall_health: UNKNOWN } } peers { permanent_uuid: "a678cc55c67f436585a62a0102efc7a4" member_type: VOTER last_known_addr { host: "127.10.254.131" port: 33557 } health_report { overall_health: HEALTHY } } }
I20260601 13:39:42.551976 12166 raft_consensus.cc:493] T acb24386c3654feea355e6882942b538 P 022f58c01f014057a1095097787e2712 [term 0 FOLLOWER]: Starting pre-election (no leader contacted us within the election timeout)
I20260601 13:39:42.552120 12166 raft_consensus.cc:515] T acb24386c3654feea355e6882942b538 P 022f58c01f014057a1095097787e2712 [term 0 FOLLOWER]: Starting pre-election with config: opid_index: -1 OBSOLETE_local: false peers { permanent_uuid: "022f58c01f014057a1095097787e2712" member_type: VOTER last_known_addr { host: "127.10.254.129" port: 33663 } } peers { permanent_uuid: "a533f2cf2a8c4a35bf003f0e2eef6cbb" member_type: VOTER last_known_addr { host: "127.10.254.130" port: 38141 } } peers { permanent_uuid: "a678cc55c67f436585a62a0102efc7a4" member_type: VOTER last_known_addr { host: "127.10.254.131" port: 33557 } }
I20260601 13:39:42.552649 12166 leader_election.cc:290] T acb24386c3654feea355e6882942b538 P 022f58c01f014057a1095097787e2712 [CANDIDATE]: Term 1 pre-election: Requested pre-vote from peers a533f2cf2a8c4a35bf003f0e2eef6cbb (127.10.254.130:38141), a678cc55c67f436585a62a0102efc7a4 (127.10.254.131:33557)
I20260601 13:39:42.553191 12010 tablet_service.cc:1917] Received RequestConsensusVote() RPC: tablet_id: "acb24386c3654feea355e6882942b538" candidate_uuid: "022f58c01f014057a1095097787e2712" candidate_term: 1 candidate_status { last_received { term: 0 index: 0 } } ignore_live_leader: false dest_uuid: "a533f2cf2a8c4a35bf003f0e2eef6cbb" is_pre_election: true
I20260601 13:39:42.553221 12085 tablet_service.cc:1917] Received RequestConsensusVote() RPC: tablet_id: "acb24386c3654feea355e6882942b538" candidate_uuid: "022f58c01f014057a1095097787e2712" candidate_term: 1 candidate_status { last_received { term: 0 index: 0 } } ignore_live_leader: false dest_uuid: "a678cc55c67f436585a62a0102efc7a4" is_pre_election: true
I20260601 13:39:42.553298 12010 raft_consensus.cc:2468] T acb24386c3654feea355e6882942b538 P a533f2cf2a8c4a35bf003f0e2eef6cbb [term 0 FOLLOWER]: Leader pre-election vote request: Granting yes vote for candidate 022f58c01f014057a1095097787e2712 in term 0.
I20260601 13:39:42.553392 12085 raft_consensus.cc:2468] T acb24386c3654feea355e6882942b538 P a678cc55c67f436585a62a0102efc7a4 [term 0 FOLLOWER]: Leader pre-election vote request: Granting yes vote for candidate 022f58c01f014057a1095097787e2712 in term 0.
I20260601 13:39:42.553637 11898 leader_election.cc:304] T acb24386c3654feea355e6882942b538 P 022f58c01f014057a1095097787e2712 [CANDIDATE]: Term 1 pre-election: Election decided. Result: candidate won. Election summary: received 2 responses out of 3 voters: 2 yes votes; 0 no votes. yes voters: 022f58c01f014057a1095097787e2712, a533f2cf2a8c4a35bf003f0e2eef6cbb; no voters: 
I20260601 13:39:42.553828 12166 raft_consensus.cc:2804] T acb24386c3654feea355e6882942b538 P 022f58c01f014057a1095097787e2712 [term 0 FOLLOWER]: Leader pre-election won for term 1
I20260601 13:39:42.553887 12166 raft_consensus.cc:493] T acb24386c3654feea355e6882942b538 P 022f58c01f014057a1095097787e2712 [term 0 FOLLOWER]: Starting leader election (no leader contacted us within the election timeout)
I20260601 13:39:42.553937 12166 raft_consensus.cc:3060] T acb24386c3654feea355e6882942b538 P 022f58c01f014057a1095097787e2712 [term 0 FOLLOWER]: Advancing to term 1
I20260601 13:39:42.554781 12137 raft_consensus.cc:493] T 2b38bf5660504670aa114fe65057f046 P a533f2cf2a8c4a35bf003f0e2eef6cbb [term 0 FOLLOWER]: Starting pre-election (no leader contacted us within the election timeout)
I20260601 13:39:42.554893 12137 raft_consensus.cc:515] T 2b38bf5660504670aa114fe65057f046 P a533f2cf2a8c4a35bf003f0e2eef6cbb [term 0 FOLLOWER]: Starting pre-election with config: opid_index: -1 OBSOLETE_local: false peers { permanent_uuid: "022f58c01f014057a1095097787e2712" member_type: VOTER last_known_addr { host: "127.10.254.129" port: 33663 } } peers { permanent_uuid: "a533f2cf2a8c4a35bf003f0e2eef6cbb" member_type: VOTER last_known_addr { host: "127.10.254.130" port: 38141 } } peers { permanent_uuid: "a678cc55c67f436585a62a0102efc7a4" member_type: VOTER last_known_addr { host: "127.10.254.131" port: 33557 } }
I20260601 13:39:42.555183 12166 raft_consensus.cc:515] T acb24386c3654feea355e6882942b538 P 022f58c01f014057a1095097787e2712 [term 1 FOLLOWER]: Starting leader election with config: opid_index: -1 OBSOLETE_local: false peers { permanent_uuid: "022f58c01f014057a1095097787e2712" member_type: VOTER last_known_addr { host: "127.10.254.129" port: 33663 } } peers { permanent_uuid: "a533f2cf2a8c4a35bf003f0e2eef6cbb" member_type: VOTER last_known_addr { host: "127.10.254.130" port: 38141 } } peers { permanent_uuid: "a678cc55c67f436585a62a0102efc7a4" member_type: VOTER last_known_addr { host: "127.10.254.131" port: 33557 } }
I20260601 13:39:42.555284 12137 leader_election.cc:290] T 2b38bf5660504670aa114fe65057f046 P a533f2cf2a8c4a35bf003f0e2eef6cbb [CANDIDATE]: Term 1 pre-election: Requested pre-vote from peers 022f58c01f014057a1095097787e2712 (127.10.254.129:33663), a678cc55c67f436585a62a0102efc7a4 (127.10.254.131:33557)
I20260601 13:39:42.555572 12166 leader_election.cc:290] T acb24386c3654feea355e6882942b538 P 022f58c01f014057a1095097787e2712 [CANDIDATE]: Term 1 election: Requested vote from peers a533f2cf2a8c4a35bf003f0e2eef6cbb (127.10.254.130:38141), a678cc55c67f436585a62a0102efc7a4 (127.10.254.131:33557)
I20260601 13:39:42.555595 12085 tablet_service.cc:1917] Received RequestConsensusVote() RPC: tablet_id: "2b38bf5660504670aa114fe65057f046" candidate_uuid: "a533f2cf2a8c4a35bf003f0e2eef6cbb" candidate_term: 1 candidate_status { last_received { term: 0 index: 0 } } ignore_live_leader: false dest_uuid: "a678cc55c67f436585a62a0102efc7a4" is_pre_election: true
I20260601 13:39:42.555684 11935 tablet_service.cc:1917] Received RequestConsensusVote() RPC: tablet_id: "2b38bf5660504670aa114fe65057f046" candidate_uuid: "a533f2cf2a8c4a35bf003f0e2eef6cbb" candidate_term: 1 candidate_status { last_received { term: 0 index: 0 } } ignore_live_leader: false dest_uuid: "022f58c01f014057a1095097787e2712" is_pre_election: true
I20260601 13:39:42.555692 12085 raft_consensus.cc:2468] T 2b38bf5660504670aa114fe65057f046 P a678cc55c67f436585a62a0102efc7a4 [term 0 FOLLOWER]: Leader pre-election vote request: Granting yes vote for candidate a533f2cf2a8c4a35bf003f0e2eef6cbb in term 0.
I20260601 13:39:42.555846 11935 raft_consensus.cc:2468] T 2b38bf5660504670aa114fe65057f046 P 022f58c01f014057a1095097787e2712 [term 0 FOLLOWER]: Leader pre-election vote request: Granting yes vote for candidate a533f2cf2a8c4a35bf003f0e2eef6cbb in term 0.
I20260601 13:39:42.556018 12010 tablet_service.cc:1917] Received RequestConsensusVote() RPC: tablet_id: "acb24386c3654feea355e6882942b538" candidate_uuid: "022f58c01f014057a1095097787e2712" candidate_term: 1 candidate_status { last_received { term: 0 index: 0 } } ignore_live_leader: false dest_uuid: "a533f2cf2a8c4a35bf003f0e2eef6cbb"
I20260601 13:39:42.556035 11974 leader_election.cc:304] T 2b38bf5660504670aa114fe65057f046 P a533f2cf2a8c4a35bf003f0e2eef6cbb [CANDIDATE]: Term 1 pre-election: Election decided. Result: candidate won. Election summary: received 2 responses out of 3 voters: 2 yes votes; 0 no votes. yes voters: a533f2cf2a8c4a35bf003f0e2eef6cbb, a678cc55c67f436585a62a0102efc7a4; no voters: 
I20260601 13:39:42.556087 12085 tablet_service.cc:1917] Received RequestConsensusVote() RPC: tablet_id: "acb24386c3654feea355e6882942b538" candidate_uuid: "022f58c01f014057a1095097787e2712" candidate_term: 1 candidate_status { last_received { term: 0 index: 0 } } ignore_live_leader: false dest_uuid: "a678cc55c67f436585a62a0102efc7a4"
I20260601 13:39:42.556111 12010 raft_consensus.cc:3060] T acb24386c3654feea355e6882942b538 P a533f2cf2a8c4a35bf003f0e2eef6cbb [term 0 FOLLOWER]: Advancing to term 1
I20260601 13:39:42.556160 12085 raft_consensus.cc:3060] T acb24386c3654feea355e6882942b538 P a678cc55c67f436585a62a0102efc7a4 [term 0 FOLLOWER]: Advancing to term 1
I20260601 13:39:42.556257 12137 raft_consensus.cc:2804] T 2b38bf5660504670aa114fe65057f046 P a533f2cf2a8c4a35bf003f0e2eef6cbb [term 0 FOLLOWER]: Leader pre-election won for term 1
I20260601 13:39:42.556310 12137 raft_consensus.cc:493] T 2b38bf5660504670aa114fe65057f046 P a533f2cf2a8c4a35bf003f0e2eef6cbb [term 0 FOLLOWER]: Starting leader election (no leader contacted us within the election timeout)
I20260601 13:39:42.556352 12137 raft_consensus.cc:3060] T 2b38bf5660504670aa114fe65057f046 P a533f2cf2a8c4a35bf003f0e2eef6cbb [term 0 FOLLOWER]: Advancing to term 1
I20260601 13:39:42.556751 12010 raft_consensus.cc:2468] T acb24386c3654feea355e6882942b538 P a533f2cf2a8c4a35bf003f0e2eef6cbb [term 1 FOLLOWER]: Leader election vote request: Granting yes vote for candidate 022f58c01f014057a1095097787e2712 in term 1.
I20260601 13:39:42.557041 11898 leader_election.cc:304] T acb24386c3654feea355e6882942b538 P 022f58c01f014057a1095097787e2712 [CANDIDATE]: Term 1 election: Election decided. Result: candidate won. Election summary: received 2 responses out of 3 voters: 2 yes votes; 0 no votes. yes voters: 022f58c01f014057a1095097787e2712, a533f2cf2a8c4a35bf003f0e2eef6cbb; no voters: 
I20260601 13:39:42.557034 12085 raft_consensus.cc:2468] T acb24386c3654feea355e6882942b538 P a678cc55c67f436585a62a0102efc7a4 [term 1 FOLLOWER]: Leader election vote request: Granting yes vote for candidate 022f58c01f014057a1095097787e2712 in term 1.
I20260601 13:39:42.557036 12137 raft_consensus.cc:515] T 2b38bf5660504670aa114fe65057f046 P a533f2cf2a8c4a35bf003f0e2eef6cbb [term 1 FOLLOWER]: Starting leader election with config: opid_index: -1 OBSOLETE_local: false peers { permanent_uuid: "022f58c01f014057a1095097787e2712" member_type: VOTER last_known_addr { host: "127.10.254.129" port: 33663 } } peers { permanent_uuid: "a533f2cf2a8c4a35bf003f0e2eef6cbb" member_type: VOTER last_known_addr { host: "127.10.254.130" port: 38141 } } peers { permanent_uuid: "a678cc55c67f436585a62a0102efc7a4" member_type: VOTER last_known_addr { host: "127.10.254.131" port: 33557 } }
I20260601 13:39:42.557225 12166 raft_consensus.cc:2804] T acb24386c3654feea355e6882942b538 P 022f58c01f014057a1095097787e2712 [term 1 FOLLOWER]: Leader election won for term 1
I20260601 13:39:42.557307 12166 raft_consensus.cc:697] T acb24386c3654feea355e6882942b538 P 022f58c01f014057a1095097787e2712 [term 1 LEADER]: Becoming Leader. State: Replica: 022f58c01f014057a1095097787e2712, State: Running, Role: LEADER
