W20260601 13:39:52.865919 10721 leader_election.cc:336] T 00000000000000000000000000000000 P c03ccb3fed7c40839408845c3472ace3 [CANDIDATE]: Term 3 pre-election: RPC error from VoteRequest() call to peer 41b22ef9ef3a423092bd214a3a148979 (127.9.109.188:36297): Network error: Client connection negotiation failed: client connection to 127.9.109.188:36297: connect: Connection refused (error 111)
I20260601 13:39:52.866535 11262 raft_consensus.cc:515] T 00000000000000000000000000000000 P c03ccb3fed7c40839408845c3472ace3 [term 3 FOLLOWER]: Starting leader election with config: opid_index: -1 OBSOLETE_local: false peers { permanent_uuid: "c03ccb3fed7c40839408845c3472ace3" member_type: VOTER last_known_addr { host: "127.9.109.190" port: 39947 } } peers { permanent_uuid: "6fe31e3bbbe343ffae85bdca357be91d" member_type: VOTER last_known_addr { host: "127.9.109.189" port: 38037 } } peers { permanent_uuid: "41b22ef9ef3a423092bd214a3a148979" member_type: VOTER last_known_addr { host: "127.9.109.188" port: 36297 } }
I20260601 13:39:52.866879 11262 leader_election.cc:290] T 00000000000000000000000000000000 P c03ccb3fed7c40839408845c3472ace3 [CANDIDATE]: Term 3 election: Requested vote from peers 6fe31e3bbbe343ffae85bdca357be91d (127.9.109.189:38037), 41b22ef9ef3a423092bd214a3a148979 (127.9.109.188:36297)
I20260601 13:39:52.867244 10812 tablet_service.cc:1917] Received RequestConsensusVote() RPC: tablet_id: "00000000000000000000000000000000" candidate_uuid: "c03ccb3fed7c40839408845c3472ace3" candidate_term: 3 candidate_status { last_received { term: 1 index: 9 } } ignore_live_leader: false dest_uuid: "6fe31e3bbbe343ffae85bdca357be91d"
I20260601 13:39:52.867363 10812 raft_consensus.cc:3060] T 00000000000000000000000000000000 P 6fe31e3bbbe343ffae85bdca357be91d [term 2 FOLLOWER]: Advancing to term 3
W20260601 13:39:52.867853 10721 leader_election.cc:336] T 00000000000000000000000000000000 P c03ccb3fed7c40839408845c3472ace3 [CANDIDATE]: Term 3 election: RPC error from VoteRequest() call to peer 41b22ef9ef3a423092bd214a3a148979 (127.9.109.188:36297): Network error: Client connection negotiation failed: client connection to 127.9.109.188:36297: connect: Connection refused (error 111)
I20260601 13:39:52.868237 10812 raft_consensus.cc:2468] T 00000000000000000000000000000000 P 6fe31e3bbbe343ffae85bdca357be91d [term 3 FOLLOWER]: Leader election vote request: Granting yes vote for candidate c03ccb3fed7c40839408845c3472ace3 in term 3.
I20260601 13:39:52.868531 10720 leader_election.cc:304] T 00000000000000000000000000000000 P c03ccb3fed7c40839408845c3472ace3 [CANDIDATE]: Term 3 election: Election decided. Result: candidate won. Election summary: received 3 responses out of 3 voters: 2 yes votes; 1 no votes. yes voters: 6fe31e3bbbe343ffae85bdca357be91d, c03ccb3fed7c40839408845c3472ace3; no voters: 41b22ef9ef3a423092bd214a3a148979
I20260601 13:39:52.868690 11262 raft_consensus.cc:2804] T 00000000000000000000000000000000 P c03ccb3fed7c40839408845c3472ace3 [term 3 FOLLOWER]: Leader election won for term 3
I20260601 13:39:52.868901 11262 raft_consensus.cc:697] T 00000000000000000000000000000000 P c03ccb3fed7c40839408845c3472ace3 [term 3 LEADER]: Becoming Leader. State: Replica: c03ccb3fed7c40839408845c3472ace3, State: Running, Role: LEADER
I20260601 13:39:52.869061 11262 consensus_queue.cc:237] T 00000000000000000000000000000000 P c03ccb3fed7c40839408845c3472ace3 [LEADER]: Queue going to LEADER mode. State: All replicated index: 0, Majority replicated index: 9, Committed index: 9, Last appended: 1.9, Last appended by leader: 9, Current term: 3, Majority size: 2, State: 0, Mode: LEADER, active raft config: opid_index: -1 OBSOLETE_local: false peers { permanent_uuid: "c03ccb3fed7c40839408845c3472ace3" member_type: VOTER last_known_addr { host: "127.9.109.190" port: 39947 } } peers { permanent_uuid: "6fe31e3bbbe343ffae85bdca357be91d" member_type: VOTER last_known_addr { host: "127.9.109.189" port: 38037 } } peers { permanent_uuid: "41b22ef9ef3a423092bd214a3a148979" member_type: VOTER last_known_addr { host: "127.9.109.188" port: 36297 } }
I20260601 13:39:52.869665 11265 sys_catalog.cc:455] T 00000000000000000000000000000000 P c03ccb3fed7c40839408845c3472ace3 [sys.catalog]: SysCatalogTable state changed. Reason: New leader c03ccb3fed7c40839408845c3472ace3. Latest consensus state: current_term: 3 leader_uuid: "c03ccb3fed7c40839408845c3472ace3" committed_config { opid_index: -1 OBSOLETE_local: false peers { permanent_uuid: "c03ccb3fed7c40839408845c3472ace3" member_type: VOTER last_known_addr { host: "127.9.109.190" port: 39947 } } peers { permanent_uuid: "6fe31e3bbbe343ffae85bdca357be91d" member_type: VOTER last_known_addr { host: "127.9.109.189" port: 38037 } } peers { permanent_uuid: "41b22ef9ef3a423092bd214a3a148979" member_type: VOTER last_known_addr { host: "127.9.109.188" port: 36297 } } }
I20260601 13:39:52.869762 11265 sys_catalog.cc:458] T 00000000000000000000000000000000 P c03ccb3fed7c40839408845c3472ace3 [sys.catalog]: This master's current role is: LEADER
I20260601 13:39:52.870019 11267 catalog_manager.cc:1510] Loading table and tablet metadata into memory...
I20260601 13:39:52.870990 11267 catalog_manager.cc:679] Loaded metadata for table test-workload [id=65f03669f95f41a9a25fcbd2981a9630]
I20260601 13:39:52.871655 11267 tablet_loader.cc:96] loaded metadata for tablet 9e76014c69144a3aa4d21459354fc565 (table test-workload [id=65f03669f95f41a9a25fcbd2981a9630])
I20260601 13:39:52.871904 11267 tablet_loader.cc:96] loaded metadata for tablet c9ab853c6b5046429da8bbdacc78c099 (table test-workload [id=65f03669f95f41a9a25fcbd2981a9630])
I20260601 13:39:52.872051 11267 tablet_loader.cc:96] loaded metadata for tablet eb37994b31694e928cc930f253738976 (table test-workload [id=65f03669f95f41a9a25fcbd2981a9630])
I20260601 13:39:52.872164 11267 catalog_manager.cc:1519] Initializing Kudu cluster ID...
I20260601 13:39:52.872598 11267 catalog_manager.cc:1294] Loaded cluster ID: f7a7236e15aa4fca95e9ca8890694d52
I20260601 13:39:52.872645 11267 catalog_manager.cc:1530] Initializing Kudu internal certificate authority...
I20260601 13:39:52.873196 11267 catalog_manager.cc:1539] Loading token signing keys...
I20260601 13:39:52.873634 11267 catalog_manager.cc:6080] T 00000000000000000000000000000000 P c03ccb3fed7c40839408845c3472ace3: Loaded TSK: 0
I20260601 13:39:52.874082 11267 catalog_manager.cc:1549] Initializing in-progress tserver states...
I20260601 13:39:53.008486 10945 auto_leader_rebalancer.cc:140] leader rebalance for table test-workload
I20260601 13:39:53.008651 10945 auto_leader_rebalancer.cc:451] All tables' leader rebalancing finished this round
I20260601 13:39:53.015038  9654 tablet_server.cc:179] TabletServer@127.9.109.129:0 shutting down...
I20260601 13:39:53.018697  9654 ts_tablet_manager.cc:1507] Shutting down tablet manager...
I20260601 13:39:53.018918  9654 tablet_replica.cc:333] T 9e76014c69144a3aa4d21459354fc565 P d9766f0eaf164576933dab132a7f10ee: stopping tablet replica
I20260601 13:39:53.019035  9654 raft_consensus.cc:2243] T 9e76014c69144a3aa4d21459354fc565 P d9766f0eaf164576933dab132a7f10ee [term 1 LEADER]: Raft consensus shutting down.
I20260601 13:39:53.019142  9654 raft_consensus.cc:2272] T 9e76014c69144a3aa4d21459354fc565 P d9766f0eaf164576933dab132a7f10ee [term 1 FOLLOWER]: Raft consensus is shut down!
I20260601 13:39:53.032091  9654 tablet_server.cc:196] TabletServer@127.9.109.129:0 shutdown complete.
I20260601 13:39:53.034413  9654 tablet_server.cc:179] TabletServer@127.9.109.130:0 shutting down...
I20260601 13:39:53.038251  9654 ts_tablet_manager.cc:1507] Shutting down tablet manager...
I20260601 13:39:53.038486  9654 tablet_replica.cc:333] T c9ab853c6b5046429da8bbdacc78c099 P 0f36b78185444014bf93749fa0700225: stopping tablet replica
I20260601 13:39:53.038630  9654 raft_consensus.cc:2243] T c9ab853c6b5046429da8bbdacc78c099 P 0f36b78185444014bf93749fa0700225 [term 1 LEADER]: Raft consensus shutting down.
I20260601 13:39:53.038777  9654 raft_consensus.cc:2272] T c9ab853c6b5046429da8bbdacc78c099 P 0f36b78185444014bf93749fa0700225 [term 1 FOLLOWER]: Raft consensus is shut down!
I20260601 13:39:53.051664  9654 tablet_server.cc:196] TabletServer@127.9.109.130:0 shutdown complete.
I20260601 13:39:53.053658  9654 tablet_server.cc:179] TabletServer@127.9.109.131:0 shutting down...
I20260601 13:39:53.058161  9654 ts_tablet_manager.cc:1507] Shutting down tablet manager...
I20260601 13:39:53.058431  9654 tablet_replica.cc:333] T eb37994b31694e928cc930f253738976 P 47ebc9478b14465abbd922e62bf26392: stopping tablet replica
I20260601 13:39:53.058564  9654 raft_consensus.cc:2243] T eb37994b31694e928cc930f253738976 P 47ebc9478b14465abbd922e62bf26392 [term 1 LEADER]: Raft consensus shutting down.
I20260601 13:39:53.058719  9654 raft_consensus.cc:2272] T eb37994b31694e928cc930f253738976 P 47ebc9478b14465abbd922e62bf26392 [term 1 FOLLOWER]: Raft consensus is shut down!
I20260601 13:39:53.071343  9654 tablet_server.cc:196] TabletServer@127.9.109.131:0 shutdown complete.
I20260601 13:39:53.073443  9654 master.cc:562] Master@127.9.109.190:39947 shutting down...
I20260601 13:39:53.077317  9654 raft_consensus.cc:2243] T 00000000000000000000000000000000 P c03ccb3fed7c40839408845c3472ace3 [term 3 LEADER]: Raft consensus shutting down.
I20260601 13:39:53.077505  9654 pending_rounds.cc:70] T 00000000000000000000000000000000 P c03ccb3fed7c40839408845c3472ace3: Trying to abort 1 pending ops.
I20260601 13:39:53.077567  9654 pending_rounds.cc:77] T 00000000000000000000000000000000 P c03ccb3fed7c40839408845c3472ace3: Aborting op as it isn't in flight: id { term: 3 index: 10 } timestamp: 7292195605993021440 op_type: NO_OP noop_request { }
I20260601 13:39:53.077633  9654 raft_consensus.cc:2889] T 00000000000000000000000000000000 P c03ccb3fed7c40839408845c3472ace3 [term 3 LEADER]: NO_OP replication failed: Aborted: Op aborted
I20260601 13:39:53.077678  9654 raft_consensus.cc:2272] T 00000000000000000000000000000000 P c03ccb3fed7c40839408845c3472ace3 [term 3 FOLLOWER]: Raft consensus is shut down!
I20260601 13:39:53.077785  9654 tablet_replica.cc:333] T 00000000000000000000000000000000 P c03ccb3fed7c40839408845c3472ace3: stopping tablet replica
I20260601 13:39:53.080615  9654 master.cc:584] Master@127.9.109.190:39947 shutdown complete.
I20260601 13:39:53.082988  9654 master.cc:562] Master@127.9.109.189:38037 shutting down...
I20260601 13:39:53.086444  9654 raft_consensus.cc:2243] T 00000000000000000000000000000000 P 6fe31e3bbbe343ffae85bdca357be91d [term 3 FOLLOWER]: Raft consensus shutting down.
I20260601 13:39:53.086609  9654 raft_consensus.cc:2272] T 00000000000000000000000000000000 P 6fe31e3bbbe343ffae85bdca357be91d [term 3 FOLLOWER]: Raft consensus is shut down!
I20260601 13:39:53.086661  9654 tablet_replica.cc:333] T 00000000000000000000000000000000 P 6fe31e3bbbe343ffae85bdca357be91d: stopping tablet replica
I20260601 13:39:53.099170  9654 master.cc:584] Master@127.9.109.189:38037 shutdown complete.
[       OK ] AutoRebalancerTest.NextLeaderResumesAutoRebalancing (6287 ms)
[ RUN      ] AutoRebalancerTest.MovesScheduledIfAddTserver
I20260601 13:39:53.106659  9654 internal_mini_cluster.cc:156] Creating distributed mini masters. Addrs: 127.9.109.190:45943
I20260601 13:39:53.107057  9654 file_cache.cc:492] Constructed file cache file cache with capacity 419430
W20260601 13:39:53.108701 11268 instance_detector.cc:116] could not retrieve AWS instance metadata: Network error: curl error: HTTP response code said error: The requested URL returned error: 404
W20260601 13:39:53.108714 11271 instance_detector.cc:116] could not retrieve OpenStack instance metadata: Network error: curl error: HTTP response code said error: The requested URL returned error: 404
I20260601 13:39:53.108851  9654 server_base.cc:1061] running on GCE node
W20260601 13:39:53.108948 11269 instance_detector.cc:116] could not retrieve Azure instance metadata: Network error: curl error: HTTP response code said error: The requested URL returned error: 404
I20260601 13:39:53.109145  9654 hybrid_clock.cc:584] initializing the hybrid clock with 'system_unsync' time source
W20260601 13:39:53.109208  9654 system_unsync_time.cc:38] NTP support is disabled. Clock error bounds will not be accurate. This configuration is not suitable for distributed clusters.
I20260601 13:39:53.109241  9654 hybrid_clock.cc:648] HybridClock initialized: now 1780321193109240 us; error 0 us; skew 500 ppm
I20260601 13:39:53.110038  9654 webserver.cc:533] Webserver started at http://127.9.109.190:35401/ using document root <none> and password file <none>
I20260601 13:39:53.110209  9654 fs_manager.cc:362] Metadata directory not provided
I20260601 13:39:53.110276  9654 fs_manager.cc:368] Using write-ahead log directory (fs_wal_dir) as metadata directory
I20260601 13:39:53.110353  9654 server_base.cc:909] This appears to be a new deployment of Kudu; creating new FS layout
I20260601 13:39:53.110733  9654 fs_manager.cc:1068] Generated new instance metadata in path /tmp/dist-test-task7iC4fR/test-tmp/auto_rebalancer-test.0.AutoRebalancerTest.MovesScheduledIfAddTserver.1780321176317301-9654-0/minicluster-data/master-0-root/instance:
uuid: "14df150f058b4965ad5a0c2488446976"
format_stamp: "Formatted at 2026-06-01 13:39:53 on dist-test-slave-pdx4"
I20260601 13:39:53.112353  9654 fs_manager.cc:696] Time spent creating directory manager: real 0.001s	user 0.000s	sys 0.002s
I20260601 13:39:53.113322 11276 log_block_manager.cc:4031] Time spent loading block containers with low live blocks: real 0.000s	user 0.000s	sys 0.000s
I20260601 13:39:53.113601  9654 fs_manager.cc:730] Time spent opening block manager: real 0.001s	user 0.001s	sys 0.000s
I20260601 13:39:53.113678  9654 fs_manager.cc:647] Opened local filesystem: /tmp/dist-test-task7iC4fR/test-tmp/auto_rebalancer-test.0.AutoRebalancerTest.MovesScheduledIfAddTserver.1780321176317301-9654-0/minicluster-data/master-0-root
uuid: "14df150f058b4965ad5a0c2488446976"
format_stamp: "Formatted at 2026-06-01 13:39:53 on dist-test-slave-pdx4"
I20260601 13:39:53.113763  9654 fs_report.cc:389] FS layout report
--------------------
wal directory: /tmp/dist-test-task7iC4fR/test-tmp/auto_rebalancer-test.0.AutoRebalancerTest.MovesScheduledIfAddTserver.1780321176317301-9654-0/minicluster-data/master-0-root
metadata directory: /tmp/dist-test-task7iC4fR/test-tmp/auto_rebalancer-test.0.AutoRebalancerTest.MovesScheduledIfAddTserver.1780321176317301-9654-0/minicluster-data/master-0-root
1 data directories: /tmp/dist-test-task7iC4fR/test-tmp/auto_rebalancer-test.0.AutoRebalancerTest.MovesScheduledIfAddTserver.1780321176317301-9654-0/minicluster-data/master-0-root/data
Total live blocks: 0
Total live bytes: 0
Total live bytes (after alignment): 0
Total number of LBM containers: 0 (0 full)
Did not check for missing blocks
Did not check for orphaned blocks
Total full LBM containers with extra space: 0 (0 repaired)
Total full LBM container extra space in bytes: 0 (0 repaired)
Total incomplete LBM containers: 0 (0 repaired)
Total LBM partial records: 0 (0 repaired)
Total corrupted LBM metadata records in RocksDB: 0 (0 repaired)
I20260601 13:39:53.133623  9654 rpc_server.cc:225] running with OpenSSL 1.1.1  11 Sep 2018
I20260601 13:39:53.134057  9654 kserver.cc:163] Server-wide thread pool size limit: 3276
I20260601 13:39:53.138291  9654 rpc_server.cc:307] RPC server started. Bound to: 127.9.109.190:45943
I20260601 13:39:53.141611 11328 acceptor_pool.cc:272] collecting diagnostics on the listening RPC socket 127.9.109.190:45943 every 8 connection(s)
I20260601 13:39:53.142189 11329 data_dirs.cc:400] Could only allocate 1 dirs of requested 3 for tablet 00000000000000000000000000000000. 1 dirs total, 0 dirs full, 0 dirs failed
I20260601 13:39:53.144119 11329 tablet_bootstrap.cc:492] T 00000000000000000000000000000000 P 14df150f058b4965ad5a0c2488446976: Bootstrap starting.
I20260601 13:39:53.144934 11329 tablet_bootstrap.cc:654] T 00000000000000000000000000000000 P 14df150f058b4965ad5a0c2488446976: Neither blocks nor log segments found. Creating new log.
I20260601 13:39:53.145969 11329 tablet_bootstrap.cc:492] T 00000000000000000000000000000000 P 14df150f058b4965ad5a0c2488446976: No bootstrap required, opened a new log
I20260601 13:39:53.146366 11329 raft_consensus.cc:359] T 00000000000000000000000000000000 P 14df150f058b4965ad5a0c2488446976 [term 0 FOLLOWER]: Replica starting. Triggering 0 pending ops. Active config: opid_index: -1 OBSOLETE_local: true peers { permanent_uuid: "14df150f058b4965ad5a0c2488446976" member_type: VOTER }
I20260601 13:39:53.146452 11329 raft_consensus.cc:385] T 00000000000000000000000000000000 P 14df150f058b4965ad5a0c2488446976 [term 0 FOLLOWER]: Consensus starting up: Expiring failure detector timer to make a prompt election more likely
I20260601 13:39:53.146512 11329 raft_consensus.cc:740] T 00000000000000000000000000000000 P 14df150f058b4965ad5a0c2488446976 [term 0 FOLLOWER]: Becoming Follower/Learner. State: Replica: 14df150f058b4965ad5a0c2488446976, State: Initialized, Role: FOLLOWER
I20260601 13:39:53.146677 11329 consensus_queue.cc:260] T 00000000000000000000000000000000 P 14df150f058b4965ad5a0c2488446976 [NON_LEADER]: Queue going to NON_LEADER mode. State: All replicated index: 0, Majority replicated index: 0, Committed index: 0, Last appended: 0.0, Last appended by leader: 0, Current term: 0, Majority size: -1, State: 0, Mode: NON_LEADER, active raft config: opid_index: -1 OBSOLETE_local: true peers { permanent_uuid: "14df150f058b4965ad5a0c2488446976" member_type: VOTER }
I20260601 13:39:53.146763 11329 raft_consensus.cc:399] T 00000000000000000000000000000000 P 14df150f058b4965ad5a0c2488446976 [term 0 FOLLOWER]: Only one voter in the Raft config. Triggering election immediately
I20260601 13:39:53.146821 11329 raft_consensus.cc:493] T 00000000000000000000000000000000 P 14df150f058b4965ad5a0c2488446976 [term 0 FOLLOWER]: Starting leader election (initial election of a single-replica configuration)
I20260601 13:39:53.146870 11329 raft_consensus.cc:3060] T 00000000000000000000000000000000 P 14df150f058b4965ad5a0c2488446976 [term 0 FOLLOWER]: Advancing to term 1
I20260601 13:39:53.147564 11329 raft_consensus.cc:515] T 00000000000000000000000000000000 P 14df150f058b4965ad5a0c2488446976 [term 1 FOLLOWER]: Starting leader election with config: opid_index: -1 OBSOLETE_local: true peers { permanent_uuid: "14df150f058b4965ad5a0c2488446976" member_type: VOTER }
I20260601 13:39:53.147671 11329 leader_election.cc:304] T 00000000000000000000000000000000 P 14df150f058b4965ad5a0c2488446976 [CANDIDATE]: Term 1 election: Election decided. Result: candidate won. Election summary: received 1 responses out of 1 voters: 1 yes votes; 0 no votes. yes voters: 14df150f058b4965ad5a0c2488446976; no voters: 
I20260601 13:39:53.147922 11329 leader_election.cc:290] T 00000000000000000000000000000000 P 14df150f058b4965ad5a0c2488446976 [CANDIDATE]: Term 1 election: Requested vote from peers 
I20260601 13:39:53.148064 11332 raft_consensus.cc:2804] T 00000000000000000000000000000000 P 14df150f058b4965ad5a0c2488446976 [term 1 FOLLOWER]: Leader election won for term 1
I20260601 13:39:53.148298 11332 raft_consensus.cc:697] T 00000000000000000000000000000000 P 14df150f058b4965ad5a0c2488446976 [term 1 LEADER]: Becoming Leader. State: Replica: 14df150f058b4965ad5a0c2488446976, State: Running, Role: LEADER
I20260601 13:39:53.148389 11329 sys_catalog.cc:565] T 00000000000000000000000000000000 P 14df150f058b4965ad5a0c2488446976 [sys.catalog]: configured and running, proceeding with master startup.
I20260601 13:39:53.148427 11332 consensus_queue.cc:237] T 00000000000000000000000000000000 P 14df150f058b4965ad5a0c2488446976 [LEADER]: Queue going to LEADER mode. State: All replicated index: 0, Majority replicated index: 0, Committed index: 0, Last appended: 0.0, Last appended by leader: 0, Current term: 1, Majority size: 1, State: 0, Mode: LEADER, active raft config: opid_index: -1 OBSOLETE_local: true peers { permanent_uuid: "14df150f058b4965ad5a0c2488446976" member_type: VOTER }
I20260601 13:39:53.148866 11333 sys_catalog.cc:455] T 00000000000000000000000000000000 P 14df150f058b4965ad5a0c2488446976 [sys.catalog]: SysCatalogTable state changed. Reason: RaftConsensus started. Latest consensus state: current_term: 1 leader_uuid: "14df150f058b4965ad5a0c2488446976" committed_config { opid_index: -1 OBSOLETE_local: true peers { permanent_uuid: "14df150f058b4965ad5a0c2488446976" member_type: VOTER } }
I20260601 13:39:53.148916 11334 sys_catalog.cc:455] T 00000000000000000000000000000000 P 14df150f058b4965ad5a0c2488446976 [sys.catalog]: SysCatalogTable state changed. Reason: New leader 14df150f058b4965ad5a0c2488446976. Latest consensus state: current_term: 1 leader_uuid: "14df150f058b4965ad5a0c2488446976" committed_config { opid_index: -1 OBSOLETE_local: true peers { permanent_uuid: "14df150f058b4965ad5a0c2488446976" member_type: VOTER } }
I20260601 13:39:53.149032 11334 sys_catalog.cc:458] T 00000000000000000000000000000000 P 14df150f058b4965ad5a0c2488446976 [sys.catalog]: This master's current role is: LEADER
I20260601 13:39:53.149505 11338 catalog_manager.cc:1510] Loading table and tablet metadata into memory...
I20260601 13:39:53.149017 11333 sys_catalog.cc:458] T 00000000000000000000000000000000 P 14df150f058b4965ad5a0c2488446976 [sys.catalog]: This master's current role is: LEADER
I20260601 13:39:53.150369 11338 catalog_manager.cc:1519] Initializing Kudu cluster ID...
I20260601 13:39:53.150589  9654 internal_mini_cluster.cc:184] Waiting to initialize catalog manager on master 0
I20260601 13:39:53.152235 11338 catalog_manager.cc:1382] Generated new cluster ID: 4a66bb7410ff44a4853c6523544e6c65
I20260601 13:39:53.152302 11338 catalog_manager.cc:1530] Initializing Kudu internal certificate authority...
I20260601 13:39:53.159873 11338 catalog_manager.cc:1405] Generated new certificate authority record
I20260601 13:39:53.160454 11338 catalog_manager.cc:1539] Loading token signing keys...
I20260601 13:39:53.166092 11338 catalog_manager.cc:6069] T 00000000000000000000000000000000 P 14df150f058b4965ad5a0c2488446976: Generated new TSK 0
I20260601 13:39:53.166297 11338 catalog_manager.cc:1549] Initializing in-progress tserver states...
I20260601 13:39:53.183211  9654 file_cache.cc:492] Constructed file cache file cache with capacity 419430
W20260601 13:39:53.185433 11353 instance_detector.cc:116] could not retrieve OpenStack instance metadata: Network error: curl error: HTTP response code said error: The requested URL returned error: 404
I20260601 13:39:53.185501  9654 server_base.cc:1061] running on GCE node
W20260601 13:39:53.185547 11350 instance_detector.cc:116] could not retrieve AWS instance metadata: Network error: curl error: HTTP response code said error: The requested URL returned error: 404
W20260601 13:39:53.185451 11351 instance_detector.cc:116] could not retrieve Azure instance metadata: Network error: curl error: HTTP response code said error: The requested URL returned error: 404
I20260601 13:39:53.185848  9654 hybrid_clock.cc:584] initializing the hybrid clock with 'system_unsync' time source
W20260601 13:39:53.185894  9654 system_unsync_time.cc:38] NTP support is disabled. Clock error bounds will not be accurate. This configuration is not suitable for distributed clusters.
I20260601 13:39:53.185910  9654 hybrid_clock.cc:648] HybridClock initialized: now 1780321193185910 us; error 0 us; skew 500 ppm
I20260601 13:39:53.186712  9654 webserver.cc:533] Webserver started at http://127.9.109.129:37223/ using document root <none> and password file <none>
I20260601 13:39:53.186892  9654 fs_manager.cc:362] Metadata directory not provided
I20260601 13:39:53.186964  9654 fs_manager.cc:368] Using write-ahead log directory (fs_wal_dir) as metadata directory
I20260601 13:39:53.187047  9654 server_base.cc:909] This appears to be a new deployment of Kudu; creating new FS layout
I20260601 13:39:53.187449  9654 fs_manager.cc:1068] Generated new instance metadata in path /tmp/dist-test-task7iC4fR/test-tmp/auto_rebalancer-test.0.AutoRebalancerTest.MovesScheduledIfAddTserver.1780321176317301-9654-0/minicluster-data/ts-0-root/instance:
uuid: "5c764ec38d574a3f95c57d9506525b49"
format_stamp: "Formatted at 2026-06-01 13:39:53 on dist-test-slave-pdx4"
I20260601 13:39:53.189035  9654 fs_manager.cc:696] Time spent creating directory manager: real 0.001s	user 0.002s	sys 0.000s
I20260601 13:39:53.190034 11358 log_block_manager.cc:4031] Time spent loading block containers with low live blocks: real 0.000s	user 0.000s	sys 0.000s
I20260601 13:39:53.190276  9654 fs_manager.cc:730] Time spent opening block manager: real 0.001s	user 0.001s	sys 0.000s
I20260601 13:39:53.190359  9654 fs_manager.cc:647] Opened local filesystem: /tmp/dist-test-task7iC4fR/test-tmp/auto_rebalancer-test.0.AutoRebalancerTest.MovesScheduledIfAddTserver.1780321176317301-9654-0/minicluster-data/ts-0-root
uuid: "5c764ec38d574a3f95c57d9506525b49"
format_stamp: "Formatted at 2026-06-01 13:39:53 on dist-test-slave-pdx4"
I20260601 13:39:53.190441  9654 fs_report.cc:389] FS layout report
--------------------
wal directory: /tmp/dist-test-task7iC4fR/test-tmp/auto_rebalancer-test.0.AutoRebalancerTest.MovesScheduledIfAddTserver.1780321176317301-9654-0/minicluster-data/ts-0-root
metadata directory: /tmp/dist-test-task7iC4fR/test-tmp/auto_rebalancer-test.0.AutoRebalancerTest.MovesScheduledIfAddTserver.1780321176317301-9654-0/minicluster-data/ts-0-root
1 data directories: /tmp/dist-test-task7iC4fR/test-tmp/auto_rebalancer-test.0.AutoRebalancerTest.MovesScheduledIfAddTserver.1780321176317301-9654-0/minicluster-data/ts-0-root/data
Total live blocks: 0
Total live bytes: 0
Total live bytes (after alignment): 0
Total number of LBM containers: 0 (0 full)
Did not check for missing blocks
Did not check for orphaned blocks
Total full LBM containers with extra space: 0 (0 repaired)
Total full LBM container extra space in bytes: 0 (0 repaired)
Total incomplete LBM containers: 0 (0 repaired)
Total LBM partial records: 0 (0 repaired)
Total corrupted LBM metadata records in RocksDB: 0 (0 repaired)
I20260601 13:39:53.199347  9654 rpc_server.cc:225] running with OpenSSL 1.1.1  11 Sep 2018
I20260601 13:39:53.199857  9654 kserver.cc:163] Server-wide thread pool size limit: 3276
I20260601 13:39:53.200165  9654 txn_system_client.cc:432] TxnSystemClient initialization is disabled...
I20260601 13:39:53.200637  9654 ts_tablet_manager.cc:585] Loaded tablet metadata (0 total tablets, 0 live tablets)
I20260601 13:39:53.200699  9654 ts_tablet_manager.cc:531] Time spent load tablet metadata: real 0.000s	user 0.000s	sys 0.000s
I20260601 13:39:53.200757  9654 ts_tablet_manager.cc:616] Registered 0 tablets
I20260601 13:39:53.200804  9654 ts_tablet_manager.cc:595] Time spent register tablets: real 0.000s	user 0.000s	sys 0.000s
I20260601 13:39:53.205396  9654 rpc_server.cc:307] RPC server started. Bound to: 127.9.109.129:33269
I20260601 13:39:53.205439 11421 acceptor_pool.cc:272] collecting diagnostics on the listening RPC socket 127.9.109.129:33269 every 8 connection(s)
I20260601 13:39:53.206301  9654 file_cache.cc:492] Constructed file cache file cache with capacity 419430
W20260601 13:39:53.207952 11427 instance_detector.cc:116] could not retrieve Azure instance metadata: Network error: curl error: HTTP response code said error: The requested URL returned error: 404
W20260601 13:39:53.208050 11426 instance_detector.cc:116] could not retrieve AWS instance metadata: Network error: curl error: HTTP response code said error: The requested URL returned error: 404
I20260601 13:39:53.208073  9654 server_base.cc:1061] running on GCE node
W20260601 13:39:53.208350 11429 instance_detector.cc:116] could not retrieve OpenStack instance metadata: Network error: curl error: HTTP response code said error: The requested URL returned error: 404
I20260601 13:39:53.208599  9654 hybrid_clock.cc:584] initializing the hybrid clock with 'system_unsync' time source
W20260601 13:39:53.208642  9654 system_unsync_time.cc:38] NTP support is disabled. Clock error bounds will not be accurate. This configuration is not suitable for distributed clusters.
I20260601 13:39:53.208658  9654 hybrid_clock.cc:648] HybridClock initialized: now 1780321193208658 us; error 0 us; skew 500 ppm
I20260601 13:39:53.209546  9654 webserver.cc:533] Webserver started at http://127.9.109.130:42721/ using document root <none> and password file <none>
I20260601 13:39:53.209697  9654 fs_manager.cc:362] Metadata directory not provided
I20260601 13:39:53.209748  9654 fs_manager.cc:368] Using write-ahead log directory (fs_wal_dir) as metadata directory
I20260601 13:39:53.209816  9654 server_base.cc:909] This appears to be a new deployment of Kudu; creating new FS layout
I20260601 13:39:53.210270  9654 fs_manager.cc:1068] Generated new instance metadata in path /tmp/dist-test-task7iC4fR/test-tmp/auto_rebalancer-test.0.AutoRebalancerTest.MovesScheduledIfAddTserver.1780321176317301-9654-0/minicluster-data/ts-1-root/instance:
uuid: "6eba6f99c2ee430a9e61ff3a19f0fd03"
format_stamp: "Formatted at 2026-06-01 13:39:53 on dist-test-slave-pdx4"
I20260601 13:39:53.211771 11422 heartbeater.cc:344] Connected to a master server at 127.9.109.190:45943
I20260601 13:39:53.211900 11422 heartbeater.cc:461] Registering TS with master...
I20260601 13:39:53.212150 11422 heartbeater.cc:507] Master 127.9.109.190:45943 requested a full tablet report, sending...
I20260601 13:39:53.212275  9654 fs_manager.cc:696] Time spent creating directory manager: real 0.002s	user 0.000s	sys 0.002s
I20260601 13:39:53.212834 11293 ts_manager.cc:194] Registered new tserver with Master: 5c764ec38d574a3f95c57d9506525b49 (127.9.109.129:33269)
I20260601 13:39:53.213409 11434 log_block_manager.cc:4031] Time spent loading block containers with low live blocks: real 0.000s	user 0.000s	sys 0.000s
I20260601 13:39:53.213678  9654 fs_manager.cc:730] Time spent opening block manager: real 0.001s	user 0.000s	sys 0.001s
I20260601 13:39:53.213747  9654 fs_manager.cc:647] Opened local filesystem: /tmp/dist-test-task7iC4fR/test-tmp/auto_rebalancer-test.0.AutoRebalancerTest.MovesScheduledIfAddTserver.1780321176317301-9654-0/minicluster-data/ts-1-root
uuid: "6eba6f99c2ee430a9e61ff3a19f0fd03"
format_stamp: "Formatted at 2026-06-01 13:39:53 on dist-test-slave-pdx4"
I20260601 13:39:53.213809 11293 master_service.cc:502] Signed X509 certificate for tserver {username='slave'} at 127.0.0.1:56198
I20260601 13:39:53.213838  9654 fs_report.cc:389] FS layout report
--------------------
wal directory: /tmp/dist-test-task7iC4fR/test-tmp/auto_rebalancer-test.0.AutoRebalancerTest.MovesScheduledIfAddTserver.1780321176317301-9654-0/minicluster-data/ts-1-root
metadata directory: /tmp/dist-test-task7iC4fR/test-tmp/auto_rebalancer-test.0.AutoRebalancerTest.MovesScheduledIfAddTserver.1780321176317301-9654-0/minicluster-data/ts-1-root
1 data directories: /tmp/dist-test-task7iC4fR/test-tmp/auto_rebalancer-test.0.AutoRebalancerTest.MovesScheduledIfAddTserver.1780321176317301-9654-0/minicluster-data/ts-1-root/data
Total live blocks: 0
Total live bytes: 0
Total live bytes (after alignment): 0
Total number of LBM containers: 0 (0 full)
Did not check for missing blocks
Did not check for orphaned blocks
Total full LBM containers with extra space: 0 (0 repaired)
Total full LBM container extra space in bytes: 0 (0 repaired)
Total incomplete LBM containers: 0 (0 repaired)
Total LBM partial records: 0 (0 repaired)
Total corrupted LBM metadata records in RocksDB: 0 (0 repaired)
I20260601 13:39:53.221728  9654 rpc_server.cc:225] running with OpenSSL 1.1.1  11 Sep 2018
I20260601 13:39:53.222112  9654 kserver.cc:163] Server-wide thread pool size limit: 3276
I20260601 13:39:53.222424  9654 txn_system_client.cc:432] TxnSystemClient initialization is disabled...
I20260601 13:39:53.222865  9654 ts_tablet_manager.cc:585] Loaded tablet metadata (0 total tablets, 0 live tablets)
I20260601 13:39:53.222925  9654 ts_tablet_manager.cc:531] Time spent load tablet metadata: real 0.000s	user 0.000s	sys 0.000s
I20260601 13:39:53.222980  9654 ts_tablet_manager.cc:616] Registered 0 tablets
I20260601 13:39:53.223016  9654 ts_tablet_manager.cc:595] Time spent register tablets: real 0.000s	user 0.000s	sys 0.000s
I20260601 13:39:53.227012  9654 rpc_server.cc:307] RPC server started. Bound to: 127.9.109.130:33133
I20260601 13:39:53.227093 11497 acceptor_pool.cc:272] collecting diagnostics on the listening RPC socket 127.9.109.130:33133 every 8 connection(s)
I20260601 13:39:53.227892  9654 file_cache.cc:492] Constructed file cache file cache with capacity 419430
W20260601 13:39:53.230177 11501 instance_detector.cc:116] could not retrieve AWS instance metadata: Network error: curl error: HTTP response code said error: The requested URL returned error: 404
W20260601 13:39:53.230640 11502 instance_detector.cc:116] could not retrieve Azure instance metadata: Network error: curl error: HTTP response code said error: The requested URL returned error: 404
W20260601 13:39:53.231549 11504 instance_detector.cc:116] could not retrieve OpenStack instance metadata: Network error: curl error: HTTP response code said error: The requested URL returned error: 404
I20260601 13:39:53.231801  9654 server_base.cc:1061] running on GCE node
I20260601 13:39:53.232013  9654 hybrid_clock.cc:584] initializing the hybrid clock with 'system_unsync' time source
W20260601 13:39:53.232070  9654 system_unsync_time.cc:38] NTP support is disabled. Clock error bounds will not be accurate. This configuration is not suitable for distributed clusters.
I20260601 13:39:53.232093  9654 hybrid_clock.cc:648] HybridClock initialized: now 1780321193232092 us; error 0 us; skew 500 ppm
I20260601 13:39:53.232204 11498 heartbeater.cc:344] Connected to a master server at 127.9.109.190:45943
I20260601 13:39:53.232296 11498 heartbeater.cc:461] Registering TS with master...
I20260601 13:39:53.232545 11498 heartbeater.cc:507] Master 127.9.109.190:45943 requested a full tablet report, sending...
I20260601 13:39:53.233114  9654 webserver.cc:533] Webserver started at http://127.9.109.131:38039/ using document root <none> and password file <none>
I20260601 13:39:53.233232 11293 ts_manager.cc:194] Registered new tserver with Master: 6eba6f99c2ee430a9e61ff3a19f0fd03 (127.9.109.130:33133)
I20260601 13:39:53.233269  9654 fs_manager.cc:362] Metadata directory not provided
I20260601 13:39:53.233330  9654 fs_manager.cc:368] Using write-ahead log directory (fs_wal_dir) as metadata directory
I20260601 13:39:53.233410  9654 server_base.cc:909] This appears to be a new deployment of Kudu; creating new FS layout
I20260601 13:39:53.233846  9654 fs_manager.cc:1068] Generated new instance metadata in path /tmp/dist-test-task7iC4fR/test-tmp/auto_rebalancer-test.0.AutoRebalancerTest.MovesScheduledIfAddTserver.1780321176317301-9654-0/minicluster-data/ts-2-root/instance:
uuid: "ddeac70a063249ffa97bb37b728e61c4"
format_stamp: "Formatted at 2026-06-01 13:39:53 on dist-test-slave-pdx4"
I20260601 13:39:53.233907 11293 master_service.cc:502] Signed X509 certificate for tserver {username='slave'} at 127.0.0.1:56206
I20260601 13:39:53.235348  9654 fs_manager.cc:696] Time spent creating directory manager: real 0.001s	user 0.002s	sys 0.000s
I20260601 13:39:53.236299 11509 log_block_manager.cc:4031] Time spent loading block containers with low live blocks: real 0.000s	user 0.000s	sys 0.000s
I20260601 13:39:53.236574  9654 fs_manager.cc:730] Time spent opening block manager: real 0.001s	user 0.000s	sys 0.000s
I20260601 13:39:53.236632  9654 fs_manager.cc:647] Opened local filesystem: /tmp/dist-test-task7iC4fR/test-tmp/auto_rebalancer-test.0.AutoRebalancerTest.MovesScheduledIfAddTserver.1780321176317301-9654-0/minicluster-data/ts-2-root
uuid: "ddeac70a063249ffa97bb37b728e61c4"
format_stamp: "Formatted at 2026-06-01 13:39:53 on dist-test-slave-pdx4"
I20260601 13:39:53.236717  9654 fs_report.cc:389] FS layout report
--------------------
wal directory: /tmp/dist-test-task7iC4fR/test-tmp/auto_rebalancer-test.0.AutoRebalancerTest.MovesScheduledIfAddTserver.1780321176317301-9654-0/minicluster-data/ts-2-root
metadata directory: /tmp/dist-test-task7iC4fR/test-tmp/auto_rebalancer-test.0.AutoRebalancerTest.MovesScheduledIfAddTserver.1780321176317301-9654-0/minicluster-data/ts-2-root
1 data directories: /tmp/dist-test-task7iC4fR/test-tmp/auto_rebalancer-test.0.AutoRebalancerTest.MovesScheduledIfAddTserver.1780321176317301-9654-0/minicluster-data/ts-2-root/data
Total live blocks: 0
Total live bytes: 0
Total live bytes (after alignment): 0
Total number of LBM containers: 0 (0 full)
Did not check for missing blocks
Did not check for orphaned blocks
Total full LBM containers with extra space: 0 (0 repaired)
Total full LBM container extra space in bytes: 0 (0 repaired)
Total incomplete LBM containers: 0 (0 repaired)
Total LBM partial records: 0 (0 repaired)
Total corrupted LBM metadata records in RocksDB: 0 (0 repaired)
I20260601 13:39:53.246694  9654 rpc_server.cc:225] running with OpenSSL 1.1.1  11 Sep 2018
I20260601 13:39:53.247136  9654 kserver.cc:163] Server-wide thread pool size limit: 3276
I20260601 13:39:53.247419  9654 txn_system_client.cc:432] TxnSystemClient initialization is disabled...
I20260601 13:39:53.247979  9654 ts_tablet_manager.cc:585] Loaded tablet metadata (0 total tablets, 0 live tablets)
I20260601 13:39:53.248036  9654 ts_tablet_manager.cc:531] Time spent load tablet metadata: real 0.000s	user 0.000s	sys 0.000s
I20260601 13:39:53.248090  9654 ts_tablet_manager.cc:616] Registered 0 tablets
I20260601 13:39:53.248134  9654 ts_tablet_manager.cc:595] Time spent register tablets: real 0.000s	user 0.000s	sys 0.000s
I20260601 13:39:53.252568  9654 rpc_server.cc:307] RPC server started. Bound to: 127.9.109.131:45817
I20260601 13:39:53.252643 11572 acceptor_pool.cc:272] collecting diagnostics on the listening RPC socket 127.9.109.131:45817 every 8 connection(s)
I20260601 13:39:53.257280 11573 heartbeater.cc:344] Connected to a master server at 127.9.109.190:45943
I20260601 13:39:53.257416 11573 heartbeater.cc:461] Registering TS with master...
I20260601 13:39:53.257660 11573 heartbeater.cc:507] Master 127.9.109.190:45943 requested a full tablet report, sending...
I20260601 13:39:53.258280 11293 ts_manager.cc:194] Registered new tserver with Master: ddeac70a063249ffa97bb37b728e61c4 (127.9.109.131:45817)
I20260601 13:39:53.258641  9654 internal_mini_cluster.cc:371] 3 TS(s) registered with all masters after 0.005628373s
I20260601 13:39:53.258888 11293 master_service.cc:502] Signed X509 certificate for tserver {username='slave'} at 127.0.0.1:56208
I20260601 13:39:54.214763 11422 heartbeater.cc:499] Master 127.9.109.190:45943 was elected leader, sending a full tablet report...
I20260601 13:39:54.234756 11498 heartbeater.cc:499] Master 127.9.109.190:45943 was elected leader, sending a full tablet report...
I20260601 13:39:54.259851 11573 heartbeater.cc:499] Master 127.9.109.190:45943 was elected leader, sending a full tablet report...
I20260601 13:39:54.293484 11293 catalog_manager.cc:2282] Servicing CreateTable request from {username='slave'} at 127.0.0.1:56210:
name: "test-workload"
schema {
  columns {
    name: "key"
    type: INT32
    is_key: true
    is_nullable: false
    encoding: AUTO_ENCODING
    compression: DEFAULT_COMPRESSION
    cfile_block_size: 0
    immutable: false
  }
  columns {
    name: "int_val"
    type: INT32
    is_key: false
    is_nullable: false
    encoding: AUTO_ENCODING
    compression: DEFAULT_COMPRESSION
    cfile_block_size: 0
    immutable: false
  }
  columns {
    name: "string_val"
    type: STRING
    is_key: false
    is_nullable: true
    encoding: AUTO_ENCODING
    compression: DEFAULT_COMPRESSION
    cfile_block_size: 0
    immutable: false
  }
}
num_replicas: 3
split_rows_range_bounds {
  rows: "\004\001\000\377\377\377?""\004\001\000\377\377\377?"
  indirect_data: """"
}
partition_schema {
  range_schema {
    columns {
      name: "key"
    }
  }
}
W20260601 13:39:54.294027 11293 catalog_manager.cc:7076] The number of live tablet servers is not enough to re-replicate a tablet replica of the newly created table test-workload in case of a server failure: 4 tablet servers would be needed, 3 are available. Consider bringing up more tablet servers.
I20260601 13:39:54.304345 11461 tablet_service.cc:1511] Processing CreateTablet for tablet 8044aa7111d4417388dacd2a0f495154 (DEFAULT_TABLE table=test-workload [id=0bfeead5c49649a4be0ead1f05380e62]), partition=RANGE (key) PARTITION 1073741823 <= VALUES
I20260601 13:39:54.304345 11462 tablet_service.cc:1511] Processing CreateTablet for tablet af30bdba94604500992dd903f33d391a (DEFAULT_TABLE table=test-workload [id=0bfeead5c49649a4be0ead1f05380e62]), partition=RANGE (key) PARTITION VALUES < 1073741823
I20260601 13:39:54.304759 11461 data_dirs.cc:400] Could only allocate 1 dirs of requested 3 for tablet 8044aa7111d4417388dacd2a0f495154. 1 dirs total, 0 dirs full, 0 dirs failed
I20260601 13:39:54.304935 11462 data_dirs.cc:400] Could only allocate 1 dirs of requested 3 for tablet af30bdba94604500992dd903f33d391a. 1 dirs total, 0 dirs full, 0 dirs failed
I20260601 13:39:54.305680 11537 tablet_service.cc:1511] Processing CreateTablet for tablet af30bdba94604500992dd903f33d391a (DEFAULT_TABLE table=test-workload [id=0bfeead5c49649a4be0ead1f05380e62]), partition=RANGE (key) PARTITION VALUES < 1073741823
I20260601 13:39:54.305756 11386 tablet_service.cc:1511] Processing CreateTablet for tablet af30bdba94604500992dd903f33d391a (DEFAULT_TABLE table=test-workload [id=0bfeead5c49649a4be0ead1f05380e62]), partition=RANGE (key) PARTITION VALUES < 1073741823
I20260601 13:39:54.305948 11537 data_dirs.cc:400] Could only allocate 1 dirs of requested 3 for tablet af30bdba94604500992dd903f33d391a. 1 dirs total, 0 dirs full, 0 dirs failed
I20260601 13:39:54.306011 11386 data_dirs.cc:400] Could only allocate 1 dirs of requested 3 for tablet af30bdba94604500992dd903f33d391a. 1 dirs total, 0 dirs full, 0 dirs failed
I20260601 13:39:54.307875 11536 tablet_service.cc:1511] Processing CreateTablet for tablet 8044aa7111d4417388dacd2a0f495154 (DEFAULT_TABLE table=test-workload [id=0bfeead5c49649a4be0ead1f05380e62]), partition=RANGE (key) PARTITION 1073741823 <= VALUES
I20260601 13:39:54.308073 11593 tablet_bootstrap.cc:492] T 8044aa7111d4417388dacd2a0f495154 P 6eba6f99c2ee430a9e61ff3a19f0fd03: Bootstrap starting.
I20260601 13:39:54.308156 11536 data_dirs.cc:400] Could only allocate 1 dirs of requested 3 for tablet 8044aa7111d4417388dacd2a0f495154. 1 dirs total, 0 dirs full, 0 dirs failed
I20260601 13:39:54.308300 11594 tablet_bootstrap.cc:492] T af30bdba94604500992dd903f33d391a P 5c764ec38d574a3f95c57d9506525b49: Bootstrap starting.
I20260601 13:39:54.308466 11385 tablet_service.cc:1511] Processing CreateTablet for tablet 8044aa7111d4417388dacd2a0f495154 (DEFAULT_TABLE table=test-workload [id=0bfeead5c49649a4be0ead1f05380e62]), partition=RANGE (key) PARTITION 1073741823 <= VALUES
I20260601 13:39:54.308722 11385 data_dirs.cc:400] Could only allocate 1 dirs of requested 3 for tablet 8044aa7111d4417388dacd2a0f495154. 1 dirs total, 0 dirs full, 0 dirs failed
I20260601 13:39:54.309125 11593 tablet_bootstrap.cc:654] T 8044aa7111d4417388dacd2a0f495154 P 6eba6f99c2ee430a9e61ff3a19f0fd03: Neither blocks nor log segments found. Creating new log.
I20260601 13:39:54.309322 11594 tablet_bootstrap.cc:654] T af30bdba94604500992dd903f33d391a P 5c764ec38d574a3f95c57d9506525b49: Neither blocks nor log segments found. Creating new log.
I20260601 13:39:54.310472 11597 tablet_bootstrap.cc:492] T 8044aa7111d4417388dacd2a0f495154 P ddeac70a063249ffa97bb37b728e61c4: Bootstrap starting.
I20260601 13:39:54.310551 11594 tablet_bootstrap.cc:492] T af30bdba94604500992dd903f33d391a P 5c764ec38d574a3f95c57d9506525b49: No bootstrap required, opened a new log
I20260601 13:39:54.310674 11594 ts_tablet_manager.cc:1403] T af30bdba94604500992dd903f33d391a P 5c764ec38d574a3f95c57d9506525b49: Time spent bootstrapping tablet: real 0.002s	user 0.002s	sys 0.000s
I20260601 13:39:54.311161 11594 raft_consensus.cc:359] T af30bdba94604500992dd903f33d391a P 5c764ec38d574a3f95c57d9506525b49 [term 0 FOLLOWER]: Replica starting. Triggering 0 pending ops. Active config: opid_index: -1 OBSOLETE_local: false peers { permanent_uuid: "6eba6f99c2ee430a9e61ff3a19f0fd03" member_type: VOTER last_known_addr { host: "127.9.109.130" port: 33133 } } peers { permanent_uuid: "5c764ec38d574a3f95c57d9506525b49" member_type: VOTER last_known_addr { host: "127.9.109.129" port: 33269 } } peers { permanent_uuid: "ddeac70a063249ffa97bb37b728e61c4" member_type: VOTER last_known_addr { host: "127.9.109.131" port: 45817 } }
I20260601 13:39:54.311369 11594 raft_consensus.cc:385] T af30bdba94604500992dd903f33d391a P 5c764ec38d574a3f95c57d9506525b49 [term 0 FOLLOWER]: Consensus starting up: Expiring failure detector timer to make a prompt election more likely
I20260601 13:39:54.311431 11594 raft_consensus.cc:740] T af30bdba94604500992dd903f33d391a P 5c764ec38d574a3f95c57d9506525b49 [term 0 FOLLOWER]: Becoming Follower/Learner. State: Replica: 5c764ec38d574a3f95c57d9506525b49, State: Initialized, Role: FOLLOWER
I20260601 13:39:54.311568 11597 tablet_bootstrap.cc:654] T 8044aa7111d4417388dacd2a0f495154 P ddeac70a063249ffa97bb37b728e61c4: Neither blocks nor log segments found. Creating new log.
I20260601 13:39:54.311589 11594 consensus_queue.cc:260] T af30bdba94604500992dd903f33d391a P 5c764ec38d574a3f95c57d9506525b49 [NON_LEADER]: Queue going to NON_LEADER mode. State: All replicated index: 0, Majority replicated index: 0, Committed index: 0, Last appended: 0.0, Last appended by leader: 0, Current term: 0, Majority size: -1, State: 0, Mode: NON_LEADER, active raft config: opid_index: -1 OBSOLETE_local: false peers { permanent_uuid: "6eba6f99c2ee430a9e61ff3a19f0fd03" member_type: VOTER last_known_addr { host: "127.9.109.130" port: 33133 } } peers { permanent_uuid: "5c764ec38d574a3f95c57d9506525b49" member_type: VOTER last_known_addr { host: "127.9.109.129" port: 33269 } } peers { permanent_uuid: "ddeac70a063249ffa97bb37b728e61c4" member_type: VOTER last_known_addr { host: "127.9.109.131" port: 45817 } }
I20260601 13:39:54.312096 11594 ts_tablet_manager.cc:1434] T af30bdba94604500992dd903f33d391a P 5c764ec38d574a3f95c57d9506525b49: Time spent starting tablet: real 0.001s	user 0.001s	sys 0.000s
I20260601 13:39:54.312147 11593 tablet_bootstrap.cc:492] T 8044aa7111d4417388dacd2a0f495154 P 6eba6f99c2ee430a9e61ff3a19f0fd03: No bootstrap required, opened a new log
I20260601 13:39:54.312273 11593 ts_tablet_manager.cc:1403] T 8044aa7111d4417388dacd2a0f495154 P 6eba6f99c2ee430a9e61ff3a19f0fd03: Time spent bootstrapping tablet: real 0.004s	user 0.002s	sys 0.000s
I20260601 13:39:54.312747 11593 raft_consensus.cc:359] T 8044aa7111d4417388dacd2a0f495154 P 6eba6f99c2ee430a9e61ff3a19f0fd03 [term 0 FOLLOWER]: Replica starting. Triggering 0 pending ops. Active config: opid_index: -1 OBSOLETE_local: false peers { permanent_uuid: "5c764ec38d574a3f95c57d9506525b49" member_type: VOTER last_known_addr { host: "127.9.109.129" port: 33269 } } peers { permanent_uuid: "6eba6f99c2ee430a9e61ff3a19f0fd03" member_type: VOTER last_known_addr { host: "127.9.109.130" port: 33133 } } peers { permanent_uuid: "ddeac70a063249ffa97bb37b728e61c4" member_type: VOTER last_known_addr { host: "127.9.109.131" port: 45817 } }
I20260601 13:39:54.312857 11593 raft_consensus.cc:385] T 8044aa7111d4417388dacd2a0f495154 P 6eba6f99c2ee430a9e61ff3a19f0fd03 [term 0 FOLLOWER]: Consensus starting up: Expiring failure detector timer to make a prompt election more likely
I20260601 13:39:54.312903 11593 raft_consensus.cc:740] T 8044aa7111d4417388dacd2a0f495154 P 6eba6f99c2ee430a9e61ff3a19f0fd03 [term 0 FOLLOWER]: Becoming Follower/Learner. State: Replica: 6eba6f99c2ee430a9e61ff3a19f0fd03, State: Initialized, Role: FOLLOWER
I20260601 13:39:54.313033 11593 consensus_queue.cc:260] T 8044aa7111d4417388dacd2a0f495154 P 6eba6f99c2ee430a9e61ff3a19f0fd03 [NON_LEADER]: Queue going to NON_LEADER mode. State: All replicated index: 0, Majority replicated index: 0, Committed index: 0, Last appended: 0.0, Last appended by leader: 0, Current term: 0, Majority size: -1, State: 0, Mode: NON_LEADER, active raft config: opid_index: -1 OBSOLETE_local: false peers { permanent_uuid: "5c764ec38d574a3f95c57d9506525b49" member_type: VOTER last_known_addr { host: "127.9.109.129" port: 33269 } } peers { permanent_uuid: "6eba6f99c2ee430a9e61ff3a19f0fd03" member_type: VOTER last_known_addr { host: "127.9.109.130" port: 33133 } } peers { permanent_uuid: "ddeac70a063249ffa97bb37b728e61c4" member_type: VOTER last_known_addr { host: "127.9.109.131" port: 45817 } }
I20260601 13:39:54.313373 11593 ts_tablet_manager.cc:1434] T 8044aa7111d4417388dacd2a0f495154 P 6eba6f99c2ee430a9e61ff3a19f0fd03: Time spent starting tablet: real 0.001s	user 0.001s	sys 0.000s
I20260601 13:39:54.313593 11593 tablet_bootstrap.cc:492] T af30bdba94604500992dd903f33d391a P 6eba6f99c2ee430a9e61ff3a19f0fd03: Bootstrap starting.
I20260601 13:39:54.314656 11593 tablet_bootstrap.cc:654] T af30bdba94604500992dd903f33d391a P 6eba6f99c2ee430a9e61ff3a19f0fd03: Neither blocks nor log segments found. Creating new log.
I20260601 13:39:54.315436 11594 tablet_bootstrap.cc:492] T 8044aa7111d4417388dacd2a0f495154 P 5c764ec38d574a3f95c57d9506525b49: Bootstrap starting.
I20260601 13:39:54.315874 11593 tablet_bootstrap.cc:492] T af30bdba94604500992dd903f33d391a P 6eba6f99c2ee430a9e61ff3a19f0fd03: No bootstrap required, opened a new log
I20260601 13:39:54.315989 11593 ts_tablet_manager.cc:1403] T af30bdba94604500992dd903f33d391a P 6eba6f99c2ee430a9e61ff3a19f0fd03: Time spent bootstrapping tablet: real 0.002s	user 0.002s	sys 0.000s
I20260601 13:39:54.316464 11594 tablet_bootstrap.cc:654] T 8044aa7111d4417388dacd2a0f495154 P 5c764ec38d574a3f95c57d9506525b49: Neither blocks nor log segments found. Creating new log.
