I20260601 13:39:39.215725  3958 raft_consensus.cc:359] T 60404d143a6540b290aeecbd8594c225 P fbd35f666521441199f0dbd9e4768f9c [term 0 FOLLOWER]: Replica starting. Triggering 0 pending ops. Active config: opid_index: -1 OBSOLETE_local: false peers { permanent_uuid: "f0867975e27e4d6a8d0f50f2c97cf0b4" member_type: VOTER last_known_addr { host: "127.3.2.193" port: 44173 } } peers { permanent_uuid: "4e343742d62047f6acebf92a9df9a902" member_type: VOTER last_known_addr { host: "127.3.2.194" port: 41463 } } peers { permanent_uuid: "fbd35f666521441199f0dbd9e4768f9c" member_type: VOTER last_known_addr { host: "127.3.2.195" port: 34739 } }
I20260601 13:39:39.215829  3958 raft_consensus.cc:385] T 60404d143a6540b290aeecbd8594c225 P fbd35f666521441199f0dbd9e4768f9c [term 0 FOLLOWER]: Consensus starting up: Expiring failure detector timer to make a prompt election more likely
I20260601 13:39:39.215875  3958 raft_consensus.cc:740] T 60404d143a6540b290aeecbd8594c225 P fbd35f666521441199f0dbd9e4768f9c [term 0 FOLLOWER]: Becoming Follower/Learner. State: Replica: fbd35f666521441199f0dbd9e4768f9c, State: Initialized, Role: FOLLOWER
I20260601 13:39:39.216030  3958 consensus_queue.cc:260] T 60404d143a6540b290aeecbd8594c225 P fbd35f666521441199f0dbd9e4768f9c [NON_LEADER]: Queue going to NON_LEADER mode. State: All replicated index: 0, Majority replicated index: 0, Committed index: 0, Last appended: 0.0, Last appended by leader: 0, Current term: 0, Majority size: -1, State: 0, Mode: NON_LEADER, active raft config: opid_index: -1 OBSOLETE_local: false peers { permanent_uuid: "f0867975e27e4d6a8d0f50f2c97cf0b4" member_type: VOTER last_known_addr { host: "127.3.2.193" port: 44173 } } peers { permanent_uuid: "4e343742d62047f6acebf92a9df9a902" member_type: VOTER last_known_addr { host: "127.3.2.194" port: 41463 } } peers { permanent_uuid: "fbd35f666521441199f0dbd9e4768f9c" member_type: VOTER last_known_addr { host: "127.3.2.195" port: 34739 } }
I20260601 13:39:39.216212  3963 raft_consensus.cc:493] T 60404d143a6540b290aeecbd8594c225 P fbd35f666521441199f0dbd9e4768f9c [term 0 FOLLOWER]: Starting pre-election (no leader contacted us within the election timeout)
I20260601 13:39:39.216313  3963 raft_consensus.cc:515] T 60404d143a6540b290aeecbd8594c225 P fbd35f666521441199f0dbd9e4768f9c [term 0 FOLLOWER]: Starting pre-election with config: opid_index: -1 OBSOLETE_local: false peers { permanent_uuid: "f0867975e27e4d6a8d0f50f2c97cf0b4" member_type: VOTER last_known_addr { host: "127.3.2.193" port: 44173 } } peers { permanent_uuid: "4e343742d62047f6acebf92a9df9a902" member_type: VOTER last_known_addr { host: "127.3.2.194" port: 41463 } } peers { permanent_uuid: "fbd35f666521441199f0dbd9e4768f9c" member_type: VOTER last_known_addr { host: "127.3.2.195" port: 34739 } }
I20260601 13:39:39.216396  3958 ts_tablet_manager.cc:1434] T 60404d143a6540b290aeecbd8594c225 P fbd35f666521441199f0dbd9e4768f9c: Time spent starting tablet: real 0.001s	user 0.001s	sys 0.000s
I20260601 13:39:39.216432  3956 tablet_bootstrap.cc:492] T dff8cb95e2d24a188124d6262c271494 P f0867975e27e4d6a8d0f50f2c97cf0b4: No bootstrap required, opened a new log
I20260601 13:39:39.216503  3956 ts_tablet_manager.cc:1403] T dff8cb95e2d24a188124d6262c271494 P f0867975e27e4d6a8d0f50f2c97cf0b4: Time spent bootstrapping tablet: real 0.002s	user 0.001s	sys 0.001s
I20260601 13:39:39.216823  3963 leader_election.cc:290] T 60404d143a6540b290aeecbd8594c225 P fbd35f666521441199f0dbd9e4768f9c [CANDIDATE]: Term 1 pre-election: Requested pre-vote from peers f0867975e27e4d6a8d0f50f2c97cf0b4 (127.3.2.193:44173), 4e343742d62047f6acebf92a9df9a902 (127.3.2.194:41463)
I20260601 13:39:39.217319  3956 raft_consensus.cc:359] T dff8cb95e2d24a188124d6262c271494 P f0867975e27e4d6a8d0f50f2c97cf0b4 [term 0 FOLLOWER]: Replica starting. Triggering 0 pending ops. Active config: opid_index: -1 OBSOLETE_local: false peers { permanent_uuid: "f0867975e27e4d6a8d0f50f2c97cf0b4" member_type: VOTER last_known_addr { host: "127.3.2.193" port: 44173 } } peers { permanent_uuid: "4e343742d62047f6acebf92a9df9a902" member_type: VOTER last_known_addr { host: "127.3.2.194" port: 41463 } } peers { permanent_uuid: "fbd35f666521441199f0dbd9e4768f9c" member_type: VOTER last_known_addr { host: "127.3.2.195" port: 34739 } }
I20260601 13:39:39.217422  3956 raft_consensus.cc:385] T dff8cb95e2d24a188124d6262c271494 P f0867975e27e4d6a8d0f50f2c97cf0b4 [term 0 FOLLOWER]: Consensus starting up: Expiring failure detector timer to make a prompt election more likely
I20260601 13:39:39.217463  3956 raft_consensus.cc:740] T dff8cb95e2d24a188124d6262c271494 P f0867975e27e4d6a8d0f50f2c97cf0b4 [term 0 FOLLOWER]: Becoming Follower/Learner. State: Replica: f0867975e27e4d6a8d0f50f2c97cf0b4, State: Initialized, Role: FOLLOWER
I20260601 13:39:39.217689  3956 consensus_queue.cc:260] T dff8cb95e2d24a188124d6262c271494 P f0867975e27e4d6a8d0f50f2c97cf0b4 [NON_LEADER]: Queue going to NON_LEADER mode. State: All replicated index: 0, Majority replicated index: 0, Committed index: 0, Last appended: 0.0, Last appended by leader: 0, Current term: 0, Majority size: -1, State: 0, Mode: NON_LEADER, active raft config: opid_index: -1 OBSOLETE_local: false peers { permanent_uuid: "f0867975e27e4d6a8d0f50f2c97cf0b4" member_type: VOTER last_known_addr { host: "127.3.2.193" port: 44173 } } peers { permanent_uuid: "4e343742d62047f6acebf92a9df9a902" member_type: VOTER last_known_addr { host: "127.3.2.194" port: 41463 } } peers { permanent_uuid: "fbd35f666521441199f0dbd9e4768f9c" member_type: VOTER last_known_addr { host: "127.3.2.195" port: 34739 } }
I20260601 13:39:39.218073  3956 ts_tablet_manager.cc:1434] T dff8cb95e2d24a188124d6262c271494 P f0867975e27e4d6a8d0f50f2c97cf0b4: Time spent starting tablet: real 0.002s	user 0.001s	sys 0.001s
I20260601 13:39:39.221269  3757 tablet_service.cc:1917] Received RequestConsensusVote() RPC: tablet_id: "60404d143a6540b290aeecbd8594c225" candidate_uuid: "fbd35f666521441199f0dbd9e4768f9c" candidate_term: 1 candidate_status { last_received { term: 0 index: 0 } } ignore_live_leader: false dest_uuid: "f0867975e27e4d6a8d0f50f2c97cf0b4" is_pre_election: true
I20260601 13:39:39.221403  3757 raft_consensus.cc:2468] T 60404d143a6540b290aeecbd8594c225 P f0867975e27e4d6a8d0f50f2c97cf0b4 [term 0 FOLLOWER]: Leader pre-election vote request: Granting yes vote for candidate fbd35f666521441199f0dbd9e4768f9c in term 0.
I20260601 13:39:39.221693  3873 leader_election.cc:304] T 60404d143a6540b290aeecbd8594c225 P fbd35f666521441199f0dbd9e4768f9c [CANDIDATE]: Term 1 pre-election: Election decided. Result: candidate won. Election summary: received 2 responses out of 3 voters: 2 yes votes; 0 no votes. yes voters: f0867975e27e4d6a8d0f50f2c97cf0b4, fbd35f666521441199f0dbd9e4768f9c; no voters: 
I20260601 13:39:39.221916  3985 raft_consensus.cc:2804] T 60404d143a6540b290aeecbd8594c225 P fbd35f666521441199f0dbd9e4768f9c [term 0 FOLLOWER]: Leader pre-election won for term 1
I20260601 13:39:39.221987  3985 raft_consensus.cc:493] T 60404d143a6540b290aeecbd8594c225 P fbd35f666521441199f0dbd9e4768f9c [term 0 FOLLOWER]: Starting leader election (no leader contacted us within the election timeout)
I20260601 13:39:39.222051  3985 raft_consensus.cc:3060] T 60404d143a6540b290aeecbd8594c225 P fbd35f666521441199f0dbd9e4768f9c [term 0 FOLLOWER]: Advancing to term 1
I20260601 13:39:39.222149  3833 tablet_service.cc:1917] Received RequestConsensusVote() RPC: tablet_id: "60404d143a6540b290aeecbd8594c225" candidate_uuid: "fbd35f666521441199f0dbd9e4768f9c" candidate_term: 1 candidate_status { last_received { term: 0 index: 0 } } ignore_live_leader: false dest_uuid: "4e343742d62047f6acebf92a9df9a902" is_pre_election: true
I20260601 13:39:39.222255  3833 raft_consensus.cc:2468] T 60404d143a6540b290aeecbd8594c225 P 4e343742d62047f6acebf92a9df9a902 [term 0 FOLLOWER]: Leader pre-election vote request: Granting yes vote for candidate fbd35f666521441199f0dbd9e4768f9c in term 0.
I20260601 13:39:39.222946  3985 raft_consensus.cc:515] T 60404d143a6540b290aeecbd8594c225 P fbd35f666521441199f0dbd9e4768f9c [term 1 FOLLOWER]: Starting leader election with config: opid_index: -1 OBSOLETE_local: false peers { permanent_uuid: "f0867975e27e4d6a8d0f50f2c97cf0b4" member_type: VOTER last_known_addr { host: "127.3.2.193" port: 44173 } } peers { permanent_uuid: "4e343742d62047f6acebf92a9df9a902" member_type: VOTER last_known_addr { host: "127.3.2.194" port: 41463 } } peers { permanent_uuid: "fbd35f666521441199f0dbd9e4768f9c" member_type: VOTER last_known_addr { host: "127.3.2.195" port: 34739 } }
I20260601 13:39:39.223243  3985 leader_election.cc:290] T 60404d143a6540b290aeecbd8594c225 P fbd35f666521441199f0dbd9e4768f9c [CANDIDATE]: Term 1 election: Requested vote from peers f0867975e27e4d6a8d0f50f2c97cf0b4 (127.3.2.193:44173), 4e343742d62047f6acebf92a9df9a902 (127.3.2.194:41463)
I20260601 13:39:39.223536  3833 tablet_service.cc:1917] Received RequestConsensusVote() RPC: tablet_id: "60404d143a6540b290aeecbd8594c225" candidate_uuid: "fbd35f666521441199f0dbd9e4768f9c" candidate_term: 1 candidate_status { last_received { term: 0 index: 0 } } ignore_live_leader: false dest_uuid: "4e343742d62047f6acebf92a9df9a902"
I20260601 13:39:39.223618  3833 raft_consensus.cc:3060] T 60404d143a6540b290aeecbd8594c225 P 4e343742d62047f6acebf92a9df9a902 [term 0 FOLLOWER]: Advancing to term 1
I20260601 13:39:39.224015  3757 tablet_service.cc:1917] Received RequestConsensusVote() RPC: tablet_id: "60404d143a6540b290aeecbd8594c225" candidate_uuid: "fbd35f666521441199f0dbd9e4768f9c" candidate_term: 1 candidate_status { last_received { term: 0 index: 0 } } ignore_live_leader: false dest_uuid: "f0867975e27e4d6a8d0f50f2c97cf0b4"
I20260601 13:39:39.224100  3757 raft_consensus.cc:3060] T 60404d143a6540b290aeecbd8594c225 P f0867975e27e4d6a8d0f50f2c97cf0b4 [term 0 FOLLOWER]: Advancing to term 1
I20260601 13:39:39.224615  3833 raft_consensus.cc:2468] T 60404d143a6540b290aeecbd8594c225 P 4e343742d62047f6acebf92a9df9a902 [term 1 FOLLOWER]: Leader election vote request: Granting yes vote for candidate fbd35f666521441199f0dbd9e4768f9c in term 1.
I20260601 13:39:39.224912  3875 leader_election.cc:304] T 60404d143a6540b290aeecbd8594c225 P fbd35f666521441199f0dbd9e4768f9c [CANDIDATE]: Term 1 election: Election decided. Result: candidate won. Election summary: received 2 responses out of 3 voters: 2 yes votes; 0 no votes. yes voters: 4e343742d62047f6acebf92a9df9a902, fbd35f666521441199f0dbd9e4768f9c; no voters: 
I20260601 13:39:39.224936  3757 raft_consensus.cc:2468] T 60404d143a6540b290aeecbd8594c225 P f0867975e27e4d6a8d0f50f2c97cf0b4 [term 1 FOLLOWER]: Leader election vote request: Granting yes vote for candidate fbd35f666521441199f0dbd9e4768f9c in term 1.
I20260601 13:39:39.225112  3985 raft_consensus.cc:2804] T 60404d143a6540b290aeecbd8594c225 P fbd35f666521441199f0dbd9e4768f9c [term 1 FOLLOWER]: Leader election won for term 1
I20260601 13:39:39.225274  3985 raft_consensus.cc:697] T 60404d143a6540b290aeecbd8594c225 P fbd35f666521441199f0dbd9e4768f9c [term 1 LEADER]: Becoming Leader. State: Replica: fbd35f666521441199f0dbd9e4768f9c, State: Running, Role: LEADER
I20260601 13:39:39.225437  3985 consensus_queue.cc:237] T 60404d143a6540b290aeecbd8594c225 P fbd35f666521441199f0dbd9e4768f9c [LEADER]: Queue going to LEADER mode. State: All replicated index: 0, Majority replicated index: 0, Committed index: 0, Last appended: 0.0, Last appended by leader: 0, Current term: 1, Majority size: 2, State: 0, Mode: LEADER, active raft config: opid_index: -1 OBSOLETE_local: false peers { permanent_uuid: "f0867975e27e4d6a8d0f50f2c97cf0b4" member_type: VOTER last_known_addr { host: "127.3.2.193" port: 44173 } } peers { permanent_uuid: "4e343742d62047f6acebf92a9df9a902" member_type: VOTER last_known_addr { host: "127.3.2.194" port: 41463 } } peers { permanent_uuid: "fbd35f666521441199f0dbd9e4768f9c" member_type: VOTER last_known_addr { host: "127.3.2.195" port: 34739 } }
I20260601 13:39:39.226902  3653 catalog_manager.cc:5696] T 60404d143a6540b290aeecbd8594c225 P fbd35f666521441199f0dbd9e4768f9c reported cstate change: term changed from 0 to 1, leader changed from <none> to fbd35f666521441199f0dbd9e4768f9c (127.3.2.195). New cstate: current_term: 1 leader_uuid: "fbd35f666521441199f0dbd9e4768f9c" committed_config { opid_index: -1 OBSOLETE_local: false peers { permanent_uuid: "f0867975e27e4d6a8d0f50f2c97cf0b4" member_type: VOTER last_known_addr { host: "127.3.2.193" port: 44173 } health_report { overall_health: UNKNOWN } } peers { permanent_uuid: "4e343742d62047f6acebf92a9df9a902" member_type: VOTER last_known_addr { host: "127.3.2.194" port: 41463 } health_report { overall_health: UNKNOWN } } peers { permanent_uuid: "fbd35f666521441199f0dbd9e4768f9c" member_type: VOTER last_known_addr { host: "127.3.2.195" port: 34739 } health_report { overall_health: HEALTHY } } }
I20260601 13:39:39.250725  3964 raft_consensus.cc:493] T dff8cb95e2d24a188124d6262c271494 P f0867975e27e4d6a8d0f50f2c97cf0b4 [term 0 FOLLOWER]: Starting pre-election (no leader contacted us within the election timeout)
I20260601 13:39:39.250850  3964 raft_consensus.cc:515] T dff8cb95e2d24a188124d6262c271494 P f0867975e27e4d6a8d0f50f2c97cf0b4 [term 0 FOLLOWER]: Starting pre-election with config: opid_index: -1 OBSOLETE_local: false peers { permanent_uuid: "f0867975e27e4d6a8d0f50f2c97cf0b4" member_type: VOTER last_known_addr { host: "127.3.2.193" port: 44173 } } peers { permanent_uuid: "4e343742d62047f6acebf92a9df9a902" member_type: VOTER last_known_addr { host: "127.3.2.194" port: 41463 } } peers { permanent_uuid: "fbd35f666521441199f0dbd9e4768f9c" member_type: VOTER last_known_addr { host: "127.3.2.195" port: 34739 } }
I20260601 13:39:39.251286  3964 leader_election.cc:290] T dff8cb95e2d24a188124d6262c271494 P f0867975e27e4d6a8d0f50f2c97cf0b4 [CANDIDATE]: Term 1 pre-election: Requested pre-vote from peers 4e343742d62047f6acebf92a9df9a902 (127.3.2.194:41463), fbd35f666521441199f0dbd9e4768f9c (127.3.2.195:34739)
I20260601 13:39:39.254904  3833 tablet_service.cc:1917] Received RequestConsensusVote() RPC: tablet_id: "dff8cb95e2d24a188124d6262c271494" candidate_uuid: "f0867975e27e4d6a8d0f50f2c97cf0b4" candidate_term: 1 candidate_status { last_received { term: 0 index: 0 } } ignore_live_leader: false dest_uuid: "4e343742d62047f6acebf92a9df9a902" is_pre_election: true
I20260601 13:39:39.254973  3909 tablet_service.cc:1917] Received RequestConsensusVote() RPC: tablet_id: "dff8cb95e2d24a188124d6262c271494" candidate_uuid: "f0867975e27e4d6a8d0f50f2c97cf0b4" candidate_term: 1 candidate_status { last_received { term: 0 index: 0 } } ignore_live_leader: false dest_uuid: "fbd35f666521441199f0dbd9e4768f9c" is_pre_election: true
I20260601 13:39:39.255069  3833 raft_consensus.cc:2468] T dff8cb95e2d24a188124d6262c271494 P 4e343742d62047f6acebf92a9df9a902 [term 0 FOLLOWER]: Leader pre-election vote request: Granting yes vote for candidate f0867975e27e4d6a8d0f50f2c97cf0b4 in term 0.
I20260601 13:39:39.255105  3909 raft_consensus.cc:2468] T dff8cb95e2d24a188124d6262c271494 P fbd35f666521441199f0dbd9e4768f9c [term 0 FOLLOWER]: Leader pre-election vote request: Granting yes vote for candidate f0867975e27e4d6a8d0f50f2c97cf0b4 in term 0.
I20260601 13:39:39.255404  3723 leader_election.cc:304] T dff8cb95e2d24a188124d6262c271494 P f0867975e27e4d6a8d0f50f2c97cf0b4 [CANDIDATE]: Term 1 pre-election: Election decided. Result: candidate won. Election summary: received 2 responses out of 3 voters: 2 yes votes; 0 no votes. yes voters: 4e343742d62047f6acebf92a9df9a902, f0867975e27e4d6a8d0f50f2c97cf0b4; no voters: 
I20260601 13:39:39.255630  3964 raft_consensus.cc:2804] T dff8cb95e2d24a188124d6262c271494 P f0867975e27e4d6a8d0f50f2c97cf0b4 [term 0 FOLLOWER]: Leader pre-election won for term 1
I20260601 13:39:39.255692  3964 raft_consensus.cc:493] T dff8cb95e2d24a188124d6262c271494 P f0867975e27e4d6a8d0f50f2c97cf0b4 [term 0 FOLLOWER]: Starting leader election (no leader contacted us within the election timeout)
I20260601 13:39:39.255719  3964 raft_consensus.cc:3060] T dff8cb95e2d24a188124d6262c271494 P f0867975e27e4d6a8d0f50f2c97cf0b4 [term 0 FOLLOWER]: Advancing to term 1
I20260601 13:39:39.256858  3964 raft_consensus.cc:515] T dff8cb95e2d24a188124d6262c271494 P f0867975e27e4d6a8d0f50f2c97cf0b4 [term 1 FOLLOWER]: Starting leader election with config: opid_index: -1 OBSOLETE_local: false peers { permanent_uuid: "f0867975e27e4d6a8d0f50f2c97cf0b4" member_type: VOTER last_known_addr { host: "127.3.2.193" port: 44173 } } peers { permanent_uuid: "4e343742d62047f6acebf92a9df9a902" member_type: VOTER last_known_addr { host: "127.3.2.194" port: 41463 } } peers { permanent_uuid: "fbd35f666521441199f0dbd9e4768f9c" member_type: VOTER last_known_addr { host: "127.3.2.195" port: 34739 } }
I20260601 13:39:39.257230  3964 leader_election.cc:290] T dff8cb95e2d24a188124d6262c271494 P f0867975e27e4d6a8d0f50f2c97cf0b4 [CANDIDATE]: Term 1 election: Requested vote from peers 4e343742d62047f6acebf92a9df9a902 (127.3.2.194:41463), fbd35f666521441199f0dbd9e4768f9c (127.3.2.195:34739)
I20260601 13:39:39.257500  3833 tablet_service.cc:1917] Received RequestConsensusVote() RPC: tablet_id: "dff8cb95e2d24a188124d6262c271494" candidate_uuid: "f0867975e27e4d6a8d0f50f2c97cf0b4" candidate_term: 1 candidate_status { last_received { term: 0 index: 0 } } ignore_live_leader: false dest_uuid: "4e343742d62047f6acebf92a9df9a902"
I20260601 13:39:39.257542  3909 tablet_service.cc:1917] Received RequestConsensusVote() RPC: tablet_id: "dff8cb95e2d24a188124d6262c271494" candidate_uuid: "f0867975e27e4d6a8d0f50f2c97cf0b4" candidate_term: 1 candidate_status { last_received { term: 0 index: 0 } } ignore_live_leader: false dest_uuid: "fbd35f666521441199f0dbd9e4768f9c"
I20260601 13:39:39.257615  3833 raft_consensus.cc:3060] T dff8cb95e2d24a188124d6262c271494 P 4e343742d62047f6acebf92a9df9a902 [term 0 FOLLOWER]: Advancing to term 1
I20260601 13:39:39.257656  3909 raft_consensus.cc:3060] T dff8cb95e2d24a188124d6262c271494 P fbd35f666521441199f0dbd9e4768f9c [term 0 FOLLOWER]: Advancing to term 1
I20260601 13:39:39.258332  3833 raft_consensus.cc:2468] T dff8cb95e2d24a188124d6262c271494 P 4e343742d62047f6acebf92a9df9a902 [term 1 FOLLOWER]: Leader election vote request: Granting yes vote for candidate f0867975e27e4d6a8d0f50f2c97cf0b4 in term 1.
I20260601 13:39:39.258410  3909 raft_consensus.cc:2468] T dff8cb95e2d24a188124d6262c271494 P fbd35f666521441199f0dbd9e4768f9c [term 1 FOLLOWER]: Leader election vote request: Granting yes vote for candidate f0867975e27e4d6a8d0f50f2c97cf0b4 in term 1.
I20260601 13:39:39.258643  3723 leader_election.cc:304] T dff8cb95e2d24a188124d6262c271494 P f0867975e27e4d6a8d0f50f2c97cf0b4 [CANDIDATE]: Term 1 election: Election decided. Result: candidate won. Election summary: received 2 responses out of 3 voters: 2 yes votes; 0 no votes. yes voters: 4e343742d62047f6acebf92a9df9a902, f0867975e27e4d6a8d0f50f2c97cf0b4; no voters: 
I20260601 13:39:39.258865  3964 raft_consensus.cc:2804] T dff8cb95e2d24a188124d6262c271494 P f0867975e27e4d6a8d0f50f2c97cf0b4 [term 1 FOLLOWER]: Leader election won for term 1
I20260601 13:39:39.259047  3964 raft_consensus.cc:697] T dff8cb95e2d24a188124d6262c271494 P f0867975e27e4d6a8d0f50f2c97cf0b4 [term 1 LEADER]: Becoming Leader. State: Replica: f0867975e27e4d6a8d0f50f2c97cf0b4, State: Running, Role: LEADER
I20260601 13:39:39.259157  3964 consensus_queue.cc:237] T dff8cb95e2d24a188124d6262c271494 P f0867975e27e4d6a8d0f50f2c97cf0b4 [LEADER]: Queue going to LEADER mode. State: All replicated index: 0, Majority replicated index: 0, Committed index: 0, Last appended: 0.0, Last appended by leader: 0, Current term: 1, Majority size: 2, State: 0, Mode: LEADER, active raft config: opid_index: -1 OBSOLETE_local: false peers { permanent_uuid: "f0867975e27e4d6a8d0f50f2c97cf0b4" member_type: VOTER last_known_addr { host: "127.3.2.193" port: 44173 } } peers { permanent_uuid: "4e343742d62047f6acebf92a9df9a902" member_type: VOTER last_known_addr { host: "127.3.2.194" port: 41463 } } peers { permanent_uuid: "fbd35f666521441199f0dbd9e4768f9c" member_type: VOTER last_known_addr { host: "127.3.2.195" port: 34739 } }
I20260601 13:39:39.260805  3653 catalog_manager.cc:5696] T dff8cb95e2d24a188124d6262c271494 P f0867975e27e4d6a8d0f50f2c97cf0b4 reported cstate change: term changed from 0 to 1, leader changed from <none> to f0867975e27e4d6a8d0f50f2c97cf0b4 (127.3.2.193). New cstate: current_term: 1 leader_uuid: "f0867975e27e4d6a8d0f50f2c97cf0b4" committed_config { opid_index: -1 OBSOLETE_local: false peers { permanent_uuid: "f0867975e27e4d6a8d0f50f2c97cf0b4" member_type: VOTER last_known_addr { host: "127.3.2.193" port: 44173 } health_report { overall_health: HEALTHY } } peers { permanent_uuid: "4e343742d62047f6acebf92a9df9a902" member_type: VOTER last_known_addr { host: "127.3.2.194" port: 41463 } health_report { overall_health: UNKNOWN } } peers { permanent_uuid: "fbd35f666521441199f0dbd9e4768f9c" member_type: VOTER last_known_addr { host: "127.3.2.195" port: 34739 } health_report { overall_health: UNKNOWN } } }
I20260601 13:39:39.282004  3985 raft_consensus.cc:493] T 2afc6febfbdd460bb19470555e351072 P fbd35f666521441199f0dbd9e4768f9c [term 0 FOLLOWER]: Starting pre-election (no leader contacted us within the election timeout)
I20260601 13:39:39.282150  3985 raft_consensus.cc:515] T 2afc6febfbdd460bb19470555e351072 P fbd35f666521441199f0dbd9e4768f9c [term 0 FOLLOWER]: Starting pre-election with config: opid_index: -1 OBSOLETE_local: false peers { permanent_uuid: "f0867975e27e4d6a8d0f50f2c97cf0b4" member_type: VOTER last_known_addr { host: "127.3.2.193" port: 44173 } } peers { permanent_uuid: "4e343742d62047f6acebf92a9df9a902" member_type: VOTER last_known_addr { host: "127.3.2.194" port: 41463 } } peers { permanent_uuid: "fbd35f666521441199f0dbd9e4768f9c" member_type: VOTER last_known_addr { host: "127.3.2.195" port: 34739 } }
I20260601 13:39:39.282711  3985 leader_election.cc:290] T 2afc6febfbdd460bb19470555e351072 P fbd35f666521441199f0dbd9e4768f9c [CANDIDATE]: Term 1 pre-election: Requested pre-vote from peers f0867975e27e4d6a8d0f50f2c97cf0b4 (127.3.2.193:44173), 4e343742d62047f6acebf92a9df9a902 (127.3.2.194:41463)
I20260601 13:39:39.283111  3757 tablet_service.cc:1917] Received RequestConsensusVote() RPC: tablet_id: "2afc6febfbdd460bb19470555e351072" candidate_uuid: "fbd35f666521441199f0dbd9e4768f9c" candidate_term: 1 candidate_status { last_received { term: 0 index: 0 } } ignore_live_leader: false dest_uuid: "f0867975e27e4d6a8d0f50f2c97cf0b4" is_pre_election: true
I20260601 13:39:39.283172  3833 tablet_service.cc:1917] Received RequestConsensusVote() RPC: tablet_id: "2afc6febfbdd460bb19470555e351072" candidate_uuid: "fbd35f666521441199f0dbd9e4768f9c" candidate_term: 1 candidate_status { last_received { term: 0 index: 0 } } ignore_live_leader: false dest_uuid: "4e343742d62047f6acebf92a9df9a902" is_pre_election: true
I20260601 13:39:39.283221  3757 raft_consensus.cc:2468] T 2afc6febfbdd460bb19470555e351072 P f0867975e27e4d6a8d0f50f2c97cf0b4 [term 0 FOLLOWER]: Leader pre-election vote request: Granting yes vote for candidate fbd35f666521441199f0dbd9e4768f9c in term 0.
I20260601 13:39:39.283375  3833 raft_consensus.cc:2468] T 2afc6febfbdd460bb19470555e351072 P 4e343742d62047f6acebf92a9df9a902 [term 0 FOLLOWER]: Leader pre-election vote request: Granting yes vote for candidate fbd35f666521441199f0dbd9e4768f9c in term 0.
I20260601 13:39:39.283661  3873 leader_election.cc:304] T 2afc6febfbdd460bb19470555e351072 P fbd35f666521441199f0dbd9e4768f9c [CANDIDATE]: Term 1 pre-election: Election decided. Result: candidate won. Election summary: received 2 responses out of 3 voters: 2 yes votes; 0 no votes. yes voters: f0867975e27e4d6a8d0f50f2c97cf0b4, fbd35f666521441199f0dbd9e4768f9c; no voters: 
I20260601 13:39:39.283862  3985 raft_consensus.cc:2804] T 2afc6febfbdd460bb19470555e351072 P fbd35f666521441199f0dbd9e4768f9c [term 0 FOLLOWER]: Leader pre-election won for term 1
I20260601 13:39:39.283957  3985 raft_consensus.cc:493] T 2afc6febfbdd460bb19470555e351072 P fbd35f666521441199f0dbd9e4768f9c [term 0 FOLLOWER]: Starting leader election (no leader contacted us within the election timeout)
I20260601 13:39:39.284016  3985 raft_consensus.cc:3060] T 2afc6febfbdd460bb19470555e351072 P fbd35f666521441199f0dbd9e4768f9c [term 0 FOLLOWER]: Advancing to term 1
I20260601 13:39:39.284837  3985 raft_consensus.cc:515] T 2afc6febfbdd460bb19470555e351072 P fbd35f666521441199f0dbd9e4768f9c [term 1 FOLLOWER]: Starting leader election with config: opid_index: -1 OBSOLETE_local: false peers { permanent_uuid: "f0867975e27e4d6a8d0f50f2c97cf0b4" member_type: VOTER last_known_addr { host: "127.3.2.193" port: 44173 } } peers { permanent_uuid: "4e343742d62047f6acebf92a9df9a902" member_type: VOTER last_known_addr { host: "127.3.2.194" port: 41463 } } peers { permanent_uuid: "fbd35f666521441199f0dbd9e4768f9c" member_type: VOTER last_known_addr { host: "127.3.2.195" port: 34739 } }
I20260601 13:39:39.285194  3985 leader_election.cc:290] T 2afc6febfbdd460bb19470555e351072 P fbd35f666521441199f0dbd9e4768f9c [CANDIDATE]: Term 1 election: Requested vote from peers f0867975e27e4d6a8d0f50f2c97cf0b4 (127.3.2.193:44173), 4e343742d62047f6acebf92a9df9a902 (127.3.2.194:41463)
I20260601 13:39:39.285488  3757 tablet_service.cc:1917] Received RequestConsensusVote() RPC: tablet_id: "2afc6febfbdd460bb19470555e351072" candidate_uuid: "fbd35f666521441199f0dbd9e4768f9c" candidate_term: 1 candidate_status { last_received { term: 0 index: 0 } } ignore_live_leader: false dest_uuid: "f0867975e27e4d6a8d0f50f2c97cf0b4"
I20260601 13:39:39.285540  3833 tablet_service.cc:1917] Received RequestConsensusVote() RPC: tablet_id: "2afc6febfbdd460bb19470555e351072" candidate_uuid: "fbd35f666521441199f0dbd9e4768f9c" candidate_term: 1 candidate_status { last_received { term: 0 index: 0 } } ignore_live_leader: false dest_uuid: "4e343742d62047f6acebf92a9df9a902"
I20260601 13:39:39.285642  3833 raft_consensus.cc:3060] T 2afc6febfbdd460bb19470555e351072 P 4e343742d62047f6acebf92a9df9a902 [term 0 FOLLOWER]: Advancing to term 1
I20260601 13:39:39.285643  3757 raft_consensus.cc:3060] T 2afc6febfbdd460bb19470555e351072 P f0867975e27e4d6a8d0f50f2c97cf0b4 [term 0 FOLLOWER]: Advancing to term 1
I20260601 13:39:39.286387  3833 raft_consensus.cc:2468] T 2afc6febfbdd460bb19470555e351072 P 4e343742d62047f6acebf92a9df9a902 [term 1 FOLLOWER]: Leader election vote request: Granting yes vote for candidate fbd35f666521441199f0dbd9e4768f9c in term 1.
I20260601 13:39:39.286482  3757 raft_consensus.cc:2468] T 2afc6febfbdd460bb19470555e351072 P f0867975e27e4d6a8d0f50f2c97cf0b4 [term 1 FOLLOWER]: Leader election vote request: Granting yes vote for candidate fbd35f666521441199f0dbd9e4768f9c in term 1.
I20260601 13:39:39.286635  3875 leader_election.cc:304] T 2afc6febfbdd460bb19470555e351072 P fbd35f666521441199f0dbd9e4768f9c [CANDIDATE]: Term 1 election: Election decided. Result: candidate won. Election summary: received 2 responses out of 3 voters: 2 yes votes; 0 no votes. yes voters: 4e343742d62047f6acebf92a9df9a902, fbd35f666521441199f0dbd9e4768f9c; no voters: 
I20260601 13:39:39.286839  3985 raft_consensus.cc:2804] T 2afc6febfbdd460bb19470555e351072 P fbd35f666521441199f0dbd9e4768f9c [term 1 FOLLOWER]: Leader election won for term 1
I20260601 13:39:39.286962  3985 raft_consensus.cc:697] T 2afc6febfbdd460bb19470555e351072 P fbd35f666521441199f0dbd9e4768f9c [term 1 LEADER]: Becoming Leader. State: Replica: fbd35f666521441199f0dbd9e4768f9c, State: Running, Role: LEADER
I20260601 13:39:39.287098  3985 consensus_queue.cc:237] T 2afc6febfbdd460bb19470555e351072 P fbd35f666521441199f0dbd9e4768f9c [LEADER]: Queue going to LEADER mode. State: All replicated index: 0, Majority replicated index: 0, Committed index: 0, Last appended: 0.0, Last appended by leader: 0, Current term: 1, Majority size: 2, State: 0, Mode: LEADER, active raft config: opid_index: -1 OBSOLETE_local: false peers { permanent_uuid: "f0867975e27e4d6a8d0f50f2c97cf0b4" member_type: VOTER last_known_addr { host: "127.3.2.193" port: 44173 } } peers { permanent_uuid: "4e343742d62047f6acebf92a9df9a902" member_type: VOTER last_known_addr { host: "127.3.2.194" port: 41463 } } peers { permanent_uuid: "fbd35f666521441199f0dbd9e4768f9c" member_type: VOTER last_known_addr { host: "127.3.2.195" port: 34739 } }
I20260601 13:39:39.288712  3653 catalog_manager.cc:5696] T 2afc6febfbdd460bb19470555e351072 P fbd35f666521441199f0dbd9e4768f9c reported cstate change: term changed from 0 to 1, leader changed from <none> to fbd35f666521441199f0dbd9e4768f9c (127.3.2.195). New cstate: current_term: 1 leader_uuid: "fbd35f666521441199f0dbd9e4768f9c" committed_config { opid_index: -1 OBSOLETE_local: false peers { permanent_uuid: "f0867975e27e4d6a8d0f50f2c97cf0b4" member_type: VOTER last_known_addr { host: "127.3.2.193" port: 44173 } health_report { overall_health: UNKNOWN } } peers { permanent_uuid: "4e343742d62047f6acebf92a9df9a902" member_type: VOTER last_known_addr { host: "127.3.2.194" port: 41463 } health_report { overall_health: UNKNOWN } } peers { permanent_uuid: "fbd35f666521441199f0dbd9e4768f9c" member_type: VOTER last_known_addr { host: "127.3.2.195" port: 34739 } health_report { overall_health: HEALTHY } } }
I20260601 13:39:39.357263  3985 raft_consensus.cc:493] T 3a71ea090f044e14aec8a4e1483e8881 P fbd35f666521441199f0dbd9e4768f9c [term 0 FOLLOWER]: Starting pre-election (no leader contacted us within the election timeout)
I20260601 13:39:39.357414  3985 raft_consensus.cc:515] T 3a71ea090f044e14aec8a4e1483e8881 P fbd35f666521441199f0dbd9e4768f9c [term 0 FOLLOWER]: Starting pre-election with config: opid_index: -1 OBSOLETE_local: false peers { permanent_uuid: "f0867975e27e4d6a8d0f50f2c97cf0b4" member_type: VOTER last_known_addr { host: "127.3.2.193" port: 44173 } } peers { permanent_uuid: "4e343742d62047f6acebf92a9df9a902" member_type: VOTER last_known_addr { host: "127.3.2.194" port: 41463 } } peers { permanent_uuid: "fbd35f666521441199f0dbd9e4768f9c" member_type: VOTER last_known_addr { host: "127.3.2.195" port: 34739 } }
I20260601 13:39:39.357972  3985 leader_election.cc:290] T 3a71ea090f044e14aec8a4e1483e8881 P fbd35f666521441199f0dbd9e4768f9c [CANDIDATE]: Term 1 pre-election: Requested pre-vote from peers f0867975e27e4d6a8d0f50f2c97cf0b4 (127.3.2.193:44173), 4e343742d62047f6acebf92a9df9a902 (127.3.2.194:41463)
I20260601 13:39:39.358294  3757 tablet_service.cc:1917] Received RequestConsensusVote() RPC: tablet_id: "3a71ea090f044e14aec8a4e1483e8881" candidate_uuid: "fbd35f666521441199f0dbd9e4768f9c" candidate_term: 1 candidate_status { last_received { term: 0 index: 0 } } ignore_live_leader: false dest_uuid: "f0867975e27e4d6a8d0f50f2c97cf0b4" is_pre_election: true
I20260601 13:39:39.358299  3833 tablet_service.cc:1917] Received RequestConsensusVote() RPC: tablet_id: "3a71ea090f044e14aec8a4e1483e8881" candidate_uuid: "fbd35f666521441199f0dbd9e4768f9c" candidate_term: 1 candidate_status { last_received { term: 0 index: 0 } } ignore_live_leader: false dest_uuid: "4e343742d62047f6acebf92a9df9a902" is_pre_election: true
I20260601 13:39:39.358433  3757 raft_consensus.cc:2468] T 3a71ea090f044e14aec8a4e1483e8881 P f0867975e27e4d6a8d0f50f2c97cf0b4 [term 0 FOLLOWER]: Leader pre-election vote request: Granting yes vote for candidate fbd35f666521441199f0dbd9e4768f9c in term 0.
I20260601 13:39:39.358494  3833 raft_consensus.cc:2468] T 3a71ea090f044e14aec8a4e1483e8881 P 4e343742d62047f6acebf92a9df9a902 [term 0 FOLLOWER]: Leader pre-election vote request: Granting yes vote for candidate fbd35f666521441199f0dbd9e4768f9c in term 0.
I20260601 13:39:39.358736  3873 leader_election.cc:304] T 3a71ea090f044e14aec8a4e1483e8881 P fbd35f666521441199f0dbd9e4768f9c [CANDIDATE]: Term 1 pre-election: Election decided. Result: candidate won. Election summary: received 2 responses out of 3 voters: 2 yes votes; 0 no votes. yes voters: f0867975e27e4d6a8d0f50f2c97cf0b4, fbd35f666521441199f0dbd9e4768f9c; no voters: 
I20260601 13:39:39.358911  3985 raft_consensus.cc:2804] T 3a71ea090f044e14aec8a4e1483e8881 P fbd35f666521441199f0dbd9e4768f9c [term 0 FOLLOWER]: Leader pre-election won for term 1
I20260601 13:39:39.358971  3985 raft_consensus.cc:493] T 3a71ea090f044e14aec8a4e1483e8881 P fbd35f666521441199f0dbd9e4768f9c [term 0 FOLLOWER]: Starting leader election (no leader contacted us within the election timeout)
I20260601 13:39:39.358999  3985 raft_consensus.cc:3060] T 3a71ea090f044e14aec8a4e1483e8881 P fbd35f666521441199f0dbd9e4768f9c [term 0 FOLLOWER]: Advancing to term 1
I20260601 13:39:39.359746  3985 raft_consensus.cc:515] T 3a71ea090f044e14aec8a4e1483e8881 P fbd35f666521441199f0dbd9e4768f9c [term 1 FOLLOWER]: Starting leader election with config: opid_index: -1 OBSOLETE_local: false peers { permanent_uuid: "f0867975e27e4d6a8d0f50f2c97cf0b4" member_type: VOTER last_known_addr { host: "127.3.2.193" port: 44173 } } peers { permanent_uuid: "4e343742d62047f6acebf92a9df9a902" member_type: VOTER last_known_addr { host: "127.3.2.194" port: 41463 } } peers { permanent_uuid: "fbd35f666521441199f0dbd9e4768f9c" member_type: VOTER last_known_addr { host: "127.3.2.195" port: 34739 } }
I20260601 13:39:39.360145  3985 leader_election.cc:290] T 3a71ea090f044e14aec8a4e1483e8881 P fbd35f666521441199f0dbd9e4768f9c [CANDIDATE]: Term 1 election: Requested vote from peers f0867975e27e4d6a8d0f50f2c97cf0b4 (127.3.2.193:44173), 4e343742d62047f6acebf92a9df9a902 (127.3.2.194:41463)
I20260601 13:39:39.360443  3757 tablet_service.cc:1917] Received RequestConsensusVote() RPC: tablet_id: "3a71ea090f044e14aec8a4e1483e8881" candidate_uuid: "fbd35f666521441199f0dbd9e4768f9c" candidate_term: 1 candidate_status { last_received { term: 0 index: 0 } } ignore_live_leader: false dest_uuid: "f0867975e27e4d6a8d0f50f2c97cf0b4"
I20260601 13:39:39.360452  3833 tablet_service.cc:1917] Received RequestConsensusVote() RPC: tablet_id: "3a71ea090f044e14aec8a4e1483e8881" candidate_uuid: "fbd35f666521441199f0dbd9e4768f9c" candidate_term: 1 candidate_status { last_received { term: 0 index: 0 } } ignore_live_leader: false dest_uuid: "4e343742d62047f6acebf92a9df9a902"
I20260601 13:39:39.360639  3964 raft_consensus.cc:493] T 9de09e2ab109488f876217ac997db31e P f0867975e27e4d6a8d0f50f2c97cf0b4 [term 0 FOLLOWER]: Starting pre-election (no leader contacted us within the election timeout)
I20260601 13:39:39.360656  3757 raft_consensus.cc:3060] T 3a71ea090f044e14aec8a4e1483e8881 P f0867975e27e4d6a8d0f50f2c97cf0b4 [term 0 FOLLOWER]: Advancing to term 1
I20260601 13:39:39.360670  3833 raft_consensus.cc:3060] T 3a71ea090f044e14aec8a4e1483e8881 P 4e343742d62047f6acebf92a9df9a902 [term 0 FOLLOWER]: Advancing to term 1
I20260601 13:39:39.360725  3964 raft_consensus.cc:515] T 9de09e2ab109488f876217ac997db31e P f0867975e27e4d6a8d0f50f2c97cf0b4 [term 0 FOLLOWER]: Starting pre-election with config: opid_index: -1 OBSOLETE_local: false peers { permanent_uuid: "f0867975e27e4d6a8d0f50f2c97cf0b4" member_type: VOTER last_known_addr { host: "127.3.2.193" port: 44173 } } peers { permanent_uuid: "4e343742d62047f6acebf92a9df9a902" member_type: VOTER last_known_addr { host: "127.3.2.194" port: 41463 } } peers { permanent_uuid: "fbd35f666521441199f0dbd9e4768f9c" member_type: VOTER last_known_addr { host: "127.3.2.195" port: 34739 } }
I20260601 13:39:39.361079  3964 leader_election.cc:290] T 9de09e2ab109488f876217ac997db31e P f0867975e27e4d6a8d0f50f2c97cf0b4 [CANDIDATE]: Term 1 pre-election: Requested pre-vote from peers 4e343742d62047f6acebf92a9df9a902 (127.3.2.194:41463), fbd35f666521441199f0dbd9e4768f9c (127.3.2.195:34739)
I20260601 13:39:39.361353  3909 tablet_service.cc:1917] Received RequestConsensusVote() RPC: tablet_id: "9de09e2ab109488f876217ac997db31e" candidate_uuid: "f0867975e27e4d6a8d0f50f2c97cf0b4" candidate_term: 1 candidate_status { last_received { term: 0 index: 0 } } ignore_live_leader: false dest_uuid: "fbd35f666521441199f0dbd9e4768f9c" is_pre_election: true
I20260601 13:39:39.361366  3832 tablet_service.cc:1917] Received RequestConsensusVote() RPC: tablet_id: "9de09e2ab109488f876217ac997db31e" candidate_uuid: "f0867975e27e4d6a8d0f50f2c97cf0b4" candidate_term: 1 candidate_status { last_received { term: 0 index: 0 } } ignore_live_leader: false dest_uuid: "4e343742d62047f6acebf92a9df9a902" is_pre_election: true
I20260601 13:39:39.361478  3832 raft_consensus.cc:2468] T 9de09e2ab109488f876217ac997db31e P 4e343742d62047f6acebf92a9df9a902 [term 0 FOLLOWER]: Leader pre-election vote request: Granting yes vote for candidate f0867975e27e4d6a8d0f50f2c97cf0b4 in term 0.
I20260601 13:39:39.361606  3833 raft_consensus.cc:2468] T 3a71ea090f044e14aec8a4e1483e8881 P 4e343742d62047f6acebf92a9df9a902 [term 1 FOLLOWER]: Leader election vote request: Granting yes vote for candidate fbd35f666521441199f0dbd9e4768f9c in term 1.
I20260601 13:39:39.361478  3909 raft_consensus.cc:2468] T 9de09e2ab109488f876217ac997db31e P fbd35f666521441199f0dbd9e4768f9c [term 0 FOLLOWER]: Leader pre-election vote request: Granting yes vote for candidate f0867975e27e4d6a8d0f50f2c97cf0b4 in term 0.
I20260601 13:39:39.361783  3723 leader_election.cc:304] T 9de09e2ab109488f876217ac997db31e P f0867975e27e4d6a8d0f50f2c97cf0b4 [CANDIDATE]: Term 1 pre-election: Election decided. Result: candidate won. Election summary: received 2 responses out of 3 voters: 2 yes votes; 0 no votes. yes voters: 4e343742d62047f6acebf92a9df9a902, f0867975e27e4d6a8d0f50f2c97cf0b4; no voters: 
I20260601 13:39:39.361864  3757 raft_consensus.cc:2468] T 3a71ea090f044e14aec8a4e1483e8881 P f0867975e27e4d6a8d0f50f2c97cf0b4 [term 1 FOLLOWER]: Leader election vote request: Granting yes vote for candidate fbd35f666521441199f0dbd9e4768f9c in term 1.
I20260601 13:39:39.361902  3875 leader_election.cc:304] T 3a71ea090f044e14aec8a4e1483e8881 P fbd35f666521441199f0dbd9e4768f9c [CANDIDATE]: Term 1 election: Election decided. Result: candidate won. Election summary: received 2 responses out of 3 voters: 2 yes votes; 0 no votes. yes voters: 4e343742d62047f6acebf92a9df9a902, fbd35f666521441199f0dbd9e4768f9c; no voters: 
I20260601 13:39:39.361924  3964 raft_consensus.cc:2804] T 9de09e2ab109488f876217ac997db31e P f0867975e27e4d6a8d0f50f2c97cf0b4 [term 0 FOLLOWER]: Leader pre-election won for term 1
I20260601 13:39:39.361977  3964 raft_consensus.cc:493] T 9de09e2ab109488f876217ac997db31e P f0867975e27e4d6a8d0f50f2c97cf0b4 [term 0 FOLLOWER]: Starting leader election (no leader contacted us within the election timeout)
I20260601 13:39:39.362036  3964 raft_consensus.cc:3060] T 9de09e2ab109488f876217ac997db31e P f0867975e27e4d6a8d0f50f2c97cf0b4 [term 0 FOLLOWER]: Advancing to term 1
I20260601 13:39:39.362053  3985 raft_consensus.cc:2804] T 3a71ea090f044e14aec8a4e1483e8881 P fbd35f666521441199f0dbd9e4768f9c [term 1 FOLLOWER]: Leader election won for term 1
I20260601 13:39:39.362157  3985 raft_consensus.cc:697] T 3a71ea090f044e14aec8a4e1483e8881 P fbd35f666521441199f0dbd9e4768f9c [term 1 LEADER]: Becoming Leader. State: Replica: fbd35f666521441199f0dbd9e4768f9c, State: Running, Role: LEADER
I20260601 13:39:39.362291  3985 consensus_queue.cc:237] T 3a71ea090f044e14aec8a4e1483e8881 P fbd35f666521441199f0dbd9e4768f9c [LEADER]: Queue going to LEADER mode. State: All replicated index: 0, Majority replicated index: 0, Committed index: 0, Last appended: 0.0, Last appended by leader: 0, Current term: 1, Majority size: 2, State: 0, Mode: LEADER, active raft config: opid_index: -1 OBSOLETE_local: false peers { permanent_uuid: "f0867975e27e4d6a8d0f50f2c97cf0b4" member_type: VOTER last_known_addr { host: "127.3.2.193" port: 44173 } } peers { permanent_uuid: "4e343742d62047f6acebf92a9df9a902" member_type: VOTER last_known_addr { host: "127.3.2.194" port: 41463 } } peers { permanent_uuid: "fbd35f666521441199f0dbd9e4768f9c" member_type: VOTER last_known_addr { host: "127.3.2.195" port: 34739 } }
I20260601 13:39:39.362854  3964 raft_consensus.cc:515] T 9de09e2ab109488f876217ac997db31e P f0867975e27e4d6a8d0f50f2c97cf0b4 [term 1 FOLLOWER]: Starting leader election with config: opid_index: -1 OBSOLETE_local: false peers { permanent_uuid: "f0867975e27e4d6a8d0f50f2c97cf0b4" member_type: VOTER last_known_addr { host: "127.3.2.193" port: 44173 } } peers { permanent_uuid: "4e343742d62047f6acebf92a9df9a902" member_type: VOTER last_known_addr { host: "127.3.2.194" port: 41463 } } peers { permanent_uuid: "fbd35f666521441199f0dbd9e4768f9c" member_type: VOTER last_known_addr { host: "127.3.2.195" port: 34739 } }
I20260601 13:39:39.363444  3833 tablet_service.cc:1917] Received RequestConsensusVote() RPC: tablet_id: "9de09e2ab109488f876217ac997db31e" candidate_uuid: "f0867975e27e4d6a8d0f50f2c97cf0b4" candidate_term: 1 candidate_status { last_received { term: 0 index: 0 } } ignore_live_leader: false dest_uuid: "4e343742d62047f6acebf92a9df9a902"
I20260601 13:39:39.363489  3909 tablet_service.cc:1917] Received RequestConsensusVote() RPC: tablet_id: "9de09e2ab109488f876217ac997db31e" candidate_uuid: "f0867975e27e4d6a8d0f50f2c97cf0b4" candidate_term: 1 candidate_status { last_received { term: 0 index: 0 } } ignore_live_leader: false dest_uuid: "fbd35f666521441199f0dbd9e4768f9c"
I20260601 13:39:39.363547  3833 raft_consensus.cc:3060] T 9de09e2ab109488f876217ac997db31e P 4e343742d62047f6acebf92a9df9a902 [term 0 FOLLOWER]: Advancing to term 1
I20260601 13:39:39.363590  3909 raft_consensus.cc:3060] T 9de09e2ab109488f876217ac997db31e P fbd35f666521441199f0dbd9e4768f9c [term 0 FOLLOWER]: Advancing to term 1
I20260601 13:39:39.363937  3964 leader_election.cc:290] T 9de09e2ab109488f876217ac997db31e P f0867975e27e4d6a8d0f50f2c97cf0b4 [CANDIDATE]: Term 1 election: Requested vote from peers 4e343742d62047f6acebf92a9df9a902 (127.3.2.194:41463), fbd35f666521441199f0dbd9e4768f9c (127.3.2.195:34739)
I20260601 13:39:39.364008  3653 catalog_manager.cc:5696] T 3a71ea090f044e14aec8a4e1483e8881 P fbd35f666521441199f0dbd9e4768f9c reported cstate change: term changed from 0 to 1, leader changed from <none> to fbd35f666521441199f0dbd9e4768f9c (127.3.2.195). New cstate: current_term: 1 leader_uuid: "fbd35f666521441199f0dbd9e4768f9c" committed_config { opid_index: -1 OBSOLETE_local: false peers { permanent_uuid: "f0867975e27e4d6a8d0f50f2c97cf0b4" member_type: VOTER last_known_addr { host: "127.3.2.193" port: 44173 } health_report { overall_health: UNKNOWN } } peers { permanent_uuid: "4e343742d62047f6acebf92a9df9a902" member_type: VOTER last_known_addr { host: "127.3.2.194" port: 41463 } health_report { overall_health: UNKNOWN } } peers { permanent_uuid: "fbd35f666521441199f0dbd9e4768f9c" member_type: VOTER last_known_addr { host: "127.3.2.195" port: 34739 } health_report { overall_health: HEALTHY } } }
I20260601 13:39:39.364418  3833 raft_consensus.cc:2468] T 9de09e2ab109488f876217ac997db31e P 4e343742d62047f6acebf92a9df9a902 [term 1 FOLLOWER]: Leader election vote request: Granting yes vote for candidate f0867975e27e4d6a8d0f50f2c97cf0b4 in term 1.
I20260601 13:39:39.364521  3909 raft_consensus.cc:2468] T 9de09e2ab109488f876217ac997db31e P fbd35f666521441199f0dbd9e4768f9c [term 1 FOLLOWER]: Leader election vote request: Granting yes vote for candidate f0867975e27e4d6a8d0f50f2c97cf0b4 in term 1.
I20260601 13:39:39.364742  3723 leader_election.cc:304] T 9de09e2ab109488f876217ac997db31e P f0867975e27e4d6a8d0f50f2c97cf0b4 [CANDIDATE]: Term 1 election: Election decided. Result: candidate won. Election summary: received 2 responses out of 3 voters: 2 yes votes; 0 no votes. yes voters: 4e343742d62047f6acebf92a9df9a902, f0867975e27e4d6a8d0f50f2c97cf0b4; no voters: 
I20260601 13:39:39.364961  3964 raft_consensus.cc:2804] T 9de09e2ab109488f876217ac997db31e P f0867975e27e4d6a8d0f50f2c97cf0b4 [term 1 FOLLOWER]: Leader election won for term 1
I20260601 13:39:39.365068  3964 raft_consensus.cc:697] T 9de09e2ab109488f876217ac997db31e P f0867975e27e4d6a8d0f50f2c97cf0b4 [term 1 LEADER]: Becoming Leader. State: Replica: f0867975e27e4d6a8d0f50f2c97cf0b4, State: Running, Role: LEADER
I20260601 13:39:39.365185  3964 consensus_queue.cc:237] T 9de09e2ab109488f876217ac997db31e P f0867975e27e4d6a8d0f50f2c97cf0b4 [LEADER]: Queue going to LEADER mode. State: All replicated index: 0, Majority replicated index: 0, Committed index: 0, Last appended: 0.0, Last appended by leader: 0, Current term: 1, Majority size: 2, State: 0, Mode: LEADER, active raft config: opid_index: -1 OBSOLETE_local: false peers { permanent_uuid: "f0867975e27e4d6a8d0f50f2c97cf0b4" member_type: VOTER last_known_addr { host: "127.3.2.193" port: 44173 } } peers { permanent_uuid: "4e343742d62047f6acebf92a9df9a902" member_type: VOTER last_known_addr { host: "127.3.2.194" port: 41463 } } peers { permanent_uuid: "fbd35f666521441199f0dbd9e4768f9c" member_type: VOTER last_known_addr { host: "127.3.2.195" port: 34739 } }
I20260601 13:39:39.366828  3653 catalog_manager.cc:5696] T 9de09e2ab109488f876217ac997db31e P f0867975e27e4d6a8d0f50f2c97cf0b4 reported cstate change: term changed from 0 to 1, leader changed from <none> to f0867975e27e4d6a8d0f50f2c97cf0b4 (127.3.2.193). New cstate: current_term: 1 leader_uuid: "f0867975e27e4d6a8d0f50f2c97cf0b4" committed_config { opid_index: -1 OBSOLETE_local: false peers { permanent_uuid: "f0867975e27e4d6a8d0f50f2c97cf0b4" member_type: VOTER last_known_addr { host: "127.3.2.193" port: 44173 } health_report { overall_health: HEALTHY } } peers { permanent_uuid: "4e343742d62047f6acebf92a9df9a902" member_type: VOTER last_known_addr { host: "127.3.2.194" port: 41463 } health_report { overall_health: UNKNOWN } } peers { permanent_uuid: "fbd35f666521441199f0dbd9e4768f9c" member_type: VOTER last_known_addr { host: "127.3.2.195" port: 34739 } health_report { overall_health: UNKNOWN } } }
I20260601 13:39:39.394002  3960 raft_consensus.cc:493] T addd717dae524328a5c219a48a2fe400 P 4e343742d62047f6acebf92a9df9a902 [term 0 FOLLOWER]: Starting pre-election (no leader contacted us within the election timeout)
I20260601 13:39:39.394205  3960 raft_consensus.cc:515] T addd717dae524328a5c219a48a2fe400 P 4e343742d62047f6acebf92a9df9a902 [term 0 FOLLOWER]: Starting pre-election with config: opid_index: -1 OBSOLETE_local: false peers { permanent_uuid: "f0867975e27e4d6a8d0f50f2c97cf0b4" member_type: VOTER last_known_addr { host: "127.3.2.193" port: 44173 } } peers { permanent_uuid: "4e343742d62047f6acebf92a9df9a902" member_type: VOTER last_known_addr { host: "127.3.2.194" port: 41463 } } peers { permanent_uuid: "fbd35f666521441199f0dbd9e4768f9c" member_type: VOTER last_known_addr { host: "127.3.2.195" port: 34739 } }
I20260601 13:39:39.394758  3960 leader_election.cc:290] T addd717dae524328a5c219a48a2fe400 P 4e343742d62047f6acebf92a9df9a902 [CANDIDATE]: Term 1 pre-election: Requested pre-vote from peers f0867975e27e4d6a8d0f50f2c97cf0b4 (127.3.2.193:44173), fbd35f666521441199f0dbd9e4768f9c (127.3.2.195:34739)
I20260601 13:39:39.398373  3985 raft_consensus.cc:493] T addd717dae524328a5c219a48a2fe400 P fbd35f666521441199f0dbd9e4768f9c [term 0 FOLLOWER]: Starting pre-election (no leader contacted us within the election timeout)
I20260601 13:39:39.398386  3757 tablet_service.cc:1917] Received RequestConsensusVote() RPC: tablet_id: "addd717dae524328a5c219a48a2fe400" candidate_uuid: "4e343742d62047f6acebf92a9df9a902" candidate_term: 1 candidate_status { last_received { term: 0 index: 0 } } ignore_live_leader: false dest_uuid: "f0867975e27e4d6a8d0f50f2c97cf0b4" is_pre_election: true
I20260601 13:39:39.398386  3909 tablet_service.cc:1917] Received RequestConsensusVote() RPC: tablet_id: "addd717dae524328a5c219a48a2fe400" candidate_uuid: "4e343742d62047f6acebf92a9df9a902" candidate_term: 1 candidate_status { last_received { term: 0 index: 0 } } ignore_live_leader: false dest_uuid: "fbd35f666521441199f0dbd9e4768f9c" is_pre_election: true
I20260601 13:39:39.398576  3757 raft_consensus.cc:2468] T addd717dae524328a5c219a48a2fe400 P f0867975e27e4d6a8d0f50f2c97cf0b4 [term 0 FOLLOWER]: Leader pre-election vote request: Granting yes vote for candidate 4e343742d62047f6acebf92a9df9a902 in term 0.
I20260601 13:39:39.398501  3985 raft_consensus.cc:515] T addd717dae524328a5c219a48a2fe400 P fbd35f666521441199f0dbd9e4768f9c [term 0 FOLLOWER]: Starting pre-election with config: opid_index: -1 OBSOLETE_local: false peers { permanent_uuid: "f0867975e27e4d6a8d0f50f2c97cf0b4" member_type: VOTER last_known_addr { host: "127.3.2.193" port: 44173 } } peers { permanent_uuid: "4e343742d62047f6acebf92a9df9a902" member_type: VOTER last_known_addr { host: "127.3.2.194" port: 41463 } } peers { permanent_uuid: "fbd35f666521441199f0dbd9e4768f9c" member_type: VOTER last_known_addr { host: "127.3.2.195" port: 34739 } }
I20260601 13:39:39.398870  3797 leader_election.cc:304] T addd717dae524328a5c219a48a2fe400 P 4e343742d62047f6acebf92a9df9a902 [CANDIDATE]: Term 1 pre-election: Election decided. Result: candidate won. Election summary: received 2 responses out of 3 voters: 2 yes votes; 0 no votes. yes voters: 4e343742d62047f6acebf92a9df9a902, f0867975e27e4d6a8d0f50f2c97cf0b4; no voters: 
I20260601 13:39:39.398898  3909 raft_consensus.cc:2468] T addd717dae524328a5c219a48a2fe400 P fbd35f666521441199f0dbd9e4768f9c [term 0 FOLLOWER]: Leader pre-election vote request: Granting yes vote for candidate 4e343742d62047f6acebf92a9df9a902 in term 0.
I20260601 13:39:39.399212  3960 raft_consensus.cc:2804] T addd717dae524328a5c219a48a2fe400 P 4e343742d62047f6acebf92a9df9a902 [term 0 FOLLOWER]: Leader pre-election won for term 1
I20260601 13:39:39.399241  3985 leader_election.cc:290] T addd717dae524328a5c219a48a2fe400 P fbd35f666521441199f0dbd9e4768f9c [CANDIDATE]: Term 1 pre-election: Requested pre-vote from peers f0867975e27e4d6a8d0f50f2c97cf0b4 (127.3.2.193:44173), 4e343742d62047f6acebf92a9df9a902 (127.3.2.194:41463)
I20260601 13:39:39.399276  3960 raft_consensus.cc:493] T addd717dae524328a5c219a48a2fe400 P 4e343742d62047f6acebf92a9df9a902 [term 0 FOLLOWER]: Starting leader election (no leader contacted us within the election timeout)
