I20260601 13:39:35.925117 20676 tablet_service.cc:1917] Received RequestConsensusVote() RPC: tablet_id: "b30fcd15b429442a9fffce694019a6e6" candidate_uuid: "3536cb699ca541398394567c1cd4716c" candidate_term: 1 candidate_status { last_received { term: 0 index: 0 } } ignore_live_leader: false dest_uuid: "c154e78482e3476aa01819b9524cfb79"
I20260601 13:39:35.925268 20676 raft_consensus.cc:3060] T b30fcd15b429442a9fffce694019a6e6 P c154e78482e3476aa01819b9524cfb79 [term 0 FOLLOWER]: Advancing to term 1
I20260601 13:39:35.925274 20490 leader_election.cc:304] T b30fcd15b429442a9fffce694019a6e6 P 3536cb699ca541398394567c1cd4716c [CANDIDATE]: Term 1 election: Election decided. Result: candidate won. Election summary: received 2 responses out of 3 voters: 2 yes votes; 0 no votes. yes voters: 3536cb699ca541398394567c1cd4716c, 3f60f069445343a78a7e63f3e482d17e; no voters: 
I20260601 13:39:35.925329 20754 consensus_queue.cc:237] T 2511dde13e714bc7a478b2a71226fb08 P 3f60f069445343a78a7e63f3e482d17e [LEADER]: Queue going to LEADER mode. State: All replicated index: 0, Majority replicated index: 0, Committed index: 0, Last appended: 0.0, Last appended by leader: 0, Current term: 1, Majority size: 2, State: 0, Mode: LEADER, active raft config: opid_index: -1 OBSOLETE_local: false peers { permanent_uuid: "3536cb699ca541398394567c1cd4716c" member_type: VOTER last_known_addr { host: "127.19.99.129" port: 45551 } } peers { permanent_uuid: "3f60f069445343a78a7e63f3e482d17e" member_type: VOTER last_known_addr { host: "127.19.99.130" port: 45497 } } peers { permanent_uuid: "c154e78482e3476aa01819b9524cfb79" member_type: VOTER last_known_addr { host: "127.19.99.131" port: 33165 } }
I20260601 13:39:35.925443 20727 raft_consensus.cc:2804] T b30fcd15b429442a9fffce694019a6e6 P 3536cb699ca541398394567c1cd4716c [term 1 FOLLOWER]: Leader election won for term 1
I20260601 13:39:35.925554 20727 raft_consensus.cc:697] T b30fcd15b429442a9fffce694019a6e6 P 3536cb699ca541398394567c1cd4716c [term 1 LEADER]: Becoming Leader. State: Replica: 3536cb699ca541398394567c1cd4716c, State: Running, Role: LEADER
I20260601 13:39:35.925681 20727 consensus_queue.cc:237] T b30fcd15b429442a9fffce694019a6e6 P 3536cb699ca541398394567c1cd4716c [LEADER]: Queue going to LEADER mode. State: All replicated index: 0, Majority replicated index: 0, Committed index: 0, Last appended: 0.0, Last appended by leader: 0, Current term: 1, Majority size: 2, State: 0, Mode: LEADER, active raft config: opid_index: -1 OBSOLETE_local: false peers { permanent_uuid: "3536cb699ca541398394567c1cd4716c" member_type: VOTER last_known_addr { host: "127.19.99.129" port: 45551 } } peers { permanent_uuid: "3f60f069445343a78a7e63f3e482d17e" member_type: VOTER last_known_addr { host: "127.19.99.130" port: 45497 } } peers { permanent_uuid: "c154e78482e3476aa01819b9524cfb79" member_type: VOTER last_known_addr { host: "127.19.99.131" port: 33165 } }
I20260601 13:39:35.926051 20676 raft_consensus.cc:2468] T b30fcd15b429442a9fffce694019a6e6 P c154e78482e3476aa01819b9524cfb79 [term 1 FOLLOWER]: Leader election vote request: Granting yes vote for candidate 3536cb699ca541398394567c1cd4716c in term 1.
I20260601 13:39:35.927305 20421 catalog_manager.cc:5696] T 2511dde13e714bc7a478b2a71226fb08 P 3f60f069445343a78a7e63f3e482d17e reported cstate change: term changed from 0 to 1, leader changed from <none> to 3f60f069445343a78a7e63f3e482d17e (127.19.99.130). New cstate: current_term: 1 leader_uuid: "3f60f069445343a78a7e63f3e482d17e" committed_config { opid_index: -1 OBSOLETE_local: false peers { permanent_uuid: "3536cb699ca541398394567c1cd4716c" member_type: VOTER last_known_addr { host: "127.19.99.129" port: 45551 } health_report { overall_health: UNKNOWN } } peers { permanent_uuid: "3f60f069445343a78a7e63f3e482d17e" member_type: VOTER last_known_addr { host: "127.19.99.130" port: 45497 } health_report { overall_health: HEALTHY } } peers { permanent_uuid: "c154e78482e3476aa01819b9524cfb79" member_type: VOTER last_known_addr { host: "127.19.99.131" port: 33165 } health_report { overall_health: UNKNOWN } } }
I20260601 13:39:35.929239 20422 catalog_manager.cc:5696] T b30fcd15b429442a9fffce694019a6e6 P 3536cb699ca541398394567c1cd4716c reported cstate change: term changed from 0 to 1, leader changed from <none> to 3536cb699ca541398394567c1cd4716c (127.19.99.129). New cstate: current_term: 1 leader_uuid: "3536cb699ca541398394567c1cd4716c" committed_config { opid_index: -1 OBSOLETE_local: false peers { permanent_uuid: "3536cb699ca541398394567c1cd4716c" member_type: VOTER last_known_addr { host: "127.19.99.129" port: 45551 } health_report { overall_health: HEALTHY } } peers { permanent_uuid: "3f60f069445343a78a7e63f3e482d17e" member_type: VOTER last_known_addr { host: "127.19.99.130" port: 45497 } health_report { overall_health: UNKNOWN } } peers { permanent_uuid: "c154e78482e3476aa01819b9524cfb79" member_type: VOTER last_known_addr { host: "127.19.99.131" port: 33165 } health_report { overall_health: UNKNOWN } } }
I20260601 13:39:36.089361 20727 raft_consensus.cc:493] T 4b61aeb06c7e43708175ac1b67e3145b P 3536cb699ca541398394567c1cd4716c [term 0 FOLLOWER]: Starting pre-election (no leader contacted us within the election timeout)
I20260601 13:39:36.089609 20754 raft_consensus.cc:493] T 6d62e768e20742b4974b8fba169ab9f5 P 3f60f069445343a78a7e63f3e482d17e [term 0 FOLLOWER]: Starting pre-election (no leader contacted us within the election timeout)
I20260601 13:39:36.089618 20727 raft_consensus.cc:515] T 4b61aeb06c7e43708175ac1b67e3145b P 3536cb699ca541398394567c1cd4716c [term 0 FOLLOWER]: Starting pre-election with config: opid_index: -1 OBSOLETE_local: false peers { permanent_uuid: "3536cb699ca541398394567c1cd4716c" member_type: VOTER last_known_addr { host: "127.19.99.129" port: 45551 } } peers { permanent_uuid: "3f60f069445343a78a7e63f3e482d17e" member_type: VOTER last_known_addr { host: "127.19.99.130" port: 45497 } } peers { permanent_uuid: "c154e78482e3476aa01819b9524cfb79" member_type: VOTER last_known_addr { host: "127.19.99.131" port: 33165 } }
I20260601 13:39:36.089761 20754 raft_consensus.cc:515] T 6d62e768e20742b4974b8fba169ab9f5 P 3f60f069445343a78a7e63f3e482d17e [term 0 FOLLOWER]: Starting pre-election with config: opid_index: -1 OBSOLETE_local: false peers { permanent_uuid: "3536cb699ca541398394567c1cd4716c" member_type: VOTER last_known_addr { host: "127.19.99.129" port: 45551 } } peers { permanent_uuid: "3f60f069445343a78a7e63f3e482d17e" member_type: VOTER last_known_addr { host: "127.19.99.130" port: 45497 } } peers { permanent_uuid: "c154e78482e3476aa01819b9524cfb79" member_type: VOTER last_known_addr { host: "127.19.99.131" port: 33165 } }
I20260601 13:39:36.090251 20727 leader_election.cc:290] T 4b61aeb06c7e43708175ac1b67e3145b P 3536cb699ca541398394567c1cd4716c [CANDIDATE]: Term 1 pre-election: Requested pre-vote from peers 3f60f069445343a78a7e63f3e482d17e (127.19.99.130:45497), c154e78482e3476aa01819b9524cfb79 (127.19.99.131:33165)
I20260601 13:39:36.090713 20525 tablet_service.cc:1917] Received RequestConsensusVote() RPC: tablet_id: "6d62e768e20742b4974b8fba169ab9f5" candidate_uuid: "3f60f069445343a78a7e63f3e482d17e" candidate_term: 1 candidate_status { last_received { term: 0 index: 0 } } ignore_live_leader: false dest_uuid: "3536cb699ca541398394567c1cd4716c" is_pre_election: true
I20260601 13:39:36.090703 20676 tablet_service.cc:1917] Received RequestConsensusVote() RPC: tablet_id: "6d62e768e20742b4974b8fba169ab9f5" candidate_uuid: "3f60f069445343a78a7e63f3e482d17e" candidate_term: 1 candidate_status { last_received { term: 0 index: 0 } } ignore_live_leader: false dest_uuid: "c154e78482e3476aa01819b9524cfb79" is_pre_election: true
I20260601 13:39:36.090739 20754 leader_election.cc:290] T 6d62e768e20742b4974b8fba169ab9f5 P 3f60f069445343a78a7e63f3e482d17e [CANDIDATE]: Term 1 pre-election: Requested pre-vote from peers 3536cb699ca541398394567c1cd4716c (127.19.99.129:45551), c154e78482e3476aa01819b9524cfb79 (127.19.99.131:33165)
I20260601 13:39:36.090730 20600 tablet_service.cc:1917] Received RequestConsensusVote() RPC: tablet_id: "4b61aeb06c7e43708175ac1b67e3145b" candidate_uuid: "3536cb699ca541398394567c1cd4716c" candidate_term: 1 candidate_status { last_received { term: 0 index: 0 } } ignore_live_leader: false dest_uuid: "3f60f069445343a78a7e63f3e482d17e" is_pre_election: true
I20260601 13:39:36.090735 20675 tablet_service.cc:1917] Received RequestConsensusVote() RPC: tablet_id: "4b61aeb06c7e43708175ac1b67e3145b" candidate_uuid: "3536cb699ca541398394567c1cd4716c" candidate_term: 1 candidate_status { last_received { term: 0 index: 0 } } ignore_live_leader: false dest_uuid: "c154e78482e3476aa01819b9524cfb79" is_pre_election: true
I20260601 13:39:36.090889 20525 raft_consensus.cc:2468] T 6d62e768e20742b4974b8fba169ab9f5 P 3536cb699ca541398394567c1cd4716c [term 0 FOLLOWER]: Leader pre-election vote request: Granting yes vote for candidate 3f60f069445343a78a7e63f3e482d17e in term 0.
I20260601 13:39:36.090889 20676 raft_consensus.cc:2468] T 6d62e768e20742b4974b8fba169ab9f5 P c154e78482e3476aa01819b9524cfb79 [term 0 FOLLOWER]: Leader pre-election vote request: Granting yes vote for candidate 3f60f069445343a78a7e63f3e482d17e in term 0.
I20260601 13:39:36.091080 20600 raft_consensus.cc:2468] T 4b61aeb06c7e43708175ac1b67e3145b P 3f60f069445343a78a7e63f3e482d17e [term 0 FOLLOWER]: Leader pre-election vote request: Granting yes vote for candidate 3536cb699ca541398394567c1cd4716c in term 0.
I20260601 13:39:36.091087 20675 raft_consensus.cc:2468] T 4b61aeb06c7e43708175ac1b67e3145b P c154e78482e3476aa01819b9524cfb79 [term 0 FOLLOWER]: Leader pre-election vote request: Granting yes vote for candidate 3536cb699ca541398394567c1cd4716c in term 0.
I20260601 13:39:36.091549 20491 leader_election.cc:304] T 4b61aeb06c7e43708175ac1b67e3145b P 3536cb699ca541398394567c1cd4716c [CANDIDATE]: Term 1 pre-election: Election decided. Result: candidate won. Election summary: received 2 responses out of 3 voters: 2 yes votes; 0 no votes. yes voters: 3536cb699ca541398394567c1cd4716c, c154e78482e3476aa01819b9524cfb79; no voters: 
I20260601 13:39:36.091549 20566 leader_election.cc:304] T 6d62e768e20742b4974b8fba169ab9f5 P 3f60f069445343a78a7e63f3e482d17e [CANDIDATE]: Term 1 pre-election: Election decided. Result: candidate won. Election summary: received 2 responses out of 3 voters: 2 yes votes; 0 no votes. yes voters: 3536cb699ca541398394567c1cd4716c, 3f60f069445343a78a7e63f3e482d17e; no voters: 
I20260601 13:39:36.091768 20754 raft_consensus.cc:2804] T 6d62e768e20742b4974b8fba169ab9f5 P 3f60f069445343a78a7e63f3e482d17e [term 0 FOLLOWER]: Leader pre-election won for term 1
I20260601 13:39:36.091801 20727 raft_consensus.cc:2804] T 4b61aeb06c7e43708175ac1b67e3145b P 3536cb699ca541398394567c1cd4716c [term 0 FOLLOWER]: Leader pre-election won for term 1
I20260601 13:39:36.091831 20754 raft_consensus.cc:493] T 6d62e768e20742b4974b8fba169ab9f5 P 3f60f069445343a78a7e63f3e482d17e [term 0 FOLLOWER]: Starting leader election (no leader contacted us within the election timeout)
I20260601 13:39:36.091843 20727 raft_consensus.cc:493] T 4b61aeb06c7e43708175ac1b67e3145b P 3536cb699ca541398394567c1cd4716c [term 0 FOLLOWER]: Starting leader election (no leader contacted us within the election timeout)
I20260601 13:39:36.091897 20754 raft_consensus.cc:3060] T 6d62e768e20742b4974b8fba169ab9f5 P 3f60f069445343a78a7e63f3e482d17e [term 0 FOLLOWER]: Advancing to term 1
I20260601 13:39:36.091920 20727 raft_consensus.cc:3060] T 4b61aeb06c7e43708175ac1b67e3145b P 3536cb699ca541398394567c1cd4716c [term 0 FOLLOWER]: Advancing to term 1
I20260601 13:39:36.092935 20727 raft_consensus.cc:515] T 4b61aeb06c7e43708175ac1b67e3145b P 3536cb699ca541398394567c1cd4716c [term 1 FOLLOWER]: Starting leader election with config: opid_index: -1 OBSOLETE_local: false peers { permanent_uuid: "3536cb699ca541398394567c1cd4716c" member_type: VOTER last_known_addr { host: "127.19.99.129" port: 45551 } } peers { permanent_uuid: "3f60f069445343a78a7e63f3e482d17e" member_type: VOTER last_known_addr { host: "127.19.99.130" port: 45497 } } peers { permanent_uuid: "c154e78482e3476aa01819b9524cfb79" member_type: VOTER last_known_addr { host: "127.19.99.131" port: 33165 } }
I20260601 13:39:36.092935 20754 raft_consensus.cc:515] T 6d62e768e20742b4974b8fba169ab9f5 P 3f60f069445343a78a7e63f3e482d17e [term 1 FOLLOWER]: Starting leader election with config: opid_index: -1 OBSOLETE_local: false peers { permanent_uuid: "3536cb699ca541398394567c1cd4716c" member_type: VOTER last_known_addr { host: "127.19.99.129" port: 45551 } } peers { permanent_uuid: "3f60f069445343a78a7e63f3e482d17e" member_type: VOTER last_known_addr { host: "127.19.99.130" port: 45497 } } peers { permanent_uuid: "c154e78482e3476aa01819b9524cfb79" member_type: VOTER last_known_addr { host: "127.19.99.131" port: 33165 } }
I20260601 13:39:36.093369 20754 leader_election.cc:290] T 6d62e768e20742b4974b8fba169ab9f5 P 3f60f069445343a78a7e63f3e482d17e [CANDIDATE]: Term 1 election: Requested vote from peers 3536cb699ca541398394567c1cd4716c (127.19.99.129:45551), c154e78482e3476aa01819b9524cfb79 (127.19.99.131:33165)
I20260601 13:39:36.093626 20727 leader_election.cc:290] T 4b61aeb06c7e43708175ac1b67e3145b P 3536cb699ca541398394567c1cd4716c [CANDIDATE]: Term 1 election: Requested vote from peers 3f60f069445343a78a7e63f3e482d17e (127.19.99.130:45497), c154e78482e3476aa01819b9524cfb79 (127.19.99.131:33165)
I20260601 13:39:36.093703 20600 tablet_service.cc:1917] Received RequestConsensusVote() RPC: tablet_id: "4b61aeb06c7e43708175ac1b67e3145b" candidate_uuid: "3536cb699ca541398394567c1cd4716c" candidate_term: 1 candidate_status { last_received { term: 0 index: 0 } } ignore_live_leader: false dest_uuid: "3f60f069445343a78a7e63f3e482d17e"
I20260601 13:39:36.093779 20525 tablet_service.cc:1917] Received RequestConsensusVote() RPC: tablet_id: "6d62e768e20742b4974b8fba169ab9f5" candidate_uuid: "3f60f069445343a78a7e63f3e482d17e" candidate_term: 1 candidate_status { last_received { term: 0 index: 0 } } ignore_live_leader: false dest_uuid: "3536cb699ca541398394567c1cd4716c"
I20260601 13:39:36.093786 20675 tablet_service.cc:1917] Received RequestConsensusVote() RPC: tablet_id: "4b61aeb06c7e43708175ac1b67e3145b" candidate_uuid: "3536cb699ca541398394567c1cd4716c" candidate_term: 1 candidate_status { last_received { term: 0 index: 0 } } ignore_live_leader: false dest_uuid: "c154e78482e3476aa01819b9524cfb79"
I20260601 13:39:36.093825 20600 raft_consensus.cc:3060] T 4b61aeb06c7e43708175ac1b67e3145b P 3f60f069445343a78a7e63f3e482d17e [term 0 FOLLOWER]: Advancing to term 1
I20260601 13:39:36.093873 20525 raft_consensus.cc:3060] T 6d62e768e20742b4974b8fba169ab9f5 P 3536cb699ca541398394567c1cd4716c [term 0 FOLLOWER]: Advancing to term 1
I20260601 13:39:36.093888 20676 tablet_service.cc:1917] Received RequestConsensusVote() RPC: tablet_id: "6d62e768e20742b4974b8fba169ab9f5" candidate_uuid: "3f60f069445343a78a7e63f3e482d17e" candidate_term: 1 candidate_status { last_received { term: 0 index: 0 } } ignore_live_leader: false dest_uuid: "c154e78482e3476aa01819b9524cfb79"
I20260601 13:39:36.093930 20675 raft_consensus.cc:3060] T 4b61aeb06c7e43708175ac1b67e3145b P c154e78482e3476aa01819b9524cfb79 [term 0 FOLLOWER]: Advancing to term 1
I20260601 13:39:36.093957 20676 raft_consensus.cc:3060] T 6d62e768e20742b4974b8fba169ab9f5 P c154e78482e3476aa01819b9524cfb79 [term 0 FOLLOWER]: Advancing to term 1
I20260601 13:39:36.094815 20525 raft_consensus.cc:2468] T 6d62e768e20742b4974b8fba169ab9f5 P 3536cb699ca541398394567c1cd4716c [term 1 FOLLOWER]: Leader election vote request: Granting yes vote for candidate 3f60f069445343a78a7e63f3e482d17e in term 1.
I20260601 13:39:36.094805 20600 raft_consensus.cc:2468] T 4b61aeb06c7e43708175ac1b67e3145b P 3f60f069445343a78a7e63f3e482d17e [term 1 FOLLOWER]: Leader election vote request: Granting yes vote for candidate 3536cb699ca541398394567c1cd4716c in term 1.
I20260601 13:39:36.094805 20675 raft_consensus.cc:2468] T 4b61aeb06c7e43708175ac1b67e3145b P c154e78482e3476aa01819b9524cfb79 [term 1 FOLLOWER]: Leader election vote request: Granting yes vote for candidate 3536cb699ca541398394567c1cd4716c in term 1.
I20260601 13:39:36.094885 20676 raft_consensus.cc:2468] T 6d62e768e20742b4974b8fba169ab9f5 P c154e78482e3476aa01819b9524cfb79 [term 1 FOLLOWER]: Leader election vote request: Granting yes vote for candidate 3f60f069445343a78a7e63f3e482d17e in term 1.
I20260601 13:39:36.095158 20567 leader_election.cc:304] T 6d62e768e20742b4974b8fba169ab9f5 P 3f60f069445343a78a7e63f3e482d17e [CANDIDATE]: Term 1 election: Election decided. Result: candidate won. Election summary: received 2 responses out of 3 voters: 2 yes votes; 0 no votes. yes voters: 3f60f069445343a78a7e63f3e482d17e, c154e78482e3476aa01819b9524cfb79; no voters: 
I20260601 13:39:36.095160 20491 leader_election.cc:304] T 4b61aeb06c7e43708175ac1b67e3145b P 3536cb699ca541398394567c1cd4716c [CANDIDATE]: Term 1 election: Election decided. Result: candidate won. Election summary: received 2 responses out of 3 voters: 2 yes votes; 0 no votes. yes voters: 3536cb699ca541398394567c1cd4716c, c154e78482e3476aa01819b9524cfb79; no voters: 
I20260601 13:39:36.095440 20754 raft_consensus.cc:2804] T 6d62e768e20742b4974b8fba169ab9f5 P 3f60f069445343a78a7e63f3e482d17e [term 1 FOLLOWER]: Leader election won for term 1
I20260601 13:39:36.095556 20754 raft_consensus.cc:697] T 6d62e768e20742b4974b8fba169ab9f5 P 3f60f069445343a78a7e63f3e482d17e [term 1 LEADER]: Becoming Leader. State: Replica: 3f60f069445343a78a7e63f3e482d17e, State: Running, Role: LEADER
I20260601 13:39:36.095701 20754 consensus_queue.cc:237] T 6d62e768e20742b4974b8fba169ab9f5 P 3f60f069445343a78a7e63f3e482d17e [LEADER]: Queue going to LEADER mode. State: All replicated index: 0, Majority replicated index: 0, Committed index: 0, Last appended: 0.0, Last appended by leader: 0, Current term: 1, Majority size: 2, State: 0, Mode: LEADER, active raft config: opid_index: -1 OBSOLETE_local: false peers { permanent_uuid: "3536cb699ca541398394567c1cd4716c" member_type: VOTER last_known_addr { host: "127.19.99.129" port: 45551 } } peers { permanent_uuid: "3f60f069445343a78a7e63f3e482d17e" member_type: VOTER last_known_addr { host: "127.19.99.130" port: 45497 } } peers { permanent_uuid: "c154e78482e3476aa01819b9524cfb79" member_type: VOTER last_known_addr { host: "127.19.99.131" port: 33165 } }
I20260601 13:39:36.096419 20727 raft_consensus.cc:2804] T 4b61aeb06c7e43708175ac1b67e3145b P 3536cb699ca541398394567c1cd4716c [term 1 FOLLOWER]: Leader election won for term 1
I20260601 13:39:36.096563 20727 raft_consensus.cc:697] T 4b61aeb06c7e43708175ac1b67e3145b P 3536cb699ca541398394567c1cd4716c [term 1 LEADER]: Becoming Leader. State: Replica: 3536cb699ca541398394567c1cd4716c, State: Running, Role: LEADER
I20260601 13:39:36.096673 20727 consensus_queue.cc:237] T 4b61aeb06c7e43708175ac1b67e3145b P 3536cb699ca541398394567c1cd4716c [LEADER]: Queue going to LEADER mode. State: All replicated index: 0, Majority replicated index: 0, Committed index: 0, Last appended: 0.0, Last appended by leader: 0, Current term: 1, Majority size: 2, State: 0, Mode: LEADER, active raft config: opid_index: -1 OBSOLETE_local: false peers { permanent_uuid: "3536cb699ca541398394567c1cd4716c" member_type: VOTER last_known_addr { host: "127.19.99.129" port: 45551 } } peers { permanent_uuid: "3f60f069445343a78a7e63f3e482d17e" member_type: VOTER last_known_addr { host: "127.19.99.130" port: 45497 } } peers { permanent_uuid: "c154e78482e3476aa01819b9524cfb79" member_type: VOTER last_known_addr { host: "127.19.99.131" port: 33165 } }
I20260601 13:39:36.097697 20422 catalog_manager.cc:5696] T 6d62e768e20742b4974b8fba169ab9f5 P 3f60f069445343a78a7e63f3e482d17e reported cstate change: term changed from 0 to 1, leader changed from <none> to 3f60f069445343a78a7e63f3e482d17e (127.19.99.130). New cstate: current_term: 1 leader_uuid: "3f60f069445343a78a7e63f3e482d17e" committed_config { opid_index: -1 OBSOLETE_local: false peers { permanent_uuid: "3536cb699ca541398394567c1cd4716c" member_type: VOTER last_known_addr { host: "127.19.99.129" port: 45551 } health_report { overall_health: UNKNOWN } } peers { permanent_uuid: "3f60f069445343a78a7e63f3e482d17e" member_type: VOTER last_known_addr { host: "127.19.99.130" port: 45497 } health_report { overall_health: HEALTHY } } peers { permanent_uuid: "c154e78482e3476aa01819b9524cfb79" member_type: VOTER last_known_addr { host: "127.19.99.131" port: 33165 } health_report { overall_health: UNKNOWN } } }
I20260601 13:39:36.098187 20421 catalog_manager.cc:5696] T 4b61aeb06c7e43708175ac1b67e3145b P 3536cb699ca541398394567c1cd4716c reported cstate change: term changed from 0 to 1, leader changed from <none> to 3536cb699ca541398394567c1cd4716c (127.19.99.129). New cstate: current_term: 1 leader_uuid: "3536cb699ca541398394567c1cd4716c" committed_config { opid_index: -1 OBSOLETE_local: false peers { permanent_uuid: "3536cb699ca541398394567c1cd4716c" member_type: VOTER last_known_addr { host: "127.19.99.129" port: 45551 } health_report { overall_health: HEALTHY } } peers { permanent_uuid: "3f60f069445343a78a7e63f3e482d17e" member_type: VOTER last_known_addr { host: "127.19.99.130" port: 45497 } health_report { overall_health: UNKNOWN } } peers { permanent_uuid: "c154e78482e3476aa01819b9524cfb79" member_type: VOTER last_known_addr { host: "127.19.99.131" port: 33165 } health_report { overall_health: UNKNOWN } } }
I20260601 13:39:36.106604 19854 file_cache.cc:492] Constructed file cache file cache with capacity 419430
W20260601 13:39:36.108744 20770 instance_detector.cc:116] could not retrieve Azure instance metadata: Network error: curl error: HTTP response code said error: The requested URL returned error: 404
W20260601 13:39:36.108834 20772 instance_detector.cc:116] could not retrieve OpenStack instance metadata: Network error: curl error: HTTP response code said error: The requested URL returned error: 404
I20260601 13:39:36.108942 19854 server_base.cc:1061] running on GCE node
W20260601 13:39:36.108984 20769 instance_detector.cc:116] could not retrieve AWS instance metadata: Network error: curl error: HTTP response code said error: The requested URL returned error: 404
I20260601 13:39:36.109227 19854 hybrid_clock.cc:584] initializing the hybrid clock with 'system_unsync' time source
W20260601 13:39:36.109294 19854 system_unsync_time.cc:38] NTP support is disabled. Clock error bounds will not be accurate. This configuration is not suitable for distributed clusters.
I20260601 13:39:36.109329 19854 hybrid_clock.cc:648] HybridClock initialized: now 1780321176109328 us; error 0 us; skew 500 ppm
I20260601 13:39:36.110388 19854 webserver.cc:533] Webserver started at http://127.19.99.132:45671/ using document root <none> and password file <none>
I20260601 13:39:36.110555 19854 fs_manager.cc:362] Metadata directory not provided
I20260601 13:39:36.110618 19854 fs_manager.cc:368] Using write-ahead log directory (fs_wal_dir) as metadata directory
I20260601 13:39:36.110723 19854 server_base.cc:909] This appears to be a new deployment of Kudu; creating new FS layout
I20260601 13:39:36.111109 19854 fs_manager.cc:1068] Generated new instance metadata in path /tmp/dist-test-task3CcHva/test-tmp/auto_rebalancer-test.0.AutoRebalancerTest.AutoRebalancingTurnOffAndOn.1780321171910937-19854-0/minicluster-data/ts-3-root/instance:
uuid: "b2105f18c08a40a5bb13b5655f9dcfe8"
format_stamp: "Formatted at 2026-06-01 13:39:36 on dist-test-slave-xtsw"
I20260601 13:39:36.112653 19854 fs_manager.cc:696] Time spent creating directory manager: real 0.001s	user 0.000s	sys 0.001s
I20260601 13:39:36.113626 20777 log_block_manager.cc:4031] Time spent loading block containers with low live blocks: real 0.000s	user 0.000s	sys 0.000s
I20260601 13:39:36.113901 19854 fs_manager.cc:730] Time spent opening block manager: real 0.001s	user 0.001s	sys 0.000s
I20260601 13:39:36.113966 19854 fs_manager.cc:647] Opened local filesystem: /tmp/dist-test-task3CcHva/test-tmp/auto_rebalancer-test.0.AutoRebalancerTest.AutoRebalancingTurnOffAndOn.1780321171910937-19854-0/minicluster-data/ts-3-root
uuid: "b2105f18c08a40a5bb13b5655f9dcfe8"
format_stamp: "Formatted at 2026-06-01 13:39:36 on dist-test-slave-xtsw"
I20260601 13:39:36.114027 19854 fs_report.cc:389] FS layout report
--------------------
wal directory: /tmp/dist-test-task3CcHva/test-tmp/auto_rebalancer-test.0.AutoRebalancerTest.AutoRebalancingTurnOffAndOn.1780321171910937-19854-0/minicluster-data/ts-3-root
metadata directory: /tmp/dist-test-task3CcHva/test-tmp/auto_rebalancer-test.0.AutoRebalancerTest.AutoRebalancingTurnOffAndOn.1780321171910937-19854-0/minicluster-data/ts-3-root
1 data directories: /tmp/dist-test-task3CcHva/test-tmp/auto_rebalancer-test.0.AutoRebalancerTest.AutoRebalancingTurnOffAndOn.1780321171910937-19854-0/minicluster-data/ts-3-root/data
Total live blocks: 0
Total live bytes: 0
Total live bytes (after alignment): 0
Total number of LBM containers: 0 (0 full)
Did not check for missing blocks
Did not check for orphaned blocks
Total full LBM containers with extra space: 0 (0 repaired)
Total full LBM container extra space in bytes: 0 (0 repaired)
Total incomplete LBM containers: 0 (0 repaired)
Total LBM partial records: 0 (0 repaired)
Total corrupted LBM metadata records in RocksDB: 0 (0 repaired)
I20260601 13:39:36.126627 19854 rpc_server.cc:225] running with OpenSSL 1.1.1  11 Sep 2018
I20260601 13:39:36.127101 19854 kserver.cc:163] Server-wide thread pool size limit: 3276
I20260601 13:39:36.127491 19854 txn_system_client.cc:432] TxnSystemClient initialization is disabled...
I20260601 13:39:36.128012 19854 ts_tablet_manager.cc:585] Loaded tablet metadata (0 total tablets, 0 live tablets)
I20260601 13:39:36.128050 19854 ts_tablet_manager.cc:531] Time spent load tablet metadata: real 0.000s	user 0.000s	sys 0.000s
I20260601 13:39:36.128108 19854 ts_tablet_manager.cc:616] Registered 0 tablets
I20260601 13:39:36.128154 19854 ts_tablet_manager.cc:595] Time spent register tablets: real 0.000s	user 0.000s	sys 0.000s
I20260601 13:39:36.133371 19854 rpc_server.cc:307] RPC server started. Bound to: 127.19.99.132:38333
I20260601 13:39:36.133445 20840 acceptor_pool.cc:272] collecting diagnostics on the listening RPC socket 127.19.99.132:38333 every 8 connection(s)
I20260601 13:39:36.138473 20841 heartbeater.cc:344] Connected to a master server at 127.19.99.190:43663
I20260601 13:39:36.138602 20841 heartbeater.cc:461] Registering TS with master...
I20260601 13:39:36.138852 20841 heartbeater.cc:507] Master 127.19.99.190:43663 requested a full tablet report, sending...
I20260601 13:39:36.139555 20421 ts_manager.cc:194] Registered new tserver with Master: b2105f18c08a40a5bb13b5655f9dcfe8 (127.19.99.132:38333)
I20260601 13:39:36.140115 20421 master_service.cc:502] Signed X509 certificate for tserver {username='slave'} at 127.0.0.1:43706
I20260601 13:39:36.177647 20727 raft_consensus.cc:493] T 44e4d39c81a342deba2a4b2f23bbd978 P 3536cb699ca541398394567c1cd4716c [term 0 FOLLOWER]: Starting pre-election (no leader contacted us within the election timeout)
I20260601 13:39:36.177810 20727 raft_consensus.cc:515] T 44e4d39c81a342deba2a4b2f23bbd978 P 3536cb699ca541398394567c1cd4716c [term 0 FOLLOWER]: Starting pre-election with config: opid_index: -1 OBSOLETE_local: false peers { permanent_uuid: "3536cb699ca541398394567c1cd4716c" member_type: VOTER last_known_addr { host: "127.19.99.129" port: 45551 } } peers { permanent_uuid: "3f60f069445343a78a7e63f3e482d17e" member_type: VOTER last_known_addr { host: "127.19.99.130" port: 45497 } } peers { permanent_uuid: "c154e78482e3476aa01819b9524cfb79" member_type: VOTER last_known_addr { host: "127.19.99.131" port: 33165 } }
I20260601 13:39:36.178408 20727 leader_election.cc:290] T 44e4d39c81a342deba2a4b2f23bbd978 P 3536cb699ca541398394567c1cd4716c [CANDIDATE]: Term 1 pre-election: Requested pre-vote from peers 3f60f069445343a78a7e63f3e482d17e (127.19.99.130:45497), c154e78482e3476aa01819b9524cfb79 (127.19.99.131:33165)
I20260601 13:39:36.178848 20676 tablet_service.cc:1917] Received RequestConsensusVote() RPC: tablet_id: "44e4d39c81a342deba2a4b2f23bbd978" candidate_uuid: "3536cb699ca541398394567c1cd4716c" candidate_term: 1 candidate_status { last_received { term: 0 index: 0 } } ignore_live_leader: false dest_uuid: "c154e78482e3476aa01819b9524cfb79" is_pre_election: true
I20260601 13:39:36.178845 20600 tablet_service.cc:1917] Received RequestConsensusVote() RPC: tablet_id: "44e4d39c81a342deba2a4b2f23bbd978" candidate_uuid: "3536cb699ca541398394567c1cd4716c" candidate_term: 1 candidate_status { last_received { term: 0 index: 0 } } ignore_live_leader: false dest_uuid: "3f60f069445343a78a7e63f3e482d17e" is_pre_election: true
I20260601 13:39:36.179091 20676 raft_consensus.cc:2393] T 44e4d39c81a342deba2a4b2f23bbd978 P c154e78482e3476aa01819b9524cfb79 [term 1 FOLLOWER]: Leader pre-election vote request: Denying vote to candidate 3536cb699ca541398394567c1cd4716c in current term 1: Already voted for candidate 3f60f069445343a78a7e63f3e482d17e in this term.
I20260601 13:39:36.179447 20490 leader_election.cc:304] T 44e4d39c81a342deba2a4b2f23bbd978 P 3536cb699ca541398394567c1cd4716c [CANDIDATE]: Term 1 pre-election: Election decided. Result: candidate lost. Election summary: received 3 responses out of 3 voters: 1 yes votes; 2 no votes. yes voters: 3536cb699ca541398394567c1cd4716c; no voters: 3f60f069445343a78a7e63f3e482d17e, c154e78482e3476aa01819b9524cfb79
I20260601 13:39:36.179666 20727 raft_consensus.cc:3060] T 44e4d39c81a342deba2a4b2f23bbd978 P 3536cb699ca541398394567c1cd4716c [term 0 FOLLOWER]: Advancing to term 1
I20260601 13:39:36.180492 20727 raft_consensus.cc:2749] T 44e4d39c81a342deba2a4b2f23bbd978 P 3536cb699ca541398394567c1cd4716c [term 1 FOLLOWER]: Leader pre-election lost for term 1. Reason: could not achieve majority
I20260601 13:39:36.187055 20754 consensus_queue.cc:1048] T 3ebdca00b7cf4c068c7da6b4e15720e6 P 3f60f069445343a78a7e63f3e482d17e [LEADER]: Connected to new peer: Peer: permanent_uuid: "c154e78482e3476aa01819b9524cfb79" member_type: VOTER last_known_addr { host: "127.19.99.131" port: 33165 }, Status: LMP_MISMATCH, Last received: 0.0, Next index: 1, Last known committed idx: 0, Time since last communication: 0.000s
I20260601 13:39:36.190382 20729 consensus_queue.cc:1048] T 3ebdca00b7cf4c068c7da6b4e15720e6 P 3f60f069445343a78a7e63f3e482d17e [LEADER]: Connected to new peer: Peer: permanent_uuid: "3536cb699ca541398394567c1cd4716c" member_type: VOTER last_known_addr { host: "127.19.99.129" port: 45551 }, Status: LMP_MISMATCH, Last received: 0.0, Next index: 1, Last known committed idx: 0, Time since last communication: 0.000s
I20260601 13:39:36.234469 20727 consensus_queue.cc:1048] T ce2de02f507e4c269ee0cc9ea2fbbb89 P 3536cb699ca541398394567c1cd4716c [LEADER]: Connected to new peer: Peer: permanent_uuid: "c154e78482e3476aa01819b9524cfb79" member_type: VOTER last_known_addr { host: "127.19.99.131" port: 33165 }, Status: LMP_MISMATCH, Last received: 0.0, Next index: 1, Last known committed idx: 0, Time since last communication: 0.000s
I20260601 13:39:36.237962 20746 consensus_queue.cc:1048] T ce2de02f507e4c269ee0cc9ea2fbbb89 P 3536cb699ca541398394567c1cd4716c [LEADER]: Connected to new peer: Peer: permanent_uuid: "3f60f069445343a78a7e63f3e482d17e" member_type: VOTER last_known_addr { host: "127.19.99.130" port: 45497 }, Status: LMP_MISMATCH, Last received: 0.0, Next index: 1, Last known committed idx: 0, Time since last communication: 0.000s
I20260601 13:39:36.261320 20729 consensus_queue.cc:1048] T 44e4d39c81a342deba2a4b2f23bbd978 P 3f60f069445343a78a7e63f3e482d17e [LEADER]: Connected to new peer: Peer: permanent_uuid: "c154e78482e3476aa01819b9524cfb79" member_type: VOTER last_known_addr { host: "127.19.99.131" port: 33165 }, Status: LMP_MISMATCH, Last received: 0.0, Next index: 1, Last known committed idx: 0, Time since last communication: 0.000s
I20260601 13:39:36.264990 20729 consensus_queue.cc:1048] T 44e4d39c81a342deba2a4b2f23bbd978 P 3f60f069445343a78a7e63f3e482d17e [LEADER]: Connected to new peer: Peer: permanent_uuid: "3536cb699ca541398394567c1cd4716c" member_type: VOTER last_known_addr { host: "127.19.99.129" port: 45551 }, Status: LMP_MISMATCH, Last received: 0.0, Next index: 1, Last known committed idx: 0, Time since last communication: 0.000s
I20260601 13:39:36.294003 20727 consensus_queue.cc:1048] T 9aa2650f2dec40c4a60681ab69142042 P 3536cb699ca541398394567c1cd4716c [LEADER]: Connected to new peer: Peer: permanent_uuid: "3f60f069445343a78a7e63f3e482d17e" member_type: VOTER last_known_addr { host: "127.19.99.130" port: 45497 }, Status: LMP_MISMATCH, Last received: 0.0, Next index: 1, Last known committed idx: 0, Time since last communication: 0.000s
I20260601 13:39:36.297227 20854 consensus_queue.cc:1048] T 9aa2650f2dec40c4a60681ab69142042 P 3536cb699ca541398394567c1cd4716c [LEADER]: Connected to new peer: Peer: permanent_uuid: "c154e78482e3476aa01819b9524cfb79" member_type: VOTER last_known_addr { host: "127.19.99.131" port: 33165 }, Status: LMP_MISMATCH, Last received: 0.0, Next index: 1, Last known committed idx: 0, Time since last communication: 0.000s
I20260601 13:39:36.331110 20854 consensus_queue.cc:1048] T b30fcd15b429442a9fffce694019a6e6 P 3536cb699ca541398394567c1cd4716c [LEADER]: Connected to new peer: Peer: permanent_uuid: "3f60f069445343a78a7e63f3e482d17e" member_type: VOTER last_known_addr { host: "127.19.99.130" port: 45497 }, Status: LMP_MISMATCH, Last received: 0.0, Next index: 1, Last known committed idx: 0, Time since last communication: 0.000s
I20260601 13:39:36.334302 20857 consensus_queue.cc:1048] T b30fcd15b429442a9fffce694019a6e6 P 3536cb699ca541398394567c1cd4716c [LEADER]: Connected to new peer: Peer: permanent_uuid: "c154e78482e3476aa01819b9524cfb79" member_type: VOTER last_known_addr { host: "127.19.99.131" port: 33165 }, Status: LMP_MISMATCH, Last received: 0.0, Next index: 1, Last known committed idx: 0, Time since last communication: 0.000s
I20260601 13:39:36.425367 20754 consensus_queue.cc:1048] T 2511dde13e714bc7a478b2a71226fb08 P 3f60f069445343a78a7e63f3e482d17e [LEADER]: Connected to new peer: Peer: permanent_uuid: "c154e78482e3476aa01819b9524cfb79" member_type: VOTER last_known_addr { host: "127.19.99.131" port: 33165 }, Status: LMP_MISMATCH, Last received: 0.0, Next index: 1, Last known committed idx: 0, Time since last communication: 0.000s
I20260601 13:39:36.428913 20754 consensus_queue.cc:1048] T 2511dde13e714bc7a478b2a71226fb08 P 3f60f069445343a78a7e63f3e482d17e [LEADER]: Connected to new peer: Peer: permanent_uuid: "3536cb699ca541398394567c1cd4716c" member_type: VOTER last_known_addr { host: "127.19.99.129" port: 45551 }, Status: LMP_MISMATCH, Last received: 0.0, Next index: 1, Last known committed idx: 0, Time since last communication: 0.000s
I20260601 13:39:36.490862 20754 consensus_queue.cc:1048] T 6d62e768e20742b4974b8fba169ab9f5 P 3f60f069445343a78a7e63f3e482d17e [LEADER]: Connected to new peer: Peer: permanent_uuid: "3536cb699ca541398394567c1cd4716c" member_type: VOTER last_known_addr { host: "127.19.99.129" port: 45551 }, Status: LMP_MISMATCH, Last received: 0.0, Next index: 1, Last known committed idx: 0, Time since last communication: 0.000s
I20260601 13:39:36.494284 20729 consensus_queue.cc:1048] T 6d62e768e20742b4974b8fba169ab9f5 P 3f60f069445343a78a7e63f3e482d17e [LEADER]: Connected to new peer: Peer: permanent_uuid: "c154e78482e3476aa01819b9524cfb79" member_type: VOTER last_known_addr { host: "127.19.99.131" port: 33165 }, Status: LMP_MISMATCH, Last received: 0.0, Next index: 1, Last known committed idx: 0, Time since last communication: 0.000s
I20260601 13:39:36.536289 20857 consensus_queue.cc:1048] T 4b61aeb06c7e43708175ac1b67e3145b P 3536cb699ca541398394567c1cd4716c [LEADER]: Connected to new peer: Peer: permanent_uuid: "3f60f069445343a78a7e63f3e482d17e" member_type: VOTER last_known_addr { host: "127.19.99.130" port: 45497 }, Status: LMP_MISMATCH, Last received: 0.0, Next index: 1, Last known committed idx: 0, Time since last communication: 0.000s
I20260601 13:39:36.539697 20727 consensus_queue.cc:1048] T 4b61aeb06c7e43708175ac1b67e3145b P 3536cb699ca541398394567c1cd4716c [LEADER]: Connected to new peer: Peer: permanent_uuid: "c154e78482e3476aa01819b9524cfb79" member_type: VOTER last_known_addr { host: "127.19.99.131" port: 33165 }, Status: LMP_MISMATCH, Last received: 0.0, Next index: 1, Last known committed idx: 0, Time since last communication: 0.000s
I20260601 13:39:36.542400 20476 auto_leader_rebalancer.cc:140] leader rebalance for table test-workload
I20260601 13:39:36.548154 20600 tablet_service.cc:2072] Received LeaderStepDown RPC: tablet_id: "3ebdca00b7cf4c068c7da6b4e15720e6"
dest_uuid: "3f60f069445343a78a7e63f3e482d17e"
mode: GRACEFUL
new_leader_uuid: "c154e78482e3476aa01819b9524cfb79"
 from {username='slave'} at 127.0.0.1:57286
I20260601 13:39:36.548332 20600 raft_consensus.cc:606] T 3ebdca00b7cf4c068c7da6b4e15720e6 P 3f60f069445343a78a7e63f3e482d17e [term 1 LEADER]: Received request to transfer leadership to TS c154e78482e3476aa01819b9524cfb79
I20260601 13:39:36.552314 20525 tablet_service.cc:2072] Received LeaderStepDown RPC: tablet_id: "ce2de02f507e4c269ee0cc9ea2fbbb89"
dest_uuid: "3536cb699ca541398394567c1cd4716c"
mode: GRACEFUL
new_leader_uuid: "c154e78482e3476aa01819b9524cfb79"
 from {username='slave'} at 127.0.0.1:34366
I20260601 13:39:36.552456 20525 raft_consensus.cc:606] T ce2de02f507e4c269ee0cc9ea2fbbb89 P 3536cb699ca541398394567c1cd4716c [term 1 LEADER]: Received request to transfer leadership to TS c154e78482e3476aa01819b9524cfb79
I20260601 13:39:36.552866 20476 auto_leader_rebalancer.cc:388] table: test-workload, leader rebalance finish, leader transfer count: 2
I20260601 13:39:36.553052 20476 auto_leader_rebalancer.cc:451] All tables' leader rebalancing finished this round
I20260601 13:39:36.622749 20754 raft_consensus.cc:993] T 3ebdca00b7cf4c068c7da6b4e15720e6 P 3f60f069445343a78a7e63f3e482d17e: : Instructing follower c154e78482e3476aa01819b9524cfb79 to start an election
I20260601 13:39:36.622902 20729 raft_consensus.cc:1081] T 3ebdca00b7cf4c068c7da6b4e15720e6 P 3f60f069445343a78a7e63f3e482d17e [term 1 LEADER]: Signalling peer c154e78482e3476aa01819b9524cfb79 to start an election
I20260601 13:39:36.623533 20676 tablet_service.cc:2044] Received Run Leader Election RPC: tablet_id: "3ebdca00b7cf4c068c7da6b4e15720e6"
dest_uuid: "c154e78482e3476aa01819b9524cfb79"
 from {username='slave'} at 127.0.0.1:58722
I20260601 13:39:36.623688 20676 raft_consensus.cc:493] T 3ebdca00b7cf4c068c7da6b4e15720e6 P c154e78482e3476aa01819b9524cfb79 [term 1 FOLLOWER]: Starting forced leader election (received explicit request)
I20260601 13:39:36.623808 20676 raft_consensus.cc:3060] T 3ebdca00b7cf4c068c7da6b4e15720e6 P c154e78482e3476aa01819b9524cfb79 [term 1 FOLLOWER]: Advancing to term 2
I20260601 13:39:36.624647 20676 raft_consensus.cc:515] T 3ebdca00b7cf4c068c7da6b4e15720e6 P c154e78482e3476aa01819b9524cfb79 [term 2 FOLLOWER]: Starting forced leader election with config: opid_index: -1 OBSOLETE_local: false peers { permanent_uuid: "3f60f069445343a78a7e63f3e482d17e" member_type: VOTER last_known_addr { host: "127.19.99.130" port: 45497 } } peers { permanent_uuid: "3536cb699ca541398394567c1cd4716c" member_type: VOTER last_known_addr { host: "127.19.99.129" port: 45551 } } peers { permanent_uuid: "c154e78482e3476aa01819b9524cfb79" member_type: VOTER last_known_addr { host: "127.19.99.131" port: 33165 } }
I20260601 13:39:36.625159 20676 leader_election.cc:290] T 3ebdca00b7cf4c068c7da6b4e15720e6 P c154e78482e3476aa01819b9524cfb79 [CANDIDATE]: Term 2 election: Requested vote from peers 3f60f069445343a78a7e63f3e482d17e (127.19.99.130:45497), 3536cb699ca541398394567c1cd4716c (127.19.99.129:45551)
I20260601 13:39:36.628842 20600 tablet_service.cc:1917] Received RequestConsensusVote() RPC: tablet_id: "3ebdca00b7cf4c068c7da6b4e15720e6" candidate_uuid: "c154e78482e3476aa01819b9524cfb79" candidate_term: 2 candidate_status { last_received { term: 1 index: 1 } } ignore_live_leader: true dest_uuid: "3f60f069445343a78a7e63f3e482d17e"
I20260601 13:39:36.628998 20600 raft_consensus.cc:3055] T 3ebdca00b7cf4c068c7da6b4e15720e6 P 3f60f069445343a78a7e63f3e482d17e [term 1 LEADER]: Stepping down as leader of term 1
I20260601 13:39:36.629079 20600 raft_consensus.cc:740] T 3ebdca00b7cf4c068c7da6b4e15720e6 P 3f60f069445343a78a7e63f3e482d17e [term 1 LEADER]: Becoming Follower/Learner. State: Replica: 3f60f069445343a78a7e63f3e482d17e, State: Running, Role: LEADER
I20260601 13:39:36.629038 20525 tablet_service.cc:1917] Received RequestConsensusVote() RPC: tablet_id: "3ebdca00b7cf4c068c7da6b4e15720e6" candidate_uuid: "c154e78482e3476aa01819b9524cfb79" candidate_term: 2 candidate_status { last_received { term: 1 index: 1 } } ignore_live_leader: true dest_uuid: "3536cb699ca541398394567c1cd4716c"
I20260601 13:39:36.629194 20525 raft_consensus.cc:3060] T 3ebdca00b7cf4c068c7da6b4e15720e6 P 3536cb699ca541398394567c1cd4716c [term 1 FOLLOWER]: Advancing to term 2
I20260601 13:39:36.629302 20600 consensus_queue.cc:260] T 3ebdca00b7cf4c068c7da6b4e15720e6 P 3f60f069445343a78a7e63f3e482d17e [NON_LEADER]: Queue going to NON_LEADER mode. State: All replicated index: 0, Majority replicated index: 1, Committed index: 1, Last appended: 1.1, Last appended by leader: 1, Current term: 1, Majority size: -1, State: 0, Mode: NON_LEADER, active raft config: opid_index: -1 OBSOLETE_local: false peers { permanent_uuid: "3f60f069445343a78a7e63f3e482d17e" member_type: VOTER last_known_addr { host: "127.19.99.130" port: 45497 } } peers { permanent_uuid: "3536cb699ca541398394567c1cd4716c" member_type: VOTER last_known_addr { host: "127.19.99.129" port: 45551 } } peers { permanent_uuid: "c154e78482e3476aa01819b9524cfb79" member_type: VOTER last_known_addr { host: "127.19.99.131" port: 33165 } }
I20260601 13:39:36.629513 20600 raft_consensus.cc:3060] T 3ebdca00b7cf4c068c7da6b4e15720e6 P 3f60f069445343a78a7e63f3e482d17e [term 1 FOLLOWER]: Advancing to term 2
I20260601 13:39:36.630116 20525 raft_consensus.cc:2468] T 3ebdca00b7cf4c068c7da6b4e15720e6 P 3536cb699ca541398394567c1cd4716c [term 2 FOLLOWER]: Leader election vote request: Granting yes vote for candidate c154e78482e3476aa01819b9524cfb79 in term 2.
I20260601 13:39:36.630275 20600 raft_consensus.cc:2468] T 3ebdca00b7cf4c068c7da6b4e15720e6 P 3f60f069445343a78a7e63f3e482d17e [term 2 FOLLOWER]: Leader election vote request: Granting yes vote for candidate c154e78482e3476aa01819b9524cfb79 in term 2.
I20260601 13:39:36.630424 20641 leader_election.cc:304] T 3ebdca00b7cf4c068c7da6b4e15720e6 P c154e78482e3476aa01819b9524cfb79 [CANDIDATE]: Term 2 election: Election decided. Result: candidate won. Election summary: received 2 responses out of 3 voters: 2 yes votes; 0 no votes. yes voters: 3536cb699ca541398394567c1cd4716c, c154e78482e3476aa01819b9524cfb79; no voters: 
I20260601 13:39:36.630602 20738 raft_consensus.cc:2804] T 3ebdca00b7cf4c068c7da6b4e15720e6 P c154e78482e3476aa01819b9524cfb79 [term 2 FOLLOWER]: Leader election won for term 2
I20260601 13:39:36.630801 20738 raft_consensus.cc:697] T 3ebdca00b7cf4c068c7da6b4e15720e6 P c154e78482e3476aa01819b9524cfb79 [term 2 LEADER]: Becoming Leader. State: Replica: c154e78482e3476aa01819b9524cfb79, State: Running, Role: LEADER
I20260601 13:39:36.630964 20738 consensus_queue.cc:237] T 3ebdca00b7cf4c068c7da6b4e15720e6 P c154e78482e3476aa01819b9524cfb79 [LEADER]: Queue going to LEADER mode. State: All replicated index: 0, Majority replicated index: 1, Committed index: 1, Last appended: 1.1, Last appended by leader: 1, Current term: 2, Majority size: 2, State: 0, Mode: LEADER, active raft config: opid_index: -1 OBSOLETE_local: false peers { permanent_uuid: "3f60f069445343a78a7e63f3e482d17e" member_type: VOTER last_known_addr { host: "127.19.99.130" port: 45497 } } peers { permanent_uuid: "3536cb699ca541398394567c1cd4716c" member_type: VOTER last_known_addr { host: "127.19.99.129" port: 45551 } } peers { permanent_uuid: "c154e78482e3476aa01819b9524cfb79" member_type: VOTER last_known_addr { host: "127.19.99.131" port: 33165 } }
I20260601 13:39:36.632452 20422 catalog_manager.cc:5696] T 3ebdca00b7cf4c068c7da6b4e15720e6 P c154e78482e3476aa01819b9524cfb79 reported cstate change: term changed from 1 to 2, leader changed from 3f60f069445343a78a7e63f3e482d17e (127.19.99.130) to c154e78482e3476aa01819b9524cfb79 (127.19.99.131). New cstate: current_term: 2 leader_uuid: "c154e78482e3476aa01819b9524cfb79" committed_config { opid_index: -1 OBSOLETE_local: false peers { permanent_uuid: "3f60f069445343a78a7e63f3e482d17e" member_type: VOTER last_known_addr { host: "127.19.99.130" port: 45497 } health_report { overall_health: UNKNOWN } } peers { permanent_uuid: "3536cb699ca541398394567c1cd4716c" member_type: VOTER last_known_addr { host: "127.19.99.129" port: 45551 } health_report { overall_health: UNKNOWN } } peers { permanent_uuid: "c154e78482e3476aa01819b9524cfb79" member_type: VOTER last_known_addr { host: "127.19.99.131" port: 33165 } health_report { overall_health: HEALTHY } } }
I20260601 13:39:36.636382 20727 raft_consensus.cc:993] T ce2de02f507e4c269ee0cc9ea2fbbb89 P 3536cb699ca541398394567c1cd4716c: : Instructing follower c154e78482e3476aa01819b9524cfb79 to start an election
I20260601 13:39:36.636462 20727 raft_consensus.cc:1081] T ce2de02f507e4c269ee0cc9ea2fbbb89 P 3536cb699ca541398394567c1cd4716c [term 1 LEADER]: Signalling peer c154e78482e3476aa01819b9524cfb79 to start an election
I20260601 13:39:36.636905 20676 tablet_service.cc:2044] Received Run Leader Election RPC: tablet_id: "ce2de02f507e4c269ee0cc9ea2fbbb89"
dest_uuid: "c154e78482e3476aa01819b9524cfb79"
 from {username='slave'} at 127.0.0.1:58736
I20260601 13:39:36.637027 20676 raft_consensus.cc:493] T ce2de02f507e4c269ee0cc9ea2fbbb89 P c154e78482e3476aa01819b9524cfb79 [term 1 FOLLOWER]: Starting forced leader election (received explicit request)
I20260601 13:39:36.637104 20676 raft_consensus.cc:3060] T ce2de02f507e4c269ee0cc9ea2fbbb89 P c154e78482e3476aa01819b9524cfb79 [term 1 FOLLOWER]: Advancing to term 2
I20260601 13:39:36.637902 20676 raft_consensus.cc:515] T ce2de02f507e4c269ee0cc9ea2fbbb89 P c154e78482e3476aa01819b9524cfb79 [term 2 FOLLOWER]: Starting forced leader election with config: opid_index: -1 OBSOLETE_local: false peers { permanent_uuid: "3536cb699ca541398394567c1cd4716c" member_type: VOTER last_known_addr { host: "127.19.99.129" port: 45551 } } peers { permanent_uuid: "3f60f069445343a78a7e63f3e482d17e" member_type: VOTER last_known_addr { host: "127.19.99.130" port: 45497 } } peers { permanent_uuid: "c154e78482e3476aa01819b9524cfb79" member_type: VOTER last_known_addr { host: "127.19.99.131" port: 33165 } }
I20260601 13:39:36.638331 20676 leader_election.cc:290] T ce2de02f507e4c269ee0cc9ea2fbbb89 P c154e78482e3476aa01819b9524cfb79 [CANDIDATE]: Term 2 election: Requested vote from peers 3536cb699ca541398394567c1cd4716c (127.19.99.129:45551), 3f60f069445343a78a7e63f3e482d17e (127.19.99.130:45497)
I20260601 13:39:36.638675 20600 tablet_service.cc:1917] Received RequestConsensusVote() RPC: tablet_id: "ce2de02f507e4c269ee0cc9ea2fbbb89" candidate_uuid: "c154e78482e3476aa01819b9524cfb79" candidate_term: 2 candidate_status { last_received { term: 1 index: 1 } } ignore_live_leader: true dest_uuid: "3f60f069445343a78a7e63f3e482d17e"
I20260601 13:39:36.638676 20525 tablet_service.cc:1917] Received RequestConsensusVote() RPC: tablet_id: "ce2de02f507e4c269ee0cc9ea2fbbb89" candidate_uuid: "c154e78482e3476aa01819b9524cfb79" candidate_term: 2 candidate_status { last_received { term: 1 index: 1 } } ignore_live_leader: true dest_uuid: "3536cb699ca541398394567c1cd4716c"
I20260601 13:39:36.638815 20600 raft_consensus.cc:3060] T ce2de02f507e4c269ee0cc9ea2fbbb89 P 3f60f069445343a78a7e63f3e482d17e [term 1 FOLLOWER]: Advancing to term 2
I20260601 13:39:36.638815 20525 raft_consensus.cc:3055] T ce2de02f507e4c269ee0cc9ea2fbbb89 P 3536cb699ca541398394567c1cd4716c [term 1 LEADER]: Stepping down as leader of term 1
I20260601 13:39:36.638892 20525 raft_consensus.cc:740] T ce2de02f507e4c269ee0cc9ea2fbbb89 P 3536cb699ca541398394567c1cd4716c [term 1 LEADER]: Becoming Follower/Learner. State: Replica: 3536cb699ca541398394567c1cd4716c, State: Running, Role: LEADER
I20260601 13:39:36.639029 20525 consensus_queue.cc:260] T ce2de02f507e4c269ee0cc9ea2fbbb89 P 3536cb699ca541398394567c1cd4716c [NON_LEADER]: Queue going to NON_LEADER mode. State: All replicated index: 0, Majority replicated index: 1, Committed index: 1, Last appended: 1.1, Last appended by leader: 1, Current term: 1, Majority size: -1, State: 0, Mode: NON_LEADER, active raft config: opid_index: -1 OBSOLETE_local: false peers { permanent_uuid: "3536cb699ca541398394567c1cd4716c" member_type: VOTER last_known_addr { host: "127.19.99.129" port: 45551 } } peers { permanent_uuid: "3f60f069445343a78a7e63f3e482d17e" member_type: VOTER last_known_addr { host: "127.19.99.130" port: 45497 } } peers { permanent_uuid: "c154e78482e3476aa01819b9524cfb79" member_type: VOTER last_known_addr { host: "127.19.99.131" port: 33165 } }
I20260601 13:39:36.639183 20525 raft_consensus.cc:3060] T ce2de02f507e4c269ee0cc9ea2fbbb89 P 3536cb699ca541398394567c1cd4716c [term 1 FOLLOWER]: Advancing to term 2
I20260601 13:39:36.639806 20600 raft_consensus.cc:2468] T ce2de02f507e4c269ee0cc9ea2fbbb89 P 3f60f069445343a78a7e63f3e482d17e [term 2 FOLLOWER]: Leader election vote request: Granting yes vote for candidate c154e78482e3476aa01819b9524cfb79 in term 2.
I20260601 13:39:36.640079 20525 raft_consensus.cc:2468] T ce2de02f507e4c269ee0cc9ea2fbbb89 P 3536cb699ca541398394567c1cd4716c [term 2 FOLLOWER]: Leader election vote request: Granting yes vote for candidate c154e78482e3476aa01819b9524cfb79 in term 2.
