I20260601 13:40:42.556718 23105 data_dirs.cc:400] Could only allocate 1 dirs of requested 3 for tablet dc2a49f3f3ce43dd95661522227a37ec. 1 dirs total, 0 dirs full, 0 dirs failed
I20260601 13:40:42.556989 23023 tablet_bootstrap.cc:492] T 7ea9ca3691274de4a89187dec9325e63 P 77de87d6dd5744098cbb2e220477bb13: No bootstrap required, opened a new log
I20260601 13:40:42.557065 23023 ts_tablet_manager.cc:1403] T 7ea9ca3691274de4a89187dec9325e63 P 77de87d6dd5744098cbb2e220477bb13: Time spent bootstrapping tablet: real 0.002s	user 0.002s	sys 0.000s
I20260601 13:40:42.557036 23025 raft_consensus.cc:359] T 8d92acfd1b0a40e4afb6858d0f6398a4 P 6417fba3c75e433eb0910f54125c837b [term 0 FOLLOWER]: Replica starting. Triggering 0 pending ops. Active config: opid_index: -1 OBSOLETE_local: false peers { permanent_uuid: "77de87d6dd5744098cbb2e220477bb13" member_type: VOTER last_known_addr { host: "127.19.99.131" port: 39217 } } peers { permanent_uuid: "7308dd641df249bba3fc4e37c3516ba6" member_type: VOTER last_known_addr { host: "127.19.99.132" port: 44117 } } peers { permanent_uuid: "6417fba3c75e433eb0910f54125c837b" member_type: VOTER last_known_addr { host: "127.19.99.130" port: 38215 } }
I20260601 13:40:42.557117 23025 raft_consensus.cc:385] T 8d92acfd1b0a40e4afb6858d0f6398a4 P 6417fba3c75e433eb0910f54125c837b [term 0 FOLLOWER]: Consensus starting up: Expiring failure detector timer to make a prompt election more likely
I20260601 13:40:42.557152 23025 raft_consensus.cc:740] T 8d92acfd1b0a40e4afb6858d0f6398a4 P 6417fba3c75e433eb0910f54125c837b [term 0 FOLLOWER]: Becoming Follower/Learner. State: Replica: 6417fba3c75e433eb0910f54125c837b, State: Initialized, Role: FOLLOWER
I20260601 13:40:42.557268 23025 consensus_queue.cc:260] T 8d92acfd1b0a40e4afb6858d0f6398a4 P 6417fba3c75e433eb0910f54125c837b [NON_LEADER]: Queue going to NON_LEADER mode. State: All replicated index: 0, Majority replicated index: 0, Committed index: 0, Last appended: 0.0, Last appended by leader: 0, Current term: 0, Majority size: -1, State: 0, Mode: NON_LEADER, active raft config: opid_index: -1 OBSOLETE_local: false peers { permanent_uuid: "77de87d6dd5744098cbb2e220477bb13" member_type: VOTER last_known_addr { host: "127.19.99.131" port: 39217 } } peers { permanent_uuid: "7308dd641df249bba3fc4e37c3516ba6" member_type: VOTER last_known_addr { host: "127.19.99.132" port: 44117 } } peers { permanent_uuid: "6417fba3c75e433eb0910f54125c837b" member_type: VOTER last_known_addr { host: "127.19.99.130" port: 38215 } }
I20260601 13:40:42.557471 23023 raft_consensus.cc:359] T 7ea9ca3691274de4a89187dec9325e63 P 77de87d6dd5744098cbb2e220477bb13 [term 0 FOLLOWER]: Replica starting. Triggering 0 pending ops. Active config: opid_index: -1 OBSOLETE_local: false peers { permanent_uuid: "77de87d6dd5744098cbb2e220477bb13" member_type: VOTER last_known_addr { host: "127.19.99.131" port: 39217 } } peers { permanent_uuid: "54dddbf771ed44679016562369de72c7" member_type: VOTER last_known_addr { host: "127.19.99.129" port: 45855 } } peers { permanent_uuid: "7308dd641df249bba3fc4e37c3516ba6" member_type: VOTER last_known_addr { host: "127.19.99.132" port: 44117 } }
I20260601 13:40:42.557575 23023 raft_consensus.cc:385] T 7ea9ca3691274de4a89187dec9325e63 P 77de87d6dd5744098cbb2e220477bb13 [term 0 FOLLOWER]: Consensus starting up: Expiring failure detector timer to make a prompt election more likely
I20260601 13:40:42.557621 23023 raft_consensus.cc:740] T 7ea9ca3691274de4a89187dec9325e63 P 77de87d6dd5744098cbb2e220477bb13 [term 0 FOLLOWER]: Becoming Follower/Learner. State: Replica: 77de87d6dd5744098cbb2e220477bb13, State: Initialized, Role: FOLLOWER
I20260601 13:40:42.557744 23023 consensus_queue.cc:260] T 7ea9ca3691274de4a89187dec9325e63 P 77de87d6dd5744098cbb2e220477bb13 [NON_LEADER]: Queue going to NON_LEADER mode. State: All replicated index: 0, Majority replicated index: 0, Committed index: 0, Last appended: 0.0, Last appended by leader: 0, Current term: 0, Majority size: -1, State: 0, Mode: NON_LEADER, active raft config: opid_index: -1 OBSOLETE_local: false peers { permanent_uuid: "77de87d6dd5744098cbb2e220477bb13" member_type: VOTER last_known_addr { host: "127.19.99.131" port: 39217 } } peers { permanent_uuid: "54dddbf771ed44679016562369de72c7" member_type: VOTER last_known_addr { host: "127.19.99.129" port: 45855 } } peers { permanent_uuid: "7308dd641df249bba3fc4e37c3516ba6" member_type: VOTER last_known_addr { host: "127.19.99.132" port: 44117 } }
I20260601 13:40:42.558054 23023 ts_tablet_manager.cc:1434] T 7ea9ca3691274de4a89187dec9325e63 P 77de87d6dd5744098cbb2e220477bb13: Time spent starting tablet: real 0.001s	user 0.001s	sys 0.000s
I20260601 13:40:42.558228 23151 tablet_bootstrap.cc:492] T 2576bbb030224f8ca7a3e21a6b897046 P 7308dd641df249bba3fc4e37c3516ba6: No bootstrap required, opened a new log
I20260601 13:40:42.558318 23151 ts_tablet_manager.cc:1403] T 2576bbb030224f8ca7a3e21a6b897046 P 7308dd641df249bba3fc4e37c3516ba6: Time spent bootstrapping tablet: real 0.004s	user 0.002s	sys 0.000s
I20260601 13:40:42.558758 23151 raft_consensus.cc:359] T 2576bbb030224f8ca7a3e21a6b897046 P 7308dd641df249bba3fc4e37c3516ba6 [term 0 FOLLOWER]: Replica starting. Triggering 0 pending ops. Active config: opid_index: -1 OBSOLETE_local: false peers { permanent_uuid: "7308dd641df249bba3fc4e37c3516ba6" member_type: VOTER last_known_addr { host: "127.19.99.132" port: 44117 } } peers { permanent_uuid: "54dddbf771ed44679016562369de72c7" member_type: VOTER last_known_addr { host: "127.19.99.129" port: 45855 } } peers { permanent_uuid: "77de87d6dd5744098cbb2e220477bb13" member_type: VOTER last_known_addr { host: "127.19.99.131" port: 39217 } }
I20260601 13:40:42.558846 23151 raft_consensus.cc:385] T 2576bbb030224f8ca7a3e21a6b897046 P 7308dd641df249bba3fc4e37c3516ba6 [term 0 FOLLOWER]: Consensus starting up: Expiring failure detector timer to make a prompt election more likely
I20260601 13:40:42.558233 23023 tablet_bootstrap.cc:492] T 8d92acfd1b0a40e4afb6858d0f6398a4 P 77de87d6dd5744098cbb2e220477bb13: Bootstrap starting.
I20260601 13:40:42.559844 23023 tablet_bootstrap.cc:654] T 8d92acfd1b0a40e4afb6858d0f6398a4 P 77de87d6dd5744098cbb2e220477bb13: Neither blocks nor log segments found. Creating new log.
I20260601 13:40:42.557519 23025 ts_tablet_manager.cc:1434] T 8d92acfd1b0a40e4afb6858d0f6398a4 P 6417fba3c75e433eb0910f54125c837b: Time spent starting tablet: real 0.001s	user 0.000s	sys 0.001s
I20260601 13:40:42.560778 23025 tablet_bootstrap.cc:492] T 376963406c0f48d59e4986cc2c1aa919 P 6417fba3c75e433eb0910f54125c837b: Bootstrap starting.
I20260601 13:40:42.561685 23025 tablet_bootstrap.cc:654] T 376963406c0f48d59e4986cc2c1aa919 P 6417fba3c75e433eb0910f54125c837b: Neither blocks nor log segments found. Creating new log.
I20260601 13:40:42.558887 23151 raft_consensus.cc:740] T 2576bbb030224f8ca7a3e21a6b897046 P 7308dd641df249bba3fc4e37c3516ba6 [term 0 FOLLOWER]: Becoming Follower/Learner. State: Replica: 7308dd641df249bba3fc4e37c3516ba6, State: Initialized, Role: FOLLOWER
I20260601 13:40:42.562283 23151 consensus_queue.cc:260] T 2576bbb030224f8ca7a3e21a6b897046 P 7308dd641df249bba3fc4e37c3516ba6 [NON_LEADER]: Queue going to NON_LEADER mode. State: All replicated index: 0, Majority replicated index: 0, Committed index: 0, Last appended: 0.0, Last appended by leader: 0, Current term: 0, Majority size: -1, State: 0, Mode: NON_LEADER, active raft config: opid_index: -1 OBSOLETE_local: false peers { permanent_uuid: "7308dd641df249bba3fc4e37c3516ba6" member_type: VOTER last_known_addr { host: "127.19.99.132" port: 44117 } } peers { permanent_uuid: "54dddbf771ed44679016562369de72c7" member_type: VOTER last_known_addr { host: "127.19.99.129" port: 45855 } } peers { permanent_uuid: "77de87d6dd5744098cbb2e220477bb13" member_type: VOTER last_known_addr { host: "127.19.99.131" port: 39217 } }
I20260601 13:40:42.562747 23151 ts_tablet_manager.cc:1434] T 2576bbb030224f8ca7a3e21a6b897046 P 7308dd641df249bba3fc4e37c3516ba6: Time spent starting tablet: real 0.004s	user 0.001s	sys 0.000s
I20260601 13:40:42.562861 23025 tablet_bootstrap.cc:492] T 376963406c0f48d59e4986cc2c1aa919 P 6417fba3c75e433eb0910f54125c837b: No bootstrap required, opened a new log
I20260601 13:40:42.562929 23025 ts_tablet_manager.cc:1403] T 376963406c0f48d59e4986cc2c1aa919 P 6417fba3c75e433eb0910f54125c837b: Time spent bootstrapping tablet: real 0.002s	user 0.001s	sys 0.001s
I20260601 13:40:42.563071 23023 tablet_bootstrap.cc:492] T 8d92acfd1b0a40e4afb6858d0f6398a4 P 77de87d6dd5744098cbb2e220477bb13: No bootstrap required, opened a new log
I20260601 13:40:42.563165 23023 ts_tablet_manager.cc:1403] T 8d92acfd1b0a40e4afb6858d0f6398a4 P 77de87d6dd5744098cbb2e220477bb13: Time spent bootstrapping tablet: real 0.005s	user 0.000s	sys 0.002s
I20260601 13:40:42.563557 23025 raft_consensus.cc:359] T 376963406c0f48d59e4986cc2c1aa919 P 6417fba3c75e433eb0910f54125c837b [term 0 FOLLOWER]: Replica starting. Triggering 0 pending ops. Active config: opid_index: -1 OBSOLETE_local: false peers { permanent_uuid: "54dddbf771ed44679016562369de72c7" member_type: VOTER last_known_addr { host: "127.19.99.129" port: 45855 } } peers { permanent_uuid: "7308dd641df249bba3fc4e37c3516ba6" member_type: VOTER last_known_addr { host: "127.19.99.132" port: 44117 } } peers { permanent_uuid: "6417fba3c75e433eb0910f54125c837b" member_type: VOTER last_known_addr { host: "127.19.99.130" port: 38215 } }
I20260601 13:40:42.563657 23025 raft_consensus.cc:385] T 376963406c0f48d59e4986cc2c1aa919 P 6417fba3c75e433eb0910f54125c837b [term 0 FOLLOWER]: Consensus starting up: Expiring failure detector timer to make a prompt election more likely
I20260601 13:40:42.563694 23025 raft_consensus.cc:740] T 376963406c0f48d59e4986cc2c1aa919 P 6417fba3c75e433eb0910f54125c837b [term 0 FOLLOWER]: Becoming Follower/Learner. State: Replica: 6417fba3c75e433eb0910f54125c837b, State: Initialized, Role: FOLLOWER
I20260601 13:40:42.563679 23023 raft_consensus.cc:359] T 8d92acfd1b0a40e4afb6858d0f6398a4 P 77de87d6dd5744098cbb2e220477bb13 [term 0 FOLLOWER]: Replica starting. Triggering 0 pending ops. Active config: opid_index: -1 OBSOLETE_local: false peers { permanent_uuid: "77de87d6dd5744098cbb2e220477bb13" member_type: VOTER last_known_addr { host: "127.19.99.131" port: 39217 } } peers { permanent_uuid: "7308dd641df249bba3fc4e37c3516ba6" member_type: VOTER last_known_addr { host: "127.19.99.132" port: 44117 } } peers { permanent_uuid: "6417fba3c75e433eb0910f54125c837b" member_type: VOTER last_known_addr { host: "127.19.99.130" port: 38215 } }
I20260601 13:40:42.563789 23023 raft_consensus.cc:385] T 8d92acfd1b0a40e4afb6858d0f6398a4 P 77de87d6dd5744098cbb2e220477bb13 [term 0 FOLLOWER]: Consensus starting up: Expiring failure detector timer to make a prompt election more likely
I20260601 13:40:42.563829 23023 raft_consensus.cc:740] T 8d92acfd1b0a40e4afb6858d0f6398a4 P 77de87d6dd5744098cbb2e220477bb13 [term 0 FOLLOWER]: Becoming Follower/Learner. State: Replica: 77de87d6dd5744098cbb2e220477bb13, State: Initialized, Role: FOLLOWER
I20260601 13:40:42.563866 23025 consensus_queue.cc:260] T 376963406c0f48d59e4986cc2c1aa919 P 6417fba3c75e433eb0910f54125c837b [NON_LEADER]: Queue going to NON_LEADER mode. State: All replicated index: 0, Majority replicated index: 0, Committed index: 0, Last appended: 0.0, Last appended by leader: 0, Current term: 0, Majority size: -1, State: 0, Mode: NON_LEADER, active raft config: opid_index: -1 OBSOLETE_local: false peers { permanent_uuid: "54dddbf771ed44679016562369de72c7" member_type: VOTER last_known_addr { host: "127.19.99.129" port: 45855 } } peers { permanent_uuid: "7308dd641df249bba3fc4e37c3516ba6" member_type: VOTER last_known_addr { host: "127.19.99.132" port: 44117 } } peers { permanent_uuid: "6417fba3c75e433eb0910f54125c837b" member_type: VOTER last_known_addr { host: "127.19.99.130" port: 38215 } }
I20260601 13:40:42.563946 23023 consensus_queue.cc:260] T 8d92acfd1b0a40e4afb6858d0f6398a4 P 77de87d6dd5744098cbb2e220477bb13 [NON_LEADER]: Queue going to NON_LEADER mode. State: All replicated index: 0, Majority replicated index: 0, Committed index: 0, Last appended: 0.0, Last appended by leader: 0, Current term: 0, Majority size: -1, State: 0, Mode: NON_LEADER, active raft config: opid_index: -1 OBSOLETE_local: false peers { permanent_uuid: "77de87d6dd5744098cbb2e220477bb13" member_type: VOTER last_known_addr { host: "127.19.99.131" port: 39217 } } peers { permanent_uuid: "7308dd641df249bba3fc4e37c3516ba6" member_type: VOTER last_known_addr { host: "127.19.99.132" port: 44117 } } peers { permanent_uuid: "6417fba3c75e433eb0910f54125c837b" member_type: VOTER last_known_addr { host: "127.19.99.130" port: 38215 } }
I20260601 13:40:42.551775 23030 raft_consensus.cc:740] T 5bd534009de94395ab95053eab5fbaf0 P 54dddbf771ed44679016562369de72c7 [term 0 FOLLOWER]: Becoming Follower/Learner. State: Replica: 54dddbf771ed44679016562369de72c7, State: Initialized, Role: FOLLOWER
I20260601 13:40:42.564262 23151 tablet_bootstrap.cc:492] T 7ea9ca3691274de4a89187dec9325e63 P 7308dd641df249bba3fc4e37c3516ba6: Bootstrap starting.
I20260601 13:40:42.564325 23030 consensus_queue.cc:260] T 5bd534009de94395ab95053eab5fbaf0 P 54dddbf771ed44679016562369de72c7 [NON_LEADER]: Queue going to NON_LEADER mode. State: All replicated index: 0, Majority replicated index: 0, Committed index: 0, Last appended: 0.0, Last appended by leader: 0, Current term: 0, Majority size: -1, State: 0, Mode: NON_LEADER, active raft config: opid_index: -1 OBSOLETE_local: false peers { permanent_uuid: "7308dd641df249bba3fc4e37c3516ba6" member_type: VOTER last_known_addr { host: "127.19.99.132" port: 44117 } } peers { permanent_uuid: "6417fba3c75e433eb0910f54125c837b" member_type: VOTER last_known_addr { host: "127.19.99.130" port: 38215 } } peers { permanent_uuid: "54dddbf771ed44679016562369de72c7" member_type: VOTER last_known_addr { host: "127.19.99.129" port: 45855 } }
I20260601 13:40:42.564335 23023 ts_tablet_manager.cc:1434] T 8d92acfd1b0a40e4afb6858d0f6398a4 P 77de87d6dd5744098cbb2e220477bb13: Time spent starting tablet: real 0.001s	user 0.000s	sys 0.000s
I20260601 13:40:42.565222 23025 ts_tablet_manager.cc:1434] T 376963406c0f48d59e4986cc2c1aa919 P 6417fba3c75e433eb0910f54125c837b: Time spent starting tablet: real 0.002s	user 0.001s	sys 0.000s
I20260601 13:40:42.565405 23025 tablet_bootstrap.cc:492] T 7a83696a1f56447d9d1029daa7340b83 P 6417fba3c75e433eb0910f54125c837b: Bootstrap starting.
I20260601 13:40:42.565814 23151 tablet_bootstrap.cc:654] T 7ea9ca3691274de4a89187dec9325e63 P 7308dd641df249bba3fc4e37c3516ba6: Neither blocks nor log segments found. Creating new log.
I20260601 13:40:42.566324 23030 ts_tablet_manager.cc:1434] T 5bd534009de94395ab95053eab5fbaf0 P 54dddbf771ed44679016562369de72c7: Time spent starting tablet: real 0.015s	user 0.001s	sys 0.000s
I20260601 13:40:42.566416 23025 tablet_bootstrap.cc:654] T 7a83696a1f56447d9d1029daa7340b83 P 6417fba3c75e433eb0910f54125c837b: Neither blocks nor log segments found. Creating new log.
I20260601 13:40:42.566493 23030 tablet_bootstrap.cc:492] T 2576bbb030224f8ca7a3e21a6b897046 P 54dddbf771ed44679016562369de72c7: Bootstrap starting.
I20260601 13:40:42.567487 23030 tablet_bootstrap.cc:654] T 2576bbb030224f8ca7a3e21a6b897046 P 54dddbf771ed44679016562369de72c7: Neither blocks nor log segments found. Creating new log.
I20260601 13:40:42.568428 23151 tablet_bootstrap.cc:492] T 7ea9ca3691274de4a89187dec9325e63 P 7308dd641df249bba3fc4e37c3516ba6: No bootstrap required, opened a new log
I20260601 13:40:42.568565 23151 ts_tablet_manager.cc:1403] T 7ea9ca3691274de4a89187dec9325e63 P 7308dd641df249bba3fc4e37c3516ba6: Time spent bootstrapping tablet: real 0.004s	user 0.002s	sys 0.000s
I20260601 13:40:42.568778 23030 tablet_bootstrap.cc:492] T 2576bbb030224f8ca7a3e21a6b897046 P 54dddbf771ed44679016562369de72c7: No bootstrap required, opened a new log
I20260601 13:40:42.568867 23030 ts_tablet_manager.cc:1403] T 2576bbb030224f8ca7a3e21a6b897046 P 54dddbf771ed44679016562369de72c7: Time spent bootstrapping tablet: real 0.002s	user 0.002s	sys 0.000s
I20260601 13:40:42.569166 23151 raft_consensus.cc:359] T 7ea9ca3691274de4a89187dec9325e63 P 7308dd641df249bba3fc4e37c3516ba6 [term 0 FOLLOWER]: Replica starting. Triggering 0 pending ops. Active config: opid_index: -1 OBSOLETE_local: false peers { permanent_uuid: "77de87d6dd5744098cbb2e220477bb13" member_type: VOTER last_known_addr { host: "127.19.99.131" port: 39217 } } peers { permanent_uuid: "54dddbf771ed44679016562369de72c7" member_type: VOTER last_known_addr { host: "127.19.99.129" port: 45855 } } peers { permanent_uuid: "7308dd641df249bba3fc4e37c3516ba6" member_type: VOTER last_known_addr { host: "127.19.99.132" port: 44117 } }
I20260601 13:40:42.569238 23030 raft_consensus.cc:359] T 2576bbb030224f8ca7a3e21a6b897046 P 54dddbf771ed44679016562369de72c7 [term 0 FOLLOWER]: Replica starting. Triggering 0 pending ops. Active config: opid_index: -1 OBSOLETE_local: false peers { permanent_uuid: "7308dd641df249bba3fc4e37c3516ba6" member_type: VOTER last_known_addr { host: "127.19.99.132" port: 44117 } } peers { permanent_uuid: "54dddbf771ed44679016562369de72c7" member_type: VOTER last_known_addr { host: "127.19.99.129" port: 45855 } } peers { permanent_uuid: "77de87d6dd5744098cbb2e220477bb13" member_type: VOTER last_known_addr { host: "127.19.99.131" port: 39217 } }
I20260601 13:40:42.569299 23151 raft_consensus.cc:385] T 7ea9ca3691274de4a89187dec9325e63 P 7308dd641df249bba3fc4e37c3516ba6 [term 0 FOLLOWER]: Consensus starting up: Expiring failure detector timer to make a prompt election more likely
I20260601 13:40:42.569324 23030 raft_consensus.cc:385] T 2576bbb030224f8ca7a3e21a6b897046 P 54dddbf771ed44679016562369de72c7 [term 0 FOLLOWER]: Consensus starting up: Expiring failure detector timer to make a prompt election more likely
I20260601 13:40:42.569337 23151 raft_consensus.cc:740] T 7ea9ca3691274de4a89187dec9325e63 P 7308dd641df249bba3fc4e37c3516ba6 [term 0 FOLLOWER]: Becoming Follower/Learner. State: Replica: 7308dd641df249bba3fc4e37c3516ba6, State: Initialized, Role: FOLLOWER
I20260601 13:40:42.569367 23030 raft_consensus.cc:740] T 2576bbb030224f8ca7a3e21a6b897046 P 54dddbf771ed44679016562369de72c7 [term 0 FOLLOWER]: Becoming Follower/Learner. State: Replica: 54dddbf771ed44679016562369de72c7, State: Initialized, Role: FOLLOWER
I20260601 13:40:42.569463 23151 consensus_queue.cc:260] T 7ea9ca3691274de4a89187dec9325e63 P 7308dd641df249bba3fc4e37c3516ba6 [NON_LEADER]: Queue going to NON_LEADER mode. State: All replicated index: 0, Majority replicated index: 0, Committed index: 0, Last appended: 0.0, Last appended by leader: 0, Current term: 0, Majority size: -1, State: 0, Mode: NON_LEADER, active raft config: opid_index: -1 OBSOLETE_local: false peers { permanent_uuid: "77de87d6dd5744098cbb2e220477bb13" member_type: VOTER last_known_addr { host: "127.19.99.131" port: 39217 } } peers { permanent_uuid: "54dddbf771ed44679016562369de72c7" member_type: VOTER last_known_addr { host: "127.19.99.129" port: 45855 } } peers { permanent_uuid: "7308dd641df249bba3fc4e37c3516ba6" member_type: VOTER last_known_addr { host: "127.19.99.132" port: 44117 } }
I20260601 13:40:42.569469 23030 consensus_queue.cc:260] T 2576bbb030224f8ca7a3e21a6b897046 P 54dddbf771ed44679016562369de72c7 [NON_LEADER]: Queue going to NON_LEADER mode. State: All replicated index: 0, Majority replicated index: 0, Committed index: 0, Last appended: 0.0, Last appended by leader: 0, Current term: 0, Majority size: -1, State: 0, Mode: NON_LEADER, active raft config: opid_index: -1 OBSOLETE_local: false peers { permanent_uuid: "7308dd641df249bba3fc4e37c3516ba6" member_type: VOTER last_known_addr { host: "127.19.99.132" port: 44117 } } peers { permanent_uuid: "54dddbf771ed44679016562369de72c7" member_type: VOTER last_known_addr { host: "127.19.99.129" port: 45855 } } peers { permanent_uuid: "77de87d6dd5744098cbb2e220477bb13" member_type: VOTER last_known_addr { host: "127.19.99.131" port: 39217 } }
I20260601 13:40:42.569766 23151 ts_tablet_manager.cc:1434] T 7ea9ca3691274de4a89187dec9325e63 P 7308dd641df249bba3fc4e37c3516ba6: Time spent starting tablet: real 0.001s	user 0.000s	sys 0.000s
I20260601 13:40:42.569795 23030 ts_tablet_manager.cc:1434] T 2576bbb030224f8ca7a3e21a6b897046 P 54dddbf771ed44679016562369de72c7: Time spent starting tablet: real 0.001s	user 0.001s	sys 0.000s
I20260601 13:40:42.569929 23151 tablet_bootstrap.cc:492] T 8d92acfd1b0a40e4afb6858d0f6398a4 P 7308dd641df249bba3fc4e37c3516ba6: Bootstrap starting.
I20260601 13:40:42.570017 23030 tablet_bootstrap.cc:492] T 376963406c0f48d59e4986cc2c1aa919 P 54dddbf771ed44679016562369de72c7: Bootstrap starting.
I20260601 13:40:42.571127 23030 tablet_bootstrap.cc:654] T 376963406c0f48d59e4986cc2c1aa919 P 54dddbf771ed44679016562369de72c7: Neither blocks nor log segments found. Creating new log.
I20260601 13:40:42.571261 23025 tablet_bootstrap.cc:492] T 7a83696a1f56447d9d1029daa7340b83 P 6417fba3c75e433eb0910f54125c837b: No bootstrap required, opened a new log
I20260601 13:40:42.571349 23025 ts_tablet_manager.cc:1403] T 7a83696a1f56447d9d1029daa7340b83 P 6417fba3c75e433eb0910f54125c837b: Time spent bootstrapping tablet: real 0.006s	user 0.002s	sys 0.000s
I20260601 13:40:42.571779 23025 raft_consensus.cc:359] T 7a83696a1f56447d9d1029daa7340b83 P 6417fba3c75e433eb0910f54125c837b [term 0 FOLLOWER]: Replica starting. Triggering 0 pending ops. Active config: opid_index: -1 OBSOLETE_local: false peers { permanent_uuid: "54dddbf771ed44679016562369de72c7" member_type: VOTER last_known_addr { host: "127.19.99.129" port: 45855 } } peers { permanent_uuid: "6417fba3c75e433eb0910f54125c837b" member_type: VOTER last_known_addr { host: "127.19.99.130" port: 38215 } } peers { permanent_uuid: "7308dd641df249bba3fc4e37c3516ba6" member_type: VOTER last_known_addr { host: "127.19.99.132" port: 44117 } }
I20260601 13:40:42.571894 23025 raft_consensus.cc:385] T 7a83696a1f56447d9d1029daa7340b83 P 6417fba3c75e433eb0910f54125c837b [term 0 FOLLOWER]: Consensus starting up: Expiring failure detector timer to make a prompt election more likely
I20260601 13:40:42.571935 23025 raft_consensus.cc:740] T 7a83696a1f56447d9d1029daa7340b83 P 6417fba3c75e433eb0910f54125c837b [term 0 FOLLOWER]: Becoming Follower/Learner. State: Replica: 6417fba3c75e433eb0910f54125c837b, State: Initialized, Role: FOLLOWER
I20260601 13:40:42.572072 23025 consensus_queue.cc:260] T 7a83696a1f56447d9d1029daa7340b83 P 6417fba3c75e433eb0910f54125c837b [NON_LEADER]: Queue going to NON_LEADER mode. State: All replicated index: 0, Majority replicated index: 0, Committed index: 0, Last appended: 0.0, Last appended by leader: 0, Current term: 0, Majority size: -1, State: 0, Mode: NON_LEADER, active raft config: opid_index: -1 OBSOLETE_local: false peers { permanent_uuid: "54dddbf771ed44679016562369de72c7" member_type: VOTER last_known_addr { host: "127.19.99.129" port: 45855 } } peers { permanent_uuid: "6417fba3c75e433eb0910f54125c837b" member_type: VOTER last_known_addr { host: "127.19.99.130" port: 38215 } } peers { permanent_uuid: "7308dd641df249bba3fc4e37c3516ba6" member_type: VOTER last_known_addr { host: "127.19.99.132" port: 44117 } }
I20260601 13:40:42.572363 23025 ts_tablet_manager.cc:1434] T 7a83696a1f56447d9d1029daa7340b83 P 6417fba3c75e433eb0910f54125c837b: Time spent starting tablet: real 0.001s	user 0.001s	sys 0.000s
I20260601 13:40:42.572546 23025 tablet_bootstrap.cc:492] T dc2a49f3f3ce43dd95661522227a37ec P 6417fba3c75e433eb0910f54125c837b: Bootstrap starting.
I20260601 13:40:42.573288 23034 raft_consensus.cc:493] T 5bd534009de94395ab95053eab5fbaf0 P 54dddbf771ed44679016562369de72c7 [term 0 FOLLOWER]: Starting pre-election (no leader contacted us within the election timeout)
I20260601 13:40:42.573369 23034 raft_consensus.cc:515] T 5bd534009de94395ab95053eab5fbaf0 P 54dddbf771ed44679016562369de72c7 [term 0 FOLLOWER]: Starting pre-election with config: opid_index: -1 OBSOLETE_local: false peers { permanent_uuid: "7308dd641df249bba3fc4e37c3516ba6" member_type: VOTER last_known_addr { host: "127.19.99.132" port: 44117 } } peers { permanent_uuid: "6417fba3c75e433eb0910f54125c837b" member_type: VOTER last_known_addr { host: "127.19.99.130" port: 38215 } } peers { permanent_uuid: "54dddbf771ed44679016562369de72c7" member_type: VOTER last_known_addr { host: "127.19.99.129" port: 45855 } }
I20260601 13:40:42.573470 23025 tablet_bootstrap.cc:654] T dc2a49f3f3ce43dd95661522227a37ec P 6417fba3c75e433eb0910f54125c837b: Neither blocks nor log segments found. Creating new log.
I20260601 13:40:42.573864 23034 leader_election.cc:290] T 5bd534009de94395ab95053eab5fbaf0 P 54dddbf771ed44679016562369de72c7 [CANDIDATE]: Term 1 pre-election: Requested pre-vote from peers 7308dd641df249bba3fc4e37c3516ba6 (127.19.99.132:44117), 6417fba3c75e433eb0910f54125c837b (127.19.99.130:38215)
I20260601 13:40:42.571949 23151 tablet_bootstrap.cc:654] T 8d92acfd1b0a40e4afb6858d0f6398a4 P 7308dd641df249bba3fc4e37c3516ba6: Neither blocks nor log segments found. Creating new log.
I20260601 13:40:42.574277 22902 tablet_service.cc:1917] Received RequestConsensusVote() RPC: tablet_id: "5bd534009de94395ab95053eab5fbaf0" candidate_uuid: "54dddbf771ed44679016562369de72c7" candidate_term: 1 candidate_status { last_received { term: 0 index: 0 } } ignore_live_leader: false dest_uuid: "6417fba3c75e433eb0910f54125c837b" is_pre_election: true
I20260601 13:40:42.574384 22902 raft_consensus.cc:2468] T 5bd534009de94395ab95053eab5fbaf0 P 6417fba3c75e433eb0910f54125c837b [term 0 FOLLOWER]: Leader pre-election vote request: Granting yes vote for candidate 54dddbf771ed44679016562369de72c7 in term 0.
I20260601 13:40:42.574647 22789 leader_election.cc:304] T 5bd534009de94395ab95053eab5fbaf0 P 54dddbf771ed44679016562369de72c7 [CANDIDATE]: Term 1 pre-election: Election decided. Result: candidate won. Election summary: received 2 responses out of 3 voters: 2 yes votes; 0 no votes. yes voters: 54dddbf771ed44679016562369de72c7, 6417fba3c75e433eb0910f54125c837b; no voters: 
I20260601 13:40:42.574798 23034 raft_consensus.cc:2804] T 5bd534009de94395ab95053eab5fbaf0 P 54dddbf771ed44679016562369de72c7 [term 0 FOLLOWER]: Leader pre-election won for term 1
I20260601 13:40:42.574947 23034 raft_consensus.cc:493] T 5bd534009de94395ab95053eab5fbaf0 P 54dddbf771ed44679016562369de72c7 [term 0 FOLLOWER]: Starting leader election (no leader contacted us within the election timeout)
I20260601 13:40:42.574975 22721 catalog_manager.cc:6241] T 00000000000000000000000000000000 P f1383b747fa24fd6b209c498fd104b4c: range_aware_rebalance_new_range [id=368d06a2c38b46a585c8c7ea763f1a04] alter complete (version 0)
I20260601 13:40:42.575001 23034 raft_consensus.cc:3060] T 5bd534009de94395ab95053eab5fbaf0 P 54dddbf771ed44679016562369de72c7 [term 0 FOLLOWER]: Advancing to term 1
I20260601 13:40:42.575011 23151 tablet_bootstrap.cc:492] T 8d92acfd1b0a40e4afb6858d0f6398a4 P 7308dd641df249bba3fc4e37c3516ba6: No bootstrap required, opened a new log
I20260601 13:40:42.575083 23151 ts_tablet_manager.cc:1403] T 8d92acfd1b0a40e4afb6858d0f6398a4 P 7308dd641df249bba3fc4e37c3516ba6: Time spent bootstrapping tablet: real 0.005s	user 0.000s	sys 0.002s
I20260601 13:40:42.575451 23030 tablet_bootstrap.cc:492] T 376963406c0f48d59e4986cc2c1aa919 P 54dddbf771ed44679016562369de72c7: No bootstrap required, opened a new log
I20260601 13:40:42.575520 23030 ts_tablet_manager.cc:1403] T 376963406c0f48d59e4986cc2c1aa919 P 54dddbf771ed44679016562369de72c7: Time spent bootstrapping tablet: real 0.006s	user 0.002s	sys 0.000s
I20260601 13:40:42.575752 23151 raft_consensus.cc:359] T 8d92acfd1b0a40e4afb6858d0f6398a4 P 7308dd641df249bba3fc4e37c3516ba6 [term 0 FOLLOWER]: Replica starting. Triggering 0 pending ops. Active config: opid_index: -1 OBSOLETE_local: false peers { permanent_uuid: "77de87d6dd5744098cbb2e220477bb13" member_type: VOTER last_known_addr { host: "127.19.99.131" port: 39217 } } peers { permanent_uuid: "7308dd641df249bba3fc4e37c3516ba6" member_type: VOTER last_known_addr { host: "127.19.99.132" port: 44117 } } peers { permanent_uuid: "6417fba3c75e433eb0910f54125c837b" member_type: VOTER last_known_addr { host: "127.19.99.130" port: 38215 } }
I20260601 13:40:42.575857 23151 raft_consensus.cc:385] T 8d92acfd1b0a40e4afb6858d0f6398a4 P 7308dd641df249bba3fc4e37c3516ba6 [term 0 FOLLOWER]: Consensus starting up: Expiring failure detector timer to make a prompt election more likely
I20260601 13:40:42.575898 23151 raft_consensus.cc:740] T 8d92acfd1b0a40e4afb6858d0f6398a4 P 7308dd641df249bba3fc4e37c3516ba6 [term 0 FOLLOWER]: Becoming Follower/Learner. State: Replica: 7308dd641df249bba3fc4e37c3516ba6, State: Initialized, Role: FOLLOWER
I20260601 13:40:42.575953 23030 raft_consensus.cc:359] T 376963406c0f48d59e4986cc2c1aa919 P 54dddbf771ed44679016562369de72c7 [term 0 FOLLOWER]: Replica starting. Triggering 0 pending ops. Active config: opid_index: -1 OBSOLETE_local: false peers { permanent_uuid: "54dddbf771ed44679016562369de72c7" member_type: VOTER last_known_addr { host: "127.19.99.129" port: 45855 } } peers { permanent_uuid: "7308dd641df249bba3fc4e37c3516ba6" member_type: VOTER last_known_addr { host: "127.19.99.132" port: 44117 } } peers { permanent_uuid: "6417fba3c75e433eb0910f54125c837b" member_type: VOTER last_known_addr { host: "127.19.99.130" port: 38215 } }
I20260601 13:40:42.576054 23030 raft_consensus.cc:385] T 376963406c0f48d59e4986cc2c1aa919 P 54dddbf771ed44679016562369de72c7 [term 0 FOLLOWER]: Consensus starting up: Expiring failure detector timer to make a prompt election more likely
I20260601 13:40:42.576102 23030 raft_consensus.cc:740] T 376963406c0f48d59e4986cc2c1aa919 P 54dddbf771ed44679016562369de72c7 [term 0 FOLLOWER]: Becoming Follower/Learner. State: Replica: 54dddbf771ed44679016562369de72c7, State: Initialized, Role: FOLLOWER
I20260601 13:40:42.576079 23034 raft_consensus.cc:515] T 5bd534009de94395ab95053eab5fbaf0 P 54dddbf771ed44679016562369de72c7 [term 1 FOLLOWER]: Starting leader election with config: opid_index: -1 OBSOLETE_local: false peers { permanent_uuid: "7308dd641df249bba3fc4e37c3516ba6" member_type: VOTER last_known_addr { host: "127.19.99.132" port: 44117 } } peers { permanent_uuid: "6417fba3c75e433eb0910f54125c837b" member_type: VOTER last_known_addr { host: "127.19.99.130" port: 38215 } } peers { permanent_uuid: "54dddbf771ed44679016562369de72c7" member_type: VOTER last_known_addr { host: "127.19.99.129" port: 45855 } }
I20260601 13:40:42.576215 23030 consensus_queue.cc:260] T 376963406c0f48d59e4986cc2c1aa919 P 54dddbf771ed44679016562369de72c7 [NON_LEADER]: Queue going to NON_LEADER mode. State: All replicated index: 0, Majority replicated index: 0, Committed index: 0, Last appended: 0.0, Last appended by leader: 0, Current term: 0, Majority size: -1, State: 0, Mode: NON_LEADER, active raft config: opid_index: -1 OBSOLETE_local: false peers { permanent_uuid: "54dddbf771ed44679016562369de72c7" member_type: VOTER last_known_addr { host: "127.19.99.129" port: 45855 } } peers { permanent_uuid: "7308dd641df249bba3fc4e37c3516ba6" member_type: VOTER last_known_addr { host: "127.19.99.132" port: 44117 } } peers { permanent_uuid: "6417fba3c75e433eb0910f54125c837b" member_type: VOTER last_known_addr { host: "127.19.99.130" port: 38215 } }
I20260601 13:40:42.576418 23034 leader_election.cc:290] T 5bd534009de94395ab95053eab5fbaf0 P 54dddbf771ed44679016562369de72c7 [CANDIDATE]: Term 1 election: Requested vote from peers 7308dd641df249bba3fc4e37c3516ba6 (127.19.99.132:44117), 6417fba3c75e433eb0910f54125c837b (127.19.99.130:38215)
I20260601 13:40:42.576481 23030 ts_tablet_manager.cc:1434] T 376963406c0f48d59e4986cc2c1aa919 P 54dddbf771ed44679016562369de72c7: Time spent starting tablet: real 0.001s	user 0.001s	sys 0.000s
I20260601 13:40:42.576676 23030 tablet_bootstrap.cc:492] T 66890bad51534d86a317a228eb912769 P 54dddbf771ed44679016562369de72c7: Bootstrap starting.
I20260601 13:40:42.576880 22902 tablet_service.cc:1917] Received RequestConsensusVote() RPC: tablet_id: "5bd534009de94395ab95053eab5fbaf0" candidate_uuid: "54dddbf771ed44679016562369de72c7" candidate_term: 1 candidate_status { last_received { term: 0 index: 0 } } ignore_live_leader: false dest_uuid: "6417fba3c75e433eb0910f54125c837b"
I20260601 13:40:42.576967 22902 raft_consensus.cc:3060] T 5bd534009de94395ab95053eab5fbaf0 P 6417fba3c75e433eb0910f54125c837b [term 0 FOLLOWER]: Advancing to term 1
I20260601 13:40:42.577677 23030 tablet_bootstrap.cc:654] T 66890bad51534d86a317a228eb912769 P 54dddbf771ed44679016562369de72c7: Neither blocks nor log segments found. Creating new log.
I20260601 13:40:42.577896 22902 raft_consensus.cc:2468] T 5bd534009de94395ab95053eab5fbaf0 P 6417fba3c75e433eb0910f54125c837b [term 1 FOLLOWER]: Leader election vote request: Granting yes vote for candidate 54dddbf771ed44679016562369de72c7 in term 1.
I20260601 13:40:42.576056 23151 consensus_queue.cc:260] T 8d92acfd1b0a40e4afb6858d0f6398a4 P 7308dd641df249bba3fc4e37c3516ba6 [NON_LEADER]: Queue going to NON_LEADER mode. State: All replicated index: 0, Majority replicated index: 0, Committed index: 0, Last appended: 0.0, Last appended by leader: 0, Current term: 0, Majority size: -1, State: 0, Mode: NON_LEADER, active raft config: opid_index: -1 OBSOLETE_local: false peers { permanent_uuid: "77de87d6dd5744098cbb2e220477bb13" member_type: VOTER last_known_addr { host: "127.19.99.131" port: 39217 } } peers { permanent_uuid: "7308dd641df249bba3fc4e37c3516ba6" member_type: VOTER last_known_addr { host: "127.19.99.132" port: 44117 } } peers { permanent_uuid: "6417fba3c75e433eb0910f54125c837b" member_type: VOTER last_known_addr { host: "127.19.99.130" port: 38215 } }
I20260601 13:40:42.578450 22789 leader_election.cc:304] T 5bd534009de94395ab95053eab5fbaf0 P 54dddbf771ed44679016562369de72c7 [CANDIDATE]: Term 1 election: Election decided. Result: candidate won. Election summary: received 2 responses out of 3 voters: 2 yes votes; 0 no votes. yes voters: 54dddbf771ed44679016562369de72c7, 6417fba3c75e433eb0910f54125c837b; no voters: 
I20260601 13:40:42.578624 23151 ts_tablet_manager.cc:1434] T 8d92acfd1b0a40e4afb6858d0f6398a4 P 7308dd641df249bba3fc4e37c3516ba6: Time spent starting tablet: real 0.004s	user 0.000s	sys 0.001s
I20260601 13:40:42.578764 23034 raft_consensus.cc:2804] T 5bd534009de94395ab95053eab5fbaf0 P 54dddbf771ed44679016562369de72c7 [term 1 FOLLOWER]: Leader election won for term 1
I20260601 13:40:42.578819 23151 tablet_bootstrap.cc:492] T 7a83696a1f56447d9d1029daa7340b83 P 7308dd641df249bba3fc4e37c3516ba6: Bootstrap starting.
I20260601 13:40:42.578845 23034 raft_consensus.cc:697] T 5bd534009de94395ab95053eab5fbaf0 P 54dddbf771ed44679016562369de72c7 [term 1 LEADER]: Becoming Leader. State: Replica: 54dddbf771ed44679016562369de72c7, State: Running, Role: LEADER
I20260601 13:40:42.578948 23034 consensus_queue.cc:237] T 5bd534009de94395ab95053eab5fbaf0 P 54dddbf771ed44679016562369de72c7 [LEADER]: Queue going to LEADER mode. State: All replicated index: 0, Majority replicated index: 0, Committed index: 0, Last appended: 0.0, Last appended by leader: 0, Current term: 1, Majority size: 2, State: 0, Mode: LEADER, active raft config: opid_index: -1 OBSOLETE_local: false peers { permanent_uuid: "7308dd641df249bba3fc4e37c3516ba6" member_type: VOTER last_known_addr { host: "127.19.99.132" port: 44117 } } peers { permanent_uuid: "6417fba3c75e433eb0910f54125c837b" member_type: VOTER last_known_addr { host: "127.19.99.130" port: 38215 } } peers { permanent_uuid: "54dddbf771ed44679016562369de72c7" member_type: VOTER last_known_addr { host: "127.19.99.129" port: 45855 } }
I20260601 13:40:42.579763 23151 tablet_bootstrap.cc:654] T 7a83696a1f56447d9d1029daa7340b83 P 7308dd641df249bba3fc4e37c3516ba6: Neither blocks nor log segments found. Creating new log.
I20260601 13:40:42.580982 23117 tablet_service.cc:1917] Received RequestConsensusVote() RPC: tablet_id: "5bd534009de94395ab95053eab5fbaf0" candidate_uuid: "54dddbf771ed44679016562369de72c7" candidate_term: 1 candidate_status { last_received { term: 0 index: 0 } } ignore_live_leader: false dest_uuid: "7308dd641df249bba3fc4e37c3516ba6" is_pre_election: true
I20260601 13:40:42.581008 23116 tablet_service.cc:1917] Received RequestConsensusVote() RPC: tablet_id: "5bd534009de94395ab95053eab5fbaf0" candidate_uuid: "54dddbf771ed44679016562369de72c7" candidate_term: 1 candidate_status { last_received { term: 0 index: 0 } } ignore_live_leader: false dest_uuid: "7308dd641df249bba3fc4e37c3516ba6"
I20260601 13:40:42.581120 23117 raft_consensus.cc:2468] T 5bd534009de94395ab95053eab5fbaf0 P 7308dd641df249bba3fc4e37c3516ba6 [term 0 FOLLOWER]: Leader pre-election vote request: Granting yes vote for candidate 54dddbf771ed44679016562369de72c7 in term 0.
I20260601 13:40:42.581017 23025 tablet_bootstrap.cc:492] T dc2a49f3f3ce43dd95661522227a37ec P 6417fba3c75e433eb0910f54125c837b: No bootstrap required, opened a new log
I20260601 13:40:42.581709 23025 ts_tablet_manager.cc:1403] T dc2a49f3f3ce43dd95661522227a37ec P 6417fba3c75e433eb0910f54125c837b: Time spent bootstrapping tablet: real 0.009s	user 0.002s	sys 0.000s
I20260601 13:40:42.581794 22723 catalog_manager.cc:5696] T 5bd534009de94395ab95053eab5fbaf0 P 54dddbf771ed44679016562369de72c7 reported cstate change: term changed from 0 to 1, leader changed from <none> to 54dddbf771ed44679016562369de72c7 (127.19.99.129). New cstate: current_term: 1 leader_uuid: "54dddbf771ed44679016562369de72c7" committed_config { opid_index: -1 OBSOLETE_local: false peers { permanent_uuid: "7308dd641df249bba3fc4e37c3516ba6" member_type: VOTER last_known_addr { host: "127.19.99.132" port: 44117 } health_report { overall_health: UNKNOWN } } peers { permanent_uuid: "6417fba3c75e433eb0910f54125c837b" member_type: VOTER last_known_addr { host: "127.19.99.130" port: 38215 } health_report { overall_health: UNKNOWN } } peers { permanent_uuid: "54dddbf771ed44679016562369de72c7" member_type: VOTER last_known_addr { host: "127.19.99.129" port: 45855 } health_report { overall_health: HEALTHY } } }
I20260601 13:40:42.582086 23030 tablet_bootstrap.cc:492] T 66890bad51534d86a317a228eb912769 P 54dddbf771ed44679016562369de72c7: No bootstrap required, opened a new log
I20260601 13:40:42.582195 23030 ts_tablet_manager.cc:1403] T 66890bad51534d86a317a228eb912769 P 54dddbf771ed44679016562369de72c7: Time spent bootstrapping tablet: real 0.006s	user 0.002s	sys 0.000s
I20260601 13:40:42.582155 23025 raft_consensus.cc:359] T dc2a49f3f3ce43dd95661522227a37ec P 6417fba3c75e433eb0910f54125c837b [term 0 FOLLOWER]: Replica starting. Triggering 0 pending ops. Active config: opid_index: -1 OBSOLETE_local: false peers { permanent_uuid: "7308dd641df249bba3fc4e37c3516ba6" member_type: VOTER last_known_addr { host: "127.19.99.132" port: 44117 } } peers { permanent_uuid: "6417fba3c75e433eb0910f54125c837b" member_type: VOTER last_known_addr { host: "127.19.99.130" port: 38215 } } peers { permanent_uuid: "77de87d6dd5744098cbb2e220477bb13" member_type: VOTER last_known_addr { host: "127.19.99.131" port: 39217 } }
I20260601 13:40:42.582280 23025 raft_consensus.cc:385] T dc2a49f3f3ce43dd95661522227a37ec P 6417fba3c75e433eb0910f54125c837b [term 0 FOLLOWER]: Consensus starting up: Expiring failure detector timer to make a prompt election more likely
I20260601 13:40:42.582332 23025 raft_consensus.cc:740] T dc2a49f3f3ce43dd95661522227a37ec P 6417fba3c75e433eb0910f54125c837b [term 0 FOLLOWER]: Becoming Follower/Learner. State: Replica: 6417fba3c75e433eb0910f54125c837b, State: Initialized, Role: FOLLOWER
I20260601 13:40:42.582454 23025 consensus_queue.cc:260] T dc2a49f3f3ce43dd95661522227a37ec P 6417fba3c75e433eb0910f54125c837b [NON_LEADER]: Queue going to NON_LEADER mode. State: All replicated index: 0, Majority replicated index: 0, Committed index: 0, Last appended: 0.0, Last appended by leader: 0, Current term: 0, Majority size: -1, State: 0, Mode: NON_LEADER, active raft config: opid_index: -1 OBSOLETE_local: false peers { permanent_uuid: "7308dd641df249bba3fc4e37c3516ba6" member_type: VOTER last_known_addr { host: "127.19.99.132" port: 44117 } } peers { permanent_uuid: "6417fba3c75e433eb0910f54125c837b" member_type: VOTER last_known_addr { host: "127.19.99.130" port: 38215 } } peers { permanent_uuid: "77de87d6dd5744098cbb2e220477bb13" member_type: VOTER last_known_addr { host: "127.19.99.131" port: 39217 } }
I20260601 13:40:42.582675 23030 raft_consensus.cc:359] T 66890bad51534d86a317a228eb912769 P 54dddbf771ed44679016562369de72c7 [term 0 FOLLOWER]: Replica starting. Triggering 0 pending ops. Active config: opid_index: -1 OBSOLETE_local: false peers { permanent_uuid: "77de87d6dd5744098cbb2e220477bb13" member_type: VOTER last_known_addr { host: "127.19.99.131" port: 39217 } } peers { permanent_uuid: "7308dd641df249bba3fc4e37c3516ba6" member_type: VOTER last_known_addr { host: "127.19.99.132" port: 44117 } } peers { permanent_uuid: "54dddbf771ed44679016562369de72c7" member_type: VOTER last_known_addr { host: "127.19.99.129" port: 45855 } }
I20260601 13:40:42.582805 23030 raft_consensus.cc:385] T 66890bad51534d86a317a228eb912769 P 54dddbf771ed44679016562369de72c7 [term 0 FOLLOWER]: Consensus starting up: Expiring failure detector timer to make a prompt election more likely
I20260601 13:40:42.582787 23025 ts_tablet_manager.cc:1434] T dc2a49f3f3ce43dd95661522227a37ec P 6417fba3c75e433eb0910f54125c837b: Time spent starting tablet: real 0.001s	user 0.001s	sys 0.000s
I20260601 13:40:42.582865 23030 raft_consensus.cc:740] T 66890bad51534d86a317a228eb912769 P 54dddbf771ed44679016562369de72c7 [term 0 FOLLOWER]: Becoming Follower/Learner. State: Replica: 54dddbf771ed44679016562369de72c7, State: Initialized, Role: FOLLOWER
I20260601 13:40:42.582998 23030 consensus_queue.cc:260] T 66890bad51534d86a317a228eb912769 P 54dddbf771ed44679016562369de72c7 [NON_LEADER]: Queue going to NON_LEADER mode. State: All replicated index: 0, Majority replicated index: 0, Committed index: 0, Last appended: 0.0, Last appended by leader: 0, Current term: 0, Majority size: -1, State: 0, Mode: NON_LEADER, active raft config: opid_index: -1 OBSOLETE_local: false peers { permanent_uuid: "77de87d6dd5744098cbb2e220477bb13" member_type: VOTER last_known_addr { host: "127.19.99.131" port: 39217 } } peers { permanent_uuid: "7308dd641df249bba3fc4e37c3516ba6" member_type: VOTER last_known_addr { host: "127.19.99.132" port: 44117 } } peers { permanent_uuid: "54dddbf771ed44679016562369de72c7" member_type: VOTER last_known_addr { host: "127.19.99.129" port: 45855 } }
I20260601 13:40:42.583344 23030 ts_tablet_manager.cc:1434] T 66890bad51534d86a317a228eb912769 P 54dddbf771ed44679016562369de72c7: Time spent starting tablet: real 0.001s	user 0.001s	sys 0.000s
I20260601 13:40:42.583534 23030 tablet_bootstrap.cc:492] T 7a83696a1f56447d9d1029daa7340b83 P 54dddbf771ed44679016562369de72c7: Bootstrap starting.
I20260601 13:40:42.584751 23030 tablet_bootstrap.cc:654] T 7a83696a1f56447d9d1029daa7340b83 P 54dddbf771ed44679016562369de72c7: Neither blocks nor log segments found. Creating new log.
I20260601 13:40:42.586061 23030 tablet_bootstrap.cc:492] T 7a83696a1f56447d9d1029daa7340b83 P 54dddbf771ed44679016562369de72c7: No bootstrap required, opened a new log
I20260601 13:40:42.586061 23151 tablet_bootstrap.cc:492] T 7a83696a1f56447d9d1029daa7340b83 P 7308dd641df249bba3fc4e37c3516ba6: No bootstrap required, opened a new log
I20260601 13:40:42.586182 23030 ts_tablet_manager.cc:1403] T 7a83696a1f56447d9d1029daa7340b83 P 54dddbf771ed44679016562369de72c7: Time spent bootstrapping tablet: real 0.003s	user 0.002s	sys 0.000s
I20260601 13:40:42.586284 23151 ts_tablet_manager.cc:1403] T 7a83696a1f56447d9d1029daa7340b83 P 7308dd641df249bba3fc4e37c3516ba6: Time spent bootstrapping tablet: real 0.008s	user 0.002s	sys 0.000s
I20260601 13:40:42.586571 23030 raft_consensus.cc:359] T 7a83696a1f56447d9d1029daa7340b83 P 54dddbf771ed44679016562369de72c7 [term 0 FOLLOWER]: Replica starting. Triggering 0 pending ops. Active config: opid_index: -1 OBSOLETE_local: false peers { permanent_uuid: "54dddbf771ed44679016562369de72c7" member_type: VOTER last_known_addr { host: "127.19.99.129" port: 45855 } } peers { permanent_uuid: "6417fba3c75e433eb0910f54125c837b" member_type: VOTER last_known_addr { host: "127.19.99.130" port: 38215 } } peers { permanent_uuid: "7308dd641df249bba3fc4e37c3516ba6" member_type: VOTER last_known_addr { host: "127.19.99.132" port: 44117 } }
I20260601 13:40:42.586694 23030 raft_consensus.cc:385] T 7a83696a1f56447d9d1029daa7340b83 P 54dddbf771ed44679016562369de72c7 [term 0 FOLLOWER]: Consensus starting up: Expiring failure detector timer to make a prompt election more likely
I20260601 13:40:42.586647 23151 raft_consensus.cc:359] T 7a83696a1f56447d9d1029daa7340b83 P 7308dd641df249bba3fc4e37c3516ba6 [term 0 FOLLOWER]: Replica starting. Triggering 0 pending ops. Active config: opid_index: -1 OBSOLETE_local: false peers { permanent_uuid: "54dddbf771ed44679016562369de72c7" member_type: VOTER last_known_addr { host: "127.19.99.129" port: 45855 } } peers { permanent_uuid: "6417fba3c75e433eb0910f54125c837b" member_type: VOTER last_known_addr { host: "127.19.99.130" port: 38215 } } peers { permanent_uuid: "7308dd641df249bba3fc4e37c3516ba6" member_type: VOTER last_known_addr { host: "127.19.99.132" port: 44117 } }
I20260601 13:40:42.586741 23030 raft_consensus.cc:740] T 7a83696a1f56447d9d1029daa7340b83 P 54dddbf771ed44679016562369de72c7 [term 0 FOLLOWER]: Becoming Follower/Learner. State: Replica: 54dddbf771ed44679016562369de72c7, State: Initialized, Role: FOLLOWER
I20260601 13:40:42.586762 23151 raft_consensus.cc:385] T 7a83696a1f56447d9d1029daa7340b83 P 7308dd641df249bba3fc4e37c3516ba6 [term 0 FOLLOWER]: Consensus starting up: Expiring failure detector timer to make a prompt election more likely
I20260601 13:40:42.586798 23063 raft_consensus.cc:493] T 8d92acfd1b0a40e4afb6858d0f6398a4 P 6417fba3c75e433eb0910f54125c837b [term 0 FOLLOWER]: Starting pre-election (no leader contacted us within the election timeout)
I20260601 13:40:42.586802 23151 raft_consensus.cc:740] T 7a83696a1f56447d9d1029daa7340b83 P 7308dd641df249bba3fc4e37c3516ba6 [term 0 FOLLOWER]: Becoming Follower/Learner. State: Replica: 7308dd641df249bba3fc4e37c3516ba6, State: Initialized, Role: FOLLOWER
I20260601 13:40:42.586895 23030 consensus_queue.cc:260] T 7a83696a1f56447d9d1029daa7340b83 P 54dddbf771ed44679016562369de72c7 [NON_LEADER]: Queue going to NON_LEADER mode. State: All replicated index: 0, Majority replicated index: 0, Committed index: 0, Last appended: 0.0, Last appended by leader: 0, Current term: 0, Majority size: -1, State: 0, Mode: NON_LEADER, active raft config: opid_index: -1 OBSOLETE_local: false peers { permanent_uuid: "54dddbf771ed44679016562369de72c7" member_type: VOTER last_known_addr { host: "127.19.99.129" port: 45855 } } peers { permanent_uuid: "6417fba3c75e433eb0910f54125c837b" member_type: VOTER last_known_addr { host: "127.19.99.130" port: 38215 } } peers { permanent_uuid: "7308dd641df249bba3fc4e37c3516ba6" member_type: VOTER last_known_addr { host: "127.19.99.132" port: 44117 } }
I20260601 13:40:42.586902 23063 raft_consensus.cc:515] T 8d92acfd1b0a40e4afb6858d0f6398a4 P 6417fba3c75e433eb0910f54125c837b [term 0 FOLLOWER]: Starting pre-election with config: opid_index: -1 OBSOLETE_local: false peers { permanent_uuid: "77de87d6dd5744098cbb2e220477bb13" member_type: VOTER last_known_addr { host: "127.19.99.131" port: 39217 } } peers { permanent_uuid: "7308dd641df249bba3fc4e37c3516ba6" member_type: VOTER last_known_addr { host: "127.19.99.132" port: 44117 } } peers { permanent_uuid: "6417fba3c75e433eb0910f54125c837b" member_type: VOTER last_known_addr { host: "127.19.99.130" port: 38215 } }
I20260601 13:40:42.586961 23151 consensus_queue.cc:260] T 7a83696a1f56447d9d1029daa7340b83 P 7308dd641df249bba3fc4e37c3516ba6 [NON_LEADER]: Queue going to NON_LEADER mode. State: All replicated index: 0, Majority replicated index: 0, Committed index: 0, Last appended: 0.0, Last appended by leader: 0, Current term: 0, Majority size: -1, State: 0, Mode: NON_LEADER, active raft config: opid_index: -1 OBSOLETE_local: false peers { permanent_uuid: "54dddbf771ed44679016562369de72c7" member_type: VOTER last_known_addr { host: "127.19.99.129" port: 45855 } } peers { permanent_uuid: "6417fba3c75e433eb0910f54125c837b" member_type: VOTER last_known_addr { host: "127.19.99.130" port: 38215 } } peers { permanent_uuid: "7308dd641df249bba3fc4e37c3516ba6" member_type: VOTER last_known_addr { host: "127.19.99.132" port: 44117 } }
I20260601 13:40:42.587198 23151 ts_tablet_manager.cc:1434] T 7a83696a1f56447d9d1029daa7340b83 P 7308dd641df249bba3fc4e37c3516ba6: Time spent starting tablet: real 0.001s	user 0.001s	sys 0.000s
I20260601 13:40:42.587299 23030 ts_tablet_manager.cc:1434] T 7a83696a1f56447d9d1029daa7340b83 P 54dddbf771ed44679016562369de72c7: Time spent starting tablet: real 0.001s	user 0.001s	sys 0.000s
I20260601 13:40:42.587428 23063 leader_election.cc:290] T 8d92acfd1b0a40e4afb6858d0f6398a4 P 6417fba3c75e433eb0910f54125c837b [CANDIDATE]: Term 1 pre-election: Requested pre-vote from peers 77de87d6dd5744098cbb2e220477bb13 (127.19.99.131:39217), 7308dd641df249bba3fc4e37c3516ba6 (127.19.99.132:44117)
I20260601 13:40:42.587466 23030 tablet_bootstrap.cc:492] T 7ea9ca3691274de4a89187dec9325e63 P 54dddbf771ed44679016562369de72c7: Bootstrap starting.
I20260601 13:40:42.587687 23151 tablet_bootstrap.cc:492] T 66890bad51534d86a317a228eb912769 P 7308dd641df249bba3fc4e37c3516ba6: Bootstrap starting.
I20260601 13:40:42.588464 23030 tablet_bootstrap.cc:654] T 7ea9ca3691274de4a89187dec9325e63 P 54dddbf771ed44679016562369de72c7: Neither blocks nor log segments found. Creating new log.
