I20260601 13:40:57.962083 32590 raft_consensus.cc:2468] T 256cf33076c649f680462dcc00ba59b2 P 9492dbc83d1545c88c602e82cc40b004 [term 0 FOLLOWER]: Leader pre-election vote request: Granting yes vote for candidate e6395ba1837e458a8b0c37883ce45c23 in term 0.
I20260601 13:40:57.962397 32631 leader_election.cc:304] T 256cf33076c649f680462dcc00ba59b2 P e6395ba1837e458a8b0c37883ce45c23 [CANDIDATE]: Term 1 pre-election: Election decided. Result: candidate won. Election summary: received 2 responses out of 3 voters: 2 yes votes; 0 no votes. yes voters: 6d61dbf3e2fe4746a315e1ee575f8585, e6395ba1837e458a8b0c37883ce45c23; no voters: 
I20260601 13:40:57.962550   362 raft_consensus.cc:2804] T 256cf33076c649f680462dcc00ba59b2 P e6395ba1837e458a8b0c37883ce45c23 [term 0 FOLLOWER]: Leader pre-election won for term 1
I20260601 13:40:57.962610   362 raft_consensus.cc:493] T 256cf33076c649f680462dcc00ba59b2 P e6395ba1837e458a8b0c37883ce45c23 [term 0 FOLLOWER]: Starting leader election (no leader contacted us within the election timeout)
I20260601 13:40:57.962648   362 raft_consensus.cc:3060] T 256cf33076c649f680462dcc00ba59b2 P e6395ba1837e458a8b0c37883ce45c23 [term 0 FOLLOWER]: Advancing to term 1
I20260601 13:40:57.963498   362 raft_consensus.cc:515] T 256cf33076c649f680462dcc00ba59b2 P e6395ba1837e458a8b0c37883ce45c23 [term 1 FOLLOWER]: Starting leader election with config: opid_index: -1 OBSOLETE_local: false peers { permanent_uuid: "9492dbc83d1545c88c602e82cc40b004" member_type: VOTER last_known_addr { host: "127.27.114.1" port: 36623 } } peers { permanent_uuid: "e6395ba1837e458a8b0c37883ce45c23" member_type: VOTER last_known_addr { host: "127.27.114.2" port: 34415 } } peers { permanent_uuid: "6d61dbf3e2fe4746a315e1ee575f8585" member_type: VOTER last_known_addr { host: "127.27.114.3" port: 40073 } }
I20260601 13:40:57.963879   362 leader_election.cc:290] T 256cf33076c649f680462dcc00ba59b2 P e6395ba1837e458a8b0c37883ce45c23 [CANDIDATE]: Term 1 election: Requested vote from peers 9492dbc83d1545c88c602e82cc40b004 (127.27.114.1:36623), 6d61dbf3e2fe4746a315e1ee575f8585 (127.27.114.3:40073)
I20260601 13:40:57.964171 32742 tablet_service.cc:1917] Received RequestConsensusVote() RPC: tablet_id: "256cf33076c649f680462dcc00ba59b2" candidate_uuid: "e6395ba1837e458a8b0c37883ce45c23" candidate_term: 1 candidate_status { last_received { term: 0 index: 0 } } ignore_live_leader: false dest_uuid: "6d61dbf3e2fe4746a315e1ee575f8585"
I20260601 13:40:57.964171 32590 tablet_service.cc:1917] Received RequestConsensusVote() RPC: tablet_id: "256cf33076c649f680462dcc00ba59b2" candidate_uuid: "e6395ba1837e458a8b0c37883ce45c23" candidate_term: 1 candidate_status { last_received { term: 0 index: 0 } } ignore_live_leader: false dest_uuid: "9492dbc83d1545c88c602e82cc40b004"
I20260601 13:40:57.964313 32590 raft_consensus.cc:3060] T 256cf33076c649f680462dcc00ba59b2 P 9492dbc83d1545c88c602e82cc40b004 [term 0 FOLLOWER]: Advancing to term 1
I20260601 13:40:57.964313 32742 raft_consensus.cc:3060] T 256cf33076c649f680462dcc00ba59b2 P 6d61dbf3e2fe4746a315e1ee575f8585 [term 0 FOLLOWER]: Advancing to term 1
I20260601 13:40:57.965229 32742 raft_consensus.cc:2468] T 256cf33076c649f680462dcc00ba59b2 P 6d61dbf3e2fe4746a315e1ee575f8585 [term 1 FOLLOWER]: Leader election vote request: Granting yes vote for candidate e6395ba1837e458a8b0c37883ce45c23 in term 1.
I20260601 13:40:57.965229 32590 raft_consensus.cc:2468] T 256cf33076c649f680462dcc00ba59b2 P 9492dbc83d1545c88c602e82cc40b004 [term 1 FOLLOWER]: Leader election vote request: Granting yes vote for candidate e6395ba1837e458a8b0c37883ce45c23 in term 1.
I20260601 13:40:57.965588 32631 leader_election.cc:304] T 256cf33076c649f680462dcc00ba59b2 P e6395ba1837e458a8b0c37883ce45c23 [CANDIDATE]: Term 1 election: Election decided. Result: candidate won. Election summary: received 2 responses out of 3 voters: 2 yes votes; 0 no votes. yes voters: 6d61dbf3e2fe4746a315e1ee575f8585, e6395ba1837e458a8b0c37883ce45c23; no voters: 
I20260601 13:40:57.965824   362 raft_consensus.cc:2804] T 256cf33076c649f680462dcc00ba59b2 P e6395ba1837e458a8b0c37883ce45c23 [term 1 FOLLOWER]: Leader election won for term 1
I20260601 13:40:57.965893   362 raft_consensus.cc:697] T 256cf33076c649f680462dcc00ba59b2 P e6395ba1837e458a8b0c37883ce45c23 [term 1 LEADER]: Becoming Leader. State: Replica: e6395ba1837e458a8b0c37883ce45c23, State: Running, Role: LEADER
I20260601 13:40:57.966041   362 consensus_queue.cc:237] T 256cf33076c649f680462dcc00ba59b2 P e6395ba1837e458a8b0c37883ce45c23 [LEADER]: Queue going to LEADER mode. State: All replicated index: 0, Majority replicated index: 0, Committed index: 0, Last appended: 0.0, Last appended by leader: 0, Current term: 1, Majority size: 2, State: 0, Mode: LEADER, active raft config: opid_index: -1 OBSOLETE_local: false peers { permanent_uuid: "9492dbc83d1545c88c602e82cc40b004" member_type: VOTER last_known_addr { host: "127.27.114.1" port: 36623 } } peers { permanent_uuid: "e6395ba1837e458a8b0c37883ce45c23" member_type: VOTER last_known_addr { host: "127.27.114.2" port: 34415 } } peers { permanent_uuid: "6d61dbf3e2fe4746a315e1ee575f8585" member_type: VOTER last_known_addr { host: "127.27.114.3" port: 40073 } }
I20260601 13:40:57.967701 32484 catalog_manager.cc:5696] T 256cf33076c649f680462dcc00ba59b2 P e6395ba1837e458a8b0c37883ce45c23 reported cstate change: term changed from 0 to 1, leader changed from <none> to e6395ba1837e458a8b0c37883ce45c23 (127.27.114.2). New cstate: current_term: 1 leader_uuid: "e6395ba1837e458a8b0c37883ce45c23" committed_config { opid_index: -1 OBSOLETE_local: false peers { permanent_uuid: "9492dbc83d1545c88c602e82cc40b004" member_type: VOTER last_known_addr { host: "127.27.114.1" port: 36623 } health_report { overall_health: UNKNOWN } } peers { permanent_uuid: "e6395ba1837e458a8b0c37883ce45c23" member_type: VOTER last_known_addr { host: "127.27.114.2" port: 34415 } health_report { overall_health: HEALTHY } } peers { permanent_uuid: "6d61dbf3e2fe4746a315e1ee575f8585" member_type: VOTER last_known_addr { host: "127.27.114.3" port: 40073 } health_report { overall_health: UNKNOWN } } }
I20260601 13:40:58.011270   362 consensus_queue.cc:1048] T a16376c27dc442df9d1a3f6255350749 P e6395ba1837e458a8b0c37883ce45c23 [LEADER]: Connected to new peer: Peer: permanent_uuid: "6d61dbf3e2fe4746a315e1ee575f8585" member_type: VOTER last_known_addr { host: "127.27.114.3" port: 40073 }, Status: LMP_MISMATCH, Last received: 0.0, Next index: 1, Last known committed idx: 0, Time since last communication: 0.000s
I20260601 13:40:58.014554   388 consensus_queue.cc:1048] T a16376c27dc442df9d1a3f6255350749 P e6395ba1837e458a8b0c37883ce45c23 [LEADER]: Connected to new peer: Peer: permanent_uuid: "9492dbc83d1545c88c602e82cc40b004" member_type: VOTER last_known_addr { host: "127.27.114.1" port: 36623 }, Status: LMP_MISMATCH, Last received: 0.0, Next index: 1, Last known committed idx: 0, Time since last communication: 0.000s
I20260601 13:40:58.053156   331 consensus_queue.cc:1048] T 2103cf71b57f4cd993b94434cfaf2d68 P 6d61dbf3e2fe4746a315e1ee575f8585 [LEADER]: Connected to new peer: Peer: permanent_uuid: "e6395ba1837e458a8b0c37883ce45c23" member_type: VOTER last_known_addr { host: "127.27.114.2" port: 34415 }, Status: LMP_MISMATCH, Last received: 0.0, Next index: 1, Last known committed idx: 0, Time since last communication: 0.000s
I20260601 13:40:58.056903   375 consensus_queue.cc:1048] T 2103cf71b57f4cd993b94434cfaf2d68 P 6d61dbf3e2fe4746a315e1ee575f8585 [LEADER]: Connected to new peer: Peer: permanent_uuid: "9492dbc83d1545c88c602e82cc40b004" member_type: VOTER last_known_addr { host: "127.27.114.1" port: 36623 }, Status: LMP_MISMATCH, Last received: 0.0, Next index: 1, Last known committed idx: 0, Time since last communication: 0.000s
I20260601 13:40:58.071695   375 consensus_queue.cc:1048] T f858c90d28ca4f59a6833e09d53bfda5 P 6d61dbf3e2fe4746a315e1ee575f8585 [LEADER]: Connected to new peer: Peer: permanent_uuid: "e6395ba1837e458a8b0c37883ce45c23" member_type: VOTER last_known_addr { host: "127.27.114.2" port: 34415 }, Status: LMP_MISMATCH, Last received: 0.0, Next index: 1, Last known committed idx: 0, Time since last communication: 0.000s
I20260601 13:40:58.082697   393 consensus_queue.cc:1048] T f858c90d28ca4f59a6833e09d53bfda5 P 6d61dbf3e2fe4746a315e1ee575f8585 [LEADER]: Connected to new peer: Peer: permanent_uuid: "9492dbc83d1545c88c602e82cc40b004" member_type: VOTER last_known_addr { host: "127.27.114.1" port: 36623 }, Status: LMP_MISMATCH, Last received: 0.0, Next index: 1, Last known committed idx: 0, Time since last communication: 0.000s
I20260601 13:40:58.104696 32742 raft_consensus.cc:1275] T 256cf33076c649f680462dcc00ba59b2 P 6d61dbf3e2fe4746a315e1ee575f8585 [term 1 FOLLOWER]: Refusing update from remote peer e6395ba1837e458a8b0c37883ce45c23: Log matching property violated. Preceding OpId in replica: term: 0 index: 0. Preceding OpId from leader: term: 1 index: 2. (index mismatch)
I20260601 13:40:58.105131 32740 raft_consensus.cc:1275] T 6b03f28fece5412195848f69c11c69ec P 6d61dbf3e2fe4746a315e1ee575f8585 [term 1 FOLLOWER]: Refusing update from remote peer e6395ba1837e458a8b0c37883ce45c23: Log matching property violated. Preceding OpId in replica: term: 0 index: 0. Preceding OpId from leader: term: 1 index: 2. (index mismatch)
I20260601 13:40:58.105597 32741 raft_consensus.cc:1275] T da63e2abf87a4f7fa8de73e564417ce9 P 6d61dbf3e2fe4746a315e1ee575f8585 [term 1 FOLLOWER]: Refusing update from remote peer e6395ba1837e458a8b0c37883ce45c23: Log matching property violated. Preceding OpId in replica: term: 0 index: 0. Preceding OpId from leader: term: 1 index: 2. (index mismatch)
I20260601 13:40:58.106109   326 consensus_queue.cc:1048] T 256cf33076c649f680462dcc00ba59b2 P e6395ba1837e458a8b0c37883ce45c23 [LEADER]: Connected to new peer: Peer: permanent_uuid: "6d61dbf3e2fe4746a315e1ee575f8585" member_type: VOTER last_known_addr { host: "127.27.114.3" port: 40073 }, Status: LMP_MISMATCH, Last received: 0.0, Next index: 1, Last known committed idx: 0, Time since last communication: 0.000s
I20260601 13:40:58.106382   326 consensus_queue.cc:1048] T 6b03f28fece5412195848f69c11c69ec P e6395ba1837e458a8b0c37883ce45c23 [LEADER]: Connected to new peer: Peer: permanent_uuid: "6d61dbf3e2fe4746a315e1ee575f8585" member_type: VOTER last_known_addr { host: "127.27.114.3" port: 40073 }, Status: LMP_MISMATCH, Last received: 0.0, Next index: 1, Last known committed idx: 0, Time since last communication: 0.000s
I20260601 13:40:58.106600   326 consensus_queue.cc:1048] T da63e2abf87a4f7fa8de73e564417ce9 P e6395ba1837e458a8b0c37883ce45c23 [LEADER]: Connected to new peer: Peer: permanent_uuid: "6d61dbf3e2fe4746a315e1ee575f8585" member_type: VOTER last_known_addr { host: "127.27.114.3" port: 40073 }, Status: LMP_MISMATCH, Last received: 0.0, Next index: 1, Last known committed idx: 0, Time since last communication: 0.000s
I20260601 13:40:58.108451 32739 raft_consensus.cc:1275] T 9e87675ea5e74cdb98f1104298215b7c P 6d61dbf3e2fe4746a315e1ee575f8585 [term 1 FOLLOWER]: Refusing update from remote peer e6395ba1837e458a8b0c37883ce45c23: Log matching property violated. Preceding OpId in replica: term: 0 index: 0. Preceding OpId from leader: term: 1 index: 2. (index mismatch)
I20260601 13:40:58.108812   362 consensus_queue.cc:1048] T 9e87675ea5e74cdb98f1104298215b7c P e6395ba1837e458a8b0c37883ce45c23 [LEADER]: Connected to new peer: Peer: permanent_uuid: "6d61dbf3e2fe4746a315e1ee575f8585" member_type: VOTER last_known_addr { host: "127.27.114.3" port: 40073 }, Status: LMP_MISMATCH, Last received: 0.0, Next index: 1, Last known committed idx: 0, Time since last communication: 0.000s
I20260601 13:40:58.109428 32589 raft_consensus.cc:1275] T 9a2519c23dea48799711674a3306fa2f P 9492dbc83d1545c88c602e82cc40b004 [term 1 FOLLOWER]: Refusing update from remote peer 6d61dbf3e2fe4746a315e1ee575f8585: Log matching property violated. Preceding OpId in replica: term: 0 index: 0. Preceding OpId from leader: term: 1 index: 2. (index mismatch)
I20260601 13:40:58.109994   331 consensus_queue.cc:1048] T 9a2519c23dea48799711674a3306fa2f P 6d61dbf3e2fe4746a315e1ee575f8585 [LEADER]: Connected to new peer: Peer: permanent_uuid: "9492dbc83d1545c88c602e82cc40b004" member_type: VOTER last_known_addr { host: "127.27.114.1" port: 36623 }, Status: LMP_MISMATCH, Last received: 0.0, Next index: 1, Last known committed idx: 0, Time since last communication: 0.000s
I20260601 13:40:58.111034 32738 raft_consensus.cc:1275] T 8ee024e650bc4f78aa08e2e8659953cd P 6d61dbf3e2fe4746a315e1ee575f8585 [term 1 FOLLOWER]: Refusing update from remote peer e6395ba1837e458a8b0c37883ce45c23: Log matching property violated. Preceding OpId in replica: term: 0 index: 0. Preceding OpId from leader: term: 1 index: 2. (index mismatch)
I20260601 13:40:58.112895 32738 raft_consensus.cc:1275] T 5bc5c4245ad742de89425acdb767b0d3 P 6d61dbf3e2fe4746a315e1ee575f8585 [term 1 FOLLOWER]: Refusing update from remote peer 9492dbc83d1545c88c602e82cc40b004: Log matching property violated. Preceding OpId in replica: term: 0 index: 0. Preceding OpId from leader: term: 1 index: 2. (index mismatch)
I20260601 13:40:58.113001 32589 raft_consensus.cc:1275] T fa277015d65f4500924234d6e54f4f08 P 9492dbc83d1545c88c602e82cc40b004 [term 1 FOLLOWER]: Refusing update from remote peer 6d61dbf3e2fe4746a315e1ee575f8585: Log matching property violated. Preceding OpId in replica: term: 0 index: 0. Preceding OpId from leader: term: 1 index: 2. (index mismatch)
I20260601 13:40:58.113487   328 consensus_queue.cc:1048] T 5bc5c4245ad742de89425acdb767b0d3 P 9492dbc83d1545c88c602e82cc40b004 [LEADER]: Connected to new peer: Peer: permanent_uuid: "6d61dbf3e2fe4746a315e1ee575f8585" member_type: VOTER last_known_addr { host: "127.27.114.3" port: 40073 }, Status: LMP_MISMATCH, Last received: 0.0, Next index: 1, Last known committed idx: 0, Time since last communication: 0.000s
I20260601 13:40:58.115036   393 consensus_queue.cc:1048] T fa277015d65f4500924234d6e54f4f08 P 6d61dbf3e2fe4746a315e1ee575f8585 [LEADER]: Connected to new peer: Peer: permanent_uuid: "9492dbc83d1545c88c602e82cc40b004" member_type: VOTER last_known_addr { host: "127.27.114.1" port: 36623 }, Status: LMP_MISMATCH, Last received: 0.0, Next index: 1, Last known committed idx: 0, Time since last communication: 0.000s
I20260601 13:40:58.116777 32666 raft_consensus.cc:1275] T 9a2519c23dea48799711674a3306fa2f P e6395ba1837e458a8b0c37883ce45c23 [term 1 FOLLOWER]: Refusing update from remote peer 6d61dbf3e2fe4746a315e1ee575f8585: Log matching property violated. Preceding OpId in replica: term: 0 index: 0. Preceding OpId from leader: term: 1 index: 2. (index mismatch)
I20260601 13:40:58.116825 32664 raft_consensus.cc:1275] T fa277015d65f4500924234d6e54f4f08 P e6395ba1837e458a8b0c37883ce45c23 [term 1 FOLLOWER]: Refusing update from remote peer 6d61dbf3e2fe4746a315e1ee575f8585: Log matching property violated. Preceding OpId in replica: term: 0 index: 0. Preceding OpId from leader: term: 1 index: 2. (index mismatch)
I20260601 13:40:58.123034 32586 raft_consensus.cc:1275] T da63e2abf87a4f7fa8de73e564417ce9 P 9492dbc83d1545c88c602e82cc40b004 [term 1 FOLLOWER]: Refusing update from remote peer e6395ba1837e458a8b0c37883ce45c23: Log matching property violated. Preceding OpId in replica: term: 0 index: 0. Preceding OpId from leader: term: 1 index: 2. (index mismatch)
I20260601 13:40:58.123332 32585 raft_consensus.cc:1275] T 6b03f28fece5412195848f69c11c69ec P 9492dbc83d1545c88c602e82cc40b004 [term 1 FOLLOWER]: Refusing update from remote peer e6395ba1837e458a8b0c37883ce45c23: Log matching property violated. Preceding OpId in replica: term: 0 index: 0. Preceding OpId from leader: term: 1 index: 2. (index mismatch)
I20260601 13:40:58.123598 32584 raft_consensus.cc:1275] T 9e87675ea5e74cdb98f1104298215b7c P 9492dbc83d1545c88c602e82cc40b004 [term 1 FOLLOWER]: Refusing update from remote peer e6395ba1837e458a8b0c37883ce45c23: Log matching property violated. Preceding OpId in replica: term: 0 index: 0. Preceding OpId from leader: term: 1 index: 2. (index mismatch)
I20260601 13:40:58.123888 32583 raft_consensus.cc:1275] T 8ee024e650bc4f78aa08e2e8659953cd P 9492dbc83d1545c88c602e82cc40b004 [term 1 FOLLOWER]: Refusing update from remote peer e6395ba1837e458a8b0c37883ce45c23: Log matching property violated. Preceding OpId in replica: term: 0 index: 0. Preceding OpId from leader: term: 1 index: 2. (index mismatch)
I20260601 13:40:58.124752 32664 raft_consensus.cc:1275] T 5bc5c4245ad742de89425acdb767b0d3 P e6395ba1837e458a8b0c37883ce45c23 [term 1 FOLLOWER]: Refusing update from remote peer 9492dbc83d1545c88c602e82cc40b004: Log matching property violated. Preceding OpId in replica: term: 0 index: 0. Preceding OpId from leader: term: 1 index: 2. (index mismatch)
I20260601 13:40:58.124933   388 consensus_queue.cc:1048] T 8ee024e650bc4f78aa08e2e8659953cd P e6395ba1837e458a8b0c37883ce45c23 [LEADER]: Connected to new peer: Peer: permanent_uuid: "6d61dbf3e2fe4746a315e1ee575f8585" member_type: VOTER last_known_addr { host: "127.27.114.3" port: 40073 }, Status: LMP_MISMATCH, Last received: 0.0, Next index: 1, Last known committed idx: 0, Time since last communication: 0.000s
I20260601 13:40:58.126159   375 consensus_queue.cc:1048] T 9a2519c23dea48799711674a3306fa2f P 6d61dbf3e2fe4746a315e1ee575f8585 [LEADER]: Connected to new peer: Peer: permanent_uuid: "e6395ba1837e458a8b0c37883ce45c23" member_type: VOTER last_known_addr { host: "127.27.114.2" port: 34415 }, Status: LMP_MISMATCH, Last received: 0.0, Next index: 1, Last known committed idx: 0, Time since last communication: 0.000s
I20260601 13:40:58.126473   375 consensus_queue.cc:1048] T fa277015d65f4500924234d6e54f4f08 P 6d61dbf3e2fe4746a315e1ee575f8585 [LEADER]: Connected to new peer: Peer: permanent_uuid: "e6395ba1837e458a8b0c37883ce45c23" member_type: VOTER last_known_addr { host: "127.27.114.2" port: 34415 }, Status: LMP_MISMATCH, Last received: 0.0, Next index: 1, Last known committed idx: 0, Time since last communication: 0.000s
I20260601 13:40:58.127050 32589 raft_consensus.cc:1275] T 256cf33076c649f680462dcc00ba59b2 P 9492dbc83d1545c88c602e82cc40b004 [term 1 FOLLOWER]: Refusing update from remote peer e6395ba1837e458a8b0c37883ce45c23: Log matching property violated. Preceding OpId in replica: term: 0 index: 0. Preceding OpId from leader: term: 1 index: 2. (index mismatch)
I20260601 13:40:58.128129 32736 raft_consensus.cc:1275] T f79648072a1c40dd8a2541ac49ad019a P 6d61dbf3e2fe4746a315e1ee575f8585 [term 1 FOLLOWER]: Refusing update from remote peer 9492dbc83d1545c88c602e82cc40b004: Log matching property violated. Preceding OpId in replica: term: 0 index: 0. Preceding OpId from leader: term: 1 index: 2. (index mismatch)
I20260601 13:40:58.129848 32662 raft_consensus.cc:1275] T f79648072a1c40dd8a2541ac49ad019a P e6395ba1837e458a8b0c37883ce45c23 [term 1 FOLLOWER]: Refusing update from remote peer 9492dbc83d1545c88c602e82cc40b004: Log matching property violated. Preceding OpId in replica: term: 0 index: 0. Preceding OpId from leader: term: 1 index: 2. (index mismatch)
I20260601 13:40:58.129943   361 consensus_queue.cc:1048] T 5bc5c4245ad742de89425acdb767b0d3 P 9492dbc83d1545c88c602e82cc40b004 [LEADER]: Connected to new peer: Peer: permanent_uuid: "e6395ba1837e458a8b0c37883ce45c23" member_type: VOTER last_known_addr { host: "127.27.114.2" port: 34415 }, Status: LMP_MISMATCH, Last received: 0.0, Next index: 1, Last known committed idx: 0, Time since last communication: 0.000s
I20260601 13:40:58.132302   361 consensus_queue.cc:1048] T f79648072a1c40dd8a2541ac49ad019a P 9492dbc83d1545c88c602e82cc40b004 [LEADER]: Connected to new peer: Peer: permanent_uuid: "e6395ba1837e458a8b0c37883ce45c23" member_type: VOTER last_known_addr { host: "127.27.114.2" port: 34415 }, Status: LMP_MISMATCH, Last received: 0.0, Next index: 1, Last known committed idx: 0, Time since last communication: 0.000s
I20260601 13:40:58.132997   388 consensus_queue.cc:1048] T da63e2abf87a4f7fa8de73e564417ce9 P e6395ba1837e458a8b0c37883ce45c23 [LEADER]: Connected to new peer: Peer: permanent_uuid: "9492dbc83d1545c88c602e82cc40b004" member_type: VOTER last_known_addr { host: "127.27.114.1" port: 36623 }, Status: LMP_MISMATCH, Last received: 0.0, Next index: 1, Last known committed idx: 0, Time since last communication: 0.000s
I20260601 13:40:58.133291   388 consensus_queue.cc:1048] T 6b03f28fece5412195848f69c11c69ec P e6395ba1837e458a8b0c37883ce45c23 [LEADER]: Connected to new peer: Peer: permanent_uuid: "9492dbc83d1545c88c602e82cc40b004" member_type: VOTER last_known_addr { host: "127.27.114.1" port: 36623 }, Status: LMP_MISMATCH, Last received: 0.0, Next index: 1, Last known committed idx: 0, Time since last communication: 0.000s
I20260601 13:40:58.133554   388 consensus_queue.cc:1048] T 9e87675ea5e74cdb98f1104298215b7c P e6395ba1837e458a8b0c37883ce45c23 [LEADER]: Connected to new peer: Peer: permanent_uuid: "9492dbc83d1545c88c602e82cc40b004" member_type: VOTER last_known_addr { host: "127.27.114.1" port: 36623 }, Status: LMP_MISMATCH, Last received: 0.0, Next index: 1, Last known committed idx: 0, Time since last communication: 0.000s
I20260601 13:40:58.133801   388 consensus_queue.cc:1048] T 8ee024e650bc4f78aa08e2e8659953cd P e6395ba1837e458a8b0c37883ce45c23 [LEADER]: Connected to new peer: Peer: permanent_uuid: "9492dbc83d1545c88c602e82cc40b004" member_type: VOTER last_known_addr { host: "127.27.114.1" port: 36623 }, Status: LMP_MISMATCH, Last received: 0.0, Next index: 1, Last known committed idx: 0, Time since last communication: 0.000s
I20260601 13:40:58.134075   388 consensus_queue.cc:1048] T 256cf33076c649f680462dcc00ba59b2 P e6395ba1837e458a8b0c37883ce45c23 [LEADER]: Connected to new peer: Peer: permanent_uuid: "9492dbc83d1545c88c602e82cc40b004" member_type: VOTER last_known_addr { host: "127.27.114.1" port: 36623 }, Status: LMP_MISMATCH, Last received: 0.0, Next index: 1, Last known committed idx: 0, Time since last communication: 0.000s
I20260601 13:40:58.140024   361 consensus_queue.cc:1048] T f79648072a1c40dd8a2541ac49ad019a P 9492dbc83d1545c88c602e82cc40b004 [LEADER]: Connected to new peer: Peer: permanent_uuid: "6d61dbf3e2fe4746a315e1ee575f8585" member_type: VOTER last_known_addr { host: "127.27.114.3" port: 40073 }, Status: LMP_MISMATCH, Last received: 0.0, Next index: 1, Last known committed idx: 0, Time since last communication: 0.000s
I20260601 13:40:58.149086   408 mvcc.cc:204] Tried to move back new op lower bound from 7292195873224478720 to 7292195872059863040. Current Snapshot: MvccSnapshot[applied={T|T < 7292195873224478720}]
I20260601 13:40:58.166708   435 mvcc.cc:204] Tried to move back new op lower bound from 7292195873291751424 to 7292195872630501376. Current Snapshot: MvccSnapshot[applied={T|T < 7292195873223483392}]
I20260601 13:40:58.632603 28104 file_cache.cc:492] Constructed file cache file cache with capacity 419430
W20260601 13:40:58.635102   469 instance_detector.cc:116] could not retrieve AWS instance metadata: Network error: curl error: HTTP response code said error: The requested URL returned error: 404
W20260601 13:40:58.636083   470 instance_detector.cc:116] could not retrieve Azure instance metadata: Network error: curl error: HTTP response code said error: The requested URL returned error: 404
I20260601 13:40:58.636332 28104 server_base.cc:1061] running on GCE node
W20260601 13:40:58.636405   472 instance_detector.cc:116] could not retrieve OpenStack instance metadata: Network error: curl error: HTTP response code said error: The requested URL returned error: 404
I20260601 13:40:58.636680 28104 hybrid_clock.cc:584] initializing the hybrid clock with 'system_unsync' time source
W20260601 13:40:58.636750 28104 system_unsync_time.cc:38] NTP support is disabled. Clock error bounds will not be accurate. This configuration is not suitable for distributed clusters.
I20260601 13:40:58.636786 28104 hybrid_clock.cc:648] HybridClock initialized: now 1780321258636784 us; error 0 us; skew 500 ppm
I20260601 13:40:58.637775 28104 webserver.cc:533] Webserver started at http://127.27.114.4:39871/ using document root <none> and password file <none>
I20260601 13:40:58.637956 28104 fs_manager.cc:362] Metadata directory not provided
I20260601 13:40:58.638032 28104 fs_manager.cc:368] Using write-ahead log directory (fs_wal_dir) as metadata directory
I20260601 13:40:58.638130 28104 server_base.cc:909] This appears to be a new deployment of Kudu; creating new FS layout
I20260601 13:40:58.638540 28104 fs_manager.cc:1068] Generated new instance metadata in path /tmp/dist-test-taskqVBAow/test-tmp/auto_rebalancer-test.0.AutoRebalancerTest.TestMaxMovesPerServer.1780321153575676-28104-0/minicluster-data/ts-3-root/instance:
uuid: "954aa4fffd4743e9af704683338df2e8"
format_stamp: "Formatted at 2026-06-01 13:40:58 on dist-test-slave-61pb"
I20260601 13:40:58.640018 28104 fs_manager.cc:696] Time spent creating directory manager: real 0.001s	user 0.002s	sys 0.000s
I20260601 13:40:58.640911   477 log_block_manager.cc:4031] Time spent loading block containers with low live blocks: real 0.000s	user 0.000s	sys 0.000s
I20260601 13:40:58.641209 28104 fs_manager.cc:730] Time spent opening block manager: real 0.001s	user 0.001s	sys 0.000s
I20260601 13:40:58.641295 28104 fs_manager.cc:647] Opened local filesystem: /tmp/dist-test-taskqVBAow/test-tmp/auto_rebalancer-test.0.AutoRebalancerTest.TestMaxMovesPerServer.1780321153575676-28104-0/minicluster-data/ts-3-root
uuid: "954aa4fffd4743e9af704683338df2e8"
format_stamp: "Formatted at 2026-06-01 13:40:58 on dist-test-slave-61pb"
I20260601 13:40:58.641386 28104 fs_report.cc:389] FS layout report
--------------------
wal directory: /tmp/dist-test-taskqVBAow/test-tmp/auto_rebalancer-test.0.AutoRebalancerTest.TestMaxMovesPerServer.1780321153575676-28104-0/minicluster-data/ts-3-root
metadata directory: /tmp/dist-test-taskqVBAow/test-tmp/auto_rebalancer-test.0.AutoRebalancerTest.TestMaxMovesPerServer.1780321153575676-28104-0/minicluster-data/ts-3-root
1 data directories: /tmp/dist-test-taskqVBAow/test-tmp/auto_rebalancer-test.0.AutoRebalancerTest.TestMaxMovesPerServer.1780321153575676-28104-0/minicluster-data/ts-3-root/data
Total live blocks: 0
Total live bytes: 0
Total live bytes (after alignment): 0
Total number of LBM containers: 0 (0 full)
Did not check for missing blocks
Did not check for orphaned blocks
Total full LBM containers with extra space: 0 (0 repaired)
Total full LBM container extra space in bytes: 0 (0 repaired)
Total incomplete LBM containers: 0 (0 repaired)
Total LBM partial records: 0 (0 repaired)
Total corrupted LBM metadata records in RocksDB: 0 (0 repaired)
I20260601 13:40:58.653780 28104 rpc_server.cc:225] running with OpenSSL 1.1.1  11 Sep 2018
I20260601 13:40:58.654247 28104 kserver.cc:163] Server-wide thread pool size limit: 3276
I20260601 13:40:58.654611 28104 txn_system_client.cc:432] TxnSystemClient initialization is disabled...
I20260601 13:40:58.655157 28104 ts_tablet_manager.cc:585] Loaded tablet metadata (0 total tablets, 0 live tablets)
I20260601 13:40:58.655229 28104 ts_tablet_manager.cc:531] Time spent load tablet metadata: real 0.000s	user 0.000s	sys 0.000s
I20260601 13:40:58.655288 28104 ts_tablet_manager.cc:616] Registered 0 tablets
I20260601 13:40:58.655339 28104 ts_tablet_manager.cc:595] Time spent register tablets: real 0.000s	user 0.000s	sys 0.000s
I20260601 13:40:58.660511 28104 rpc_server.cc:307] RPC server started. Bound to: 127.27.114.4:40117
I20260601 13:40:58.660614   540 acceptor_pool.cc:272] collecting diagnostics on the listening RPC socket 127.27.114.4:40117 every 8 connection(s)
I20260601 13:40:58.661528 28104 file_cache.cc:492] Constructed file cache file cache with capacity 419430
W20260601 13:40:58.663690   548 instance_detector.cc:116] could not retrieve OpenStack instance metadata: Network error: curl error: HTTP response code said error: The requested URL returned error: 404
W20260601 13:40:58.663817   545 instance_detector.cc:116] could not retrieve AWS instance metadata: Network error: curl error: HTTP response code said error: The requested URL returned error: 404
W20260601 13:40:58.663729   546 instance_detector.cc:116] could not retrieve Azure instance metadata: Network error: curl error: HTTP response code said error: The requested URL returned error: 404
I20260601 13:40:58.664463 28104 server_base.cc:1061] running on GCE node
I20260601 13:40:58.664624 28104 hybrid_clock.cc:584] initializing the hybrid clock with 'system_unsync' time source
W20260601 13:40:58.664673 28104 system_unsync_time.cc:38] NTP support is disabled. Clock error bounds will not be accurate. This configuration is not suitable for distributed clusters.
I20260601 13:40:58.664700 28104 hybrid_clock.cc:648] HybridClock initialized: now 1780321258664699 us; error 0 us; skew 500 ppm
I20260601 13:40:58.665592 28104 webserver.cc:533] Webserver started at http://127.27.114.5:43805/ using document root <none> and password file <none>
I20260601 13:40:58.665729 28104 fs_manager.cc:362] Metadata directory not provided
I20260601 13:40:58.665769 28104 fs_manager.cc:368] Using write-ahead log directory (fs_wal_dir) as metadata directory
I20260601 13:40:58.665824 28104 server_base.cc:909] This appears to be a new deployment of Kudu; creating new FS layout
I20260601 13:40:58.666162 28104 fs_manager.cc:1068] Generated new instance metadata in path /tmp/dist-test-taskqVBAow/test-tmp/auto_rebalancer-test.0.AutoRebalancerTest.TestMaxMovesPerServer.1780321153575676-28104-0/minicluster-data/ts-4-root/instance:
uuid: "c15d1ee731ea44b1a4b9dfa688756810"
format_stamp: "Formatted at 2026-06-01 13:40:58 on dist-test-slave-61pb"
I20260601 13:40:58.667742 28104 fs_manager.cc:696] Time spent creating directory manager: real 0.001s	user 0.001s	sys 0.001s
I20260601 13:40:58.668661   555 log_block_manager.cc:4031] Time spent loading block containers with low live blocks: real 0.000s	user 0.000s	sys 0.000s
I20260601 13:40:58.669021 28104 fs_manager.cc:730] Time spent opening block manager: real 0.001s	user 0.001s	sys 0.000s
I20260601 13:40:58.669101 28104 fs_manager.cc:647] Opened local filesystem: /tmp/dist-test-taskqVBAow/test-tmp/auto_rebalancer-test.0.AutoRebalancerTest.TestMaxMovesPerServer.1780321153575676-28104-0/minicluster-data/ts-4-root
uuid: "c15d1ee731ea44b1a4b9dfa688756810"
format_stamp: "Formatted at 2026-06-01 13:40:58 on dist-test-slave-61pb"
I20260601 13:40:58.669184 28104 fs_report.cc:389] FS layout report
--------------------
wal directory: /tmp/dist-test-taskqVBAow/test-tmp/auto_rebalancer-test.0.AutoRebalancerTest.TestMaxMovesPerServer.1780321153575676-28104-0/minicluster-data/ts-4-root
metadata directory: /tmp/dist-test-taskqVBAow/test-tmp/auto_rebalancer-test.0.AutoRebalancerTest.TestMaxMovesPerServer.1780321153575676-28104-0/minicluster-data/ts-4-root
1 data directories: /tmp/dist-test-taskqVBAow/test-tmp/auto_rebalancer-test.0.AutoRebalancerTest.TestMaxMovesPerServer.1780321153575676-28104-0/minicluster-data/ts-4-root/data
Total live blocks: 0
Total live bytes: 0
Total live bytes (after alignment): 0
Total number of LBM containers: 0 (0 full)
Did not check for missing blocks
Did not check for orphaned blocks
Total full LBM containers with extra space: 0 (0 repaired)
Total full LBM container extra space in bytes: 0 (0 repaired)
Total incomplete LBM containers: 0 (0 repaired)
Total LBM partial records: 0 (0 repaired)
Total corrupted LBM metadata records in RocksDB: 0 (0 repaired)
I20260601 13:40:58.672398   541 heartbeater.cc:344] Connected to a master server at 127.27.114.62:33607
I20260601 13:40:58.672523   541 heartbeater.cc:461] Registering TS with master...
I20260601 13:40:58.672814   541 heartbeater.cc:507] Master 127.27.114.62:33607 requested a full tablet report, sending...
I20260601 13:40:58.673570 32484 ts_manager.cc:194] Registered new tserver with Master: 954aa4fffd4743e9af704683338df2e8 (127.27.114.4:40117)
I20260601 13:40:58.674261 32484 master_service.cc:502] Signed X509 certificate for tserver {username='slave'} at 127.0.0.1:38520
I20260601 13:40:58.695362 28104 rpc_server.cc:225] running with OpenSSL 1.1.1  11 Sep 2018
I20260601 13:40:58.695839 28104 kserver.cc:163] Server-wide thread pool size limit: 3276
I20260601 13:40:58.696187 28104 txn_system_client.cc:432] TxnSystemClient initialization is disabled...
I20260601 13:40:58.696744 28104 ts_tablet_manager.cc:585] Loaded tablet metadata (0 total tablets, 0 live tablets)
I20260601 13:40:58.696786 28104 ts_tablet_manager.cc:531] Time spent load tablet metadata: real 0.000s	user 0.000s	sys 0.000s
I20260601 13:40:58.696856 28104 ts_tablet_manager.cc:616] Registered 0 tablets
I20260601 13:40:58.696905 28104 ts_tablet_manager.cc:595] Time spent register tablets: real 0.000s	user 0.000s	sys 0.000s
I20260601 13:40:58.702948 28104 rpc_server.cc:307] RPC server started. Bound to: 127.27.114.5:41601
I20260601 13:40:58.703138   619 acceptor_pool.cc:272] collecting diagnostics on the listening RPC socket 127.27.114.5:41601 every 8 connection(s)
I20260601 13:40:58.704031 28104 file_cache.cc:492] Constructed file cache file cache with capacity 419430
W20260601 13:40:58.706301   623 instance_detector.cc:116] could not retrieve AWS instance metadata: Network error: curl error: HTTP response code said error: The requested URL returned error: 404
W20260601 13:40:58.706514   626 instance_detector.cc:116] could not retrieve OpenStack instance metadata: Network error: curl error: HTTP response code said error: The requested URL returned error: 404
W20260601 13:40:58.706629   624 instance_detector.cc:116] could not retrieve Azure instance metadata: Network error: curl error: HTTP response code said error: The requested URL returned error: 404
I20260601 13:40:58.706637 28104 server_base.cc:1061] running on GCE node
I20260601 13:40:58.706926 28104 hybrid_clock.cc:584] initializing the hybrid clock with 'system_unsync' time source
W20260601 13:40:58.706969 28104 system_unsync_time.cc:38] NTP support is disabled. Clock error bounds will not be accurate. This configuration is not suitable for distributed clusters.
I20260601 13:40:58.706986 28104 hybrid_clock.cc:648] HybridClock initialized: now 1780321258706986 us; error 0 us; skew 500 ppm
I20260601 13:40:58.708206 28104 webserver.cc:533] Webserver started at http://127.27.114.6:37817/ using document root <none> and password file <none>
I20260601 13:40:58.708384 28104 fs_manager.cc:362] Metadata directory not provided
I20260601 13:40:58.708448 28104 fs_manager.cc:368] Using write-ahead log directory (fs_wal_dir) as metadata directory
I20260601 13:40:58.708544 28104 server_base.cc:909] This appears to be a new deployment of Kudu; creating new FS layout
I20260601 13:40:58.708801   620 heartbeater.cc:344] Connected to a master server at 127.27.114.62:33607
I20260601 13:40:58.708961   620 heartbeater.cc:461] Registering TS with master...
I20260601 13:40:58.709048 28104 fs_manager.cc:1068] Generated new instance metadata in path /tmp/dist-test-taskqVBAow/test-tmp/auto_rebalancer-test.0.AutoRebalancerTest.TestMaxMovesPerServer.1780321153575676-28104-0/minicluster-data/ts-5-root/instance:
uuid: "ebd5b33ed021470286587c9594a1c528"
format_stamp: "Formatted at 2026-06-01 13:40:58 on dist-test-slave-61pb"
I20260601 13:40:58.709237   620 heartbeater.cc:507] Master 127.27.114.62:33607 requested a full tablet report, sending...
I20260601 13:40:58.709957 32484 ts_manager.cc:194] Registered new tserver with Master: c15d1ee731ea44b1a4b9dfa688756810 (127.27.114.5:41601)
I20260601 13:40:58.710475 32484 master_service.cc:502] Signed X509 certificate for tserver {username='slave'} at 127.0.0.1:38528
I20260601 13:40:58.711007 28104 fs_manager.cc:696] Time spent creating directory manager: real 0.002s	user 0.002s	sys 0.000s
I20260601 13:40:58.712028   631 log_block_manager.cc:4031] Time spent loading block containers with low live blocks: real 0.000s	user 0.000s	sys 0.000s
I20260601 13:40:58.712285 28104 fs_manager.cc:730] Time spent opening block manager: real 0.001s	user 0.001s	sys 0.000s
I20260601 13:40:58.712363 28104 fs_manager.cc:647] Opened local filesystem: /tmp/dist-test-taskqVBAow/test-tmp/auto_rebalancer-test.0.AutoRebalancerTest.TestMaxMovesPerServer.1780321153575676-28104-0/minicluster-data/ts-5-root
uuid: "ebd5b33ed021470286587c9594a1c528"
format_stamp: "Formatted at 2026-06-01 13:40:58 on dist-test-slave-61pb"
I20260601 13:40:58.712425 28104 fs_report.cc:389] FS layout report
--------------------
wal directory: /tmp/dist-test-taskqVBAow/test-tmp/auto_rebalancer-test.0.AutoRebalancerTest.TestMaxMovesPerServer.1780321153575676-28104-0/minicluster-data/ts-5-root
metadata directory: /tmp/dist-test-taskqVBAow/test-tmp/auto_rebalancer-test.0.AutoRebalancerTest.TestMaxMovesPerServer.1780321153575676-28104-0/minicluster-data/ts-5-root
1 data directories: /tmp/dist-test-taskqVBAow/test-tmp/auto_rebalancer-test.0.AutoRebalancerTest.TestMaxMovesPerServer.1780321153575676-28104-0/minicluster-data/ts-5-root/data
Total live blocks: 0
Total live bytes: 0
Total live bytes (after alignment): 0
Total number of LBM containers: 0 (0 full)
Did not check for missing blocks
Did not check for orphaned blocks
Total full LBM containers with extra space: 0 (0 repaired)
Total full LBM container extra space in bytes: 0 (0 repaired)
Total incomplete LBM containers: 0 (0 repaired)
Total LBM partial records: 0 (0 repaired)
Total corrupted LBM metadata records in RocksDB: 0 (0 repaired)
I20260601 13:40:58.721606 28104 rpc_server.cc:225] running with OpenSSL 1.1.1  11 Sep 2018
I20260601 13:40:58.722110 28104 kserver.cc:163] Server-wide thread pool size limit: 3276
I20260601 13:40:58.722463 28104 txn_system_client.cc:432] TxnSystemClient initialization is disabled...
I20260601 13:40:58.723006 28104 ts_tablet_manager.cc:585] Loaded tablet metadata (0 total tablets, 0 live tablets)
I20260601 13:40:58.723047 28104 ts_tablet_manager.cc:531] Time spent load tablet metadata: real 0.000s	user 0.000s	sys 0.000s
I20260601 13:40:58.723110 28104 ts_tablet_manager.cc:616] Registered 0 tablets
I20260601 13:40:58.723155 28104 ts_tablet_manager.cc:595] Time spent register tablets: real 0.000s	user 0.000s	sys 0.000s
I20260601 13:40:58.727907 28104 rpc_server.cc:307] RPC server started. Bound to: 127.27.114.6:36749
I20260601 13:40:58.728005   696 acceptor_pool.cc:272] collecting diagnostics on the listening RPC socket 127.27.114.6:36749 every 8 connection(s)
I20260601 13:40:58.733274   697 heartbeater.cc:344] Connected to a master server at 127.27.114.62:33607
I20260601 13:40:58.733436   697 heartbeater.cc:461] Registering TS with master...
I20260601 13:40:58.733778   697 heartbeater.cc:507] Master 127.27.114.62:33607 requested a full tablet report, sending...
I20260601 13:40:58.734591 32484 ts_manager.cc:194] Registered new tserver with Master: ebd5b33ed021470286587c9594a1c528 (127.27.114.6:36749)
I20260601 13:40:58.735179 32484 master_service.cc:502] Signed X509 certificate for tserver {username='slave'} at 127.0.0.1:38542
I20260601 13:40:59.363457 32662 consensus_queue.cc:237] T 9e87675ea5e74cdb98f1104298215b7c P e6395ba1837e458a8b0c37883ce45c23 [LEADER]: Queue going to LEADER mode. State: All replicated index: 0, Majority replicated index: 26, Committed index: 26, Last appended: 1.26, Last appended by leader: 0, Current term: 1, Majority size: 2, State: 0, Mode: LEADER, active raft config: opid_index: 27 OBSOLETE_local: false peers { permanent_uuid: "9492dbc83d1545c88c602e82cc40b004" member_type: VOTER last_known_addr { host: "127.27.114.1" port: 36623 } attrs { replace: true } } peers { permanent_uuid: "e6395ba1837e458a8b0c37883ce45c23" member_type: VOTER last_known_addr { host: "127.27.114.2" port: 34415 } } peers { permanent_uuid: "6d61dbf3e2fe4746a315e1ee575f8585" member_type: VOTER last_known_addr { host: "127.27.114.3" port: 40073 } } peers { permanent_uuid: "ebd5b33ed021470286587c9594a1c528" member_type: NON_VOTER last_known_addr { host: "127.27.114.6" port: 36749 } attrs { promote: true } }
I20260601 13:40:59.365224 32741 raft_consensus.cc:1275] T 9e87675ea5e74cdb98f1104298215b7c P 6d61dbf3e2fe4746a315e1ee575f8585 [term 1 FOLLOWER]: Refusing update from remote peer e6395ba1837e458a8b0c37883ce45c23: Log matching property violated. Preceding OpId in replica: term: 1 index: 26. Preceding OpId from leader: term: 1 index: 27. (index mismatch)
I20260601 13:40:59.365263 32584 raft_consensus.cc:1275] T 9e87675ea5e74cdb98f1104298215b7c P 9492dbc83d1545c88c602e82cc40b004 [term 1 FOLLOWER]: Refusing update from remote peer e6395ba1837e458a8b0c37883ce45c23: Log matching property violated. Preceding OpId in replica: term: 1 index: 26. Preceding OpId from leader: term: 1 index: 27. (index mismatch)
I20260601 13:40:59.365729   703 consensus_queue.cc:1048] T 9e87675ea5e74cdb98f1104298215b7c P e6395ba1837e458a8b0c37883ce45c23 [LEADER]: Connected to new peer: Peer: permanent_uuid: "6d61dbf3e2fe4746a315e1ee575f8585" member_type: VOTER last_known_addr { host: "127.27.114.3" port: 40073 }, Status: LMP_MISMATCH, Last received: 0.0, Next index: 27, Last known committed idx: 26, Time since last communication: 0.000s
I20260601 13:40:59.365967   702 consensus_queue.cc:1048] T 9e87675ea5e74cdb98f1104298215b7c P e6395ba1837e458a8b0c37883ce45c23 [LEADER]: Connected to new peer: Peer: permanent_uuid: "9492dbc83d1545c88c602e82cc40b004" member_type: VOTER last_known_addr { host: "127.27.114.1" port: 36623 } attrs { replace: true }, Status: LMP_MISMATCH, Last received: 0.0, Next index: 27, Last known committed idx: 26, Time since last communication: 0.000s
I20260601 13:40:59.367641   703 raft_consensus.cc:2955] T 9e87675ea5e74cdb98f1104298215b7c P e6395ba1837e458a8b0c37883ce45c23 [term 1 LEADER]: Committing config change with OpId 1.27: config changed from index -1 to 27, NON_VOTER ebd5b33ed021470286587c9594a1c528 (127.27.114.6) added. New config: { opid_index: 27 OBSOLETE_local: false peers { permanent_uuid: "9492dbc83d1545c88c602e82cc40b004" member_type: VOTER last_known_addr { host: "127.27.114.1" port: 36623 } attrs { replace: true } } peers { permanent_uuid: "e6395ba1837e458a8b0c37883ce45c23" member_type: VOTER last_known_addr { host: "127.27.114.2" port: 34415 } } peers { permanent_uuid: "6d61dbf3e2fe4746a315e1ee575f8585" member_type: VOTER last_known_addr { host: "127.27.114.3" port: 40073 } } peers { permanent_uuid: "ebd5b33ed021470286587c9594a1c528" member_type: NON_VOTER last_known_addr { host: "127.27.114.6" port: 36749 } attrs { promote: true } } }
I20260601 13:40:59.368037 32741 raft_consensus.cc:2955] T 9e87675ea5e74cdb98f1104298215b7c P 6d61dbf3e2fe4746a315e1ee575f8585 [term 1 FOLLOWER]: Committing config change with OpId 1.27: config changed from index -1 to 27, NON_VOTER ebd5b33ed021470286587c9594a1c528 (127.27.114.6) added. New config: { opid_index: 27 OBSOLETE_local: false peers { permanent_uuid: "9492dbc83d1545c88c602e82cc40b004" member_type: VOTER last_known_addr { host: "127.27.114.1" port: 36623 } attrs { replace: true } } peers { permanent_uuid: "e6395ba1837e458a8b0c37883ce45c23" member_type: VOTER last_known_addr { host: "127.27.114.2" port: 34415 } } peers { permanent_uuid: "6d61dbf3e2fe4746a315e1ee575f8585" member_type: VOTER last_known_addr { host: "127.27.114.3" port: 40073 } } peers { permanent_uuid: "ebd5b33ed021470286587c9594a1c528" member_type: NON_VOTER last_known_addr { host: "127.27.114.6" port: 36749 } attrs { promote: true } } }
I20260601 13:40:59.370594 32584 raft_consensus.cc:2955] T 9e87675ea5e74cdb98f1104298215b7c P 9492dbc83d1545c88c602e82cc40b004 [term 1 FOLLOWER]: Committing config change with OpId 1.27: config changed from index -1 to 27, NON_VOTER ebd5b33ed021470286587c9594a1c528 (127.27.114.6) added. New config: { opid_index: 27 OBSOLETE_local: false peers { permanent_uuid: "9492dbc83d1545c88c602e82cc40b004" member_type: VOTER last_known_addr { host: "127.27.114.1" port: 36623 } attrs { replace: true } } peers { permanent_uuid: "e6395ba1837e458a8b0c37883ce45c23" member_type: VOTER last_known_addr { host: "127.27.114.2" port: 34415 } } peers { permanent_uuid: "6d61dbf3e2fe4746a315e1ee575f8585" member_type: VOTER last_known_addr { host: "127.27.114.3" port: 40073 } } peers { permanent_uuid: "ebd5b33ed021470286587c9594a1c528" member_type: NON_VOTER last_known_addr { host: "127.27.114.6" port: 36749 } attrs { promote: true } } }
I20260601 13:40:59.370638 32484 catalog_manager.cc:5696] T 9e87675ea5e74cdb98f1104298215b7c P 6d61dbf3e2fe4746a315e1ee575f8585 reported cstate change: config changed from index -1 to 27, NON_VOTER ebd5b33ed021470286587c9594a1c528 (127.27.114.6) added. New cstate: current_term: 1 leader_uuid: "e6395ba1837e458a8b0c37883ce45c23" committed_config { opid_index: 27 OBSOLETE_local: false peers { permanent_uuid: "9492dbc83d1545c88c602e82cc40b004" member_type: VOTER last_known_addr { host: "127.27.114.1" port: 36623 } attrs { replace: true } } peers { permanent_uuid: "e6395ba1837e458a8b0c37883ce45c23" member_type: VOTER last_known_addr { host: "127.27.114.2" port: 34415 } } peers { permanent_uuid: "6d61dbf3e2fe4746a315e1ee575f8585" member_type: VOTER last_known_addr { host: "127.27.114.3" port: 40073 } } peers { permanent_uuid: "ebd5b33ed021470286587c9594a1c528" member_type: NON_VOTER last_known_addr { host: "127.27.114.6" port: 36749 } attrs { promote: true } } }
W20260601 13:40:59.370985 32629 consensus_peers.cc:597] T 9e87675ea5e74cdb98f1104298215b7c P e6395ba1837e458a8b0c37883ce45c23 -> Peer ebd5b33ed021470286587c9594a1c528 (127.27.114.6:36749): Couldn't send request to peer ebd5b33ed021470286587c9594a1c528. Error code: TABLET_NOT_FOUND (6). Status: Not found: Tablet not found: 9e87675ea5e74cdb98f1104298215b7c. This is attempt 1: this message will repeat every 5th retry.
I20260601 13:40:59.371413 32662 consensus_queue.cc:237] T 6b03f28fece5412195848f69c11c69ec P e6395ba1837e458a8b0c37883ce45c23 [LEADER]: Queue going to LEADER mode. State: All replicated index: 0, Majority replicated index: 27, Committed index: 27, Last appended: 1.27, Last appended by leader: 0, Current term: 1, Majority size: 2, State: 0, Mode: LEADER, active raft config: opid_index: 28 OBSOLETE_local: false peers { permanent_uuid: "9492dbc83d1545c88c602e82cc40b004" member_type: VOTER last_known_addr { host: "127.27.114.1" port: 36623 } } peers { permanent_uuid: "e6395ba1837e458a8b0c37883ce45c23" member_type: VOTER last_known_addr { host: "127.27.114.2" port: 34415 } } peers { permanent_uuid: "6d61dbf3e2fe4746a315e1ee575f8585" member_type: VOTER last_known_addr { host: "127.27.114.3" port: 40073 } attrs { replace: true } } peers { permanent_uuid: "c15d1ee731ea44b1a4b9dfa688756810" member_type: NON_VOTER last_known_addr { host: "127.27.114.5" port: 41601 } attrs { promote: true } }
I20260601 13:40:59.373045 32741 raft_consensus.cc:1275] T 6b03f28fece5412195848f69c11c69ec P 6d61dbf3e2fe4746a315e1ee575f8585 [term 1 FOLLOWER]: Refusing update from remote peer e6395ba1837e458a8b0c37883ce45c23: Log matching property violated. Preceding OpId in replica: term: 1 index: 27. Preceding OpId from leader: term: 1 index: 28. (index mismatch)
I20260601 13:40:59.373188 32584 raft_consensus.cc:1275] T 6b03f28fece5412195848f69c11c69ec P 9492dbc83d1545c88c602e82cc40b004 [term 1 FOLLOWER]: Refusing update from remote peer e6395ba1837e458a8b0c37883ce45c23: Log matching property violated. Preceding OpId in replica: term: 1 index: 27. Preceding OpId from leader: term: 1 index: 28. (index mismatch)
I20260601 13:40:59.373561   464 consensus_queue.cc:1048] T 6b03f28fece5412195848f69c11c69ec P e6395ba1837e458a8b0c37883ce45c23 [LEADER]: Connected to new peer: Peer: permanent_uuid: "6d61dbf3e2fe4746a315e1ee575f8585" member_type: VOTER last_known_addr { host: "127.27.114.3" port: 40073 } attrs { replace: true }, Status: LMP_MISMATCH, Last received: 0.0, Next index: 28, Last known committed idx: 27, Time since last communication: 0.000s
I20260601 13:40:59.373739   702 consensus_queue.cc:1048] T 6b03f28fece5412195848f69c11c69ec P e6395ba1837e458a8b0c37883ce45c23 [LEADER]: Connected to new peer: Peer: permanent_uuid: "9492dbc83d1545c88c602e82cc40b004" member_type: VOTER last_known_addr { host: "127.27.114.1" port: 36623 }, Status: LMP_MISMATCH, Last received: 0.0, Next index: 28, Last known committed idx: 27, Time since last communication: 0.000s
I20260601 13:40:59.375660   702 raft_consensus.cc:2955] T 6b03f28fece5412195848f69c11c69ec P e6395ba1837e458a8b0c37883ce45c23 [term 1 LEADER]: Committing config change with OpId 1.28: config changed from index -1 to 28, NON_VOTER c15d1ee731ea44b1a4b9dfa688756810 (127.27.114.5) added. New config: { opid_index: 28 OBSOLETE_local: false peers { permanent_uuid: "9492dbc83d1545c88c602e82cc40b004" member_type: VOTER last_known_addr { host: "127.27.114.1" port: 36623 } } peers { permanent_uuid: "e6395ba1837e458a8b0c37883ce45c23" member_type: VOTER last_known_addr { host: "127.27.114.2" port: 34415 } } peers { permanent_uuid: "6d61dbf3e2fe4746a315e1ee575f8585" member_type: VOTER last_known_addr { host: "127.27.114.3" port: 40073 } attrs { replace: true } } peers { permanent_uuid: "c15d1ee731ea44b1a4b9dfa688756810" member_type: NON_VOTER last_known_addr { host: "127.27.114.5" port: 41601 } attrs { promote: true } } }
