I20260601 13:40:22.804095 23670 consensus_queue.cc:237] T 74f8743c92044a1daac655c21d319151 P 904e3309537f45c5b70c78f6acf31d14 [LEADER]: Queue going to LEADER mode. State: All replicated index: 0, Majority replicated index: 0, Committed index: 0, Last appended: 0.0, Last appended by leader: 0, Current term: 1, Majority size: 2, State: 0, Mode: LEADER, active raft config: opid_index: -1 OBSOLETE_local: false peers { permanent_uuid: "5d360f544a9848c6ba6e3b8ddccf0ccc" member_type: VOTER last_known_addr { host: "127.19.250.1" port: 37775 } } peers { permanent_uuid: "9dc31e75780d4c13b98b028b8c8f37cc" member_type: VOTER last_known_addr { host: "127.19.250.2" port: 36739 } } peers { permanent_uuid: "904e3309537f45c5b70c78f6acf31d14" member_type: VOTER last_known_addr { host: "127.19.250.3" port: 43655 } }
I20260601 13:40:22.804966 23536 raft_consensus.cc:2468] T 931e80f9e8944b21b7d2b9cbf120d2e7 P 9dc31e75780d4c13b98b028b8c8f37cc [term 1 FOLLOWER]: Leader election vote request: Granting yes vote for candidate 5d360f544a9848c6ba6e3b8ddccf0ccc in term 1.
I20260601 13:40:22.805408 23425 leader_election.cc:304] T 931e80f9e8944b21b7d2b9cbf120d2e7 P 5d360f544a9848c6ba6e3b8ddccf0ccc [CANDIDATE]: Term 1 election: Election decided. Result: candidate won. Election summary: received 2 responses out of 3 voters: 2 yes votes; 0 no votes. yes voters: 5d360f544a9848c6ba6e3b8ddccf0ccc, 9dc31e75780d4c13b98b028b8c8f37cc; no voters: 
I20260601 13:40:22.805779 23663 raft_consensus.cc:2804] T 931e80f9e8944b21b7d2b9cbf120d2e7 P 5d360f544a9848c6ba6e3b8ddccf0ccc [term 1 FOLLOWER]: Leader election won for term 1
I20260601 13:40:22.805776 23612 tablet_service.cc:1917] Received RequestConsensusVote() RPC: tablet_id: "931e80f9e8944b21b7d2b9cbf120d2e7" candidate_uuid: "5d360f544a9848c6ba6e3b8ddccf0ccc" candidate_term: 1 candidate_status { last_received { term: 0 index: 0 } } ignore_live_leader: false dest_uuid: "904e3309537f45c5b70c78f6acf31d14"
I20260601 13:40:22.805948 23612 raft_consensus.cc:3060] T 931e80f9e8944b21b7d2b9cbf120d2e7 P 904e3309537f45c5b70c78f6acf31d14 [term 0 FOLLOWER]: Advancing to term 1
I20260601 13:40:22.806396 23358 catalog_manager.cc:5696] T 74f8743c92044a1daac655c21d319151 P 904e3309537f45c5b70c78f6acf31d14 reported cstate change: term changed from 0 to 1, leader changed from <none> to 904e3309537f45c5b70c78f6acf31d14 (127.19.250.3). New cstate: current_term: 1 leader_uuid: "904e3309537f45c5b70c78f6acf31d14" committed_config { opid_index: -1 OBSOLETE_local: false peers { permanent_uuid: "5d360f544a9848c6ba6e3b8ddccf0ccc" member_type: VOTER last_known_addr { host: "127.19.250.1" port: 37775 } health_report { overall_health: UNKNOWN } } peers { permanent_uuid: "9dc31e75780d4c13b98b028b8c8f37cc" member_type: VOTER last_known_addr { host: "127.19.250.2" port: 36739 } health_report { overall_health: UNKNOWN } } peers { permanent_uuid: "904e3309537f45c5b70c78f6acf31d14" member_type: VOTER last_known_addr { host: "127.19.250.3" port: 43655 } health_report { overall_health: HEALTHY } } }
I20260601 13:40:22.806949 23612 raft_consensus.cc:2468] T 931e80f9e8944b21b7d2b9cbf120d2e7 P 904e3309537f45c5b70c78f6acf31d14 [term 1 FOLLOWER]: Leader election vote request: Granting yes vote for candidate 5d360f544a9848c6ba6e3b8ddccf0ccc in term 1.
I20260601 13:40:22.807163 23663 raft_consensus.cc:697] T 931e80f9e8944b21b7d2b9cbf120d2e7 P 5d360f544a9848c6ba6e3b8ddccf0ccc [term 1 LEADER]: Becoming Leader. State: Replica: 5d360f544a9848c6ba6e3b8ddccf0ccc, State: Running, Role: LEADER
I20260601 13:40:22.807410 23663 consensus_queue.cc:237] T 931e80f9e8944b21b7d2b9cbf120d2e7 P 5d360f544a9848c6ba6e3b8ddccf0ccc [LEADER]: Queue going to LEADER mode. State: All replicated index: 0, Majority replicated index: 0, Committed index: 0, Last appended: 0.0, Last appended by leader: 0, Current term: 1, Majority size: 2, State: 0, Mode: LEADER, active raft config: opid_index: -1 OBSOLETE_local: false peers { permanent_uuid: "5d360f544a9848c6ba6e3b8ddccf0ccc" member_type: VOTER last_known_addr { host: "127.19.250.1" port: 37775 } } peers { permanent_uuid: "9dc31e75780d4c13b98b028b8c8f37cc" member_type: VOTER last_known_addr { host: "127.19.250.2" port: 36739 } } peers { permanent_uuid: "904e3309537f45c5b70c78f6acf31d14" member_type: VOTER last_known_addr { host: "127.19.250.3" port: 43655 } }
I20260601 13:40:22.809695 23358 catalog_manager.cc:5696] T 931e80f9e8944b21b7d2b9cbf120d2e7 P 5d360f544a9848c6ba6e3b8ddccf0ccc reported cstate change: term changed from 0 to 1, leader changed from <none> to 5d360f544a9848c6ba6e3b8ddccf0ccc (127.19.250.1). New cstate: current_term: 1 leader_uuid: "5d360f544a9848c6ba6e3b8ddccf0ccc" committed_config { opid_index: -1 OBSOLETE_local: false peers { permanent_uuid: "5d360f544a9848c6ba6e3b8ddccf0ccc" member_type: VOTER last_known_addr { host: "127.19.250.1" port: 37775 } health_report { overall_health: HEALTHY } } peers { permanent_uuid: "9dc31e75780d4c13b98b028b8c8f37cc" member_type: VOTER last_known_addr { host: "127.19.250.2" port: 36739 } health_report { overall_health: UNKNOWN } } peers { permanent_uuid: "904e3309537f45c5b70c78f6acf31d14" member_type: VOTER last_known_addr { host: "127.19.250.3" port: 43655 } health_report { overall_health: UNKNOWN } } }
I20260601 13:40:22.834734 23670 raft_consensus.cc:493] T 3ea8f58c2f8e4bd9b9d2bae7b340d54b P 904e3309537f45c5b70c78f6acf31d14 [term 0 FOLLOWER]: Starting pre-election (no leader contacted us within the election timeout)
I20260601 13:40:22.834916 23670 raft_consensus.cc:515] T 3ea8f58c2f8e4bd9b9d2bae7b340d54b P 904e3309537f45c5b70c78f6acf31d14 [term 0 FOLLOWER]: Starting pre-election with config: opid_index: -1 OBSOLETE_local: false peers { permanent_uuid: "5d360f544a9848c6ba6e3b8ddccf0ccc" member_type: VOTER last_known_addr { host: "127.19.250.1" port: 37775 } } peers { permanent_uuid: "9dc31e75780d4c13b98b028b8c8f37cc" member_type: VOTER last_known_addr { host: "127.19.250.2" port: 36739 } } peers { permanent_uuid: "904e3309537f45c5b70c78f6acf31d14" member_type: VOTER last_known_addr { host: "127.19.250.3" port: 43655 } }
I20260601 13:40:22.835382 23670 leader_election.cc:290] T 3ea8f58c2f8e4bd9b9d2bae7b340d54b P 904e3309537f45c5b70c78f6acf31d14 [CANDIDATE]: Term 1 pre-election: Requested pre-vote from peers 5d360f544a9848c6ba6e3b8ddccf0ccc (127.19.250.1:37775), 9dc31e75780d4c13b98b028b8c8f37cc (127.19.250.2:36739)
I20260601 13:40:22.835922 23461 tablet_service.cc:1917] Received RequestConsensusVote() RPC: tablet_id: "3ea8f58c2f8e4bd9b9d2bae7b340d54b" candidate_uuid: "904e3309537f45c5b70c78f6acf31d14" candidate_term: 1 candidate_status { last_received { term: 0 index: 0 } } ignore_live_leader: false dest_uuid: "5d360f544a9848c6ba6e3b8ddccf0ccc" is_pre_election: true
I20260601 13:40:22.836079 23461 raft_consensus.cc:2468] T 3ea8f58c2f8e4bd9b9d2bae7b340d54b P 5d360f544a9848c6ba6e3b8ddccf0ccc [term 0 FOLLOWER]: Leader pre-election vote request: Granting yes vote for candidate 904e3309537f45c5b70c78f6acf31d14 in term 0.
I20260601 13:40:22.836087 23536 tablet_service.cc:1917] Received RequestConsensusVote() RPC: tablet_id: "3ea8f58c2f8e4bd9b9d2bae7b340d54b" candidate_uuid: "904e3309537f45c5b70c78f6acf31d14" candidate_term: 1 candidate_status { last_received { term: 0 index: 0 } } ignore_live_leader: false dest_uuid: "9dc31e75780d4c13b98b028b8c8f37cc" is_pre_election: true
I20260601 13:40:22.836273 23536 raft_consensus.cc:2468] T 3ea8f58c2f8e4bd9b9d2bae7b340d54b P 9dc31e75780d4c13b98b028b8c8f37cc [term 0 FOLLOWER]: Leader pre-election vote request: Granting yes vote for candidate 904e3309537f45c5b70c78f6acf31d14 in term 0.
I20260601 13:40:22.836488 23576 leader_election.cc:304] T 3ea8f58c2f8e4bd9b9d2bae7b340d54b P 904e3309537f45c5b70c78f6acf31d14 [CANDIDATE]: Term 1 pre-election: Election decided. Result: candidate won. Election summary: received 2 responses out of 3 voters: 2 yes votes; 0 no votes. yes voters: 5d360f544a9848c6ba6e3b8ddccf0ccc, 904e3309537f45c5b70c78f6acf31d14; no voters: 
I20260601 13:40:22.836700 23670 raft_consensus.cc:2804] T 3ea8f58c2f8e4bd9b9d2bae7b340d54b P 904e3309537f45c5b70c78f6acf31d14 [term 0 FOLLOWER]: Leader pre-election won for term 1
I20260601 13:40:22.836758 23670 raft_consensus.cc:493] T 3ea8f58c2f8e4bd9b9d2bae7b340d54b P 904e3309537f45c5b70c78f6acf31d14 [term 0 FOLLOWER]: Starting leader election (no leader contacted us within the election timeout)
I20260601 13:40:22.836786 23670 raft_consensus.cc:3060] T 3ea8f58c2f8e4bd9b9d2bae7b340d54b P 904e3309537f45c5b70c78f6acf31d14 [term 0 FOLLOWER]: Advancing to term 1
I20260601 13:40:22.837682 23670 raft_consensus.cc:515] T 3ea8f58c2f8e4bd9b9d2bae7b340d54b P 904e3309537f45c5b70c78f6acf31d14 [term 1 FOLLOWER]: Starting leader election with config: opid_index: -1 OBSOLETE_local: false peers { permanent_uuid: "5d360f544a9848c6ba6e3b8ddccf0ccc" member_type: VOTER last_known_addr { host: "127.19.250.1" port: 37775 } } peers { permanent_uuid: "9dc31e75780d4c13b98b028b8c8f37cc" member_type: VOTER last_known_addr { host: "127.19.250.2" port: 36739 } } peers { permanent_uuid: "904e3309537f45c5b70c78f6acf31d14" member_type: VOTER last_known_addr { host: "127.19.250.3" port: 43655 } }
I20260601 13:40:22.838063 23670 leader_election.cc:290] T 3ea8f58c2f8e4bd9b9d2bae7b340d54b P 904e3309537f45c5b70c78f6acf31d14 [CANDIDATE]: Term 1 election: Requested vote from peers 5d360f544a9848c6ba6e3b8ddccf0ccc (127.19.250.1:37775), 9dc31e75780d4c13b98b028b8c8f37cc (127.19.250.2:36739)
I20260601 13:40:22.838420 23461 tablet_service.cc:1917] Received RequestConsensusVote() RPC: tablet_id: "3ea8f58c2f8e4bd9b9d2bae7b340d54b" candidate_uuid: "904e3309537f45c5b70c78f6acf31d14" candidate_term: 1 candidate_status { last_received { term: 0 index: 0 } } ignore_live_leader: false dest_uuid: "5d360f544a9848c6ba6e3b8ddccf0ccc"
I20260601 13:40:22.838549 23461 raft_consensus.cc:3060] T 3ea8f58c2f8e4bd9b9d2bae7b340d54b P 5d360f544a9848c6ba6e3b8ddccf0ccc [term 0 FOLLOWER]: Advancing to term 1
I20260601 13:40:22.838567 23536 tablet_service.cc:1917] Received RequestConsensusVote() RPC: tablet_id: "3ea8f58c2f8e4bd9b9d2bae7b340d54b" candidate_uuid: "904e3309537f45c5b70c78f6acf31d14" candidate_term: 1 candidate_status { last_received { term: 0 index: 0 } } ignore_live_leader: false dest_uuid: "9dc31e75780d4c13b98b028b8c8f37cc"
I20260601 13:40:22.838677 23536 raft_consensus.cc:3060] T 3ea8f58c2f8e4bd9b9d2bae7b340d54b P 9dc31e75780d4c13b98b028b8c8f37cc [term 0 FOLLOWER]: Advancing to term 1
I20260601 13:40:22.839409 23461 raft_consensus.cc:2468] T 3ea8f58c2f8e4bd9b9d2bae7b340d54b P 5d360f544a9848c6ba6e3b8ddccf0ccc [term 1 FOLLOWER]: Leader election vote request: Granting yes vote for candidate 904e3309537f45c5b70c78f6acf31d14 in term 1.
I20260601 13:40:22.839411 23536 raft_consensus.cc:2468] T 3ea8f58c2f8e4bd9b9d2bae7b340d54b P 9dc31e75780d4c13b98b028b8c8f37cc [term 1 FOLLOWER]: Leader election vote request: Granting yes vote for candidate 904e3309537f45c5b70c78f6acf31d14 in term 1.
I20260601 13:40:22.839804 23576 leader_election.cc:304] T 3ea8f58c2f8e4bd9b9d2bae7b340d54b P 904e3309537f45c5b70c78f6acf31d14 [CANDIDATE]: Term 1 election: Election decided. Result: candidate won. Election summary: received 2 responses out of 3 voters: 2 yes votes; 0 no votes. yes voters: 5d360f544a9848c6ba6e3b8ddccf0ccc, 904e3309537f45c5b70c78f6acf31d14; no voters: 
I20260601 13:40:22.840052 23670 raft_consensus.cc:2804] T 3ea8f58c2f8e4bd9b9d2bae7b340d54b P 904e3309537f45c5b70c78f6acf31d14 [term 1 FOLLOWER]: Leader election won for term 1
I20260601 13:40:22.840152 23670 raft_consensus.cc:697] T 3ea8f58c2f8e4bd9b9d2bae7b340d54b P 904e3309537f45c5b70c78f6acf31d14 [term 1 LEADER]: Becoming Leader. State: Replica: 904e3309537f45c5b70c78f6acf31d14, State: Running, Role: LEADER
I20260601 13:40:22.840304 23670 consensus_queue.cc:237] T 3ea8f58c2f8e4bd9b9d2bae7b340d54b P 904e3309537f45c5b70c78f6acf31d14 [LEADER]: Queue going to LEADER mode. State: All replicated index: 0, Majority replicated index: 0, Committed index: 0, Last appended: 0.0, Last appended by leader: 0, Current term: 1, Majority size: 2, State: 0, Mode: LEADER, active raft config: opid_index: -1 OBSOLETE_local: false peers { permanent_uuid: "5d360f544a9848c6ba6e3b8ddccf0ccc" member_type: VOTER last_known_addr { host: "127.19.250.1" port: 37775 } } peers { permanent_uuid: "9dc31e75780d4c13b98b028b8c8f37cc" member_type: VOTER last_known_addr { host: "127.19.250.2" port: 36739 } } peers { permanent_uuid: "904e3309537f45c5b70c78f6acf31d14" member_type: VOTER last_known_addr { host: "127.19.250.3" port: 43655 } }
I20260601 13:40:22.842159 23358 catalog_manager.cc:5696] T 3ea8f58c2f8e4bd9b9d2bae7b340d54b P 904e3309537f45c5b70c78f6acf31d14 reported cstate change: term changed from 0 to 1, leader changed from <none> to 904e3309537f45c5b70c78f6acf31d14 (127.19.250.3). New cstate: current_term: 1 leader_uuid: "904e3309537f45c5b70c78f6acf31d14" committed_config { opid_index: -1 OBSOLETE_local: false peers { permanent_uuid: "5d360f544a9848c6ba6e3b8ddccf0ccc" member_type: VOTER last_known_addr { host: "127.19.250.1" port: 37775 } health_report { overall_health: UNKNOWN } } peers { permanent_uuid: "9dc31e75780d4c13b98b028b8c8f37cc" member_type: VOTER last_known_addr { host: "127.19.250.2" port: 36739 } health_report { overall_health: UNKNOWN } } peers { permanent_uuid: "904e3309537f45c5b70c78f6acf31d14" member_type: VOTER last_known_addr { host: "127.19.250.3" port: 43655 } health_report { overall_health: HEALTHY } } }
I20260601 13:40:22.875643 23662 raft_consensus.cc:493] T ba3a120b30b0471ebead6d7655bed9cd P 9dc31e75780d4c13b98b028b8c8f37cc [term 0 FOLLOWER]: Starting pre-election (no leader contacted us within the election timeout)
I20260601 13:40:22.875811 23662 raft_consensus.cc:515] T ba3a120b30b0471ebead6d7655bed9cd P 9dc31e75780d4c13b98b028b8c8f37cc [term 0 FOLLOWER]: Starting pre-election with config: opid_index: -1 OBSOLETE_local: false peers { permanent_uuid: "5d360f544a9848c6ba6e3b8ddccf0ccc" member_type: VOTER last_known_addr { host: "127.19.250.1" port: 37775 } } peers { permanent_uuid: "9dc31e75780d4c13b98b028b8c8f37cc" member_type: VOTER last_known_addr { host: "127.19.250.2" port: 36739 } } peers { permanent_uuid: "904e3309537f45c5b70c78f6acf31d14" member_type: VOTER last_known_addr { host: "127.19.250.3" port: 43655 } }
I20260601 13:40:22.876489 23662 leader_election.cc:290] T ba3a120b30b0471ebead6d7655bed9cd P 9dc31e75780d4c13b98b028b8c8f37cc [CANDIDATE]: Term 1 pre-election: Requested pre-vote from peers 5d360f544a9848c6ba6e3b8ddccf0ccc (127.19.250.1:37775), 904e3309537f45c5b70c78f6acf31d14 (127.19.250.3:43655)
I20260601 13:40:22.880427 23612 tablet_service.cc:1917] Received RequestConsensusVote() RPC: tablet_id: "ba3a120b30b0471ebead6d7655bed9cd" candidate_uuid: "9dc31e75780d4c13b98b028b8c8f37cc" candidate_term: 1 candidate_status { last_received { term: 0 index: 0 } } ignore_live_leader: false dest_uuid: "904e3309537f45c5b70c78f6acf31d14" is_pre_election: true
I20260601 13:40:22.880692 23612 raft_consensus.cc:2468] T ba3a120b30b0471ebead6d7655bed9cd P 904e3309537f45c5b70c78f6acf31d14 [term 0 FOLLOWER]: Leader pre-election vote request: Granting yes vote for candidate 9dc31e75780d4c13b98b028b8c8f37cc in term 0.
I20260601 13:40:22.881006 23461 tablet_service.cc:1917] Received RequestConsensusVote() RPC: tablet_id: "ba3a120b30b0471ebead6d7655bed9cd" candidate_uuid: "9dc31e75780d4c13b98b028b8c8f37cc" candidate_term: 1 candidate_status { last_received { term: 0 index: 0 } } ignore_live_leader: false dest_uuid: "5d360f544a9848c6ba6e3b8ddccf0ccc" is_pre_election: true
I20260601 13:40:22.881145 23461 raft_consensus.cc:2468] T ba3a120b30b0471ebead6d7655bed9cd P 5d360f544a9848c6ba6e3b8ddccf0ccc [term 0 FOLLOWER]: Leader pre-election vote request: Granting yes vote for candidate 9dc31e75780d4c13b98b028b8c8f37cc in term 0.
I20260601 13:40:22.881392 23502 leader_election.cc:304] T ba3a120b30b0471ebead6d7655bed9cd P 9dc31e75780d4c13b98b028b8c8f37cc [CANDIDATE]: Term 1 pre-election: Election decided. Result: candidate won. Election summary: received 2 responses out of 3 voters: 2 yes votes; 0 no votes. yes voters: 904e3309537f45c5b70c78f6acf31d14, 9dc31e75780d4c13b98b028b8c8f37cc; no voters: 
I20260601 13:40:22.881811 23662 raft_consensus.cc:2804] T ba3a120b30b0471ebead6d7655bed9cd P 9dc31e75780d4c13b98b028b8c8f37cc [term 0 FOLLOWER]: Leader pre-election won for term 1
I20260601 13:40:22.882000 23662 raft_consensus.cc:493] T ba3a120b30b0471ebead6d7655bed9cd P 9dc31e75780d4c13b98b028b8c8f37cc [term 0 FOLLOWER]: Starting leader election (no leader contacted us within the election timeout)
I20260601 13:40:22.882086 23662 raft_consensus.cc:3060] T ba3a120b30b0471ebead6d7655bed9cd P 9dc31e75780d4c13b98b028b8c8f37cc [term 0 FOLLOWER]: Advancing to term 1
I20260601 13:40:22.883159 23662 raft_consensus.cc:515] T ba3a120b30b0471ebead6d7655bed9cd P 9dc31e75780d4c13b98b028b8c8f37cc [term 1 FOLLOWER]: Starting leader election with config: opid_index: -1 OBSOLETE_local: false peers { permanent_uuid: "5d360f544a9848c6ba6e3b8ddccf0ccc" member_type: VOTER last_known_addr { host: "127.19.250.1" port: 37775 } } peers { permanent_uuid: "9dc31e75780d4c13b98b028b8c8f37cc" member_type: VOTER last_known_addr { host: "127.19.250.2" port: 36739 } } peers { permanent_uuid: "904e3309537f45c5b70c78f6acf31d14" member_type: VOTER last_known_addr { host: "127.19.250.3" port: 43655 } }
I20260601 13:40:22.883709 23662 leader_election.cc:290] T ba3a120b30b0471ebead6d7655bed9cd P 9dc31e75780d4c13b98b028b8c8f37cc [CANDIDATE]: Term 1 election: Requested vote from peers 5d360f544a9848c6ba6e3b8ddccf0ccc (127.19.250.1:37775), 904e3309537f45c5b70c78f6acf31d14 (127.19.250.3:43655)
I20260601 13:40:22.884143 23461 tablet_service.cc:1917] Received RequestConsensusVote() RPC: tablet_id: "ba3a120b30b0471ebead6d7655bed9cd" candidate_uuid: "9dc31e75780d4c13b98b028b8c8f37cc" candidate_term: 1 candidate_status { last_received { term: 0 index: 0 } } ignore_live_leader: false dest_uuid: "5d360f544a9848c6ba6e3b8ddccf0ccc"
I20260601 13:40:22.884243 23461 raft_consensus.cc:3060] T ba3a120b30b0471ebead6d7655bed9cd P 5d360f544a9848c6ba6e3b8ddccf0ccc [term 0 FOLLOWER]: Advancing to term 1
I20260601 13:40:22.884987 23461 raft_consensus.cc:2468] T ba3a120b30b0471ebead6d7655bed9cd P 5d360f544a9848c6ba6e3b8ddccf0ccc [term 1 FOLLOWER]: Leader election vote request: Granting yes vote for candidate 9dc31e75780d4c13b98b028b8c8f37cc in term 1.
I20260601 13:40:22.885222 23612 tablet_service.cc:1917] Received RequestConsensusVote() RPC: tablet_id: "ba3a120b30b0471ebead6d7655bed9cd" candidate_uuid: "9dc31e75780d4c13b98b028b8c8f37cc" candidate_term: 1 candidate_status { last_received { term: 0 index: 0 } } ignore_live_leader: false dest_uuid: "904e3309537f45c5b70c78f6acf31d14"
I20260601 13:40:22.885320 23501 leader_election.cc:304] T ba3a120b30b0471ebead6d7655bed9cd P 9dc31e75780d4c13b98b028b8c8f37cc [CANDIDATE]: Term 1 election: Election decided. Result: candidate won. Election summary: received 2 responses out of 3 voters: 2 yes votes; 0 no votes. yes voters: 5d360f544a9848c6ba6e3b8ddccf0ccc, 9dc31e75780d4c13b98b028b8c8f37cc; no voters: 
I20260601 13:40:22.885335 23612 raft_consensus.cc:3060] T ba3a120b30b0471ebead6d7655bed9cd P 904e3309537f45c5b70c78f6acf31d14 [term 0 FOLLOWER]: Advancing to term 1
I20260601 13:40:22.885522 23662 raft_consensus.cc:2804] T ba3a120b30b0471ebead6d7655bed9cd P 9dc31e75780d4c13b98b028b8c8f37cc [term 1 FOLLOWER]: Leader election won for term 1
I20260601 13:40:22.885852 23662 raft_consensus.cc:697] T ba3a120b30b0471ebead6d7655bed9cd P 9dc31e75780d4c13b98b028b8c8f37cc [term 1 LEADER]: Becoming Leader. State: Replica: 9dc31e75780d4c13b98b028b8c8f37cc, State: Running, Role: LEADER
I20260601 13:40:22.886024 23662 consensus_queue.cc:237] T ba3a120b30b0471ebead6d7655bed9cd P 9dc31e75780d4c13b98b028b8c8f37cc [LEADER]: Queue going to LEADER mode. State: All replicated index: 0, Majority replicated index: 0, Committed index: 0, Last appended: 0.0, Last appended by leader: 0, Current term: 1, Majority size: 2, State: 0, Mode: LEADER, active raft config: opid_index: -1 OBSOLETE_local: false peers { permanent_uuid: "5d360f544a9848c6ba6e3b8ddccf0ccc" member_type: VOTER last_known_addr { host: "127.19.250.1" port: 37775 } } peers { permanent_uuid: "9dc31e75780d4c13b98b028b8c8f37cc" member_type: VOTER last_known_addr { host: "127.19.250.2" port: 36739 } } peers { permanent_uuid: "904e3309537f45c5b70c78f6acf31d14" member_type: VOTER last_known_addr { host: "127.19.250.3" port: 43655 } }
I20260601 13:40:22.886224 23612 raft_consensus.cc:2468] T ba3a120b30b0471ebead6d7655bed9cd P 904e3309537f45c5b70c78f6acf31d14 [term 1 FOLLOWER]: Leader election vote request: Granting yes vote for candidate 9dc31e75780d4c13b98b028b8c8f37cc in term 1.
I20260601 13:40:22.887887 23358 catalog_manager.cc:5696] T ba3a120b30b0471ebead6d7655bed9cd P 9dc31e75780d4c13b98b028b8c8f37cc reported cstate change: term changed from 0 to 1, leader changed from <none> to 9dc31e75780d4c13b98b028b8c8f37cc (127.19.250.2). New cstate: current_term: 1 leader_uuid: "9dc31e75780d4c13b98b028b8c8f37cc" committed_config { opid_index: -1 OBSOLETE_local: false peers { permanent_uuid: "5d360f544a9848c6ba6e3b8ddccf0ccc" member_type: VOTER last_known_addr { host: "127.19.250.1" port: 37775 } health_report { overall_health: UNKNOWN } } peers { permanent_uuid: "9dc31e75780d4c13b98b028b8c8f37cc" member_type: VOTER last_known_addr { host: "127.19.250.2" port: 36739 } health_report { overall_health: HEALTHY } } peers { permanent_uuid: "904e3309537f45c5b70c78f6acf31d14" member_type: VOTER last_known_addr { host: "127.19.250.3" port: 43655 } health_report { overall_health: UNKNOWN } } }
I20260601 13:40:22.949244 23670 raft_consensus.cc:493] T ba71ae85f19b4257864ddd3701221132 P 904e3309537f45c5b70c78f6acf31d14 [term 0 FOLLOWER]: Starting pre-election (no leader contacted us within the election timeout)
I20260601 13:40:22.949472 23670 raft_consensus.cc:515] T ba71ae85f19b4257864ddd3701221132 P 904e3309537f45c5b70c78f6acf31d14 [term 0 FOLLOWER]: Starting pre-election with config: opid_index: -1 OBSOLETE_local: false peers { permanent_uuid: "9dc31e75780d4c13b98b028b8c8f37cc" member_type: VOTER last_known_addr { host: "127.19.250.2" port: 36739 } } peers { permanent_uuid: "5d360f544a9848c6ba6e3b8ddccf0ccc" member_type: VOTER last_known_addr { host: "127.19.250.1" port: 37775 } } peers { permanent_uuid: "904e3309537f45c5b70c78f6acf31d14" member_type: VOTER last_known_addr { host: "127.19.250.3" port: 43655 } }
I20260601 13:40:22.949995 23670 leader_election.cc:290] T ba71ae85f19b4257864ddd3701221132 P 904e3309537f45c5b70c78f6acf31d14 [CANDIDATE]: Term 1 pre-election: Requested pre-vote from peers 9dc31e75780d4c13b98b028b8c8f37cc (127.19.250.2:36739), 5d360f544a9848c6ba6e3b8ddccf0ccc (127.19.250.1:37775)
I20260601 13:40:22.950505 23536 tablet_service.cc:1917] Received RequestConsensusVote() RPC: tablet_id: "ba71ae85f19b4257864ddd3701221132" candidate_uuid: "904e3309537f45c5b70c78f6acf31d14" candidate_term: 1 candidate_status { last_received { term: 0 index: 0 } } ignore_live_leader: false dest_uuid: "9dc31e75780d4c13b98b028b8c8f37cc" is_pre_election: true
I20260601 13:40:22.950675 23536 raft_consensus.cc:2468] T ba71ae85f19b4257864ddd3701221132 P 9dc31e75780d4c13b98b028b8c8f37cc [term 0 FOLLOWER]: Leader pre-election vote request: Granting yes vote for candidate 904e3309537f45c5b70c78f6acf31d14 in term 0.
I20260601 13:40:22.950613 23461 tablet_service.cc:1917] Received RequestConsensusVote() RPC: tablet_id: "ba71ae85f19b4257864ddd3701221132" candidate_uuid: "904e3309537f45c5b70c78f6acf31d14" candidate_term: 1 candidate_status { last_received { term: 0 index: 0 } } ignore_live_leader: false dest_uuid: "5d360f544a9848c6ba6e3b8ddccf0ccc" is_pre_election: true
I20260601 13:40:22.950841 23461 raft_consensus.cc:2468] T ba71ae85f19b4257864ddd3701221132 P 5d360f544a9848c6ba6e3b8ddccf0ccc [term 0 FOLLOWER]: Leader pre-election vote request: Granting yes vote for candidate 904e3309537f45c5b70c78f6acf31d14 in term 0.
I20260601 13:40:22.951136 23576 leader_election.cc:304] T ba71ae85f19b4257864ddd3701221132 P 904e3309537f45c5b70c78f6acf31d14 [CANDIDATE]: Term 1 pre-election: Election decided. Result: candidate won. Election summary: received 2 responses out of 3 voters: 2 yes votes; 0 no votes. yes voters: 904e3309537f45c5b70c78f6acf31d14, 9dc31e75780d4c13b98b028b8c8f37cc; no voters: 
I20260601 13:40:22.951332 23670 raft_consensus.cc:2804] T ba71ae85f19b4257864ddd3701221132 P 904e3309537f45c5b70c78f6acf31d14 [term 0 FOLLOWER]: Leader pre-election won for term 1
I20260601 13:40:22.951436 23670 raft_consensus.cc:493] T ba71ae85f19b4257864ddd3701221132 P 904e3309537f45c5b70c78f6acf31d14 [term 0 FOLLOWER]: Starting leader election (no leader contacted us within the election timeout)
I20260601 13:40:22.951496 23670 raft_consensus.cc:3060] T ba71ae85f19b4257864ddd3701221132 P 904e3309537f45c5b70c78f6acf31d14 [term 0 FOLLOWER]: Advancing to term 1
I20260601 13:40:22.952594 23670 raft_consensus.cc:515] T ba71ae85f19b4257864ddd3701221132 P 904e3309537f45c5b70c78f6acf31d14 [term 1 FOLLOWER]: Starting leader election with config: opid_index: -1 OBSOLETE_local: false peers { permanent_uuid: "9dc31e75780d4c13b98b028b8c8f37cc" member_type: VOTER last_known_addr { host: "127.19.250.2" port: 36739 } } peers { permanent_uuid: "5d360f544a9848c6ba6e3b8ddccf0ccc" member_type: VOTER last_known_addr { host: "127.19.250.1" port: 37775 } } peers { permanent_uuid: "904e3309537f45c5b70c78f6acf31d14" member_type: VOTER last_known_addr { host: "127.19.250.3" port: 43655 } }
I20260601 13:40:22.953096 23670 leader_election.cc:290] T ba71ae85f19b4257864ddd3701221132 P 904e3309537f45c5b70c78f6acf31d14 [CANDIDATE]: Term 1 election: Requested vote from peers 9dc31e75780d4c13b98b028b8c8f37cc (127.19.250.2:36739), 5d360f544a9848c6ba6e3b8ddccf0ccc (127.19.250.1:37775)
I20260601 13:40:22.953608 23536 tablet_service.cc:1917] Received RequestConsensusVote() RPC: tablet_id: "ba71ae85f19b4257864ddd3701221132" candidate_uuid: "904e3309537f45c5b70c78f6acf31d14" candidate_term: 1 candidate_status { last_received { term: 0 index: 0 } } ignore_live_leader: false dest_uuid: "9dc31e75780d4c13b98b028b8c8f37cc"
I20260601 13:40:22.953608 23461 tablet_service.cc:1917] Received RequestConsensusVote() RPC: tablet_id: "ba71ae85f19b4257864ddd3701221132" candidate_uuid: "904e3309537f45c5b70c78f6acf31d14" candidate_term: 1 candidate_status { last_received { term: 0 index: 0 } } ignore_live_leader: false dest_uuid: "5d360f544a9848c6ba6e3b8ddccf0ccc"
I20260601 13:40:22.953773 23461 raft_consensus.cc:3060] T ba71ae85f19b4257864ddd3701221132 P 5d360f544a9848c6ba6e3b8ddccf0ccc [term 0 FOLLOWER]: Advancing to term 1
I20260601 13:40:22.953773 23536 raft_consensus.cc:3060] T ba71ae85f19b4257864ddd3701221132 P 9dc31e75780d4c13b98b028b8c8f37cc [term 0 FOLLOWER]: Advancing to term 1
I20260601 13:40:22.954874 23461 raft_consensus.cc:2468] T ba71ae85f19b4257864ddd3701221132 P 5d360f544a9848c6ba6e3b8ddccf0ccc [term 1 FOLLOWER]: Leader election vote request: Granting yes vote for candidate 904e3309537f45c5b70c78f6acf31d14 in term 1.
I20260601 13:40:22.954874 23536 raft_consensus.cc:2468] T ba71ae85f19b4257864ddd3701221132 P 9dc31e75780d4c13b98b028b8c8f37cc [term 1 FOLLOWER]: Leader election vote request: Granting yes vote for candidate 904e3309537f45c5b70c78f6acf31d14 in term 1.
I20260601 13:40:22.955322 23576 leader_election.cc:304] T ba71ae85f19b4257864ddd3701221132 P 904e3309537f45c5b70c78f6acf31d14 [CANDIDATE]: Term 1 election: Election decided. Result: candidate won. Election summary: received 2 responses out of 3 voters: 2 yes votes; 0 no votes. yes voters: 5d360f544a9848c6ba6e3b8ddccf0ccc, 904e3309537f45c5b70c78f6acf31d14; no voters: 
I20260601 13:40:22.955554 23670 raft_consensus.cc:2804] T ba71ae85f19b4257864ddd3701221132 P 904e3309537f45c5b70c78f6acf31d14 [term 1 FOLLOWER]: Leader election won for term 1
I20260601 13:40:22.955685 23670 raft_consensus.cc:697] T ba71ae85f19b4257864ddd3701221132 P 904e3309537f45c5b70c78f6acf31d14 [term 1 LEADER]: Becoming Leader. State: Replica: 904e3309537f45c5b70c78f6acf31d14, State: Running, Role: LEADER
I20260601 13:40:22.955837 23670 consensus_queue.cc:237] T ba71ae85f19b4257864ddd3701221132 P 904e3309537f45c5b70c78f6acf31d14 [LEADER]: Queue going to LEADER mode. State: All replicated index: 0, Majority replicated index: 0, Committed index: 0, Last appended: 0.0, Last appended by leader: 0, Current term: 1, Majority size: 2, State: 0, Mode: LEADER, active raft config: opid_index: -1 OBSOLETE_local: false peers { permanent_uuid: "9dc31e75780d4c13b98b028b8c8f37cc" member_type: VOTER last_known_addr { host: "127.19.250.2" port: 36739 } } peers { permanent_uuid: "5d360f544a9848c6ba6e3b8ddccf0ccc" member_type: VOTER last_known_addr { host: "127.19.250.1" port: 37775 } } peers { permanent_uuid: "904e3309537f45c5b70c78f6acf31d14" member_type: VOTER last_known_addr { host: "127.19.250.3" port: 43655 } }
I20260601 13:40:22.958370 23358 catalog_manager.cc:5696] T ba71ae85f19b4257864ddd3701221132 P 904e3309537f45c5b70c78f6acf31d14 reported cstate change: term changed from 0 to 1, leader changed from <none> to 904e3309537f45c5b70c78f6acf31d14 (127.19.250.3). New cstate: current_term: 1 leader_uuid: "904e3309537f45c5b70c78f6acf31d14" committed_config { opid_index: -1 OBSOLETE_local: false peers { permanent_uuid: "9dc31e75780d4c13b98b028b8c8f37cc" member_type: VOTER last_known_addr { host: "127.19.250.2" port: 36739 } health_report { overall_health: UNKNOWN } } peers { permanent_uuid: "5d360f544a9848c6ba6e3b8ddccf0ccc" member_type: VOTER last_known_addr { host: "127.19.250.1" port: 37775 } health_report { overall_health: UNKNOWN } } peers { permanent_uuid: "904e3309537f45c5b70c78f6acf31d14" member_type: VOTER last_known_addr { host: "127.19.250.3" port: 43655 } health_report { overall_health: HEALTHY } } }
I20260601 13:40:23.041715 23663 raft_consensus.cc:493] T 73bd9a00ba1e4d76ab38b9181e4d2999 P 5d360f544a9848c6ba6e3b8ddccf0ccc [term 0 FOLLOWER]: Starting pre-election (no leader contacted us within the election timeout)
I20260601 13:40:23.041966 23663 raft_consensus.cc:515] T 73bd9a00ba1e4d76ab38b9181e4d2999 P 5d360f544a9848c6ba6e3b8ddccf0ccc [term 0 FOLLOWER]: Starting pre-election with config: opid_index: -1 OBSOLETE_local: false peers { permanent_uuid: "9dc31e75780d4c13b98b028b8c8f37cc" member_type: VOTER last_known_addr { host: "127.19.250.2" port: 36739 } } peers { permanent_uuid: "5d360f544a9848c6ba6e3b8ddccf0ccc" member_type: VOTER last_known_addr { host: "127.19.250.1" port: 37775 } } peers { permanent_uuid: "904e3309537f45c5b70c78f6acf31d14" member_type: VOTER last_known_addr { host: "127.19.250.3" port: 43655 } }
I20260601 13:40:23.042514 23663 leader_election.cc:290] T 73bd9a00ba1e4d76ab38b9181e4d2999 P 5d360f544a9848c6ba6e3b8ddccf0ccc [CANDIDATE]: Term 1 pre-election: Requested pre-vote from peers 9dc31e75780d4c13b98b028b8c8f37cc (127.19.250.2:36739), 904e3309537f45c5b70c78f6acf31d14 (127.19.250.3:43655)
I20260601 13:40:23.043036 23536 tablet_service.cc:1917] Received RequestConsensusVote() RPC: tablet_id: "73bd9a00ba1e4d76ab38b9181e4d2999" candidate_uuid: "5d360f544a9848c6ba6e3b8ddccf0ccc" candidate_term: 1 candidate_status { last_received { term: 0 index: 0 } } ignore_live_leader: false dest_uuid: "9dc31e75780d4c13b98b028b8c8f37cc" is_pre_election: true
I20260601 13:40:23.043272 23536 raft_consensus.cc:2468] T 73bd9a00ba1e4d76ab38b9181e4d2999 P 9dc31e75780d4c13b98b028b8c8f37cc [term 0 FOLLOWER]: Leader pre-election vote request: Granting yes vote for candidate 5d360f544a9848c6ba6e3b8ddccf0ccc in term 0.
I20260601 13:40:23.043303 23612 tablet_service.cc:1917] Received RequestConsensusVote() RPC: tablet_id: "73bd9a00ba1e4d76ab38b9181e4d2999" candidate_uuid: "5d360f544a9848c6ba6e3b8ddccf0ccc" candidate_term: 1 candidate_status { last_received { term: 0 index: 0 } } ignore_live_leader: false dest_uuid: "904e3309537f45c5b70c78f6acf31d14" is_pre_election: true
I20260601 13:40:23.043488 23612 raft_consensus.cc:2468] T 73bd9a00ba1e4d76ab38b9181e4d2999 P 904e3309537f45c5b70c78f6acf31d14 [term 0 FOLLOWER]: Leader pre-election vote request: Granting yes vote for candidate 5d360f544a9848c6ba6e3b8ddccf0ccc in term 0.
I20260601 13:40:23.043708 23425 leader_election.cc:304] T 73bd9a00ba1e4d76ab38b9181e4d2999 P 5d360f544a9848c6ba6e3b8ddccf0ccc [CANDIDATE]: Term 1 pre-election: Election decided. Result: candidate won. Election summary: received 2 responses out of 3 voters: 2 yes votes; 0 no votes. yes voters: 5d360f544a9848c6ba6e3b8ddccf0ccc, 9dc31e75780d4c13b98b028b8c8f37cc; no voters: 
I20260601 13:40:23.043900 23663 raft_consensus.cc:2804] T 73bd9a00ba1e4d76ab38b9181e4d2999 P 5d360f544a9848c6ba6e3b8ddccf0ccc [term 0 FOLLOWER]: Leader pre-election won for term 1
I20260601 13:40:23.043969 23663 raft_consensus.cc:493] T 73bd9a00ba1e4d76ab38b9181e4d2999 P 5d360f544a9848c6ba6e3b8ddccf0ccc [term 0 FOLLOWER]: Starting leader election (no leader contacted us within the election timeout)
I20260601 13:40:23.043998 23663 raft_consensus.cc:3060] T 73bd9a00ba1e4d76ab38b9181e4d2999 P 5d360f544a9848c6ba6e3b8ddccf0ccc [term 0 FOLLOWER]: Advancing to term 1
I20260601 13:40:23.044868 23663 raft_consensus.cc:515] T 73bd9a00ba1e4d76ab38b9181e4d2999 P 5d360f544a9848c6ba6e3b8ddccf0ccc [term 1 FOLLOWER]: Starting leader election with config: opid_index: -1 OBSOLETE_local: false peers { permanent_uuid: "9dc31e75780d4c13b98b028b8c8f37cc" member_type: VOTER last_known_addr { host: "127.19.250.2" port: 36739 } } peers { permanent_uuid: "5d360f544a9848c6ba6e3b8ddccf0ccc" member_type: VOTER last_known_addr { host: "127.19.250.1" port: 37775 } } peers { permanent_uuid: "904e3309537f45c5b70c78f6acf31d14" member_type: VOTER last_known_addr { host: "127.19.250.3" port: 43655 } }
I20260601 13:40:23.045367 23663 leader_election.cc:290] T 73bd9a00ba1e4d76ab38b9181e4d2999 P 5d360f544a9848c6ba6e3b8ddccf0ccc [CANDIDATE]: Term 1 election: Requested vote from peers 9dc31e75780d4c13b98b028b8c8f37cc (127.19.250.2:36739), 904e3309537f45c5b70c78f6acf31d14 (127.19.250.3:43655)
I20260601 13:40:23.045804 23612 tablet_service.cc:1917] Received RequestConsensusVote() RPC: tablet_id: "73bd9a00ba1e4d76ab38b9181e4d2999" candidate_uuid: "5d360f544a9848c6ba6e3b8ddccf0ccc" candidate_term: 1 candidate_status { last_received { term: 0 index: 0 } } ignore_live_leader: false dest_uuid: "904e3309537f45c5b70c78f6acf31d14"
I20260601 13:40:23.045862 23536 tablet_service.cc:1917] Received RequestConsensusVote() RPC: tablet_id: "73bd9a00ba1e4d76ab38b9181e4d2999" candidate_uuid: "5d360f544a9848c6ba6e3b8ddccf0ccc" candidate_term: 1 candidate_status { last_received { term: 0 index: 0 } } ignore_live_leader: false dest_uuid: "9dc31e75780d4c13b98b028b8c8f37cc"
I20260601 13:40:23.045899 23612 raft_consensus.cc:3060] T 73bd9a00ba1e4d76ab38b9181e4d2999 P 904e3309537f45c5b70c78f6acf31d14 [term 0 FOLLOWER]: Advancing to term 1
I20260601 13:40:23.046057 23536 raft_consensus.cc:3060] T 73bd9a00ba1e4d76ab38b9181e4d2999 P 9dc31e75780d4c13b98b028b8c8f37cc [term 0 FOLLOWER]: Advancing to term 1
I20260601 13:40:23.046814 23612 raft_consensus.cc:2468] T 73bd9a00ba1e4d76ab38b9181e4d2999 P 904e3309537f45c5b70c78f6acf31d14 [term 1 FOLLOWER]: Leader election vote request: Granting yes vote for candidate 5d360f544a9848c6ba6e3b8ddccf0ccc in term 1.
I20260601 13:40:23.047199 23426 leader_election.cc:304] T 73bd9a00ba1e4d76ab38b9181e4d2999 P 5d360f544a9848c6ba6e3b8ddccf0ccc [CANDIDATE]: Term 1 election: Election decided. Result: candidate won. Election summary: received 2 responses out of 3 voters: 2 yes votes; 0 no votes. yes voters: 5d360f544a9848c6ba6e3b8ddccf0ccc, 904e3309537f45c5b70c78f6acf31d14; no voters: 
I20260601 13:40:23.047412 23663 raft_consensus.cc:2804] T 73bd9a00ba1e4d76ab38b9181e4d2999 P 5d360f544a9848c6ba6e3b8ddccf0ccc [term 1 FOLLOWER]: Leader election won for term 1
I20260601 13:40:23.047516 23663 raft_consensus.cc:697] T 73bd9a00ba1e4d76ab38b9181e4d2999 P 5d360f544a9848c6ba6e3b8ddccf0ccc [term 1 LEADER]: Becoming Leader. State: Replica: 5d360f544a9848c6ba6e3b8ddccf0ccc, State: Running, Role: LEADER
I20260601 13:40:23.047664 23663 consensus_queue.cc:237] T 73bd9a00ba1e4d76ab38b9181e4d2999 P 5d360f544a9848c6ba6e3b8ddccf0ccc [LEADER]: Queue going to LEADER mode. State: All replicated index: 0, Majority replicated index: 0, Committed index: 0, Last appended: 0.0, Last appended by leader: 0, Current term: 1, Majority size: 2, State: 0, Mode: LEADER, active raft config: opid_index: -1 OBSOLETE_local: false peers { permanent_uuid: "9dc31e75780d4c13b98b028b8c8f37cc" member_type: VOTER last_known_addr { host: "127.19.250.2" port: 36739 } } peers { permanent_uuid: "5d360f544a9848c6ba6e3b8ddccf0ccc" member_type: VOTER last_known_addr { host: "127.19.250.1" port: 37775 } } peers { permanent_uuid: "904e3309537f45c5b70c78f6acf31d14" member_type: VOTER last_known_addr { host: "127.19.250.3" port: 43655 } }
I20260601 13:40:23.047654 23536 raft_consensus.cc:2468] T 73bd9a00ba1e4d76ab38b9181e4d2999 P 9dc31e75780d4c13b98b028b8c8f37cc [term 1 FOLLOWER]: Leader election vote request: Granting yes vote for candidate 5d360f544a9848c6ba6e3b8ddccf0ccc in term 1.
I20260601 13:40:23.049516 23358 catalog_manager.cc:5696] T 73bd9a00ba1e4d76ab38b9181e4d2999 P 5d360f544a9848c6ba6e3b8ddccf0ccc reported cstate change: term changed from 0 to 1, leader changed from <none> to 5d360f544a9848c6ba6e3b8ddccf0ccc (127.19.250.1). New cstate: current_term: 1 leader_uuid: "5d360f544a9848c6ba6e3b8ddccf0ccc" committed_config { opid_index: -1 OBSOLETE_local: false peers { permanent_uuid: "9dc31e75780d4c13b98b028b8c8f37cc" member_type: VOTER last_known_addr { host: "127.19.250.2" port: 36739 } health_report { overall_health: UNKNOWN } } peers { permanent_uuid: "5d360f544a9848c6ba6e3b8ddccf0ccc" member_type: VOTER last_known_addr { host: "127.19.250.1" port: 37775 } health_report { overall_health: HEALTHY } } peers { permanent_uuid: "904e3309537f45c5b70c78f6acf31d14" member_type: VOTER last_known_addr { host: "127.19.250.3" port: 43655 } health_report { overall_health: UNKNOWN } } }
I20260601 13:40:23.124369 20456 file_cache.cc:492] Constructed file cache file cache with capacity 419430
W20260601 13:40:23.126806 23708 instance_detector.cc:116] could not retrieve OpenStack instance metadata: Network error: curl error: HTTP response code said error: The requested URL returned error: 404
W20260601 13:40:23.126796 23705 instance_detector.cc:116] could not retrieve AWS instance metadata: Network error: curl error: HTTP response code said error: The requested URL returned error: 404
W20260601 13:40:23.126940 23706 instance_detector.cc:116] could not retrieve Azure instance metadata: Network error: curl error: HTTP response code said error: The requested URL returned error: 404
I20260601 13:40:23.127218 20456 server_base.cc:1061] running on GCE node
I20260601 13:40:23.127493 20456 hybrid_clock.cc:584] initializing the hybrid clock with 'system_unsync' time source
W20260601 13:40:23.127542 20456 system_unsync_time.cc:38] NTP support is disabled. Clock error bounds will not be accurate. This configuration is not suitable for distributed clusters.
I20260601 13:40:23.127561 20456 hybrid_clock.cc:648] HybridClock initialized: now 1780321223127561 us; error 0 us; skew 500 ppm
I20260601 13:40:23.128674 20456 webserver.cc:533] Webserver started at http://127.19.250.4:33397/ using document root <none> and password file <none>
I20260601 13:40:23.128954 20456 fs_manager.cc:362] Metadata directory not provided
I20260601 13:40:23.129043 20456 fs_manager.cc:368] Using write-ahead log directory (fs_wal_dir) as metadata directory
I20260601 13:40:23.129122 20456 server_base.cc:909] This appears to be a new deployment of Kudu; creating new FS layout
I20260601 13:40:23.129518 20456 fs_manager.cc:1068] Generated new instance metadata in path /tmp/dist-test-task0eUhDV/test-tmp/auto_rebalancer-test.0.AutoRebalancerTest.RangeAwareRebalancesNewRangeReplicas.1780321150368305-20456-0/minicluster-data/ts-3-root/instance:
uuid: "f5407c098c2e477f9f93e912e41b470c"
format_stamp: "Formatted at 2026-06-01 13:40:23 on dist-test-slave-3dt6"
I20260601 13:40:23.131228 20456 fs_manager.cc:696] Time spent creating directory manager: real 0.001s	user 0.002s	sys 0.000s
I20260601 13:40:23.132333 23713 log_block_manager.cc:4031] Time spent loading block containers with low live blocks: real 0.000s	user 0.000s	sys 0.000s
I20260601 13:40:23.132687 20456 fs_manager.cc:730] Time spent opening block manager: real 0.001s	user 0.001s	sys 0.000s
I20260601 13:40:23.132759 20456 fs_manager.cc:647] Opened local filesystem: /tmp/dist-test-task0eUhDV/test-tmp/auto_rebalancer-test.0.AutoRebalancerTest.RangeAwareRebalancesNewRangeReplicas.1780321150368305-20456-0/minicluster-data/ts-3-root
uuid: "f5407c098c2e477f9f93e912e41b470c"
format_stamp: "Formatted at 2026-06-01 13:40:23 on dist-test-slave-3dt6"
I20260601 13:40:23.132876 20456 fs_report.cc:389] FS layout report
--------------------
wal directory: /tmp/dist-test-task0eUhDV/test-tmp/auto_rebalancer-test.0.AutoRebalancerTest.RangeAwareRebalancesNewRangeReplicas.1780321150368305-20456-0/minicluster-data/ts-3-root
metadata directory: /tmp/dist-test-task0eUhDV/test-tmp/auto_rebalancer-test.0.AutoRebalancerTest.RangeAwareRebalancesNewRangeReplicas.1780321150368305-20456-0/minicluster-data/ts-3-root
1 data directories: /tmp/dist-test-task0eUhDV/test-tmp/auto_rebalancer-test.0.AutoRebalancerTest.RangeAwareRebalancesNewRangeReplicas.1780321150368305-20456-0/minicluster-data/ts-3-root/data
Total live blocks: 0
Total live bytes: 0
Total live bytes (after alignment): 0
Total number of LBM containers: 0 (0 full)
Did not check for missing blocks
Did not check for orphaned blocks
Total full LBM containers with extra space: 0 (0 repaired)
Total full LBM container extra space in bytes: 0 (0 repaired)
Total incomplete LBM containers: 0 (0 repaired)
Total LBM partial records: 0 (0 repaired)
Total corrupted LBM metadata records in RocksDB: 0 (0 repaired)
I20260601 13:40:23.141386 20456 rpc_server.cc:225] running with OpenSSL 1.1.1  11 Sep 2018
I20260601 13:40:23.141886 20456 kserver.cc:163] Server-wide thread pool size limit: 3276
I20260601 13:40:23.142247 20456 txn_system_client.cc:432] TxnSystemClient initialization is disabled...
I20260601 13:40:23.142838 20456 ts_tablet_manager.cc:585] Loaded tablet metadata (0 total tablets, 0 live tablets)
I20260601 13:40:23.142879 20456 ts_tablet_manager.cc:531] Time spent load tablet metadata: real 0.000s	user 0.000s	sys 0.000s
I20260601 13:40:23.142937 20456 ts_tablet_manager.cc:616] Registered 0 tablets
I20260601 13:40:23.142977 20456 ts_tablet_manager.cc:595] Time spent register tablets: real 0.000s	user 0.000s	sys 0.000s
I20260601 13:40:23.148545 20456 rpc_server.cc:307] RPC server started. Bound to: 127.19.250.4:44977
I20260601 13:40:23.148592 23776 acceptor_pool.cc:272] collecting diagnostics on the listening RPC socket 127.19.250.4:44977 every 8 connection(s)
I20260601 13:40:23.150370 23358 catalog_manager.cc:3569] Servicing AlterTable request from {username='slave'} at 127.0.0.1:35366:
table { table_name: "range_aware_rebalance_new_range" } alter_schema_steps { type: ADD_RANGE_PARTITION add_range_partition { range_bounds { rows: "\006\001\n\000\000\000\007\001\024\000\000\000""\006\001\n\000\000\000\007\001\024\000\000\000" indirect_data: """" } } } schema { columns { name: "key" type: INT32 is_key: true is_nullable: false encoding: AUTO_ENCODING compression: DEFAULT_COMPRESSION cfile_block_size: 0 immutable: false } } modify_external_catalogs: true
I20260601 13:40:23.154495 23777 heartbeater.cc:344] Connected to a master server at 127.19.250.62:38203
I20260601 13:40:23.154675 23777 heartbeater.cc:461] Registering TS with master...
I20260601 13:40:23.154933 23777 heartbeater.cc:507] Master 127.19.250.62:38203 requested a full tablet report, sending...
I20260601 13:40:23.155627 23356 ts_manager.cc:194] Registered new tserver with Master: f5407c098c2e477f9f93e912e41b470c (127.19.250.4:44977)
W20260601 13:40:23.156011 23358 catalog_manager.cc:5956] Failed to send alter table request: Not found: failed to reset TS proxy: No leader found: Tablet 37e2a9918f3642bb9a15f3ab2cfa65ad has no consensus state
W20260601 13:40:23.156273 23358 catalog_manager.cc:5956] Failed to send alter table request: Not found: failed to reset TS proxy: No leader found: Tablet d446600974b6443e9e5a56e72b3c568c has no consensus state
I20260601 13:40:23.156282 23356 master_service.cc:502] Signed X509 certificate for tserver {username='slave'} at 127.0.0.1:35382
W20260601 13:40:23.156553 23358 catalog_manager.cc:5956] Failed to send alter table request: Not found: failed to reset TS proxy: No leader found: Tablet d93aaabf203b4bf594603fa680f3fe8e has no consensus state
W20260601 13:40:23.156868 23358 catalog_manager.cc:5956] Failed to send alter table request: Not found: failed to reset TS proxy: No leader found: Tablet fc476cc45b024fd1be10ed953a025c44 has no consensus state
W20260601 13:40:23.157660 23358 catalog_manager.cc:5956] Failed to send alter table request: Not found: failed to reset TS proxy: No leader found: Tablet 0869db35d4cb4fc6a02bc2d1de66ef4c has no consensus state
W20260601 13:40:23.158061 23358 catalog_manager.cc:5956] Failed to send alter table request: Not found: failed to reset TS proxy: No leader found: Tablet b1f66f8c99b743288b34b0d901d6d186 has no consensus state
W20260601 13:40:23.158371 23358 catalog_manager.cc:5956] Failed to send alter table request: Not found: failed to reset TS proxy: No leader found: Tablet aa3f2a28caf94395bc7486fa5ffc43ca has no consensus state
W20260601 13:40:23.158859 23358 catalog_manager.cc:5956] Failed to send alter table request: Not found: failed to reset TS proxy: No leader found: Tablet 510316f9cad1431293baa30beb6a1e2f has no consensus state
I20260601 13:40:23.161969 23670 consensus_queue.cc:1048] T 4a80803609a848b3ad31889ea6eb6855 P 904e3309537f45c5b70c78f6acf31d14 [LEADER]: Connected to new peer: Peer: permanent_uuid: "9dc31e75780d4c13b98b028b8c8f37cc" member_type: VOTER last_known_addr { host: "127.19.250.2" port: 36739 }, Status: LMP_MISMATCH, Last received: 0.0, Next index: 1, Last known committed idx: 0, Time since last communication: 0.000s
I20260601 13:40:23.165685 23600 tablet_service.cc:1511] Processing CreateTablet for tablet d446600974b6443e9e5a56e72b3c568c (DEFAULT_TABLE table=range_aware_rebalance_new_range [id=cacc39eb04b743b3afc4812ecbfa60ae]), partition=HASH (key) PARTITION 1, RANGE (key) PARTITION 10 <= VALUES < 20
I20260601 13:40:23.165871 23447 tablet_service.cc:1511] Processing CreateTablet for tablet 37e2a9918f3642bb9a15f3ab2cfa65ad (DEFAULT_TABLE table=range_aware_rebalance_new_range [id=cacc39eb04b743b3afc4812ecbfa60ae]), partition=HASH (key) PARTITION 0, RANGE (key) PARTITION 10 <= VALUES < 20
I20260601 13:40:23.166023 23600 data_dirs.cc:400] Could only allocate 1 dirs of requested 3 for tablet d446600974b6443e9e5a56e72b3c568c. 1 dirs total, 0 dirs full, 0 dirs failed
I20260601 13:40:23.166085 23447 data_dirs.cc:400] Could only allocate 1 dirs of requested 3 for tablet 37e2a9918f3642bb9a15f3ab2cfa65ad. 1 dirs total, 0 dirs full, 0 dirs failed
I20260601 13:40:23.166152 23601 tablet_service.cc:1511] Processing CreateTablet for tablet d93aaabf203b4bf594603fa680f3fe8e (DEFAULT_TABLE table=range_aware_rebalance_new_range [id=cacc39eb04b743b3afc4812ecbfa60ae]), partition=HASH (key) PARTITION 2, RANGE (key) PARTITION 10 <= VALUES < 20
I20260601 13:40:23.166420 23601 data_dirs.cc:400] Could only allocate 1 dirs of requested 3 for tablet d93aaabf203b4bf594603fa680f3fe8e. 1 dirs total, 0 dirs full, 0 dirs failed
I20260601 13:40:23.168316 23659 tablet_bootstrap.cc:492] T 37e2a9918f3642bb9a15f3ab2cfa65ad P 5d360f544a9848c6ba6e3b8ddccf0ccc: Bootstrap starting.
I20260601 13:40:23.169418 23601 tablet_service.cc:1511] Processing CreateTablet for tablet 0869db35d4cb4fc6a02bc2d1de66ef4c (DEFAULT_TABLE table=range_aware_rebalance_new_range [id=cacc39eb04b743b3afc4812ecbfa60ae]), partition=HASH (key) PARTITION 4, RANGE (key) PARTITION 10 <= VALUES < 20
I20260601 13:40:23.169556 23659 tablet_bootstrap.cc:654] T 37e2a9918f3642bb9a15f3ab2cfa65ad P 5d360f544a9848c6ba6e3b8ddccf0ccc: Neither blocks nor log segments found. Creating new log.
I20260601 13:40:23.169741 23601 data_dirs.cc:400] Could only allocate 1 dirs of requested 3 for tablet 0869db35d4cb4fc6a02bc2d1de66ef4c. 1 dirs total, 0 dirs full, 0 dirs failed
I20260601 13:40:23.168334 23666 tablet_bootstrap.cc:492] T d446600974b6443e9e5a56e72b3c568c P 904e3309537f45c5b70c78f6acf31d14: Bootstrap starting.
I20260601 13:40:23.171274 23666 tablet_bootstrap.cc:654] T d446600974b6443e9e5a56e72b3c568c P 904e3309537f45c5b70c78f6acf31d14: Neither blocks nor log segments found. Creating new log.
I20260601 13:40:23.172374 23526 tablet_service.cc:1511] Processing CreateTablet for tablet 37e2a9918f3642bb9a15f3ab2cfa65ad (DEFAULT_TABLE table=range_aware_rebalance_new_range [id=cacc39eb04b743b3afc4812ecbfa60ae]), partition=HASH (key) PARTITION 0, RANGE (key) PARTITION 10 <= VALUES < 20
I20260601 13:40:23.172703 23526 data_dirs.cc:400] Could only allocate 1 dirs of requested 3 for tablet 37e2a9918f3642bb9a15f3ab2cfa65ad. 1 dirs total, 0 dirs full, 0 dirs failed
I20260601 13:40:23.173367 23445 tablet_service.cc:1511] Processing CreateTablet for tablet aa3f2a28caf94395bc7486fa5ffc43ca (DEFAULT_TABLE table=range_aware_rebalance_new_range [id=cacc39eb04b743b3afc4812ecbfa60ae]), partition=HASH (key) PARTITION 6, RANGE (key) PARTITION 10 <= VALUES < 20
I20260601 13:40:23.173630 23445 data_dirs.cc:400] Could only allocate 1 dirs of requested 3 for tablet aa3f2a28caf94395bc7486fa5ffc43ca. 1 dirs total, 0 dirs full, 0 dirs failed
