I20260601 13:23:31.549609  1606 consensus_queue.cc:1048] T 0b1533dcbbb34dd688670c5a9d0c4a07 P 6bba300a35a9496aa23882319ecae75e [LEADER]: Connected to new peer: Peer: permanent_uuid: "7c1f665b1bb64e8ea18ae64a43aafffd" member_type: VOTER last_known_addr { host: "127.28.183.65" port: 42531 }, Status: LMP_MISMATCH, Last received: 0.0, Next index: 1, Last known committed idx: 0, Time since last communication: 0.000s
I20260601 13:23:31.549625  1562 consensus_queue.cc:1048] T e97d72e6e8134c5faf2e915052396720 P c696c713144749edacd27dfe96ccc599 [LEADER]: Connected to new peer: Peer: permanent_uuid: "7c1f665b1bb64e8ea18ae64a43aafffd" member_type: VOTER last_known_addr { host: "127.28.183.65" port: 42531 }, Status: LMP_MISMATCH, Last received: 0.0, Next index: 1, Last known committed idx: 0, Time since last communication: 0.000s
I20260601 13:23:31.556946  1345 raft_consensus.cc:1275] T dabfed68e20c428c87e9c5ef6e9a83f8 P 7c1f665b1bb64e8ea18ae64a43aafffd [term 1 FOLLOWER]: Refusing update from remote peer c696c713144749edacd27dfe96ccc599: Log matching property violated. Preceding OpId in replica: term: 0 index: 0. Preceding OpId from leader: term: 1 index: 2. (index mismatch)
I20260601 13:23:31.558073  1626 consensus_queue.cc:1048] T 0b1533dcbbb34dd688670c5a9d0c4a07 P 6bba300a35a9496aa23882319ecae75e [LEADER]: Connected to new peer: Peer: permanent_uuid: "c696c713144749edacd27dfe96ccc599" member_type: VOTER last_known_addr { host: "127.28.183.67" port: 37993 }, Status: LMP_MISMATCH, Last received: 0.0, Next index: 1, Last known committed idx: 0, Time since last communication: 0.006s
I20260601 13:23:31.561443  1495 raft_consensus.cc:1275] T d5eb1faa983e4f22980f8defba8f40b7 P c696c713144749edacd27dfe96ccc599 [term 1 FOLLOWER]: Refusing update from remote peer 7c1f665b1bb64e8ea18ae64a43aafffd: Log matching property violated. Preceding OpId in replica: term: 0 index: 0. Preceding OpId from leader: term: 1 index: 2. (index mismatch)
I20260601 13:23:31.563436  1644 consensus_queue.cc:1048] T dabfed68e20c428c87e9c5ef6e9a83f8 P c696c713144749edacd27dfe96ccc599 [LEADER]: Connected to new peer: Peer: permanent_uuid: "7c1f665b1bb64e8ea18ae64a43aafffd" member_type: VOTER last_known_addr { host: "127.28.183.65" port: 42531 }, Status: LMP_MISMATCH, Last received: 0.0, Next index: 1, Last known committed idx: 0, Time since last communication: 0.007s
I20260601 13:23:31.565526  1424 raft_consensus.cc:1275] T a8fdb4aa6d4c45739576348431804fe0 P 6bba300a35a9496aa23882319ecae75e [term 1 FOLLOWER]: Refusing update from remote peer 7c1f665b1bb64e8ea18ae64a43aafffd: Log matching property violated. Preceding OpId in replica: term: 0 index: 0. Preceding OpId from leader: term: 1 index: 2. (index mismatch)
I20260601 13:23:31.561456  1496 raft_consensus.cc:1275] T 1e6843ae8d294797b8a243cd8478045f P c696c713144749edacd27dfe96ccc599 [term 1 FOLLOWER]: Refusing update from remote peer 6bba300a35a9496aa23882319ecae75e: Log matching property violated. Preceding OpId in replica: term: 0 index: 0. Preceding OpId from leader: term: 1 index: 2. (index mismatch)
I20260601 13:23:31.564347  1493 raft_consensus.cc:1275] T 270d74764a974f0098a4a801547b3246 P c696c713144749edacd27dfe96ccc599 [term 1 FOLLOWER]: Refusing update from remote peer 7c1f665b1bb64e8ea18ae64a43aafffd: Log matching property violated. Preceding OpId in replica: term: 0 index: 0. Preceding OpId from leader: term: 1 index: 3. (index mismatch)
I20260601 13:23:31.561789  1420 raft_consensus.cc:1275] T d5eb1faa983e4f22980f8defba8f40b7 P 6bba300a35a9496aa23882319ecae75e [term 1 FOLLOWER]: Refusing update from remote peer 7c1f665b1bb64e8ea18ae64a43aafffd: Log matching property violated. Preceding OpId in replica: term: 0 index: 0. Preceding OpId from leader: term: 1 index: 2. (index mismatch)
I20260601 13:23:31.574266  1494 raft_consensus.cc:1275] T 021895e0a5e84cd796e4324cdcff7642 P c696c713144749edacd27dfe96ccc599 [term 1 FOLLOWER]: Refusing update from remote peer 7c1f665b1bb64e8ea18ae64a43aafffd: Log matching property violated. Preceding OpId in replica: term: 0 index: 0. Preceding OpId from leader: term: 1 index: 2. (index mismatch)
I20260601 13:23:31.574388  1625 mvcc.cc:204] Tried to move back new op lower bound from 7292191586455871488 to 7292191585477341184. Current Snapshot: MvccSnapshot[applied={T|T < 7292191586443468800}]
I20260601 13:23:31.570637  1626 consensus_queue.cc:1048] T 1e6843ae8d294797b8a243cd8478045f P 6bba300a35a9496aa23882319ecae75e [LEADER]: Connected to new peer: Peer: permanent_uuid: "c696c713144749edacd27dfe96ccc599" member_type: VOTER last_known_addr { host: "127.28.183.67" port: 37993 }, Status: LMP_MISMATCH, Last received: 0.0, Next index: 1, Last known committed idx: 0, Time since last communication: 0.004s
I20260601 13:23:31.570915  1496 raft_consensus.cc:1275] T a8fdb4aa6d4c45739576348431804fe0 P c696c713144749edacd27dfe96ccc599 [term 1 FOLLOWER]: Refusing update from remote peer 7c1f665b1bb64e8ea18ae64a43aafffd: Log matching property violated. Preceding OpId in replica: term: 0 index: 0. Preceding OpId from leader: term: 1 index: 2. (index mismatch)
I20260601 13:23:31.572424  1563 consensus_queue.cc:1048] T d5eb1faa983e4f22980f8defba8f40b7 P 7c1f665b1bb64e8ea18ae64a43aafffd [LEADER]: Connected to new peer: Peer: permanent_uuid: "c696c713144749edacd27dfe96ccc599" member_type: VOTER last_known_addr { host: "127.28.183.67" port: 37993 }, Status: LMP_MISMATCH, Last received: 0.0, Next index: 1, Last known committed idx: 0, Time since last communication: 0.005s
I20260601 13:23:31.572906  1559 consensus_queue.cc:1048] T 270d74764a974f0098a4a801547b3246 P 7c1f665b1bb64e8ea18ae64a43aafffd [LEADER]: Connected to new peer: Peer: permanent_uuid: "c696c713144749edacd27dfe96ccc599" member_type: VOTER last_known_addr { host: "127.28.183.67" port: 37993 }, Status: LMP_MISMATCH, Last received: 0.0, Next index: 1, Last known committed idx: 0, Time since last communication: 0.003s
I20260601 13:23:31.576509  1563 consensus_queue.cc:1048] T d5eb1faa983e4f22980f8defba8f40b7 P 7c1f665b1bb64e8ea18ae64a43aafffd [LEADER]: Connected to new peer: Peer: permanent_uuid: "6bba300a35a9496aa23882319ecae75e" member_type: VOTER last_known_addr { host: "127.28.183.66" port: 36265 }, Status: LMP_MISMATCH, Last received: 0.0, Next index: 1, Last known committed idx: 0, Time since last communication: 0.000s
I20260601 13:23:31.570035  1653 consensus_queue.cc:1048] T a8fdb4aa6d4c45739576348431804fe0 P 7c1f665b1bb64e8ea18ae64a43aafffd [LEADER]: Connected to new peer: Peer: permanent_uuid: "6bba300a35a9496aa23882319ecae75e" member_type: VOTER last_known_addr { host: "127.28.183.66" port: 36265 }, Status: LMP_MISMATCH, Last received: 0.0, Next index: 1, Last known committed idx: 0, Time since last communication: 0.008s
I20260601 13:23:31.578421  1559 consensus_queue.cc:1048] T a8fdb4aa6d4c45739576348431804fe0 P 7c1f665b1bb64e8ea18ae64a43aafffd [LEADER]: Connected to new peer: Peer: permanent_uuid: "c696c713144749edacd27dfe96ccc599" member_type: VOTER last_known_addr { host: "127.28.183.67" port: 37993 }, Status: LMP_MISMATCH, Last received: 0.0, Next index: 1, Last known committed idx: 0, Time since last communication: 0.000s
I20260601 13:23:31.581408  1634 consensus_queue.cc:1048] T 021895e0a5e84cd796e4324cdcff7642 P 7c1f665b1bb64e8ea18ae64a43aafffd [LEADER]: Connected to new peer: Peer: permanent_uuid: "c696c713144749edacd27dfe96ccc599" member_type: VOTER last_known_addr { host: "127.28.183.67" port: 37993 }, Status: LMP_MISMATCH, Last received: 0.0, Next index: 1, Last known committed idx: 0, Time since last communication: 0.005s
I20260601 13:23:31.582643  1418 raft_consensus.cc:1275] T 021895e0a5e84cd796e4324cdcff7642 P 6bba300a35a9496aa23882319ecae75e [term 1 FOLLOWER]: Refusing update from remote peer 7c1f665b1bb64e8ea18ae64a43aafffd: Log matching property violated. Preceding OpId in replica: term: 0 index: 0. Preceding OpId from leader: term: 1 index: 2. (index mismatch)
I20260601 13:23:31.582657  1419 raft_consensus.cc:1275] T 270d74764a974f0098a4a801547b3246 P 6bba300a35a9496aa23882319ecae75e [term 1 FOLLOWER]: Refusing update from remote peer 7c1f665b1bb64e8ea18ae64a43aafffd: Log matching property violated. Preceding OpId in replica: term: 0 index: 0. Preceding OpId from leader: term: 1 index: 2. (index mismatch)
I20260601 13:23:31.586112  1653 consensus_queue.cc:1048] T 270d74764a974f0098a4a801547b3246 P 7c1f665b1bb64e8ea18ae64a43aafffd [LEADER]: Connected to new peer: Peer: permanent_uuid: "6bba300a35a9496aa23882319ecae75e" member_type: VOTER last_known_addr { host: "127.28.183.66" port: 36265 }, Status: LMP_MISMATCH, Last received: 0.0, Next index: 1, Last known committed idx: 0, Time since last communication: 0.000s
I20260601 13:23:31.585107  1634 consensus_queue.cc:1048] T 021895e0a5e84cd796e4324cdcff7642 P 7c1f665b1bb64e8ea18ae64a43aafffd [LEADER]: Connected to new peer: Peer: permanent_uuid: "6bba300a35a9496aa23882319ecae75e" member_type: VOTER last_known_addr { host: "127.28.183.66" port: 36265 }, Status: LMP_MISMATCH, Last received: 0.0, Next index: 1, Last known committed idx: 0, Time since last communication: 0.001s
I20260601 13:23:31.600315  1621 mvcc.cc:204] Tried to move back new op lower bound from 7292191586467934208 to 7292191585187893248. Current Snapshot: MvccSnapshot[applied={T|T < 7292191586451488768}]
I20260601 13:23:31.613404  1621 mvcc.cc:204] Tried to move back new op lower bound from 7292191586633191424 to 7292191585015980032. Current Snapshot: MvccSnapshot[applied={T|T < 7292191586511880192}]
I20260601 13:23:32.053535 29405 file_cache.cc:492] Constructed file cache file cache with capacity 419430
W20260601 13:23:32.055323  1686 instance_detector.cc:116] could not retrieve Azure instance metadata: Network error: curl error: HTTP response code said error: The requested URL returned error: 404
I20260601 13:23:32.055735 29405 server_base.cc:1061] running on GCE node
W20260601 13:23:32.060487  1685 instance_detector.cc:116] could not retrieve AWS instance metadata: Network error: curl error: HTTP response code said error: The requested URL returned error: 404
W20260601 13:23:32.063349  1688 instance_detector.cc:116] could not retrieve OpenStack instance metadata: Network error: curl error: HTTP response code said error: The requested URL returned error: 404
I20260601 13:23:32.063609 29405 hybrid_clock.cc:584] initializing the hybrid clock with 'system_unsync' time source
W20260601 13:23:32.063694 29405 system_unsync_time.cc:38] NTP support is disabled. Clock error bounds will not be accurate. This configuration is not suitable for distributed clusters.
I20260601 13:23:32.063732 29405 hybrid_clock.cc:648] HybridClock initialized: now 1780320212063731 us; error 0 us; skew 500 ppm
I20260601 13:23:32.064779 29405 webserver.cc:533] Webserver started at http://127.28.183.68:33393/ using document root <none> and password file <none>
I20260601 13:23:32.064975 29405 fs_manager.cc:362] Metadata directory not provided
I20260601 13:23:32.065068 29405 fs_manager.cc:368] Using write-ahead log directory (fs_wal_dir) as metadata directory
I20260601 13:23:32.065152 29405 server_base.cc:909] This appears to be a new deployment of Kudu; creating new FS layout
I20260601 13:23:32.065650 29405 fs_manager.cc:1068] Generated new instance metadata in path /tmp/dist-test-taskmTjY_V/test-tmp/auto_rebalancer-test.0.AutoRebalancerTest.TestMaxMovesPerServer.1780320108011708-29405-0/minicluster-data/ts-3-root/instance:
uuid: "fa8614154b7b44eda939f55daf6c4673"
format_stamp: "Formatted at 2026-06-01 13:23:32 on dist-test-slave-0cjc"
I20260601 13:23:32.067155 29405 fs_manager.cc:696] Time spent creating directory manager: real 0.001s	user 0.002s	sys 0.000s
I20260601 13:23:32.068025  1693 log_block_manager.cc:4031] Time spent loading block containers with low live blocks: real 0.000s	user 0.000s	sys 0.000s
I20260601 13:23:32.068262 29405 fs_manager.cc:730] Time spent opening block manager: real 0.001s	user 0.001s	sys 0.000s
I20260601 13:23:32.068367 29405 fs_manager.cc:647] Opened local filesystem: /tmp/dist-test-taskmTjY_V/test-tmp/auto_rebalancer-test.0.AutoRebalancerTest.TestMaxMovesPerServer.1780320108011708-29405-0/minicluster-data/ts-3-root
uuid: "fa8614154b7b44eda939f55daf6c4673"
format_stamp: "Formatted at 2026-06-01 13:23:32 on dist-test-slave-0cjc"
I20260601 13:23:32.068456 29405 fs_report.cc:389] FS layout report
--------------------
wal directory: /tmp/dist-test-taskmTjY_V/test-tmp/auto_rebalancer-test.0.AutoRebalancerTest.TestMaxMovesPerServer.1780320108011708-29405-0/minicluster-data/ts-3-root
metadata directory: /tmp/dist-test-taskmTjY_V/test-tmp/auto_rebalancer-test.0.AutoRebalancerTest.TestMaxMovesPerServer.1780320108011708-29405-0/minicluster-data/ts-3-root
1 data directories: /tmp/dist-test-taskmTjY_V/test-tmp/auto_rebalancer-test.0.AutoRebalancerTest.TestMaxMovesPerServer.1780320108011708-29405-0/minicluster-data/ts-3-root/data
Total live blocks: 0
Total live bytes: 0
Total live bytes (after alignment): 0
Total number of LBM containers: 0 (0 full)
Did not check for missing blocks
Did not check for orphaned blocks
Total full LBM containers with extra space: 0 (0 repaired)
Total full LBM container extra space in bytes: 0 (0 repaired)
Total incomplete LBM containers: 0 (0 repaired)
Total LBM partial records: 0 (0 repaired)
Total corrupted LBM metadata records in RocksDB: 0 (0 repaired)
I20260601 13:23:32.079388 29405 rpc_server.cc:225] running with OpenSSL 1.1.1  11 Sep 2018
I20260601 13:23:32.079780 29405 kserver.cc:163] Server-wide thread pool size limit: 3276
I20260601 13:23:32.080075 29405 txn_system_client.cc:432] TxnSystemClient initialization is disabled...
I20260601 13:23:32.080608 29405 ts_tablet_manager.cc:585] Loaded tablet metadata (0 total tablets, 0 live tablets)
I20260601 13:23:32.080647 29405 ts_tablet_manager.cc:531] Time spent load tablet metadata: real 0.000s	user 0.000s	sys 0.000s
I20260601 13:23:32.080677 29405 ts_tablet_manager.cc:616] Registered 0 tablets
I20260601 13:23:32.080703 29405 ts_tablet_manager.cc:595] Time spent register tablets: real 0.000s	user 0.000s	sys 0.000s
I20260601 13:23:32.085175 29405 rpc_server.cc:307] RPC server started. Bound to: 127.28.183.68:33493
I20260601 13:23:32.085217  1756 acceptor_pool.cc:272] collecting diagnostics on the listening RPC socket 127.28.183.68:33493 every 8 connection(s)
I20260601 13:23:32.086108 29405 file_cache.cc:492] Constructed file cache file cache with capacity 419430
W20260601 13:23:32.087916  1761 instance_detector.cc:116] could not retrieve AWS instance metadata: Network error: curl error: HTTP response code said error: The requested URL returned error: 404
W20260601 13:23:32.088124  1762 instance_detector.cc:116] could not retrieve Azure instance metadata: Network error: curl error: HTTP response code said error: The requested URL returned error: 404
W20260601 13:23:32.088200  1764 instance_detector.cc:116] could not retrieve OpenStack instance metadata: Network error: curl error: HTTP response code said error: The requested URL returned error: 404
I20260601 13:23:32.088351 29405 server_base.cc:1061] running on GCE node
I20260601 13:23:32.088686 29405 hybrid_clock.cc:584] initializing the hybrid clock with 'system_unsync' time source
W20260601 13:23:32.088730 29405 system_unsync_time.cc:38] NTP support is disabled. Clock error bounds will not be accurate. This configuration is not suitable for distributed clusters.
I20260601 13:23:32.088748 29405 hybrid_clock.cc:648] HybridClock initialized: now 1780320212088748 us; error 0 us; skew 500 ppm
I20260601 13:23:32.089855 29405 webserver.cc:533] Webserver started at http://127.28.183.69:45021/ using document root <none> and password file <none>
I20260601 13:23:32.090000 29405 fs_manager.cc:362] Metadata directory not provided
I20260601 13:23:32.090065 29405 fs_manager.cc:368] Using write-ahead log directory (fs_wal_dir) as metadata directory
I20260601 13:23:32.090142 29405 server_base.cc:909] This appears to be a new deployment of Kudu; creating new FS layout
I20260601 13:23:32.090332  1757 heartbeater.cc:344] Connected to a master server at 127.28.183.126:36987
I20260601 13:23:32.090415  1757 heartbeater.cc:461] Registering TS with master...
I20260601 13:23:32.090548 29405 fs_manager.cc:1068] Generated new instance metadata in path /tmp/dist-test-taskmTjY_V/test-tmp/auto_rebalancer-test.0.AutoRebalancerTest.TestMaxMovesPerServer.1780320108011708-29405-0/minicluster-data/ts-4-root/instance:
uuid: "9606da2a6ecb4163a9ee9b103ea87393"
format_stamp: "Formatted at 2026-06-01 13:23:32 on dist-test-slave-0cjc"
I20260601 13:23:32.090626  1757 heartbeater.cc:507] Master 127.28.183.126:36987 requested a full tablet report, sending...
I20260601 13:23:32.091256  1234 ts_manager.cc:194] Registered new tserver with Master: fa8614154b7b44eda939f55daf6c4673 (127.28.183.68:33493)
I20260601 13:23:32.091970  1234 master_service.cc:502] Signed X509 certificate for tserver {username='slave'} at 127.0.0.1:60898
I20260601 13:23:32.092291 29405 fs_manager.cc:696] Time spent creating directory manager: real 0.001s	user 0.002s	sys 0.000s
I20260601 13:23:32.093210  1769 log_block_manager.cc:4031] Time spent loading block containers with low live blocks: real 0.000s	user 0.000s	sys 0.000s
I20260601 13:23:32.093443 29405 fs_manager.cc:730] Time spent opening block manager: real 0.001s	user 0.001s	sys 0.000s
I20260601 13:23:32.093504 29405 fs_manager.cc:647] Opened local filesystem: /tmp/dist-test-taskmTjY_V/test-tmp/auto_rebalancer-test.0.AutoRebalancerTest.TestMaxMovesPerServer.1780320108011708-29405-0/minicluster-data/ts-4-root
uuid: "9606da2a6ecb4163a9ee9b103ea87393"
format_stamp: "Formatted at 2026-06-01 13:23:32 on dist-test-slave-0cjc"
I20260601 13:23:32.093583 29405 fs_report.cc:389] FS layout report
--------------------
wal directory: /tmp/dist-test-taskmTjY_V/test-tmp/auto_rebalancer-test.0.AutoRebalancerTest.TestMaxMovesPerServer.1780320108011708-29405-0/minicluster-data/ts-4-root
metadata directory: /tmp/dist-test-taskmTjY_V/test-tmp/auto_rebalancer-test.0.AutoRebalancerTest.TestMaxMovesPerServer.1780320108011708-29405-0/minicluster-data/ts-4-root
1 data directories: /tmp/dist-test-taskmTjY_V/test-tmp/auto_rebalancer-test.0.AutoRebalancerTest.TestMaxMovesPerServer.1780320108011708-29405-0/minicluster-data/ts-4-root/data
Total live blocks: 0
Total live bytes: 0
Total live bytes (after alignment): 0
Total number of LBM containers: 0 (0 full)
Did not check for missing blocks
Did not check for orphaned blocks
Total full LBM containers with extra space: 0 (0 repaired)
Total full LBM container extra space in bytes: 0 (0 repaired)
Total incomplete LBM containers: 0 (0 repaired)
Total LBM partial records: 0 (0 repaired)
Total corrupted LBM metadata records in RocksDB: 0 (0 repaired)
I20260601 13:23:32.106663 29405 rpc_server.cc:225] running with OpenSSL 1.1.1  11 Sep 2018
I20260601 13:23:32.107053 29405 kserver.cc:163] Server-wide thread pool size limit: 3276
I20260601 13:23:32.107328 29405 txn_system_client.cc:432] TxnSystemClient initialization is disabled...
I20260601 13:23:32.107750 29405 ts_tablet_manager.cc:585] Loaded tablet metadata (0 total tablets, 0 live tablets)
I20260601 13:23:32.107828 29405 ts_tablet_manager.cc:531] Time spent load tablet metadata: real 0.000s	user 0.000s	sys 0.000s
I20260601 13:23:32.107913 29405 ts_tablet_manager.cc:616] Registered 0 tablets
I20260601 13:23:32.107960 29405 ts_tablet_manager.cc:595] Time spent register tablets: real 0.000s	user 0.000s	sys 0.000s
I20260601 13:23:32.112782 29405 rpc_server.cc:307] RPC server started. Bound to: 127.28.183.69:43879
I20260601 13:23:32.112838  1833 acceptor_pool.cc:272] collecting diagnostics on the listening RPC socket 127.28.183.69:43879 every 8 connection(s)
I20260601 13:23:32.113633 29405 file_cache.cc:492] Constructed file cache file cache with capacity 419430
W20260601 13:23:32.115499  1840 instance_detector.cc:116] could not retrieve OpenStack instance metadata: Network error: curl error: HTTP response code said error: The requested URL returned error: 404
W20260601 13:23:32.115499  1838 instance_detector.cc:116] could not retrieve Azure instance metadata: Network error: curl error: HTTP response code said error: The requested URL returned error: 404
W20260601 13:23:32.115662  1837 instance_detector.cc:116] could not retrieve AWS instance metadata: Network error: curl error: HTTP response code said error: The requested URL returned error: 404
I20260601 13:23:32.116250 29405 server_base.cc:1061] running on GCE node
I20260601 13:23:32.116467 29405 hybrid_clock.cc:584] initializing the hybrid clock with 'system_unsync' time source
W20260601 13:23:32.116529 29405 system_unsync_time.cc:38] NTP support is disabled. Clock error bounds will not be accurate. This configuration is not suitable for distributed clusters.
I20260601 13:23:32.116573 29405 hybrid_clock.cc:648] HybridClock initialized: now 1780320212116572 us; error 0 us; skew 500 ppm
I20260601 13:23:32.117518 29405 webserver.cc:533] Webserver started at http://127.28.183.70:34977/ using document root <none> and password file <none>
I20260601 13:23:32.117666 29405 fs_manager.cc:362] Metadata directory not provided
I20260601 13:23:32.117733 29405 fs_manager.cc:368] Using write-ahead log directory (fs_wal_dir) as metadata directory
I20260601 13:23:32.117771  1834 heartbeater.cc:344] Connected to a master server at 127.28.183.126:36987
I20260601 13:23:32.117797 29405 server_base.cc:909] This appears to be a new deployment of Kudu; creating new FS layout
I20260601 13:23:32.117846  1834 heartbeater.cc:461] Registering TS with master...
I20260601 13:23:32.117981  1834 heartbeater.cc:507] Master 127.28.183.126:36987 requested a full tablet report, sending...
I20260601 13:23:32.118144 29405 fs_manager.cc:1068] Generated new instance metadata in path /tmp/dist-test-taskmTjY_V/test-tmp/auto_rebalancer-test.0.AutoRebalancerTest.TestMaxMovesPerServer.1780320108011708-29405-0/minicluster-data/ts-5-root/instance:
uuid: "369379b5076f4bb3821175adebbd271c"
format_stamp: "Formatted at 2026-06-01 13:23:32 on dist-test-slave-0cjc"
I20260601 13:23:32.118544  1234 ts_manager.cc:194] Registered new tserver with Master: 9606da2a6ecb4163a9ee9b103ea87393 (127.28.183.69:43879)
I20260601 13:23:32.119005  1234 master_service.cc:502] Signed X509 certificate for tserver {username='slave'} at 127.0.0.1:60902
I20260601 13:23:32.119695 29405 fs_manager.cc:696] Time spent creating directory manager: real 0.001s	user 0.002s	sys 0.000s
I20260601 13:23:32.120570  1845 log_block_manager.cc:4031] Time spent loading block containers with low live blocks: real 0.000s	user 0.000s	sys 0.000s
I20260601 13:23:32.120772 29405 fs_manager.cc:730] Time spent opening block manager: real 0.001s	user 0.001s	sys 0.000s
I20260601 13:23:32.120847 29405 fs_manager.cc:647] Opened local filesystem: /tmp/dist-test-taskmTjY_V/test-tmp/auto_rebalancer-test.0.AutoRebalancerTest.TestMaxMovesPerServer.1780320108011708-29405-0/minicluster-data/ts-5-root
uuid: "369379b5076f4bb3821175adebbd271c"
format_stamp: "Formatted at 2026-06-01 13:23:32 on dist-test-slave-0cjc"
I20260601 13:23:32.120914 29405 fs_report.cc:389] FS layout report
--------------------
wal directory: /tmp/dist-test-taskmTjY_V/test-tmp/auto_rebalancer-test.0.AutoRebalancerTest.TestMaxMovesPerServer.1780320108011708-29405-0/minicluster-data/ts-5-root
metadata directory: /tmp/dist-test-taskmTjY_V/test-tmp/auto_rebalancer-test.0.AutoRebalancerTest.TestMaxMovesPerServer.1780320108011708-29405-0/minicluster-data/ts-5-root
1 data directories: /tmp/dist-test-taskmTjY_V/test-tmp/auto_rebalancer-test.0.AutoRebalancerTest.TestMaxMovesPerServer.1780320108011708-29405-0/minicluster-data/ts-5-root/data
Total live blocks: 0
Total live bytes: 0
Total live bytes (after alignment): 0
Total number of LBM containers: 0 (0 full)
Did not check for missing blocks
Did not check for orphaned blocks
Total full LBM containers with extra space: 0 (0 repaired)
Total full LBM container extra space in bytes: 0 (0 repaired)
Total incomplete LBM containers: 0 (0 repaired)
Total LBM partial records: 0 (0 repaired)
Total corrupted LBM metadata records in RocksDB: 0 (0 repaired)
I20260601 13:23:32.135329 29405 rpc_server.cc:225] running with OpenSSL 1.1.1  11 Sep 2018
I20260601 13:23:32.135710 29405 kserver.cc:163] Server-wide thread pool size limit: 3276
I20260601 13:23:32.135983 29405 txn_system_client.cc:432] TxnSystemClient initialization is disabled...
I20260601 13:23:32.136502 29405 ts_tablet_manager.cc:585] Loaded tablet metadata (0 total tablets, 0 live tablets)
I20260601 13:23:32.136569 29405 ts_tablet_manager.cc:531] Time spent load tablet metadata: real 0.000s	user 0.000s	sys 0.000s
I20260601 13:23:32.136622 29405 ts_tablet_manager.cc:616] Registered 0 tablets
I20260601 13:23:32.136653 29405 ts_tablet_manager.cc:595] Time spent register tablets: real 0.000s	user 0.000s	sys 0.000s
I20260601 13:23:32.141767 29405 rpc_server.cc:307] RPC server started. Bound to: 127.28.183.70:43111
I20260601 13:23:32.141811  1908 acceptor_pool.cc:272] collecting diagnostics on the listening RPC socket 127.28.183.70:43111 every 8 connection(s)
I20260601 13:23:32.146095  1909 heartbeater.cc:344] Connected to a master server at 127.28.183.126:36987
I20260601 13:23:32.146212  1909 heartbeater.cc:461] Registering TS with master...
I20260601 13:23:32.146400  1909 heartbeater.cc:507] Master 127.28.183.126:36987 requested a full tablet report, sending...
I20260601 13:23:32.146960  1234 ts_manager.cc:194] Registered new tserver with Master: 369379b5076f4bb3821175adebbd271c (127.28.183.70:43111)
I20260601 13:23:32.147433  1234 master_service.cc:502] Signed X509 certificate for tserver {username='slave'} at 127.0.0.1:60908
I20260601 13:23:32.925637  1497 consensus_queue.cc:237] T eac12936faa6437c9baa6ffa4b4bc4ae P c696c713144749edacd27dfe96ccc599 [LEADER]: Queue going to LEADER mode. State: All replicated index: 0, Majority replicated index: 29, Committed index: 29, Last appended: 1.29, Last appended by leader: 0, Current term: 1, Majority size: 2, State: 0, Mode: LEADER, active raft config: opid_index: 30 OBSOLETE_local: false peers { permanent_uuid: "7c1f665b1bb64e8ea18ae64a43aafffd" member_type: VOTER last_known_addr { host: "127.28.183.65" port: 42531 } attrs { replace: true } } peers { permanent_uuid: "6bba300a35a9496aa23882319ecae75e" member_type: VOTER last_known_addr { host: "127.28.183.66" port: 36265 } } peers { permanent_uuid: "c696c713144749edacd27dfe96ccc599" member_type: VOTER last_known_addr { host: "127.28.183.67" port: 37993 } } peers { permanent_uuid: "fa8614154b7b44eda939f55daf6c4673" member_type: NON_VOTER last_known_addr { host: "127.28.183.68" port: 33493 } attrs { promote: true } }
I20260601 13:23:32.927012  1347 raft_consensus.cc:1275] T eac12936faa6437c9baa6ffa4b4bc4ae P 7c1f665b1bb64e8ea18ae64a43aafffd [term 1 FOLLOWER]: Refusing update from remote peer c696c713144749edacd27dfe96ccc599: Log matching property violated. Preceding OpId in replica: term: 1 index: 29. Preceding OpId from leader: term: 1 index: 30. (index mismatch)
I20260601 13:23:32.927341  1420 raft_consensus.cc:1275] T eac12936faa6437c9baa6ffa4b4bc4ae P 6bba300a35a9496aa23882319ecae75e [term 1 FOLLOWER]: Refusing update from remote peer c696c713144749edacd27dfe96ccc599: Log matching property violated. Preceding OpId in replica: term: 1 index: 29. Preceding OpId from leader: term: 1 index: 30. (index mismatch)
I20260601 13:23:32.927438  1915 consensus_queue.cc:1048] T eac12936faa6437c9baa6ffa4b4bc4ae P c696c713144749edacd27dfe96ccc599 [LEADER]: Connected to new peer: Peer: permanent_uuid: "7c1f665b1bb64e8ea18ae64a43aafffd" member_type: VOTER last_known_addr { host: "127.28.183.65" port: 42531 } attrs { replace: true }, Status: LMP_MISMATCH, Last received: 0.0, Next index: 30, Last known committed idx: 29, Time since last communication: 0.000s
I20260601 13:23:32.927711  1644 consensus_queue.cc:1048] T eac12936faa6437c9baa6ffa4b4bc4ae P c696c713144749edacd27dfe96ccc599 [LEADER]: Connected to new peer: Peer: permanent_uuid: "6bba300a35a9496aa23882319ecae75e" member_type: VOTER last_known_addr { host: "127.28.183.66" port: 36265 }, Status: LMP_MISMATCH, Last received: 0.0, Next index: 30, Last known committed idx: 29, Time since last communication: 0.000s
I20260601 13:23:32.928887  1915 raft_consensus.cc:2955] T eac12936faa6437c9baa6ffa4b4bc4ae P c696c713144749edacd27dfe96ccc599 [term 1 LEADER]: Committing config change with OpId 1.30: config changed from index -1 to 30, NON_VOTER fa8614154b7b44eda939f55daf6c4673 (127.28.183.68) added. New config: { opid_index: 30 OBSOLETE_local: false peers { permanent_uuid: "7c1f665b1bb64e8ea18ae64a43aafffd" member_type: VOTER last_known_addr { host: "127.28.183.65" port: 42531 } attrs { replace: true } } peers { permanent_uuid: "6bba300a35a9496aa23882319ecae75e" member_type: VOTER last_known_addr { host: "127.28.183.66" port: 36265 } } peers { permanent_uuid: "c696c713144749edacd27dfe96ccc599" member_type: VOTER last_known_addr { host: "127.28.183.67" port: 37993 } } peers { permanent_uuid: "fa8614154b7b44eda939f55daf6c4673" member_type: NON_VOTER last_known_addr { host: "127.28.183.68" port: 33493 } attrs { promote: true } } }
I20260601 13:23:32.929241  1347 raft_consensus.cc:2955] T eac12936faa6437c9baa6ffa4b4bc4ae P 7c1f665b1bb64e8ea18ae64a43aafffd [term 1 FOLLOWER]: Committing config change with OpId 1.30: config changed from index -1 to 30, NON_VOTER fa8614154b7b44eda939f55daf6c4673 (127.28.183.68) added. New config: { opid_index: 30 OBSOLETE_local: false peers { permanent_uuid: "7c1f665b1bb64e8ea18ae64a43aafffd" member_type: VOTER last_known_addr { host: "127.28.183.65" port: 42531 } attrs { replace: true } } peers { permanent_uuid: "6bba300a35a9496aa23882319ecae75e" member_type: VOTER last_known_addr { host: "127.28.183.66" port: 36265 } } peers { permanent_uuid: "c696c713144749edacd27dfe96ccc599" member_type: VOTER last_known_addr { host: "127.28.183.67" port: 37993 } } peers { permanent_uuid: "fa8614154b7b44eda939f55daf6c4673" member_type: NON_VOTER last_known_addr { host: "127.28.183.68" port: 33493 } attrs { promote: true } } }
I20260601 13:23:32.929718  1420 raft_consensus.cc:2955] T eac12936faa6437c9baa6ffa4b4bc4ae P 6bba300a35a9496aa23882319ecae75e [term 1 FOLLOWER]: Committing config change with OpId 1.30: config changed from index -1 to 30, NON_VOTER fa8614154b7b44eda939f55daf6c4673 (127.28.183.68) added. New config: { opid_index: 30 OBSOLETE_local: false peers { permanent_uuid: "7c1f665b1bb64e8ea18ae64a43aafffd" member_type: VOTER last_known_addr { host: "127.28.183.65" port: 42531 } attrs { replace: true } } peers { permanent_uuid: "6bba300a35a9496aa23882319ecae75e" member_type: VOTER last_known_addr { host: "127.28.183.66" port: 36265 } } peers { permanent_uuid: "c696c713144749edacd27dfe96ccc599" member_type: VOTER last_known_addr { host: "127.28.183.67" port: 37993 } } peers { permanent_uuid: "fa8614154b7b44eda939f55daf6c4673" member_type: NON_VOTER last_known_addr { host: "127.28.183.68" port: 33493 } attrs { promote: true } } }
I20260601 13:23:32.931679  1234 catalog_manager.cc:5696] T eac12936faa6437c9baa6ffa4b4bc4ae P 7c1f665b1bb64e8ea18ae64a43aafffd reported cstate change: config changed from index -1 to 30, NON_VOTER fa8614154b7b44eda939f55daf6c4673 (127.28.183.68) added. New cstate: current_term: 1 leader_uuid: "c696c713144749edacd27dfe96ccc599" committed_config { opid_index: 30 OBSOLETE_local: false peers { permanent_uuid: "7c1f665b1bb64e8ea18ae64a43aafffd" member_type: VOTER last_known_addr { host: "127.28.183.65" port: 42531 } attrs { replace: true } } peers { permanent_uuid: "6bba300a35a9496aa23882319ecae75e" member_type: VOTER last_known_addr { host: "127.28.183.66" port: 36265 } } peers { permanent_uuid: "c696c713144749edacd27dfe96ccc599" member_type: VOTER last_known_addr { host: "127.28.183.67" port: 37993 } } peers { permanent_uuid: "fa8614154b7b44eda939f55daf6c4673" member_type: NON_VOTER last_known_addr { host: "127.28.183.68" port: 33493 } attrs { promote: true } } }
W20260601 13:23:32.932433  1462 consensus_peers.cc:597] T eac12936faa6437c9baa6ffa4b4bc4ae P c696c713144749edacd27dfe96ccc599 -> Peer fa8614154b7b44eda939f55daf6c4673 (127.28.183.68:33493): Couldn't send request to peer fa8614154b7b44eda939f55daf6c4673. Error code: TABLET_NOT_FOUND (6). Status: Not found: Tablet not found: eac12936faa6437c9baa6ffa4b4bc4ae. This is attempt 1: this message will repeat every 5th retry.
I20260601 13:23:32.935715  1347 consensus_queue.cc:237] T d5eb1faa983e4f22980f8defba8f40b7 P 7c1f665b1bb64e8ea18ae64a43aafffd [LEADER]: Queue going to LEADER mode. State: All replicated index: 0, Majority replicated index: 29, Committed index: 29, Last appended: 1.29, Last appended by leader: 0, Current term: 1, Majority size: 2, State: 0, Mode: LEADER, active raft config: opid_index: 30 OBSOLETE_local: false peers { permanent_uuid: "7c1f665b1bb64e8ea18ae64a43aafffd" member_type: VOTER last_known_addr { host: "127.28.183.65" port: 42531 } } peers { permanent_uuid: "6bba300a35a9496aa23882319ecae75e" member_type: VOTER last_known_addr { host: "127.28.183.66" port: 36265 } attrs { replace: true } } peers { permanent_uuid: "c696c713144749edacd27dfe96ccc599" member_type: VOTER last_known_addr { host: "127.28.183.67" port: 37993 } } peers { permanent_uuid: "9606da2a6ecb4163a9ee9b103ea87393" member_type: NON_VOTER last_known_addr { host: "127.28.183.69" port: 43879 } attrs { promote: true } }
I20260601 13:23:32.937108  1420 raft_consensus.cc:1275] T d5eb1faa983e4f22980f8defba8f40b7 P 6bba300a35a9496aa23882319ecae75e [term 1 FOLLOWER]: Refusing update from remote peer 7c1f665b1bb64e8ea18ae64a43aafffd: Log matching property violated. Preceding OpId in replica: term: 1 index: 29. Preceding OpId from leader: term: 1 index: 30. (index mismatch)
I20260601 13:23:32.937176  1497 raft_consensus.cc:1275] T d5eb1faa983e4f22980f8defba8f40b7 P c696c713144749edacd27dfe96ccc599 [term 1 FOLLOWER]: Refusing update from remote peer 7c1f665b1bb64e8ea18ae64a43aafffd: Log matching property violated. Preceding OpId in replica: term: 1 index: 29. Preceding OpId from leader: term: 1 index: 30. (index mismatch)
I20260601 13:23:32.937482  1634 consensus_queue.cc:1048] T d5eb1faa983e4f22980f8defba8f40b7 P 7c1f665b1bb64e8ea18ae64a43aafffd [LEADER]: Connected to new peer: Peer: permanent_uuid: "6bba300a35a9496aa23882319ecae75e" member_type: VOTER last_known_addr { host: "127.28.183.66" port: 36265 } attrs { replace: true }, Status: LMP_MISMATCH, Last received: 0.0, Next index: 30, Last known committed idx: 29, Time since last communication: 0.000s
I20260601 13:23:32.937610  1924 consensus_queue.cc:1048] T d5eb1faa983e4f22980f8defba8f40b7 P 7c1f665b1bb64e8ea18ae64a43aafffd [LEADER]: Connected to new peer: Peer: permanent_uuid: "c696c713144749edacd27dfe96ccc599" member_type: VOTER last_known_addr { host: "127.28.183.67" port: 37993 }, Status: LMP_MISMATCH, Last received: 0.0, Next index: 30, Last known committed idx: 29, Time since last communication: 0.000s
I20260601 13:23:32.938949  1924 raft_consensus.cc:2955] T d5eb1faa983e4f22980f8defba8f40b7 P 7c1f665b1bb64e8ea18ae64a43aafffd [term 1 LEADER]: Committing config change with OpId 1.30: config changed from index -1 to 30, NON_VOTER 9606da2a6ecb4163a9ee9b103ea87393 (127.28.183.69) added. New config: { opid_index: 30 OBSOLETE_local: false peers { permanent_uuid: "7c1f665b1bb64e8ea18ae64a43aafffd" member_type: VOTER last_known_addr { host: "127.28.183.65" port: 42531 } } peers { permanent_uuid: "6bba300a35a9496aa23882319ecae75e" member_type: VOTER last_known_addr { host: "127.28.183.66" port: 36265 } attrs { replace: true } } peers { permanent_uuid: "c696c713144749edacd27dfe96ccc599" member_type: VOTER last_known_addr { host: "127.28.183.67" port: 37993 } } peers { permanent_uuid: "9606da2a6ecb4163a9ee9b103ea87393" member_type: NON_VOTER last_known_addr { host: "127.28.183.69" port: 43879 } attrs { promote: true } } }
I20260601 13:23:32.939356  1497 raft_consensus.cc:2955] T d5eb1faa983e4f22980f8defba8f40b7 P c696c713144749edacd27dfe96ccc599 [term 1 FOLLOWER]: Committing config change with OpId 1.30: config changed from index -1 to 30, NON_VOTER 9606da2a6ecb4163a9ee9b103ea87393 (127.28.183.69) added. New config: { opid_index: 30 OBSOLETE_local: false peers { permanent_uuid: "7c1f665b1bb64e8ea18ae64a43aafffd" member_type: VOTER last_known_addr { host: "127.28.183.65" port: 42531 } } peers { permanent_uuid: "6bba300a35a9496aa23882319ecae75e" member_type: VOTER last_known_addr { host: "127.28.183.66" port: 36265 } attrs { replace: true } } peers { permanent_uuid: "c696c713144749edacd27dfe96ccc599" member_type: VOTER last_known_addr { host: "127.28.183.67" port: 37993 } } peers { permanent_uuid: "9606da2a6ecb4163a9ee9b103ea87393" member_type: NON_VOTER last_known_addr { host: "127.28.183.69" port: 43879 } attrs { promote: true } } }
I20260601 13:23:32.939356  1420 raft_consensus.cc:2955] T d5eb1faa983e4f22980f8defba8f40b7 P 6bba300a35a9496aa23882319ecae75e [term 1 FOLLOWER]: Committing config change with OpId 1.30: config changed from index -1 to 30, NON_VOTER 9606da2a6ecb4163a9ee9b103ea87393 (127.28.183.69) added. New config: { opid_index: 30 OBSOLETE_local: false peers { permanent_uuid: "7c1f665b1bb64e8ea18ae64a43aafffd" member_type: VOTER last_known_addr { host: "127.28.183.65" port: 42531 } } peers { permanent_uuid: "6bba300a35a9496aa23882319ecae75e" member_type: VOTER last_known_addr { host: "127.28.183.66" port: 36265 } attrs { replace: true } } peers { permanent_uuid: "c696c713144749edacd27dfe96ccc599" member_type: VOTER last_known_addr { host: "127.28.183.67" port: 37993 } } peers { permanent_uuid: "9606da2a6ecb4163a9ee9b103ea87393" member_type: NON_VOTER last_known_addr { host: "127.28.183.69" port: 43879 } attrs { promote: true } } }
I20260601 13:23:32.941319  1235 catalog_manager.cc:5696] T d5eb1faa983e4f22980f8defba8f40b7 P 6bba300a35a9496aa23882319ecae75e reported cstate change: config changed from index -1 to 30, NON_VOTER 9606da2a6ecb4163a9ee9b103ea87393 (127.28.183.69) added. New cstate: current_term: 1 leader_uuid: "7c1f665b1bb64e8ea18ae64a43aafffd" committed_config { opid_index: 30 OBSOLETE_local: false peers { permanent_uuid: "7c1f665b1bb64e8ea18ae64a43aafffd" member_type: VOTER last_known_addr { host: "127.28.183.65" port: 42531 } } peers { permanent_uuid: "6bba300a35a9496aa23882319ecae75e" member_type: VOTER last_known_addr { host: "127.28.183.66" port: 36265 } attrs { replace: true } } peers { permanent_uuid: "c696c713144749edacd27dfe96ccc599" member_type: VOTER last_known_addr { host: "127.28.183.67" port: 37993 } } peers { permanent_uuid: "9606da2a6ecb4163a9ee9b103ea87393" member_type: NON_VOTER last_known_addr { host: "127.28.183.69" port: 43879 } attrs { promote: true } } }
W20260601 13:23:32.942481  1311 consensus_peers.cc:597] T d5eb1faa983e4f22980f8defba8f40b7 P 7c1f665b1bb64e8ea18ae64a43aafffd -> Peer 9606da2a6ecb4163a9ee9b103ea87393 (127.28.183.69:43879): Couldn't send request to peer 9606da2a6ecb4163a9ee9b103ea87393. Error code: TABLET_NOT_FOUND (6). Status: Not found: Tablet not found: d5eb1faa983e4f22980f8defba8f40b7. This is attempt 1: this message will repeat every 5th retry.
I20260601 13:23:32.946223  1420 consensus_queue.cc:237] T e0e0b250670649a49023ddf64fc9bb06 P 6bba300a35a9496aa23882319ecae75e [LEADER]: Queue going to LEADER mode. State: All replicated index: 0, Majority replicated index: 29, Committed index: 29, Last appended: 1.29, Last appended by leader: 0, Current term: 1, Majority size: 2, State: 0, Mode: LEADER, active raft config: opid_index: 30 OBSOLETE_local: false peers { permanent_uuid: "7c1f665b1bb64e8ea18ae64a43aafffd" member_type: VOTER last_known_addr { host: "127.28.183.65" port: 42531 } } peers { permanent_uuid: "6bba300a35a9496aa23882319ecae75e" member_type: VOTER last_known_addr { host: "127.28.183.66" port: 36265 } } peers { permanent_uuid: "c696c713144749edacd27dfe96ccc599" member_type: VOTER last_known_addr { host: "127.28.183.67" port: 37993 } attrs { replace: true } } peers { permanent_uuid: "369379b5076f4bb3821175adebbd271c" member_type: NON_VOTER last_known_addr { host: "127.28.183.70" port: 43111 } attrs { promote: true } }
I20260601 13:23:32.947497  1347 raft_consensus.cc:1275] T e0e0b250670649a49023ddf64fc9bb06 P 7c1f665b1bb64e8ea18ae64a43aafffd [term 1 FOLLOWER]: Refusing update from remote peer 6bba300a35a9496aa23882319ecae75e: Log matching property violated. Preceding OpId in replica: term: 1 index: 29. Preceding OpId from leader: term: 1 index: 30. (index mismatch)
I20260601 13:23:32.947721  1497 raft_consensus.cc:1275] T e0e0b250670649a49023ddf64fc9bb06 P c696c713144749edacd27dfe96ccc599 [term 1 FOLLOWER]: Refusing update from remote peer 6bba300a35a9496aa23882319ecae75e: Log matching property violated. Preceding OpId in replica: term: 1 index: 29. Preceding OpId from leader: term: 1 index: 30. (index mismatch)
I20260601 13:23:32.947921  1928 consensus_queue.cc:1048] T e0e0b250670649a49023ddf64fc9bb06 P 6bba300a35a9496aa23882319ecae75e [LEADER]: Connected to new peer: Peer: permanent_uuid: "7c1f665b1bb64e8ea18ae64a43aafffd" member_type: VOTER last_known_addr { host: "127.28.183.65" port: 42531 }, Status: LMP_MISMATCH, Last received: 0.0, Next index: 30, Last known committed idx: 29, Time since last communication: 0.000s
I20260601 13:23:32.948135  1674 consensus_queue.cc:1048] T e0e0b250670649a49023ddf64fc9bb06 P 6bba300a35a9496aa23882319ecae75e [LEADER]: Connected to new peer: Peer: permanent_uuid: "c696c713144749edacd27dfe96ccc599" member_type: VOTER last_known_addr { host: "127.28.183.67" port: 37993 } attrs { replace: true }, Status: LMP_MISMATCH, Last received: 0.0, Next index: 30, Last known committed idx: 29, Time since last communication: 0.000s
I20260601 13:23:32.949607  1674 raft_consensus.cc:2955] T e0e0b250670649a49023ddf64fc9bb06 P 6bba300a35a9496aa23882319ecae75e [term 1 LEADER]: Committing config change with OpId 1.30: config changed from index -1 to 30, NON_VOTER 369379b5076f4bb3821175adebbd271c (127.28.183.70) added. New config: { opid_index: 30 OBSOLETE_local: false peers { permanent_uuid: "7c1f665b1bb64e8ea18ae64a43aafffd" member_type: VOTER last_known_addr { host: "127.28.183.65" port: 42531 } } peers { permanent_uuid: "6bba300a35a9496aa23882319ecae75e" member_type: VOTER last_known_addr { host: "127.28.183.66" port: 36265 } } peers { permanent_uuid: "c696c713144749edacd27dfe96ccc599" member_type: VOTER last_known_addr { host: "127.28.183.67" port: 37993 } attrs { replace: true } } peers { permanent_uuid: "369379b5076f4bb3821175adebbd271c" member_type: NON_VOTER last_known_addr { host: "127.28.183.70" port: 43111 } attrs { promote: true } } }
I20260601 13:23:32.949988  1497 raft_consensus.cc:2955] T e0e0b250670649a49023ddf64fc9bb06 P c696c713144749edacd27dfe96ccc599 [term 1 FOLLOWER]: Committing config change with OpId 1.30: config changed from index -1 to 30, NON_VOTER 369379b5076f4bb3821175adebbd271c (127.28.183.70) added. New config: { opid_index: 30 OBSOLETE_local: false peers { permanent_uuid: "7c1f665b1bb64e8ea18ae64a43aafffd" member_type: VOTER last_known_addr { host: "127.28.183.65" port: 42531 } } peers { permanent_uuid: "6bba300a35a9496aa23882319ecae75e" member_type: VOTER last_known_addr { host: "127.28.183.66" port: 36265 } } peers { permanent_uuid: "c696c713144749edacd27dfe96ccc599" member_type: VOTER last_known_addr { host: "127.28.183.67" port: 37993 } attrs { replace: true } } peers { permanent_uuid: "369379b5076f4bb3821175adebbd271c" member_type: NON_VOTER last_known_addr { host: "127.28.183.70" port: 43111 } attrs { promote: true } } }
I20260601 13:23:32.950194  1347 raft_consensus.cc:2955] T e0e0b250670649a49023ddf64fc9bb06 P 7c1f665b1bb64e8ea18ae64a43aafffd [term 1 FOLLOWER]: Committing config change with OpId 1.30: config changed from index -1 to 30, NON_VOTER 369379b5076f4bb3821175adebbd271c (127.28.183.70) added. New config: { opid_index: 30 OBSOLETE_local: false peers { permanent_uuid: "7c1f665b1bb64e8ea18ae64a43aafffd" member_type: VOTER last_known_addr { host: "127.28.183.65" port: 42531 } } peers { permanent_uuid: "6bba300a35a9496aa23882319ecae75e" member_type: VOTER last_known_addr { host: "127.28.183.66" port: 36265 } } peers { permanent_uuid: "c696c713144749edacd27dfe96ccc599" member_type: VOTER last_known_addr { host: "127.28.183.67" port: 37993 } attrs { replace: true } } peers { permanent_uuid: "369379b5076f4bb3821175adebbd271c" member_type: NON_VOTER last_known_addr { host: "127.28.183.70" port: 43111 } attrs { promote: true } } }
I20260601 13:23:32.951680  1234 catalog_manager.cc:5696] T e0e0b250670649a49023ddf64fc9bb06 P 6bba300a35a9496aa23882319ecae75e reported cstate change: config changed from index -1 to 30, NON_VOTER 369379b5076f4bb3821175adebbd271c (127.28.183.70) added. New cstate: current_term: 1 leader_uuid: "6bba300a35a9496aa23882319ecae75e" committed_config { opid_index: 30 OBSOLETE_local: false peers { permanent_uuid: "7c1f665b1bb64e8ea18ae64a43aafffd" member_type: VOTER last_known_addr { host: "127.28.183.65" port: 42531 } health_report { overall_health: HEALTHY } } peers { permanent_uuid: "6bba300a35a9496aa23882319ecae75e" member_type: VOTER last_known_addr { host: "127.28.183.66" port: 36265 } health_report { overall_health: HEALTHY } } peers { permanent_uuid: "c696c713144749edacd27dfe96ccc599" member_type: VOTER last_known_addr { host: "127.28.183.67" port: 37993 } attrs { replace: true } health_report { overall_health: HEALTHY } } peers { permanent_uuid: "369379b5076f4bb3821175adebbd271c" member_type: NON_VOTER last_known_addr { host: "127.28.183.70" port: 43111 } attrs { promote: true } health_report { overall_health: UNKNOWN } } }
I20260601 13:23:32.952425  1497 consensus_queue.cc:237] T dabfed68e20c428c87e9c5ef6e9a83f8 P c696c713144749edacd27dfe96ccc599 [LEADER]: Queue going to LEADER mode. State: All replicated index: 0, Majority replicated index: 29, Committed index: 29, Last appended: 1.29, Last appended by leader: 0, Current term: 1, Majority size: 2, State: 0, Mode: LEADER, active raft config: opid_index: 30 OBSOLETE_local: false peers { permanent_uuid: "7c1f665b1bb64e8ea18ae64a43aafffd" member_type: VOTER last_known_addr { host: "127.28.183.65" port: 42531 } } peers { permanent_uuid: "6bba300a35a9496aa23882319ecae75e" member_type: VOTER last_known_addr { host: "127.28.183.66" port: 36265 } attrs { replace: true } } peers { permanent_uuid: "c696c713144749edacd27dfe96ccc599" member_type: VOTER last_known_addr { host: "127.28.183.67" port: 37993 } } peers { permanent_uuid: "9606da2a6ecb4163a9ee9b103ea87393" member_type: NON_VOTER last_known_addr { host: "127.28.183.69" port: 43879 } attrs { promote: true } }
I20260601 13:23:32.953908  1347 raft_consensus.cc:1275] T dabfed68e20c428c87e9c5ef6e9a83f8 P 7c1f665b1bb64e8ea18ae64a43aafffd [term 1 FOLLOWER]: Refusing update from remote peer c696c713144749edacd27dfe96ccc599: Log matching property violated. Preceding OpId in replica: term: 1 index: 29. Preceding OpId from leader: term: 1 index: 30. (index mismatch)
I20260601 13:23:32.955034  1420 raft_consensus.cc:1275] T dabfed68e20c428c87e9c5ef6e9a83f8 P 6bba300a35a9496aa23882319ecae75e [term 1 FOLLOWER]: Refusing update from remote peer c696c713144749edacd27dfe96ccc599: Log matching property violated. Preceding OpId in replica: term: 1 index: 29. Preceding OpId from leader: term: 1 index: 30. (index mismatch)
I20260601 13:23:32.955377  1915 consensus_queue.cc:1048] T dabfed68e20c428c87e9c5ef6e9a83f8 P c696c713144749edacd27dfe96ccc599 [LEADER]: Connected to new peer: Peer: permanent_uuid: "7c1f665b1bb64e8ea18ae64a43aafffd" member_type: VOTER last_known_addr { host: "127.28.183.65" port: 42531 }, Status: LMP_MISMATCH, Last received: 0.0, Next index: 30, Last known committed idx: 29, Time since last communication: 0.000s
I20260601 13:23:32.955542  1914 consensus_queue.cc:1048] T dabfed68e20c428c87e9c5ef6e9a83f8 P c696c713144749edacd27dfe96ccc599 [LEADER]: Connected to new peer: Peer: permanent_uuid: "6bba300a35a9496aa23882319ecae75e" member_type: VOTER last_known_addr { host: "127.28.183.66" port: 36265 } attrs { replace: true }, Status: LMP_MISMATCH, Last received: 0.0, Next index: 30, Last known committed idx: 29, Time since last communication: 0.000s
W20260601 13:23:32.956130  1386 consensus_peers.cc:597] T e0e0b250670649a49023ddf64fc9bb06 P 6bba300a35a9496aa23882319ecae75e -> Peer 369379b5076f4bb3821175adebbd271c (127.28.183.70:43111): Couldn't send request to peer 369379b5076f4bb3821175adebbd271c. Error code: TABLET_NOT_FOUND (6). Status: Not found: Tablet not found: e0e0b250670649a49023ddf64fc9bb06. This is attempt 1: this message will repeat every 5th retry.
I20260601 13:23:32.957077  1644 raft_consensus.cc:2955] T dabfed68e20c428c87e9c5ef6e9a83f8 P c696c713144749edacd27dfe96ccc599 [term 1 LEADER]: Committing config change with OpId 1.30: config changed from index -1 to 30, NON_VOTER 9606da2a6ecb4163a9ee9b103ea87393 (127.28.183.69) added. New config: { opid_index: 30 OBSOLETE_local: false peers { permanent_uuid: "7c1f665b1bb64e8ea18ae64a43aafffd" member_type: VOTER last_known_addr { host: "127.28.183.65" port: 42531 } } peers { permanent_uuid: "6bba300a35a9496aa23882319ecae75e" member_type: VOTER last_known_addr { host: "127.28.183.66" port: 36265 } attrs { replace: true } } peers { permanent_uuid: "c696c713144749edacd27dfe96ccc599" member_type: VOTER last_known_addr { host: "127.28.183.67" port: 37993 } } peers { permanent_uuid: "9606da2a6ecb4163a9ee9b103ea87393" member_type: NON_VOTER last_known_addr { host: "127.28.183.69" port: 43879 } attrs { promote: true } } }
