I20260601 13:40:06.683291 20615 raft_consensus.cc:1275] T 5fd028c6563e4996b543b378fa932be0 P fb538f116c5e4404b49a4420d5e23376 [term 1 FOLLOWER]: Refusing update from remote peer 303659f541324953a5828e99b79e303c: Log matching property violated. Preceding OpId in replica: term: 1 index: 1. Preceding OpId from leader: term: 1 index: 2. (index mismatch)
I20260601 13:40:06.683486 21025 consensus_queue.cc:1048] T 5fd028c6563e4996b543b378fa932be0 P 303659f541324953a5828e99b79e303c [LEADER]: Connected to new peer: Peer: permanent_uuid: "4ab2f00a02e542f7afce3cc7bbc4f3e4" member_type: VOTER last_known_addr { host: "127.17.54.131" port: 36695 } attrs { replace: true }, Status: LMP_MISMATCH, Last received: 0.0, Next index: 2, Last known committed idx: 1, Time since last communication: 0.000s
I20260601 13:40:06.685010 21019 consensus_queue.cc:1048] T 5fd028c6563e4996b543b378fa932be0 P 303659f541324953a5828e99b79e303c [LEADER]: Connected to new peer: Peer: permanent_uuid: "fb538f116c5e4404b49a4420d5e23376" member_type: VOTER last_known_addr { host: "127.17.54.129" port: 42741 }, Status: LMP_MISMATCH, Last received: 0.0, Next index: 2, Last known committed idx: 1, Time since last communication: 0.000s
I20260601 13:40:06.685274 20852 raft_consensus.cc:2955] T 5fd028c6563e4996b543b378fa932be0 P 303659f541324953a5828e99b79e303c [term 1 LEADER]: Committing config change with OpId 1.2: config changed from index -1 to 2, NON_VOTER 1b18ef7096a245f7b7e3da3842064142 (127.17.54.132) added. New config: { opid_index: 2 OBSOLETE_local: false peers { permanent_uuid: "4ab2f00a02e542f7afce3cc7bbc4f3e4" member_type: VOTER last_known_addr { host: "127.17.54.131" port: 36695 } attrs { replace: true } } peers { permanent_uuid: "303659f541324953a5828e99b79e303c" member_type: VOTER last_known_addr { host: "127.17.54.130" port: 42481 } } peers { permanent_uuid: "fb538f116c5e4404b49a4420d5e23376" member_type: VOTER last_known_addr { host: "127.17.54.129" port: 42741 } } peers { permanent_uuid: "1b18ef7096a245f7b7e3da3842064142" member_type: NON_VOTER last_known_addr { host: "127.17.54.132" port: 33765 } attrs { promote: true } } }
I20260601 13:40:06.685635 20767 raft_consensus.cc:2955] T 5fd028c6563e4996b543b378fa932be0 P 4ab2f00a02e542f7afce3cc7bbc4f3e4 [term 1 FOLLOWER]: Committing config change with OpId 1.2: config changed from index -1 to 2, NON_VOTER 1b18ef7096a245f7b7e3da3842064142 (127.17.54.132) added. New config: { opid_index: 2 OBSOLETE_local: false peers { permanent_uuid: "4ab2f00a02e542f7afce3cc7bbc4f3e4" member_type: VOTER last_known_addr { host: "127.17.54.131" port: 36695 } attrs { replace: true } } peers { permanent_uuid: "303659f541324953a5828e99b79e303c" member_type: VOTER last_known_addr { host: "127.17.54.130" port: 42481 } } peers { permanent_uuid: "fb538f116c5e4404b49a4420d5e23376" member_type: VOTER last_known_addr { host: "127.17.54.129" port: 42741 } } peers { permanent_uuid: "1b18ef7096a245f7b7e3da3842064142" member_type: NON_VOTER last_known_addr { host: "127.17.54.132" port: 33765 } attrs { promote: true } } }
I20260601 13:40:06.687415 20513 catalog_manager.cc:5696] T 5fd028c6563e4996b543b378fa932be0 P 303659f541324953a5828e99b79e303c reported cstate change: config changed from index -1 to 2, NON_VOTER 1b18ef7096a245f7b7e3da3842064142 (127.17.54.132) added. New cstate: current_term: 1 leader_uuid: "303659f541324953a5828e99b79e303c" committed_config { opid_index: 2 OBSOLETE_local: false peers { permanent_uuid: "4ab2f00a02e542f7afce3cc7bbc4f3e4" member_type: VOTER last_known_addr { host: "127.17.54.131" port: 36695 } attrs { replace: true } health_report { overall_health: HEALTHY } } peers { permanent_uuid: "303659f541324953a5828e99b79e303c" member_type: VOTER last_known_addr { host: "127.17.54.130" port: 42481 } health_report { overall_health: HEALTHY } } peers { permanent_uuid: "fb538f116c5e4404b49a4420d5e23376" member_type: VOTER last_known_addr { host: "127.17.54.129" port: 42741 } health_report { overall_health: UNKNOWN } } peers { permanent_uuid: "1b18ef7096a245f7b7e3da3842064142" member_type: NON_VOTER last_known_addr { host: "127.17.54.132" port: 33765 } attrs { promote: true } health_report { overall_health: UNKNOWN } } }
I20260601 13:40:06.688172 20693 consensus_queue.cc:237] T 192eb07900ce410284d5a2cdeb068b7f P 303659f541324953a5828e99b79e303c [LEADER]: Queue going to LEADER mode. State: All replicated index: 0, Majority replicated index: 1, Committed index: 1, Last appended: 1.1, Last appended by leader: 0, Current term: 1, Majority size: 2, State: 0, Mode: LEADER, active raft config: opid_index: 2 OBSOLETE_local: false peers { permanent_uuid: "fb538f116c5e4404b49a4420d5e23376" member_type: VOTER last_known_addr { host: "127.17.54.129" port: 42741 } attrs { replace: true } } peers { permanent_uuid: "303659f541324953a5828e99b79e303c" member_type: VOTER last_known_addr { host: "127.17.54.130" port: 42481 } } peers { permanent_uuid: "4ab2f00a02e542f7afce3cc7bbc4f3e4" member_type: VOTER last_known_addr { host: "127.17.54.131" port: 36695 } } peers { permanent_uuid: "1b18ef7096a245f7b7e3da3842064142" member_type: NON_VOTER last_known_addr { host: "127.17.54.132" port: 33765 } attrs { promote: true } }
I20260601 13:40:06.688391 20615 raft_consensus.cc:2955] T 5fd028c6563e4996b543b378fa932be0 P fb538f116c5e4404b49a4420d5e23376 [term 1 FOLLOWER]: Committing config change with OpId 1.2: config changed from index -1 to 2, NON_VOTER 1b18ef7096a245f7b7e3da3842064142 (127.17.54.132) added. New config: { opid_index: 2 OBSOLETE_local: false peers { permanent_uuid: "4ab2f00a02e542f7afce3cc7bbc4f3e4" member_type: VOTER last_known_addr { host: "127.17.54.131" port: 36695 } attrs { replace: true } } peers { permanent_uuid: "303659f541324953a5828e99b79e303c" member_type: VOTER last_known_addr { host: "127.17.54.130" port: 42481 } } peers { permanent_uuid: "fb538f116c5e4404b49a4420d5e23376" member_type: VOTER last_known_addr { host: "127.17.54.129" port: 42741 } } peers { permanent_uuid: "1b18ef7096a245f7b7e3da3842064142" member_type: NON_VOTER last_known_addr { host: "127.17.54.132" port: 33765 } attrs { promote: true } } }
I20260601 13:40:06.689471 20767 raft_consensus.cc:1275] T 192eb07900ce410284d5a2cdeb068b7f P 4ab2f00a02e542f7afce3cc7bbc4f3e4 [term 1 FOLLOWER]: Refusing update from remote peer 303659f541324953a5828e99b79e303c: Log matching property violated. Preceding OpId in replica: term: 1 index: 1. Preceding OpId from leader: term: 1 index: 2. (index mismatch)
W20260601 13:40:06.689805 20659 consensus_peers.cc:597] T 192eb07900ce410284d5a2cdeb068b7f P 303659f541324953a5828e99b79e303c -> Peer 1b18ef7096a245f7b7e3da3842064142 (127.17.54.132:33765): Couldn't send request to peer 1b18ef7096a245f7b7e3da3842064142. Error code: TABLET_NOT_FOUND (6). Status: Not found: Tablet not found: 192eb07900ce410284d5a2cdeb068b7f. This is attempt 1: this message will repeat every 5th retry.
I20260601 13:40:06.689901 20852 consensus_queue.cc:1048] T 192eb07900ce410284d5a2cdeb068b7f P 303659f541324953a5828e99b79e303c [LEADER]: Connected to new peer: Peer: permanent_uuid: "4ab2f00a02e542f7afce3cc7bbc4f3e4" member_type: VOTER last_known_addr { host: "127.17.54.131" port: 36695 }, Status: LMP_MISMATCH, Last received: 0.0, Next index: 2, Last known committed idx: 1, Time since last communication: 0.000s
I20260601 13:40:06.690682 20615 raft_consensus.cc:1275] T 192eb07900ce410284d5a2cdeb068b7f P fb538f116c5e4404b49a4420d5e23376 [term 1 FOLLOWER]: Refusing update from remote peer 303659f541324953a5828e99b79e303c: Log matching property violated. Preceding OpId in replica: term: 1 index: 1. Preceding OpId from leader: term: 1 index: 2. (index mismatch)
I20260601 13:40:06.690984 21025 consensus_queue.cc:1048] T 192eb07900ce410284d5a2cdeb068b7f P 303659f541324953a5828e99b79e303c [LEADER]: Connected to new peer: Peer: permanent_uuid: "fb538f116c5e4404b49a4420d5e23376" member_type: VOTER last_known_addr { host: "127.17.54.129" port: 42741 } attrs { replace: true }, Status: LMP_MISMATCH, Last received: 0.0, Next index: 2, Last known committed idx: 1, Time since last communication: 0.000s
I20260601 13:40:06.691529 20852 raft_consensus.cc:2955] T 192eb07900ce410284d5a2cdeb068b7f P 303659f541324953a5828e99b79e303c [term 1 LEADER]: Committing config change with OpId 1.2: config changed from index -1 to 2, NON_VOTER 1b18ef7096a245f7b7e3da3842064142 (127.17.54.132) added. New config: { opid_index: 2 OBSOLETE_local: false peers { permanent_uuid: "fb538f116c5e4404b49a4420d5e23376" member_type: VOTER last_known_addr { host: "127.17.54.129" port: 42741 } attrs { replace: true } } peers { permanent_uuid: "303659f541324953a5828e99b79e303c" member_type: VOTER last_known_addr { host: "127.17.54.130" port: 42481 } } peers { permanent_uuid: "4ab2f00a02e542f7afce3cc7bbc4f3e4" member_type: VOTER last_known_addr { host: "127.17.54.131" port: 36695 } } peers { permanent_uuid: "1b18ef7096a245f7b7e3da3842064142" member_type: NON_VOTER last_known_addr { host: "127.17.54.132" port: 33765 } attrs { promote: true } } }
I20260601 13:40:06.691905 20767 raft_consensus.cc:2955] T 192eb07900ce410284d5a2cdeb068b7f P 4ab2f00a02e542f7afce3cc7bbc4f3e4 [term 1 FOLLOWER]: Committing config change with OpId 1.2: config changed from index -1 to 2, NON_VOTER 1b18ef7096a245f7b7e3da3842064142 (127.17.54.132) added. New config: { opid_index: 2 OBSOLETE_local: false peers { permanent_uuid: "fb538f116c5e4404b49a4420d5e23376" member_type: VOTER last_known_addr { host: "127.17.54.129" port: 42741 } attrs { replace: true } } peers { permanent_uuid: "303659f541324953a5828e99b79e303c" member_type: VOTER last_known_addr { host: "127.17.54.130" port: 42481 } } peers { permanent_uuid: "4ab2f00a02e542f7afce3cc7bbc4f3e4" member_type: VOTER last_known_addr { host: "127.17.54.131" port: 36695 } } peers { permanent_uuid: "1b18ef7096a245f7b7e3da3842064142" member_type: NON_VOTER last_known_addr { host: "127.17.54.132" port: 33765 } attrs { promote: true } } }
I20260601 13:40:06.693046 20615 raft_consensus.cc:2955] T 192eb07900ce410284d5a2cdeb068b7f P fb538f116c5e4404b49a4420d5e23376 [term 1 FOLLOWER]: Committing config change with OpId 1.2: config changed from index -1 to 2, NON_VOTER 1b18ef7096a245f7b7e3da3842064142 (127.17.54.132) added. New config: { opid_index: 2 OBSOLETE_local: false peers { permanent_uuid: "fb538f116c5e4404b49a4420d5e23376" member_type: VOTER last_known_addr { host: "127.17.54.129" port: 42741 } attrs { replace: true } } peers { permanent_uuid: "303659f541324953a5828e99b79e303c" member_type: VOTER last_known_addr { host: "127.17.54.130" port: 42481 } } peers { permanent_uuid: "4ab2f00a02e542f7afce3cc7bbc4f3e4" member_type: VOTER last_known_addr { host: "127.17.54.131" port: 36695 } } peers { permanent_uuid: "1b18ef7096a245f7b7e3da3842064142" member_type: NON_VOTER last_known_addr { host: "127.17.54.132" port: 33765 } attrs { promote: true } } }
I20260601 13:40:06.693420 20513 catalog_manager.cc:5696] T 192eb07900ce410284d5a2cdeb068b7f P 303659f541324953a5828e99b79e303c reported cstate change: config changed from index -1 to 2, NON_VOTER 1b18ef7096a245f7b7e3da3842064142 (127.17.54.132) added. New cstate: current_term: 1 leader_uuid: "303659f541324953a5828e99b79e303c" committed_config { opid_index: 2 OBSOLETE_local: false peers { permanent_uuid: "fb538f116c5e4404b49a4420d5e23376" member_type: VOTER last_known_addr { host: "127.17.54.129" port: 42741 } attrs { replace: true } health_report { overall_health: HEALTHY } } peers { permanent_uuid: "303659f541324953a5828e99b79e303c" member_type: VOTER last_known_addr { host: "127.17.54.130" port: 42481 } health_report { overall_health: HEALTHY } } peers { permanent_uuid: "4ab2f00a02e542f7afce3cc7bbc4f3e4" member_type: VOTER last_known_addr { host: "127.17.54.131" port: 36695 } health_report { overall_health: HEALTHY } } peers { permanent_uuid: "1b18ef7096a245f7b7e3da3842064142" member_type: NON_VOTER last_known_addr { host: "127.17.54.132" port: 33765 } attrs { promote: true } health_report { overall_health: UNKNOWN } } }
I20260601 13:40:07.096781 21039 ts_tablet_manager.cc:933] T 5fd028c6563e4996b543b378fa932be0 P 1b18ef7096a245f7b7e3da3842064142: Initiating tablet copy from peer 303659f541324953a5828e99b79e303c (127.17.54.130:42481)
I20260601 13:40:07.097276 21039 tablet_copy_client.cc:323] T 5fd028c6563e4996b543b378fa932be0 P 1b18ef7096a245f7b7e3da3842064142: tablet copy: Beginning tablet copy session from remote peer at address 127.17.54.130:42481
I20260601 13:40:07.098666 21042 ts_tablet_manager.cc:933] T 268d00bba6e949d89856a67ffe2aa799 P 1b18ef7096a245f7b7e3da3842064142: Initiating tablet copy from peer 4ab2f00a02e542f7afce3cc7bbc4f3e4 (127.17.54.131:36695)
I20260601 13:40:07.099017 21042 tablet_copy_client.cc:323] T 268d00bba6e949d89856a67ffe2aa799 P 1b18ef7096a245f7b7e3da3842064142: tablet copy: Beginning tablet copy session from remote peer at address 127.17.54.131:36695
I20260601 13:40:07.099597 20778 tablet_copy_service.cc:140] P 4ab2f00a02e542f7afce3cc7bbc4f3e4: Received BeginTabletCopySession request for tablet 268d00bba6e949d89856a67ffe2aa799 from peer 1b18ef7096a245f7b7e3da3842064142 ({username='slave'} at 127.0.0.1:41452)
I20260601 13:40:07.099808 20778 tablet_copy_service.cc:161] P 4ab2f00a02e542f7afce3cc7bbc4f3e4: Beginning new tablet copy session on tablet 268d00bba6e949d89856a67ffe2aa799 from peer 1b18ef7096a245f7b7e3da3842064142 at {username='slave'} at 127.0.0.1:41452: session id = 1b18ef7096a245f7b7e3da3842064142-268d00bba6e949d89856a67ffe2aa799
I20260601 13:40:07.100841 20778 tablet_copy_source_session.cc:215] T 268d00bba6e949d89856a67ffe2aa799 P 4ab2f00a02e542f7afce3cc7bbc4f3e4: Tablet Copy: opened 0 blocks and 1 log segments
I20260601 13:40:07.101835 21042 data_dirs.cc:400] Could only allocate 1 dirs of requested 3 for tablet 268d00bba6e949d89856a67ffe2aa799. 1 dirs total, 0 dirs full, 0 dirs failed
I20260601 13:40:07.104025 20703 tablet_copy_service.cc:140] P 303659f541324953a5828e99b79e303c: Received BeginTabletCopySession request for tablet 5fd028c6563e4996b543b378fa932be0 from peer 1b18ef7096a245f7b7e3da3842064142 ({username='slave'} at 127.0.0.1:52248)
I20260601 13:40:07.104110 20703 tablet_copy_service.cc:161] P 303659f541324953a5828e99b79e303c: Beginning new tablet copy session on tablet 5fd028c6563e4996b543b378fa932be0 from peer 1b18ef7096a245f7b7e3da3842064142 at {username='slave'} at 127.0.0.1:52248: session id = 1b18ef7096a245f7b7e3da3842064142-5fd028c6563e4996b543b378fa932be0
I20260601 13:40:07.104461 21042 tablet_copy_client.cc:806] T 268d00bba6e949d89856a67ffe2aa799 P 1b18ef7096a245f7b7e3da3842064142: tablet copy: Starting download of 0 data blocks...
I20260601 13:40:07.104660 21042 tablet_copy_client.cc:670] T 268d00bba6e949d89856a67ffe2aa799 P 1b18ef7096a245f7b7e3da3842064142: tablet copy: Starting download of 1 WAL segments...
I20260601 13:40:07.104827 20703 tablet_copy_source_session.cc:215] T 5fd028c6563e4996b543b378fa932be0 P 303659f541324953a5828e99b79e303c: Tablet Copy: opened 0 blocks and 1 log segments
I20260601 13:40:07.105576 21039 data_dirs.cc:400] Could only allocate 1 dirs of requested 3 for tablet 5fd028c6563e4996b543b378fa932be0. 1 dirs total, 0 dirs full, 0 dirs failed
I20260601 13:40:07.106192 21042 tablet_copy_client.cc:538] T 268d00bba6e949d89856a67ffe2aa799 P 1b18ef7096a245f7b7e3da3842064142: tablet copy: Tablet Copy complete. Replacing tablet superblock.
I20260601 13:40:07.107290 21039 tablet_copy_client.cc:806] T 5fd028c6563e4996b543b378fa932be0 P 1b18ef7096a245f7b7e3da3842064142: tablet copy: Starting download of 0 data blocks...
I20260601 13:40:07.107424 21039 tablet_copy_client.cc:670] T 5fd028c6563e4996b543b378fa932be0 P 1b18ef7096a245f7b7e3da3842064142: tablet copy: Starting download of 1 WAL segments...
I20260601 13:40:07.107481 21042 tablet_bootstrap.cc:492] T 268d00bba6e949d89856a67ffe2aa799 P 1b18ef7096a245f7b7e3da3842064142: Bootstrap starting.
I20260601 13:40:07.108358 21039 tablet_copy_client.cc:538] T 5fd028c6563e4996b543b378fa932be0 P 1b18ef7096a245f7b7e3da3842064142: tablet copy: Tablet Copy complete. Replacing tablet superblock.
I20260601 13:40:07.109459 21039 tablet_bootstrap.cc:492] T 5fd028c6563e4996b543b378fa932be0 P 1b18ef7096a245f7b7e3da3842064142: Bootstrap starting.
I20260601 13:40:07.111300 21042 tablet_bootstrap.cc:492] T 268d00bba6e949d89856a67ffe2aa799 P 1b18ef7096a245f7b7e3da3842064142: Bootstrap replayed 1/1 log segments. Stats: ops{read=2 overwritten=0 applied=2 ignored=0} inserts{seen=0 ignored=0} mutations{seen=0 ignored=0} orphaned_commits=0. Pending: 0 replicates
I20260601 13:40:07.111531 21042 tablet_bootstrap.cc:492] T 268d00bba6e949d89856a67ffe2aa799 P 1b18ef7096a245f7b7e3da3842064142: Bootstrap complete.
I20260601 13:40:07.111680 21042 ts_tablet_manager.cc:1403] T 268d00bba6e949d89856a67ffe2aa799 P 1b18ef7096a245f7b7e3da3842064142: Time spent bootstrapping tablet: real 0.004s	user 0.005s	sys 0.000s
I20260601 13:40:07.112131 21042 raft_consensus.cc:359] T 268d00bba6e949d89856a67ffe2aa799 P 1b18ef7096a245f7b7e3da3842064142 [term 1 LEARNER]: Replica starting. Triggering 0 pending ops. Active config: opid_index: 2 OBSOLETE_local: false peers { permanent_uuid: "303659f541324953a5828e99b79e303c" member_type: VOTER last_known_addr { host: "127.17.54.130" port: 42481 } attrs { replace: true } } peers { permanent_uuid: "fb538f116c5e4404b49a4420d5e23376" member_type: VOTER last_known_addr { host: "127.17.54.129" port: 42741 } } peers { permanent_uuid: "4ab2f00a02e542f7afce3cc7bbc4f3e4" member_type: VOTER last_known_addr { host: "127.17.54.131" port: 36695 } } peers { permanent_uuid: "1b18ef7096a245f7b7e3da3842064142" member_type: NON_VOTER last_known_addr { host: "127.17.54.132" port: 33765 } attrs { promote: true } }
I20260601 13:40:07.112257 21042 raft_consensus.cc:740] T 268d00bba6e949d89856a67ffe2aa799 P 1b18ef7096a245f7b7e3da3842064142 [term 1 LEARNER]: Becoming Follower/Learner. State: Replica: 1b18ef7096a245f7b7e3da3842064142, State: Initialized, Role: LEARNER
I20260601 13:40:07.112349 21042 consensus_queue.cc:260] T 268d00bba6e949d89856a67ffe2aa799 P 1b18ef7096a245f7b7e3da3842064142 [NON_LEADER]: Queue going to NON_LEADER mode. State: All replicated index: 0, Majority replicated index: 0, Committed index: 2, Last appended: 1.2, Last appended by leader: 2, Current term: 0, Majority size: -1, State: 0, Mode: NON_LEADER, active raft config: opid_index: 2 OBSOLETE_local: false peers { permanent_uuid: "303659f541324953a5828e99b79e303c" member_type: VOTER last_known_addr { host: "127.17.54.130" port: 42481 } attrs { replace: true } } peers { permanent_uuid: "fb538f116c5e4404b49a4420d5e23376" member_type: VOTER last_known_addr { host: "127.17.54.129" port: 42741 } } peers { permanent_uuid: "4ab2f00a02e542f7afce3cc7bbc4f3e4" member_type: VOTER last_known_addr { host: "127.17.54.131" port: 36695 } } peers { permanent_uuid: "1b18ef7096a245f7b7e3da3842064142" member_type: NON_VOTER last_known_addr { host: "127.17.54.132" port: 33765 } attrs { promote: true } }
I20260601 13:40:07.113061 21042 ts_tablet_manager.cc:1434] T 268d00bba6e949d89856a67ffe2aa799 P 1b18ef7096a245f7b7e3da3842064142: Time spent starting tablet: real 0.001s	user 0.001s	sys 0.000s
I20260601 13:40:07.113489 20778 tablet_copy_service.cc:342] P 4ab2f00a02e542f7afce3cc7bbc4f3e4: Request end of tablet copy session 1b18ef7096a245f7b7e3da3842064142-268d00bba6e949d89856a67ffe2aa799 received from {username='slave'} at 127.0.0.1:41452
I20260601 13:40:07.113565 20778 tablet_copy_service.cc:434] P 4ab2f00a02e542f7afce3cc7bbc4f3e4: ending tablet copy session 1b18ef7096a245f7b7e3da3842064142-268d00bba6e949d89856a67ffe2aa799 on tablet 268d00bba6e949d89856a67ffe2aa799 with peer 1b18ef7096a245f7b7e3da3842064142
I20260601 13:40:07.115069 21039 tablet_bootstrap.cc:492] T 5fd028c6563e4996b543b378fa932be0 P 1b18ef7096a245f7b7e3da3842064142: Bootstrap replayed 1/1 log segments. Stats: ops{read=2 overwritten=0 applied=2 ignored=0} inserts{seen=0 ignored=0} mutations{seen=0 ignored=0} orphaned_commits=0. Pending: 0 replicates
I20260601 13:40:07.115334 21039 tablet_bootstrap.cc:492] T 5fd028c6563e4996b543b378fa932be0 P 1b18ef7096a245f7b7e3da3842064142: Bootstrap complete.
I20260601 13:40:07.115491 21039 ts_tablet_manager.cc:1403] T 5fd028c6563e4996b543b378fa932be0 P 1b18ef7096a245f7b7e3da3842064142: Time spent bootstrapping tablet: real 0.006s	user 0.004s	sys 0.000s
I20260601 13:40:07.115864 21039 raft_consensus.cc:359] T 5fd028c6563e4996b543b378fa932be0 P 1b18ef7096a245f7b7e3da3842064142 [term 1 LEARNER]: Replica starting. Triggering 0 pending ops. Active config: opid_index: 2 OBSOLETE_local: false peers { permanent_uuid: "4ab2f00a02e542f7afce3cc7bbc4f3e4" member_type: VOTER last_known_addr { host: "127.17.54.131" port: 36695 } attrs { replace: true } } peers { permanent_uuid: "303659f541324953a5828e99b79e303c" member_type: VOTER last_known_addr { host: "127.17.54.130" port: 42481 } } peers { permanent_uuid: "fb538f116c5e4404b49a4420d5e23376" member_type: VOTER last_known_addr { host: "127.17.54.129" port: 42741 } } peers { permanent_uuid: "1b18ef7096a245f7b7e3da3842064142" member_type: NON_VOTER last_known_addr { host: "127.17.54.132" port: 33765 } attrs { promote: true } }
I20260601 13:40:07.115963 21039 raft_consensus.cc:740] T 5fd028c6563e4996b543b378fa932be0 P 1b18ef7096a245f7b7e3da3842064142 [term 1 LEARNER]: Becoming Follower/Learner. State: Replica: 1b18ef7096a245f7b7e3da3842064142, State: Initialized, Role: LEARNER
I20260601 13:40:07.116057 21039 consensus_queue.cc:260] T 5fd028c6563e4996b543b378fa932be0 P 1b18ef7096a245f7b7e3da3842064142 [NON_LEADER]: Queue going to NON_LEADER mode. State: All replicated index: 0, Majority replicated index: 0, Committed index: 2, Last appended: 1.2, Last appended by leader: 2, Current term: 0, Majority size: -1, State: 0, Mode: NON_LEADER, active raft config: opid_index: 2 OBSOLETE_local: false peers { permanent_uuid: "4ab2f00a02e542f7afce3cc7bbc4f3e4" member_type: VOTER last_known_addr { host: "127.17.54.131" port: 36695 } attrs { replace: true } } peers { permanent_uuid: "303659f541324953a5828e99b79e303c" member_type: VOTER last_known_addr { host: "127.17.54.130" port: 42481 } } peers { permanent_uuid: "fb538f116c5e4404b49a4420d5e23376" member_type: VOTER last_known_addr { host: "127.17.54.129" port: 42741 } } peers { permanent_uuid: "1b18ef7096a245f7b7e3da3842064142" member_type: NON_VOTER last_known_addr { host: "127.17.54.132" port: 33765 } attrs { promote: true } }
I20260601 13:40:07.116308 21039 ts_tablet_manager.cc:1434] T 5fd028c6563e4996b543b378fa932be0 P 1b18ef7096a245f7b7e3da3842064142: Time spent starting tablet: real 0.001s	user 0.000s	sys 0.000s
I20260601 13:40:07.116768 20703 tablet_copy_service.cc:342] P 303659f541324953a5828e99b79e303c: Request end of tablet copy session 1b18ef7096a245f7b7e3da3842064142-5fd028c6563e4996b543b378fa932be0 received from {username='slave'} at 127.0.0.1:52248
I20260601 13:40:07.116832 20703 tablet_copy_service.cc:434] P 303659f541324953a5828e99b79e303c: ending tablet copy session 1b18ef7096a245f7b7e3da3842064142-5fd028c6563e4996b543b378fa932be0 on tablet 5fd028c6563e4996b543b378fa932be0 with peer 1b18ef7096a245f7b7e3da3842064142
I20260601 13:40:07.156787 21039 ts_tablet_manager.cc:933] T 15b721a254174f66b0d2eb0216668351 P 1b18ef7096a245f7b7e3da3842064142: Initiating tablet copy from peer 303659f541324953a5828e99b79e303c (127.17.54.130:42481)
I20260601 13:40:07.157155 21039 tablet_copy_client.cc:323] T 15b721a254174f66b0d2eb0216668351 P 1b18ef7096a245f7b7e3da3842064142: tablet copy: Beginning tablet copy session from remote peer at address 127.17.54.130:42481
I20260601 13:40:07.157604 20703 tablet_copy_service.cc:140] P 303659f541324953a5828e99b79e303c: Received BeginTabletCopySession request for tablet 15b721a254174f66b0d2eb0216668351 from peer 1b18ef7096a245f7b7e3da3842064142 ({username='slave'} at 127.0.0.1:52248)
I20260601 13:40:07.157708 20703 tablet_copy_service.cc:161] P 303659f541324953a5828e99b79e303c: Beginning new tablet copy session on tablet 15b721a254174f66b0d2eb0216668351 from peer 1b18ef7096a245f7b7e3da3842064142 at {username='slave'} at 127.0.0.1:52248: session id = 1b18ef7096a245f7b7e3da3842064142-15b721a254174f66b0d2eb0216668351
I20260601 13:40:07.158475 20703 tablet_copy_source_session.cc:215] T 15b721a254174f66b0d2eb0216668351 P 303659f541324953a5828e99b79e303c: Tablet Copy: opened 0 blocks and 1 log segments
I20260601 13:40:07.159296 21039 data_dirs.cc:400] Could only allocate 1 dirs of requested 3 for tablet 15b721a254174f66b0d2eb0216668351. 1 dirs total, 0 dirs full, 0 dirs failed
I20260601 13:40:07.161029 21039 tablet_copy_client.cc:806] T 15b721a254174f66b0d2eb0216668351 P 1b18ef7096a245f7b7e3da3842064142: tablet copy: Starting download of 0 data blocks...
I20260601 13:40:07.161183 21039 tablet_copy_client.cc:670] T 15b721a254174f66b0d2eb0216668351 P 1b18ef7096a245f7b7e3da3842064142: tablet copy: Starting download of 1 WAL segments...
I20260601 13:40:07.162240 21039 tablet_copy_client.cc:538] T 15b721a254174f66b0d2eb0216668351 P 1b18ef7096a245f7b7e3da3842064142: tablet copy: Tablet Copy complete. Replacing tablet superblock.
I20260601 13:40:07.163337 21039 tablet_bootstrap.cc:492] T 15b721a254174f66b0d2eb0216668351 P 1b18ef7096a245f7b7e3da3842064142: Bootstrap starting.
I20260601 13:40:07.166518 21039 tablet_bootstrap.cc:492] T 15b721a254174f66b0d2eb0216668351 P 1b18ef7096a245f7b7e3da3842064142: Bootstrap replayed 1/1 log segments. Stats: ops{read=2 overwritten=0 applied=2 ignored=0} inserts{seen=0 ignored=0} mutations{seen=0 ignored=0} orphaned_commits=0. Pending: 0 replicates
I20260601 13:40:07.166767 21039 tablet_bootstrap.cc:492] T 15b721a254174f66b0d2eb0216668351 P 1b18ef7096a245f7b7e3da3842064142: Bootstrap complete.
I20260601 13:40:07.166918 21039 ts_tablet_manager.cc:1403] T 15b721a254174f66b0d2eb0216668351 P 1b18ef7096a245f7b7e3da3842064142: Time spent bootstrapping tablet: real 0.004s	user 0.003s	sys 0.001s
I20260601 13:40:07.167335 21039 raft_consensus.cc:359] T 15b721a254174f66b0d2eb0216668351 P 1b18ef7096a245f7b7e3da3842064142 [term 1 LEARNER]: Replica starting. Triggering 0 pending ops. Active config: opid_index: 2 OBSOLETE_local: false peers { permanent_uuid: "fb538f116c5e4404b49a4420d5e23376" member_type: VOTER last_known_addr { host: "127.17.54.129" port: 42741 } attrs { replace: true } } peers { permanent_uuid: "303659f541324953a5828e99b79e303c" member_type: VOTER last_known_addr { host: "127.17.54.130" port: 42481 } } peers { permanent_uuid: "4ab2f00a02e542f7afce3cc7bbc4f3e4" member_type: VOTER last_known_addr { host: "127.17.54.131" port: 36695 } } peers { permanent_uuid: "1b18ef7096a245f7b7e3da3842064142" member_type: NON_VOTER last_known_addr { host: "127.17.54.132" port: 33765 } attrs { promote: true } }
I20260601 13:40:07.167440 21039 raft_consensus.cc:740] T 15b721a254174f66b0d2eb0216668351 P 1b18ef7096a245f7b7e3da3842064142 [term 1 LEARNER]: Becoming Follower/Learner. State: Replica: 1b18ef7096a245f7b7e3da3842064142, State: Initialized, Role: LEARNER
I20260601 13:40:07.167534 21039 consensus_queue.cc:260] T 15b721a254174f66b0d2eb0216668351 P 1b18ef7096a245f7b7e3da3842064142 [NON_LEADER]: Queue going to NON_LEADER mode. State: All replicated index: 0, Majority replicated index: 0, Committed index: 2, Last appended: 1.2, Last appended by leader: 2, Current term: 0, Majority size: -1, State: 0, Mode: NON_LEADER, active raft config: opid_index: 2 OBSOLETE_local: false peers { permanent_uuid: "fb538f116c5e4404b49a4420d5e23376" member_type: VOTER last_known_addr { host: "127.17.54.129" port: 42741 } attrs { replace: true } } peers { permanent_uuid: "303659f541324953a5828e99b79e303c" member_type: VOTER last_known_addr { host: "127.17.54.130" port: 42481 } } peers { permanent_uuid: "4ab2f00a02e542f7afce3cc7bbc4f3e4" member_type: VOTER last_known_addr { host: "127.17.54.131" port: 36695 } } peers { permanent_uuid: "1b18ef7096a245f7b7e3da3842064142" member_type: NON_VOTER last_known_addr { host: "127.17.54.132" port: 33765 } attrs { promote: true } }
I20260601 13:40:07.167800 21039 ts_tablet_manager.cc:1434] T 15b721a254174f66b0d2eb0216668351 P 1b18ef7096a245f7b7e3da3842064142: Time spent starting tablet: real 0.001s	user 0.000s	sys 0.000s
I20260601 13:40:07.169258 20703 tablet_copy_service.cc:342] P 303659f541324953a5828e99b79e303c: Request end of tablet copy session 1b18ef7096a245f7b7e3da3842064142-15b721a254174f66b0d2eb0216668351 received from {username='slave'} at 127.0.0.1:52248
I20260601 13:40:07.169346 20703 tablet_copy_service.cc:434] P 303659f541324953a5828e99b79e303c: ending tablet copy session 1b18ef7096a245f7b7e3da3842064142-15b721a254174f66b0d2eb0216668351 on tablet 15b721a254174f66b0d2eb0216668351 with peer 1b18ef7096a245f7b7e3da3842064142
I20260601 13:40:07.250116 21039 ts_tablet_manager.cc:933] T 192eb07900ce410284d5a2cdeb068b7f P 1b18ef7096a245f7b7e3da3842064142: Initiating tablet copy from peer 303659f541324953a5828e99b79e303c (127.17.54.130:42481)
I20260601 13:40:07.250478 21039 tablet_copy_client.cc:323] T 192eb07900ce410284d5a2cdeb068b7f P 1b18ef7096a245f7b7e3da3842064142: tablet copy: Beginning tablet copy session from remote peer at address 127.17.54.130:42481
I20260601 13:40:07.250998 20703 tablet_copy_service.cc:140] P 303659f541324953a5828e99b79e303c: Received BeginTabletCopySession request for tablet 192eb07900ce410284d5a2cdeb068b7f from peer 1b18ef7096a245f7b7e3da3842064142 ({username='slave'} at 127.0.0.1:52248)
I20260601 13:40:07.251117 20703 tablet_copy_service.cc:161] P 303659f541324953a5828e99b79e303c: Beginning new tablet copy session on tablet 192eb07900ce410284d5a2cdeb068b7f from peer 1b18ef7096a245f7b7e3da3842064142 at {username='slave'} at 127.0.0.1:52248: session id = 1b18ef7096a245f7b7e3da3842064142-192eb07900ce410284d5a2cdeb068b7f
I20260601 13:40:07.252044 20703 tablet_copy_source_session.cc:215] T 192eb07900ce410284d5a2cdeb068b7f P 303659f541324953a5828e99b79e303c: Tablet Copy: opened 0 blocks and 1 log segments
I20260601 13:40:07.252869 21039 data_dirs.cc:400] Could only allocate 1 dirs of requested 3 for tablet 192eb07900ce410284d5a2cdeb068b7f. 1 dirs total, 0 dirs full, 0 dirs failed
I20260601 13:40:07.255106 21039 tablet_copy_client.cc:806] T 192eb07900ce410284d5a2cdeb068b7f P 1b18ef7096a245f7b7e3da3842064142: tablet copy: Starting download of 0 data blocks...
I20260601 13:40:07.255275 21039 tablet_copy_client.cc:670] T 192eb07900ce410284d5a2cdeb068b7f P 1b18ef7096a245f7b7e3da3842064142: tablet copy: Starting download of 1 WAL segments...
I20260601 13:40:07.256273 21039 tablet_copy_client.cc:538] T 192eb07900ce410284d5a2cdeb068b7f P 1b18ef7096a245f7b7e3da3842064142: tablet copy: Tablet Copy complete. Replacing tablet superblock.
I20260601 13:40:07.257517 21039 tablet_bootstrap.cc:492] T 192eb07900ce410284d5a2cdeb068b7f P 1b18ef7096a245f7b7e3da3842064142: Bootstrap starting.
I20260601 13:40:07.261164 21039 tablet_bootstrap.cc:492] T 192eb07900ce410284d5a2cdeb068b7f P 1b18ef7096a245f7b7e3da3842064142: Bootstrap replayed 1/1 log segments. Stats: ops{read=2 overwritten=0 applied=2 ignored=0} inserts{seen=0 ignored=0} mutations{seen=0 ignored=0} orphaned_commits=0. Pending: 0 replicates
I20260601 13:40:07.261417 21039 tablet_bootstrap.cc:492] T 192eb07900ce410284d5a2cdeb068b7f P 1b18ef7096a245f7b7e3da3842064142: Bootstrap complete.
I20260601 13:40:07.261569 21039 ts_tablet_manager.cc:1403] T 192eb07900ce410284d5a2cdeb068b7f P 1b18ef7096a245f7b7e3da3842064142: Time spent bootstrapping tablet: real 0.004s	user 0.000s	sys 0.003s
I20260601 13:40:07.262048 21039 raft_consensus.cc:359] T 192eb07900ce410284d5a2cdeb068b7f P 1b18ef7096a245f7b7e3da3842064142 [term 1 LEARNER]: Replica starting. Triggering 0 pending ops. Active config: opid_index: 2 OBSOLETE_local: false peers { permanent_uuid: "fb538f116c5e4404b49a4420d5e23376" member_type: VOTER last_known_addr { host: "127.17.54.129" port: 42741 } attrs { replace: true } } peers { permanent_uuid: "303659f541324953a5828e99b79e303c" member_type: VOTER last_known_addr { host: "127.17.54.130" port: 42481 } } peers { permanent_uuid: "4ab2f00a02e542f7afce3cc7bbc4f3e4" member_type: VOTER last_known_addr { host: "127.17.54.131" port: 36695 } } peers { permanent_uuid: "1b18ef7096a245f7b7e3da3842064142" member_type: NON_VOTER last_known_addr { host: "127.17.54.132" port: 33765 } attrs { promote: true } }
I20260601 13:40:07.262183 21039 raft_consensus.cc:740] T 192eb07900ce410284d5a2cdeb068b7f P 1b18ef7096a245f7b7e3da3842064142 [term 1 LEARNER]: Becoming Follower/Learner. State: Replica: 1b18ef7096a245f7b7e3da3842064142, State: Initialized, Role: LEARNER
I20260601 13:40:07.262279 21039 consensus_queue.cc:260] T 192eb07900ce410284d5a2cdeb068b7f P 1b18ef7096a245f7b7e3da3842064142 [NON_LEADER]: Queue going to NON_LEADER mode. State: All replicated index: 0, Majority replicated index: 0, Committed index: 2, Last appended: 1.2, Last appended by leader: 2, Current term: 0, Majority size: -1, State: 0, Mode: NON_LEADER, active raft config: opid_index: 2 OBSOLETE_local: false peers { permanent_uuid: "fb538f116c5e4404b49a4420d5e23376" member_type: VOTER last_known_addr { host: "127.17.54.129" port: 42741 } attrs { replace: true } } peers { permanent_uuid: "303659f541324953a5828e99b79e303c" member_type: VOTER last_known_addr { host: "127.17.54.130" port: 42481 } } peers { permanent_uuid: "4ab2f00a02e542f7afce3cc7bbc4f3e4" member_type: VOTER last_known_addr { host: "127.17.54.131" port: 36695 } } peers { permanent_uuid: "1b18ef7096a245f7b7e3da3842064142" member_type: NON_VOTER last_known_addr { host: "127.17.54.132" port: 33765 } attrs { promote: true } }
I20260601 13:40:07.262612 21039 ts_tablet_manager.cc:1434] T 192eb07900ce410284d5a2cdeb068b7f P 1b18ef7096a245f7b7e3da3842064142: Time spent starting tablet: real 0.001s	user 0.003s	sys 0.000s
I20260601 13:40:07.263178 20703 tablet_copy_service.cc:342] P 303659f541324953a5828e99b79e303c: Request end of tablet copy session 1b18ef7096a245f7b7e3da3842064142-192eb07900ce410284d5a2cdeb068b7f received from {username='slave'} at 127.0.0.1:52248
I20260601 13:40:07.263257 20703 tablet_copy_service.cc:434] P 303659f541324953a5828e99b79e303c: ending tablet copy session 1b18ef7096a245f7b7e3da3842064142-192eb07900ce410284d5a2cdeb068b7f on tablet 192eb07900ce410284d5a2cdeb068b7f with peer 1b18ef7096a245f7b7e3da3842064142
I20260601 13:40:07.557106 20910 raft_consensus.cc:1217] T 5fd028c6563e4996b543b378fa932be0 P 1b18ef7096a245f7b7e3da3842064142 [term 1 LEARNER]: Deduplicated request from leader. Original: 1.1->[1.2-1.2]   Dedup: 1.2->[]
I20260601 13:40:07.585600 20910 raft_consensus.cc:1217] T 268d00bba6e949d89856a67ffe2aa799 P 1b18ef7096a245f7b7e3da3842064142 [term 1 LEARNER]: Deduplicated request from leader. Original: 1.1->[1.2-1.2]   Dedup: 1.2->[]
I20260601 13:40:07.641965 20910 raft_consensus.cc:1217] T 15b721a254174f66b0d2eb0216668351 P 1b18ef7096a245f7b7e3da3842064142 [term 1 LEARNER]: Deduplicated request from leader. Original: 1.1->[1.2-1.2]   Dedup: 1.2->[]
I20260601 13:40:07.657255 20568 auto_leader_rebalancer.cc:140] leader rebalance for table range_aware_rebalance_new_range
I20260601 13:40:07.663851 20693 tablet_service.cc:2072] Received LeaderStepDown RPC: tablet_id: "15b721a254174f66b0d2eb0216668351"
dest_uuid: "303659f541324953a5828e99b79e303c"
mode: GRACEFUL
new_leader_uuid: "fb538f116c5e4404b49a4420d5e23376"
 from {username='slave'} at 127.0.0.1:52254
I20260601 13:40:07.664032 20693 raft_consensus.cc:606] T 15b721a254174f66b0d2eb0216668351 P 303659f541324953a5828e99b79e303c [term 1 LEADER]: Received request to transfer leadership to TS fb538f116c5e4404b49a4420d5e23376
I20260601 13:40:07.664845 20693 tablet_service.cc:2072] Received LeaderStepDown RPC: tablet_id: "7db9c8db95624dea896f712d84a59800"
dest_uuid: "303659f541324953a5828e99b79e303c"
mode: GRACEFUL
new_leader_uuid: "fb538f116c5e4404b49a4420d5e23376"
 from {username='slave'} at 127.0.0.1:52254
I20260601 13:40:07.664973 20693 raft_consensus.cc:606] T 7db9c8db95624dea896f712d84a59800 P 303659f541324953a5828e99b79e303c [term 1 LEADER]: Received request to transfer leadership to TS fb538f116c5e4404b49a4420d5e23376
I20260601 13:40:07.665654 20693 tablet_service.cc:2072] Received LeaderStepDown RPC: tablet_id: "bded2e70b70c4190b5684ab70c40d9a5"
dest_uuid: "303659f541324953a5828e99b79e303c"
mode: GRACEFUL
new_leader_uuid: "4ab2f00a02e542f7afce3cc7bbc4f3e4"
 from {username='slave'} at 127.0.0.1:52254
I20260601 13:40:07.665755 20693 raft_consensus.cc:606] T bded2e70b70c4190b5684ab70c40d9a5 P 303659f541324953a5828e99b79e303c [term 1 LEADER]: Received request to transfer leadership to TS 4ab2f00a02e542f7afce3cc7bbc4f3e4
I20260601 13:40:07.666407 20693 tablet_service.cc:2072] Received LeaderStepDown RPC: tablet_id: "cdcf459f20a347e9b5eb03ef38c5b86e"
dest_uuid: "303659f541324953a5828e99b79e303c"
mode: GRACEFUL
new_leader_uuid: "4ab2f00a02e542f7afce3cc7bbc4f3e4"
 from {username='slave'} at 127.0.0.1:52254
I20260601 13:40:07.666502 20693 raft_consensus.cc:606] T cdcf459f20a347e9b5eb03ef38c5b86e P 303659f541324953a5828e99b79e303c [term 1 LEADER]: Received request to transfer leadership to TS 4ab2f00a02e542f7afce3cc7bbc4f3e4
I20260601 13:40:07.666801 20568 auto_leader_rebalancer.cc:388] table: range_aware_rebalance_new_range, leader rebalance finish, leader transfer count: 4
I20260601 13:40:07.666931 20568 auto_leader_rebalancer.cc:451] All tables' leader rebalancing finished this round
I20260601 13:40:07.723567 21051 raft_consensus.cc:993] T bded2e70b70c4190b5684ab70c40d9a5 P 303659f541324953a5828e99b79e303c: : Instructing follower 4ab2f00a02e542f7afce3cc7bbc4f3e4 to start an election
I20260601 13:40:07.723701 21051 raft_consensus.cc:1081] T bded2e70b70c4190b5684ab70c40d9a5 P 303659f541324953a5828e99b79e303c [term 1 LEADER]: Signalling peer 4ab2f00a02e542f7afce3cc7bbc4f3e4 to start an election
I20260601 13:40:07.724136 20767 tablet_service.cc:2044] Received Run Leader Election RPC: tablet_id: "bded2e70b70c4190b5684ab70c40d9a5"
dest_uuid: "4ab2f00a02e542f7afce3cc7bbc4f3e4"
 from {username='slave'} at 127.0.0.1:41434
I20260601 13:40:07.724274 20767 raft_consensus.cc:493] T bded2e70b70c4190b5684ab70c40d9a5 P 4ab2f00a02e542f7afce3cc7bbc4f3e4 [term 1 FOLLOWER]: Starting forced leader election (received explicit request)
I20260601 13:40:07.724337 20767 raft_consensus.cc:3060] T bded2e70b70c4190b5684ab70c40d9a5 P 4ab2f00a02e542f7afce3cc7bbc4f3e4 [term 1 FOLLOWER]: Advancing to term 2
I20260601 13:40:07.725414 20767 raft_consensus.cc:515] T bded2e70b70c4190b5684ab70c40d9a5 P 4ab2f00a02e542f7afce3cc7bbc4f3e4 [term 2 FOLLOWER]: Starting forced leader election with config: opid_index: -1 OBSOLETE_local: false peers { permanent_uuid: "303659f541324953a5828e99b79e303c" member_type: VOTER last_known_addr { host: "127.17.54.130" port: 42481 } } peers { permanent_uuid: "1b18ef7096a245f7b7e3da3842064142" member_type: VOTER last_known_addr { host: "127.17.54.132" port: 33765 } } peers { permanent_uuid: "4ab2f00a02e542f7afce3cc7bbc4f3e4" member_type: VOTER last_known_addr { host: "127.17.54.131" port: 36695 } }
I20260601 13:40:07.725836 20767 leader_election.cc:290] T bded2e70b70c4190b5684ab70c40d9a5 P 4ab2f00a02e542f7afce3cc7bbc4f3e4 [CANDIDATE]: Term 2 election: Requested vote from peers 303659f541324953a5828e99b79e303c (127.17.54.130:42481), 1b18ef7096a245f7b7e3da3842064142 (127.17.54.132:33765)
I20260601 13:40:07.726148 20693 tablet_service.cc:1917] Received RequestConsensusVote() RPC: tablet_id: "bded2e70b70c4190b5684ab70c40d9a5" candidate_uuid: "4ab2f00a02e542f7afce3cc7bbc4f3e4" candidate_term: 2 candidate_status { last_received { term: 1 index: 1 } } ignore_live_leader: true dest_uuid: "303659f541324953a5828e99b79e303c"
I20260601 13:40:07.726118 20910 tablet_service.cc:1917] Received RequestConsensusVote() RPC: tablet_id: "bded2e70b70c4190b5684ab70c40d9a5" candidate_uuid: "4ab2f00a02e542f7afce3cc7bbc4f3e4" candidate_term: 2 candidate_status { last_received { term: 1 index: 1 } } ignore_live_leader: true dest_uuid: "1b18ef7096a245f7b7e3da3842064142"
I20260601 13:40:07.726248 20693 raft_consensus.cc:3055] T bded2e70b70c4190b5684ab70c40d9a5 P 303659f541324953a5828e99b79e303c [term 1 LEADER]: Stepping down as leader of term 1
I20260601 13:40:07.726258 20910 raft_consensus.cc:3060] T bded2e70b70c4190b5684ab70c40d9a5 P 1b18ef7096a245f7b7e3da3842064142 [term 1 FOLLOWER]: Advancing to term 2
I20260601 13:40:07.726302 20693 raft_consensus.cc:740] T bded2e70b70c4190b5684ab70c40d9a5 P 303659f541324953a5828e99b79e303c [term 1 LEADER]: Becoming Follower/Learner. State: Replica: 303659f541324953a5828e99b79e303c, State: Running, Role: LEADER
I20260601 13:40:07.726437 20693 consensus_queue.cc:260] T bded2e70b70c4190b5684ab70c40d9a5 P 303659f541324953a5828e99b79e303c [NON_LEADER]: Queue going to NON_LEADER mode. State: All replicated index: 0, Majority replicated index: 1, Committed index: 1, Last appended: 1.1, Last appended by leader: 1, Current term: 1, Majority size: -1, State: 0, Mode: NON_LEADER, active raft config: opid_index: -1 OBSOLETE_local: false peers { permanent_uuid: "303659f541324953a5828e99b79e303c" member_type: VOTER last_known_addr { host: "127.17.54.130" port: 42481 } } peers { permanent_uuid: "1b18ef7096a245f7b7e3da3842064142" member_type: VOTER last_known_addr { host: "127.17.54.132" port: 33765 } } peers { permanent_uuid: "4ab2f00a02e542f7afce3cc7bbc4f3e4" member_type: VOTER last_known_addr { host: "127.17.54.131" port: 36695 } }
I20260601 13:40:07.726631 20693 raft_consensus.cc:3060] T bded2e70b70c4190b5684ab70c40d9a5 P 303659f541324953a5828e99b79e303c [term 1 FOLLOWER]: Advancing to term 2
I20260601 13:40:07.727281 20910 raft_consensus.cc:2468] T bded2e70b70c4190b5684ab70c40d9a5 P 1b18ef7096a245f7b7e3da3842064142 [term 2 FOLLOWER]: Leader election vote request: Granting yes vote for candidate 4ab2f00a02e542f7afce3cc7bbc4f3e4 in term 2.
I20260601 13:40:07.727437 20693 raft_consensus.cc:2468] T bded2e70b70c4190b5684ab70c40d9a5 P 303659f541324953a5828e99b79e303c [term 2 FOLLOWER]: Leader election vote request: Granting yes vote for candidate 4ab2f00a02e542f7afce3cc7bbc4f3e4 in term 2.
I20260601 13:40:07.727612 20734 leader_election.cc:304] T bded2e70b70c4190b5684ab70c40d9a5 P 4ab2f00a02e542f7afce3cc7bbc4f3e4 [CANDIDATE]: Term 2 election: Election decided. Result: candidate won. Election summary: received 2 responses out of 3 voters: 2 yes votes; 0 no votes. yes voters: 1b18ef7096a245f7b7e3da3842064142, 4ab2f00a02e542f7afce3cc7bbc4f3e4; no voters: 
I20260601 13:40:07.727833 21052 raft_consensus.cc:2804] T bded2e70b70c4190b5684ab70c40d9a5 P 4ab2f00a02e542f7afce3cc7bbc4f3e4 [term 2 FOLLOWER]: Leader election won for term 2
I20260601 13:40:07.727929 21052 raft_consensus.cc:697] T bded2e70b70c4190b5684ab70c40d9a5 P 4ab2f00a02e542f7afce3cc7bbc4f3e4 [term 2 LEADER]: Becoming Leader. State: Replica: 4ab2f00a02e542f7afce3cc7bbc4f3e4, State: Running, Role: LEADER
I20260601 13:40:07.728062 21052 consensus_queue.cc:237] T bded2e70b70c4190b5684ab70c40d9a5 P 4ab2f00a02e542f7afce3cc7bbc4f3e4 [LEADER]: Queue going to LEADER mode. State: All replicated index: 0, Majority replicated index: 1, Committed index: 1, Last appended: 1.1, Last appended by leader: 1, Current term: 2, Majority size: 2, State: 0, Mode: LEADER, active raft config: opid_index: -1 OBSOLETE_local: false peers { permanent_uuid: "303659f541324953a5828e99b79e303c" member_type: VOTER last_known_addr { host: "127.17.54.130" port: 42481 } } peers { permanent_uuid: "1b18ef7096a245f7b7e3da3842064142" member_type: VOTER last_known_addr { host: "127.17.54.132" port: 33765 } } peers { permanent_uuid: "4ab2f00a02e542f7afce3cc7bbc4f3e4" member_type: VOTER last_known_addr { host: "127.17.54.131" port: 36695 } }
I20260601 13:40:07.729635 20512 catalog_manager.cc:5696] T bded2e70b70c4190b5684ab70c40d9a5 P 4ab2f00a02e542f7afce3cc7bbc4f3e4 reported cstate change: term changed from 1 to 2, leader changed from 303659f541324953a5828e99b79e303c (127.17.54.130) to 4ab2f00a02e542f7afce3cc7bbc4f3e4 (127.17.54.131). New cstate: current_term: 2 leader_uuid: "4ab2f00a02e542f7afce3cc7bbc4f3e4" committed_config { opid_index: -1 OBSOLETE_local: false peers { permanent_uuid: "303659f541324953a5828e99b79e303c" member_type: VOTER last_known_addr { host: "127.17.54.130" port: 42481 } health_report { overall_health: UNKNOWN } } peers { permanent_uuid: "1b18ef7096a245f7b7e3da3842064142" member_type: VOTER last_known_addr { host: "127.17.54.132" port: 33765 } health_report { overall_health: UNKNOWN } } peers { permanent_uuid: "4ab2f00a02e542f7afce3cc7bbc4f3e4" member_type: VOTER last_known_addr { host: "127.17.54.131" port: 36695 } health_report { overall_health: HEALTHY } } }
I20260601 13:40:07.778891 21025 raft_consensus.cc:993] T 7db9c8db95624dea896f712d84a59800 P 303659f541324953a5828e99b79e303c: : Instructing follower fb538f116c5e4404b49a4420d5e23376 to start an election
I20260601 13:40:07.779031 21025 raft_consensus.cc:1081] T 7db9c8db95624dea896f712d84a59800 P 303659f541324953a5828e99b79e303c [term 1 LEADER]: Signalling peer fb538f116c5e4404b49a4420d5e23376 to start an election
I20260601 13:40:07.779482 20615 tablet_service.cc:2044] Received Run Leader Election RPC: tablet_id: "7db9c8db95624dea896f712d84a59800"
dest_uuid: "fb538f116c5e4404b49a4420d5e23376"
 from {username='slave'} at 127.0.0.1:57484
I20260601 13:40:07.779619 20615 raft_consensus.cc:493] T 7db9c8db95624dea896f712d84a59800 P fb538f116c5e4404b49a4420d5e23376 [term 1 FOLLOWER]: Starting forced leader election (received explicit request)
I20260601 13:40:07.779680 20615 raft_consensus.cc:3060] T 7db9c8db95624dea896f712d84a59800 P fb538f116c5e4404b49a4420d5e23376 [term 1 FOLLOWER]: Advancing to term 2
I20260601 13:40:07.780675 20615 raft_consensus.cc:515] T 7db9c8db95624dea896f712d84a59800 P fb538f116c5e4404b49a4420d5e23376 [term 2 FOLLOWER]: Starting forced leader election with config: opid_index: -1 OBSOLETE_local: false peers { permanent_uuid: "fb538f116c5e4404b49a4420d5e23376" member_type: VOTER last_known_addr { host: "127.17.54.129" port: 42741 } } peers { permanent_uuid: "1b18ef7096a245f7b7e3da3842064142" member_type: VOTER last_known_addr { host: "127.17.54.132" port: 33765 } } peers { permanent_uuid: "303659f541324953a5828e99b79e303c" member_type: VOTER last_known_addr { host: "127.17.54.130" port: 42481 } }
I20260601 13:40:07.781100 20615 leader_election.cc:290] T 7db9c8db95624dea896f712d84a59800 P fb538f116c5e4404b49a4420d5e23376 [CANDIDATE]: Term 2 election: Requested vote from peers 1b18ef7096a245f7b7e3da3842064142 (127.17.54.132:33765), 303659f541324953a5828e99b79e303c (127.17.54.130:42481)
I20260601 13:40:07.781389 20910 tablet_service.cc:1917] Received RequestConsensusVote() RPC: tablet_id: "7db9c8db95624dea896f712d84a59800" candidate_uuid: "fb538f116c5e4404b49a4420d5e23376" candidate_term: 2 candidate_status { last_received { term: 1 index: 1 } } ignore_live_leader: true dest_uuid: "1b18ef7096a245f7b7e3da3842064142"
I20260601 13:40:07.781428 20693 tablet_service.cc:1917] Received RequestConsensusVote() RPC: tablet_id: "7db9c8db95624dea896f712d84a59800" candidate_uuid: "fb538f116c5e4404b49a4420d5e23376" candidate_term: 2 candidate_status { last_received { term: 1 index: 1 } } ignore_live_leader: true dest_uuid: "303659f541324953a5828e99b79e303c"
I20260601 13:40:07.781491 20910 raft_consensus.cc:3060] T 7db9c8db95624dea896f712d84a59800 P 1b18ef7096a245f7b7e3da3842064142 [term 1 FOLLOWER]: Advancing to term 2
I20260601 13:40:07.781574 20693 raft_consensus.cc:3055] T 7db9c8db95624dea896f712d84a59800 P 303659f541324953a5828e99b79e303c [term 1 LEADER]: Stepping down as leader of term 1
I20260601 13:40:07.781625 20693 raft_consensus.cc:740] T 7db9c8db95624dea896f712d84a59800 P 303659f541324953a5828e99b79e303c [term 1 LEADER]: Becoming Follower/Learner. State: Replica: 303659f541324953a5828e99b79e303c, State: Running, Role: LEADER
I20260601 13:40:07.781773 20693 consensus_queue.cc:260] T 7db9c8db95624dea896f712d84a59800 P 303659f541324953a5828e99b79e303c [NON_LEADER]: Queue going to NON_LEADER mode. State: All replicated index: 0, Majority replicated index: 1, Committed index: 1, Last appended: 1.1, Last appended by leader: 1, Current term: 1, Majority size: -1, State: 0, Mode: NON_LEADER, active raft config: opid_index: -1 OBSOLETE_local: false peers { permanent_uuid: "fb538f116c5e4404b49a4420d5e23376" member_type: VOTER last_known_addr { host: "127.17.54.129" port: 42741 } } peers { permanent_uuid: "1b18ef7096a245f7b7e3da3842064142" member_type: VOTER last_known_addr { host: "127.17.54.132" port: 33765 } } peers { permanent_uuid: "303659f541324953a5828e99b79e303c" member_type: VOTER last_known_addr { host: "127.17.54.130" port: 42481 } }
I20260601 13:40:07.781934 20693 raft_consensus.cc:3060] T 7db9c8db95624dea896f712d84a59800 P 303659f541324953a5828e99b79e303c [term 1 FOLLOWER]: Advancing to term 2
I20260601 13:40:07.782398 20910 raft_consensus.cc:2468] T 7db9c8db95624dea896f712d84a59800 P 1b18ef7096a245f7b7e3da3842064142 [term 2 FOLLOWER]: Leader election vote request: Granting yes vote for candidate fb538f116c5e4404b49a4420d5e23376 in term 2.
I20260601 13:40:07.782694 20693 raft_consensus.cc:2468] T 7db9c8db95624dea896f712d84a59800 P 303659f541324953a5828e99b79e303c [term 2 FOLLOWER]: Leader election vote request: Granting yes vote for candidate fb538f116c5e4404b49a4420d5e23376 in term 2.
I20260601 13:40:07.782708 20583 leader_election.cc:304] T 7db9c8db95624dea896f712d84a59800 P fb538f116c5e4404b49a4420d5e23376 [CANDIDATE]: Term 2 election: Election decided. Result: candidate won. Election summary: received 2 responses out of 3 voters: 2 yes votes; 0 no votes. yes voters: 1b18ef7096a245f7b7e3da3842064142, fb538f116c5e4404b49a4420d5e23376; no voters: 
I20260601 13:40:07.782909 20817 raft_consensus.cc:2804] T 7db9c8db95624dea896f712d84a59800 P fb538f116c5e4404b49a4420d5e23376 [term 2 FOLLOWER]: Leader election won for term 2
