I20260601 13:39:11.074554 30183 tablet_service.cc:1917] Received RequestConsensusVote() RPC: tablet_id: "8176f6b3ebc9414787a1afdb69e12e0f" candidate_uuid: "5347afb20ec94d1e8e338f3b1c4ba745" candidate_term: 1 candidate_status { last_received { term: 0 index: 0 } } ignore_live_leader: false dest_uuid: "8d2614a32e7b4b9baee3300e48588e58" is_pre_election: true
I20260601 13:39:11.074815 30107 raft_consensus.cc:2468] T 8176f6b3ebc9414787a1afdb69e12e0f P 25ab2aaa0a2e47689df20819b6420cd5 [term 0 FOLLOWER]: Leader pre-election vote request: Granting yes vote for candidate 5347afb20ec94d1e8e338f3b1c4ba745 in term 0.
I20260601 13:39:11.074815 30183 raft_consensus.cc:2468] T 8176f6b3ebc9414787a1afdb69e12e0f P 8d2614a32e7b4b9baee3300e48588e58 [term 0 FOLLOWER]: Leader pre-election vote request: Granting yes vote for candidate 5347afb20ec94d1e8e338f3b1c4ba745 in term 0.
I20260601 13:39:11.075242 29998 leader_election.cc:304] T 8176f6b3ebc9414787a1afdb69e12e0f P 5347afb20ec94d1e8e338f3b1c4ba745 [CANDIDATE]: Term 1 pre-election: Election decided. Result: candidate won. Election summary: received 2 responses out of 3 voters: 2 yes votes; 0 no votes. yes voters: 5347afb20ec94d1e8e338f3b1c4ba745, 8d2614a32e7b4b9baee3300e48588e58; no voters: 
I20260601 13:39:11.075451 30234 raft_consensus.cc:2804] T 8176f6b3ebc9414787a1afdb69e12e0f P 5347afb20ec94d1e8e338f3b1c4ba745 [term 0 FOLLOWER]: Leader pre-election won for term 1
I20260601 13:39:11.075523 30234 raft_consensus.cc:493] T 8176f6b3ebc9414787a1afdb69e12e0f P 5347afb20ec94d1e8e338f3b1c4ba745 [term 0 FOLLOWER]: Starting leader election (no leader contacted us within the election timeout)
I20260601 13:39:11.075553 30234 raft_consensus.cc:3060] T 8176f6b3ebc9414787a1afdb69e12e0f P 5347afb20ec94d1e8e338f3b1c4ba745 [term 0 FOLLOWER]: Advancing to term 1
I20260601 13:39:11.076437 30234 raft_consensus.cc:515] T 8176f6b3ebc9414787a1afdb69e12e0f P 5347afb20ec94d1e8e338f3b1c4ba745 [term 1 FOLLOWER]: Starting leader election with config: opid_index: -1 OBSOLETE_local: false peers { permanent_uuid: "5347afb20ec94d1e8e338f3b1c4ba745" member_type: VOTER last_known_addr { host: "127.27.160.129" port: 35871 } } peers { permanent_uuid: "25ab2aaa0a2e47689df20819b6420cd5" member_type: VOTER last_known_addr { host: "127.27.160.130" port: 34857 } } peers { permanent_uuid: "8d2614a32e7b4b9baee3300e48588e58" member_type: VOTER last_known_addr { host: "127.27.160.131" port: 43173 } }
I20260601 13:39:11.076872 30234 leader_election.cc:290] T 8176f6b3ebc9414787a1afdb69e12e0f P 5347afb20ec94d1e8e338f3b1c4ba745 [CANDIDATE]: Term 1 election: Requested vote from peers 25ab2aaa0a2e47689df20819b6420cd5 (127.27.160.130:34857), 8d2614a32e7b4b9baee3300e48588e58 (127.27.160.131:43173)
I20260601 13:39:11.077302 30107 tablet_service.cc:1917] Received RequestConsensusVote() RPC: tablet_id: "8176f6b3ebc9414787a1afdb69e12e0f" candidate_uuid: "5347afb20ec94d1e8e338f3b1c4ba745" candidate_term: 1 candidate_status { last_received { term: 0 index: 0 } } ignore_live_leader: false dest_uuid: "25ab2aaa0a2e47689df20819b6420cd5"
I20260601 13:39:11.077397 30183 tablet_service.cc:1917] Received RequestConsensusVote() RPC: tablet_id: "8176f6b3ebc9414787a1afdb69e12e0f" candidate_uuid: "5347afb20ec94d1e8e338f3b1c4ba745" candidate_term: 1 candidate_status { last_received { term: 0 index: 0 } } ignore_live_leader: false dest_uuid: "8d2614a32e7b4b9baee3300e48588e58"
I20260601 13:39:11.077463 30107 raft_consensus.cc:3060] T 8176f6b3ebc9414787a1afdb69e12e0f P 25ab2aaa0a2e47689df20819b6420cd5 [term 0 FOLLOWER]: Advancing to term 1
I20260601 13:39:11.077509 30183 raft_consensus.cc:3060] T 8176f6b3ebc9414787a1afdb69e12e0f P 8d2614a32e7b4b9baee3300e48588e58 [term 0 FOLLOWER]: Advancing to term 1
I20260601 13:39:11.078439 30183 raft_consensus.cc:2468] T 8176f6b3ebc9414787a1afdb69e12e0f P 8d2614a32e7b4b9baee3300e48588e58 [term 1 FOLLOWER]: Leader election vote request: Granting yes vote for candidate 5347afb20ec94d1e8e338f3b1c4ba745 in term 1.
I20260601 13:39:11.078650 30107 raft_consensus.cc:2468] T 8176f6b3ebc9414787a1afdb69e12e0f P 25ab2aaa0a2e47689df20819b6420cd5 [term 1 FOLLOWER]: Leader election vote request: Granting yes vote for candidate 5347afb20ec94d1e8e338f3b1c4ba745 in term 1.
I20260601 13:39:11.078809 29998 leader_election.cc:304] T 8176f6b3ebc9414787a1afdb69e12e0f P 5347afb20ec94d1e8e338f3b1c4ba745 [CANDIDATE]: Term 1 election: Election decided. Result: candidate won. Election summary: received 2 responses out of 3 voters: 2 yes votes; 0 no votes. yes voters: 5347afb20ec94d1e8e338f3b1c4ba745, 8d2614a32e7b4b9baee3300e48588e58; no voters: 
I20260601 13:39:11.079031 30234 raft_consensus.cc:2804] T 8176f6b3ebc9414787a1afdb69e12e0f P 5347afb20ec94d1e8e338f3b1c4ba745 [term 1 FOLLOWER]: Leader election won for term 1
I20260601 13:39:11.079326 30234 raft_consensus.cc:697] T 8176f6b3ebc9414787a1afdb69e12e0f P 5347afb20ec94d1e8e338f3b1c4ba745 [term 1 LEADER]: Becoming Leader. State: Replica: 5347afb20ec94d1e8e338f3b1c4ba745, State: Running, Role: LEADER
I20260601 13:39:11.079501 30234 consensus_queue.cc:237] T 8176f6b3ebc9414787a1afdb69e12e0f P 5347afb20ec94d1e8e338f3b1c4ba745 [LEADER]: Queue going to LEADER mode. State: All replicated index: 0, Majority replicated index: 0, Committed index: 0, Last appended: 0.0, Last appended by leader: 0, Current term: 1, Majority size: 2, State: 0, Mode: LEADER, active raft config: opid_index: -1 OBSOLETE_local: false peers { permanent_uuid: "5347afb20ec94d1e8e338f3b1c4ba745" member_type: VOTER last_known_addr { host: "127.27.160.129" port: 35871 } } peers { permanent_uuid: "25ab2aaa0a2e47689df20819b6420cd5" member_type: VOTER last_known_addr { host: "127.27.160.130" port: 34857 } } peers { permanent_uuid: "8d2614a32e7b4b9baee3300e48588e58" member_type: VOTER last_known_addr { host: "127.27.160.131" port: 43173 } }
I20260601 13:39:11.081354 29929 catalog_manager.cc:5696] T 8176f6b3ebc9414787a1afdb69e12e0f P 5347afb20ec94d1e8e338f3b1c4ba745 reported cstate change: term changed from 0 to 1, leader changed from <none> to 5347afb20ec94d1e8e338f3b1c4ba745 (127.27.160.129). New cstate: current_term: 1 leader_uuid: "5347afb20ec94d1e8e338f3b1c4ba745" committed_config { opid_index: -1 OBSOLETE_local: false peers { permanent_uuid: "5347afb20ec94d1e8e338f3b1c4ba745" member_type: VOTER last_known_addr { host: "127.27.160.129" port: 35871 } health_report { overall_health: HEALTHY } } peers { permanent_uuid: "25ab2aaa0a2e47689df20819b6420cd5" member_type: VOTER last_known_addr { host: "127.27.160.130" port: 34857 } health_report { overall_health: UNKNOWN } } peers { permanent_uuid: "8d2614a32e7b4b9baee3300e48588e58" member_type: VOTER last_known_addr { host: "127.27.160.131" port: 43173 } health_report { overall_health: UNKNOWN } } }
I20260601 13:39:11.403509 30237 raft_consensus.cc:493] T 439e59fe0b4a466f81183af5bf881923 P 8d2614a32e7b4b9baee3300e48588e58 [term 0 FOLLOWER]: Starting pre-election (no leader contacted us within the election timeout)
I20260601 13:39:11.403769 30237 raft_consensus.cc:515] T 439e59fe0b4a466f81183af5bf881923 P 8d2614a32e7b4b9baee3300e48588e58 [term 0 FOLLOWER]: Starting pre-election with config: opid_index: -1 OBSOLETE_local: false peers { permanent_uuid: "5347afb20ec94d1e8e338f3b1c4ba745" member_type: VOTER last_known_addr { host: "127.27.160.129" port: 35871 } } peers { permanent_uuid: "25ab2aaa0a2e47689df20819b6420cd5" member_type: VOTER last_known_addr { host: "127.27.160.130" port: 34857 } } peers { permanent_uuid: "8d2614a32e7b4b9baee3300e48588e58" member_type: VOTER last_known_addr { host: "127.27.160.131" port: 43173 } }
I20260601 13:39:11.404364 30237 leader_election.cc:290] T 439e59fe0b4a466f81183af5bf881923 P 8d2614a32e7b4b9baee3300e48588e58 [CANDIDATE]: Term 1 pre-election: Requested pre-vote from peers 5347afb20ec94d1e8e338f3b1c4ba745 (127.27.160.129:35871), 25ab2aaa0a2e47689df20819b6420cd5 (127.27.160.130:34857)
I20260601 13:39:11.408442 30107 tablet_service.cc:1917] Received RequestConsensusVote() RPC: tablet_id: "439e59fe0b4a466f81183af5bf881923" candidate_uuid: "8d2614a32e7b4b9baee3300e48588e58" candidate_term: 1 candidate_status { last_received { term: 0 index: 0 } } ignore_live_leader: false dest_uuid: "25ab2aaa0a2e47689df20819b6420cd5" is_pre_election: true
I20260601 13:39:11.408635 30107 raft_consensus.cc:2468] T 439e59fe0b4a466f81183af5bf881923 P 25ab2aaa0a2e47689df20819b6420cd5 [term 0 FOLLOWER]: Leader pre-election vote request: Granting yes vote for candidate 8d2614a32e7b4b9baee3300e48588e58 in term 0.
I20260601 13:39:11.408836 30032 tablet_service.cc:1917] Received RequestConsensusVote() RPC: tablet_id: "439e59fe0b4a466f81183af5bf881923" candidate_uuid: "8d2614a32e7b4b9baee3300e48588e58" candidate_term: 1 candidate_status { last_received { term: 0 index: 0 } } ignore_live_leader: false dest_uuid: "5347afb20ec94d1e8e338f3b1c4ba745" is_pre_election: true
I20260601 13:39:11.409011 30032 raft_consensus.cc:2468] T 439e59fe0b4a466f81183af5bf881923 P 5347afb20ec94d1e8e338f3b1c4ba745 [term 0 FOLLOWER]: Leader pre-election vote request: Granting yes vote for candidate 8d2614a32e7b4b9baee3300e48588e58 in term 0.
I20260601 13:39:11.409108 30146 leader_election.cc:304] T 439e59fe0b4a466f81183af5bf881923 P 8d2614a32e7b4b9baee3300e48588e58 [CANDIDATE]: Term 1 pre-election: Election decided. Result: candidate won. Election summary: received 2 responses out of 3 voters: 2 yes votes; 0 no votes. yes voters: 25ab2aaa0a2e47689df20819b6420cd5, 8d2614a32e7b4b9baee3300e48588e58; no voters: 
I20260601 13:39:11.409343 30237 raft_consensus.cc:2804] T 439e59fe0b4a466f81183af5bf881923 P 8d2614a32e7b4b9baee3300e48588e58 [term 0 FOLLOWER]: Leader pre-election won for term 1
I20260601 13:39:11.409433 30237 raft_consensus.cc:493] T 439e59fe0b4a466f81183af5bf881923 P 8d2614a32e7b4b9baee3300e48588e58 [term 0 FOLLOWER]: Starting leader election (no leader contacted us within the election timeout)
I20260601 13:39:11.409490 30237 raft_consensus.cc:3060] T 439e59fe0b4a466f81183af5bf881923 P 8d2614a32e7b4b9baee3300e48588e58 [term 0 FOLLOWER]: Advancing to term 1
I20260601 13:39:11.410465 30237 raft_consensus.cc:515] T 439e59fe0b4a466f81183af5bf881923 P 8d2614a32e7b4b9baee3300e48588e58 [term 1 FOLLOWER]: Starting leader election with config: opid_index: -1 OBSOLETE_local: false peers { permanent_uuid: "5347afb20ec94d1e8e338f3b1c4ba745" member_type: VOTER last_known_addr { host: "127.27.160.129" port: 35871 } } peers { permanent_uuid: "25ab2aaa0a2e47689df20819b6420cd5" member_type: VOTER last_known_addr { host: "127.27.160.130" port: 34857 } } peers { permanent_uuid: "8d2614a32e7b4b9baee3300e48588e58" member_type: VOTER last_known_addr { host: "127.27.160.131" port: 43173 } }
I20260601 13:39:11.410977 30237 leader_election.cc:290] T 439e59fe0b4a466f81183af5bf881923 P 8d2614a32e7b4b9baee3300e48588e58 [CANDIDATE]: Term 1 election: Requested vote from peers 5347afb20ec94d1e8e338f3b1c4ba745 (127.27.160.129:35871), 25ab2aaa0a2e47689df20819b6420cd5 (127.27.160.130:34857)
I20260601 13:39:11.411564 30032 tablet_service.cc:1917] Received RequestConsensusVote() RPC: tablet_id: "439e59fe0b4a466f81183af5bf881923" candidate_uuid: "8d2614a32e7b4b9baee3300e48588e58" candidate_term: 1 candidate_status { last_received { term: 0 index: 0 } } ignore_live_leader: false dest_uuid: "5347afb20ec94d1e8e338f3b1c4ba745"
I20260601 13:39:11.411695 30032 raft_consensus.cc:3060] T 439e59fe0b4a466f81183af5bf881923 P 5347afb20ec94d1e8e338f3b1c4ba745 [term 0 FOLLOWER]: Advancing to term 1
I20260601 13:39:11.411546 30107 tablet_service.cc:1917] Received RequestConsensusVote() RPC: tablet_id: "439e59fe0b4a466f81183af5bf881923" candidate_uuid: "8d2614a32e7b4b9baee3300e48588e58" candidate_term: 1 candidate_status { last_received { term: 0 index: 0 } } ignore_live_leader: false dest_uuid: "25ab2aaa0a2e47689df20819b6420cd5"
I20260601 13:39:11.411800 30107 raft_consensus.cc:3060] T 439e59fe0b4a466f81183af5bf881923 P 25ab2aaa0a2e47689df20819b6420cd5 [term 0 FOLLOWER]: Advancing to term 1
I20260601 13:39:11.412814 30032 raft_consensus.cc:2468] T 439e59fe0b4a466f81183af5bf881923 P 5347afb20ec94d1e8e338f3b1c4ba745 [term 1 FOLLOWER]: Leader election vote request: Granting yes vote for candidate 8d2614a32e7b4b9baee3300e48588e58 in term 1.
I20260601 13:39:11.413178 30149 leader_election.cc:304] T 439e59fe0b4a466f81183af5bf881923 P 8d2614a32e7b4b9baee3300e48588e58 [CANDIDATE]: Term 1 election: Election decided. Result: candidate won. Election summary: received 2 responses out of 3 voters: 2 yes votes; 0 no votes. yes voters: 5347afb20ec94d1e8e338f3b1c4ba745, 8d2614a32e7b4b9baee3300e48588e58; no voters: 
I20260601 13:39:11.413414 30107 raft_consensus.cc:2468] T 439e59fe0b4a466f81183af5bf881923 P 25ab2aaa0a2e47689df20819b6420cd5 [term 1 FOLLOWER]: Leader election vote request: Granting yes vote for candidate 8d2614a32e7b4b9baee3300e48588e58 in term 1.
I20260601 13:39:11.413638 30237 raft_consensus.cc:2804] T 439e59fe0b4a466f81183af5bf881923 P 8d2614a32e7b4b9baee3300e48588e58 [term 1 FOLLOWER]: Leader election won for term 1
I20260601 13:39:11.413837 30237 raft_consensus.cc:697] T 439e59fe0b4a466f81183af5bf881923 P 8d2614a32e7b4b9baee3300e48588e58 [term 1 LEADER]: Becoming Leader. State: Replica: 8d2614a32e7b4b9baee3300e48588e58, State: Running, Role: LEADER
I20260601 13:39:11.414019 30237 consensus_queue.cc:237] T 439e59fe0b4a466f81183af5bf881923 P 8d2614a32e7b4b9baee3300e48588e58 [LEADER]: Queue going to LEADER mode. State: All replicated index: 0, Majority replicated index: 0, Committed index: 0, Last appended: 0.0, Last appended by leader: 0, Current term: 1, Majority size: 2, State: 0, Mode: LEADER, active raft config: opid_index: -1 OBSOLETE_local: false peers { permanent_uuid: "5347afb20ec94d1e8e338f3b1c4ba745" member_type: VOTER last_known_addr { host: "127.27.160.129" port: 35871 } } peers { permanent_uuid: "25ab2aaa0a2e47689df20819b6420cd5" member_type: VOTER last_known_addr { host: "127.27.160.130" port: 34857 } } peers { permanent_uuid: "8d2614a32e7b4b9baee3300e48588e58" member_type: VOTER last_known_addr { host: "127.27.160.131" port: 43173 } }
I20260601 13:39:11.416263 29929 catalog_manager.cc:5696] T 439e59fe0b4a466f81183af5bf881923 P 8d2614a32e7b4b9baee3300e48588e58 reported cstate change: term changed from 0 to 1, leader changed from <none> to 8d2614a32e7b4b9baee3300e48588e58 (127.27.160.131). New cstate: current_term: 1 leader_uuid: "8d2614a32e7b4b9baee3300e48588e58" committed_config { opid_index: -1 OBSOLETE_local: false peers { permanent_uuid: "5347afb20ec94d1e8e338f3b1c4ba745" member_type: VOTER last_known_addr { host: "127.27.160.129" port: 35871 } health_report { overall_health: UNKNOWN } } peers { permanent_uuid: "25ab2aaa0a2e47689df20819b6420cd5" member_type: VOTER last_known_addr { host: "127.27.160.130" port: 34857 } health_report { overall_health: UNKNOWN } } peers { permanent_uuid: "8d2614a32e7b4b9baee3300e48588e58" member_type: VOTER last_known_addr { host: "127.27.160.131" port: 43173 } health_report { overall_health: HEALTHY } } }
I20260601 13:39:11.499430 30234 consensus_queue.cc:1048] T 8176f6b3ebc9414787a1afdb69e12e0f P 5347afb20ec94d1e8e338f3b1c4ba745 [LEADER]: Connected to new peer: Peer: permanent_uuid: "8d2614a32e7b4b9baee3300e48588e58" member_type: VOTER last_known_addr { host: "127.27.160.131" port: 43173 }, Status: LMP_MISMATCH, Last received: 0.0, Next index: 1, Last known committed idx: 0, Time since last communication: 0.000s
I20260601 13:39:11.503484 30234 consensus_queue.cc:1048] T 8176f6b3ebc9414787a1afdb69e12e0f P 5347afb20ec94d1e8e338f3b1c4ba745 [LEADER]: Connected to new peer: Peer: permanent_uuid: "25ab2aaa0a2e47689df20819b6420cd5" member_type: VOTER last_known_addr { host: "127.27.160.130" port: 34857 }, Status: LMP_MISMATCH, Last received: 0.0, Next index: 1, Last known committed idx: 0, Time since last communication: 0.000s
I20260601 13:39:11.791960 29983 auto_leader_rebalancer.cc:140] leader rebalance for table test-workload
I20260601 13:39:11.792498 29983 auto_leader_rebalancer.cc:388] table: test-workload, leader rebalance finish, leader transfer count: 0
I20260601 13:39:11.792572 29983 auto_leader_rebalancer.cc:451] All tables' leader rebalancing finished this round
I20260601 13:39:11.804872 30242 consensus_queue.cc:1048] T 439e59fe0b4a466f81183af5bf881923 P 8d2614a32e7b4b9baee3300e48588e58 [LEADER]: Connected to new peer: Peer: permanent_uuid: "25ab2aaa0a2e47689df20819b6420cd5" member_type: VOTER last_known_addr { host: "127.27.160.130" port: 34857 }, Status: LMP_MISMATCH, Last received: 0.0, Next index: 1, Last known committed idx: 0, Time since last communication: 0.000s
I20260601 13:39:11.809581 30242 consensus_queue.cc:1048] T 439e59fe0b4a466f81183af5bf881923 P 8d2614a32e7b4b9baee3300e48588e58 [LEADER]: Connected to new peer: Peer: permanent_uuid: "5347afb20ec94d1e8e338f3b1c4ba745" member_type: VOTER last_known_addr { host: "127.27.160.129" port: 35871 }, Status: LMP_MISMATCH, Last received: 0.0, Next index: 1, Last known committed idx: 0, Time since last communication: 0.000s
I20260601 13:39:13.792920 29983 auto_leader_rebalancer.cc:140] leader rebalance for table test-workload
I20260601 13:39:13.793442 29983 auto_leader_rebalancer.cc:388] table: test-workload, leader rebalance finish, leader transfer count: 0
I20260601 13:39:13.793548 29983 auto_leader_rebalancer.cc:451] All tables' leader rebalancing finished this round
I20260601 13:39:15.793936 29983 auto_leader_rebalancer.cc:140] leader rebalance for table test-workload
I20260601 13:39:15.794459 29983 auto_leader_rebalancer.cc:388] table: test-workload, leader rebalance finish, leader transfer count: 0
I20260601 13:39:15.794795 29983 auto_leader_rebalancer.cc:451] All tables' leader rebalancing finished this round
I20260601 13:39:17.795406 29983 auto_leader_rebalancer.cc:140] leader rebalance for table test-workload
I20260601 13:39:17.795969 29983 auto_leader_rebalancer.cc:388] table: test-workload, leader rebalance finish, leader transfer count: 0
I20260601 13:39:17.796085 29983 auto_leader_rebalancer.cc:451] All tables' leader rebalancing finished this round
I20260601 13:39:19.796525 29983 auto_leader_rebalancer.cc:140] leader rebalance for table test-workload
I20260601 13:39:19.797066 29983 auto_leader_rebalancer.cc:388] table: test-workload, leader rebalance finish, leader transfer count: 0
I20260601 13:39:19.797187 29983 auto_leader_rebalancer.cc:451] All tables' leader rebalancing finished this round
I20260601 13:39:21.797988 29983 auto_leader_rebalancer.cc:140] leader rebalance for table test-workload
I20260601 13:39:21.798911 29983 auto_leader_rebalancer.cc:388] table: test-workload, leader rebalance finish, leader transfer count: 0
I20260601 13:39:21.799122 29983 auto_leader_rebalancer.cc:451] All tables' leader rebalancing finished this round
I20260601 13:39:22.484190 28290 file_cache.cc:492] Constructed file cache file cache with capacity 419430
W20260601 13:39:22.487782 30266 instance_detector.cc:116] could not retrieve AWS instance metadata: Network error: curl error: HTTP response code said error: The requested URL returned error: 404
W20260601 13:39:22.488145 30269 instance_detector.cc:116] could not retrieve OpenStack instance metadata: Network error: curl error: HTTP response code said error: The requested URL returned error: 404
W20260601 13:39:22.488164 30267 instance_detector.cc:116] could not retrieve Azure instance metadata: Network error: curl error: HTTP response code said error: The requested URL returned error: 404
I20260601 13:39:22.488229 28290 server_base.cc:1061] running on GCE node
I20260601 13:39:22.488792 28290 hybrid_clock.cc:584] initializing the hybrid clock with 'system_unsync' time source
W20260601 13:39:22.488863 28290 system_unsync_time.cc:38] NTP support is disabled. Clock error bounds will not be accurate. This configuration is not suitable for distributed clusters.
I20260601 13:39:22.488890 28290 hybrid_clock.cc:648] HybridClock initialized: now 1780321162488889 us; error 0 us; skew 500 ppm
I20260601 13:39:22.490435 28290 webserver.cc:533] Webserver started at http://127.27.160.132:37389/ using document root <none> and password file <none>
I20260601 13:39:22.490649 28290 fs_manager.cc:362] Metadata directory not provided
I20260601 13:39:22.490741 28290 fs_manager.cc:368] Using write-ahead log directory (fs_wal_dir) as metadata directory
I20260601 13:39:22.490835 28290 server_base.cc:909] This appears to be a new deployment of Kudu; creating new FS layout
I20260601 13:39:22.491412 28290 fs_manager.cc:1068] Generated new instance metadata in path /tmp/dist-test-taskxe2tP3/test-tmp/auto_rebalancer-test.0.AutoRebalancerTest.MovesScheduledIfAddTserver.1780321133454858-28290-0/minicluster-data/ts-3-root/instance:
uuid: "d529bbf067b84f34b516220aafe58120"
format_stamp: "Formatted at 2026-06-01 13:39:22 on dist-test-slave-936l"
I20260601 13:39:22.493280 28290 fs_manager.cc:696] Time spent creating directory manager: real 0.002s	user 0.001s	sys 0.000s
I20260601 13:39:22.494544 30274 log_block_manager.cc:4031] Time spent loading block containers with low live blocks: real 0.000s	user 0.000s	sys 0.000s
I20260601 13:39:22.494815 28290 fs_manager.cc:730] Time spent opening block manager: real 0.001s	user 0.001s	sys 0.000s
I20260601 13:39:22.494882 28290 fs_manager.cc:647] Opened local filesystem: /tmp/dist-test-taskxe2tP3/test-tmp/auto_rebalancer-test.0.AutoRebalancerTest.MovesScheduledIfAddTserver.1780321133454858-28290-0/minicluster-data/ts-3-root
uuid: "d529bbf067b84f34b516220aafe58120"
format_stamp: "Formatted at 2026-06-01 13:39:22 on dist-test-slave-936l"
I20260601 13:39:22.494979 28290 fs_report.cc:389] FS layout report
--------------------
wal directory: /tmp/dist-test-taskxe2tP3/test-tmp/auto_rebalancer-test.0.AutoRebalancerTest.MovesScheduledIfAddTserver.1780321133454858-28290-0/minicluster-data/ts-3-root
metadata directory: /tmp/dist-test-taskxe2tP3/test-tmp/auto_rebalancer-test.0.AutoRebalancerTest.MovesScheduledIfAddTserver.1780321133454858-28290-0/minicluster-data/ts-3-root
1 data directories: /tmp/dist-test-taskxe2tP3/test-tmp/auto_rebalancer-test.0.AutoRebalancerTest.MovesScheduledIfAddTserver.1780321133454858-28290-0/minicluster-data/ts-3-root/data
Total live blocks: 0
Total live bytes: 0
Total live bytes (after alignment): 0
Total number of LBM containers: 0 (0 full)
Did not check for missing blocks
Did not check for orphaned blocks
Total full LBM containers with extra space: 0 (0 repaired)
Total full LBM container extra space in bytes: 0 (0 repaired)
Total incomplete LBM containers: 0 (0 repaired)
Total LBM partial records: 0 (0 repaired)
Total corrupted LBM metadata records in RocksDB: 0 (0 repaired)
I20260601 13:39:22.505303 28290 rpc_server.cc:225] running with OpenSSL 1.1.1  11 Sep 2018
I20260601 13:39:22.505761 28290 kserver.cc:163] Server-wide thread pool size limit: 3276
I20260601 13:39:22.506093 28290 txn_system_client.cc:432] TxnSystemClient initialization is disabled...
I20260601 13:39:22.506595 28290 ts_tablet_manager.cc:585] Loaded tablet metadata (0 total tablets, 0 live tablets)
I20260601 13:39:22.506670 28290 ts_tablet_manager.cc:531] Time spent load tablet metadata: real 0.000s	user 0.000s	sys 0.000s
I20260601 13:39:22.506754 28290 ts_tablet_manager.cc:616] Registered 0 tablets
I20260601 13:39:22.506808 28290 ts_tablet_manager.cc:595] Time spent register tablets: real 0.000s	user 0.000s	sys 0.000s
I20260601 13:39:22.513031 28290 rpc_server.cc:307] RPC server started. Bound to: 127.27.160.132:43521
I20260601 13:39:22.513087 30337 acceptor_pool.cc:272] collecting diagnostics on the listening RPC socket 127.27.160.132:43521 every 8 connection(s)
I20260601 13:39:22.523008 30338 heartbeater.cc:344] Connected to a master server at 127.27.160.190:37761
I20260601 13:39:22.523164 30338 heartbeater.cc:461] Registering TS with master...
I20260601 13:39:22.523517 30338 heartbeater.cc:507] Master 127.27.160.190:37761 requested a full tablet report, sending...
I20260601 13:39:22.524279 29927 ts_manager.cc:194] Registered new tserver with Master: d529bbf067b84f34b516220aafe58120 (127.27.160.132:43521)
I20260601 13:39:22.524886 29927 master_service.cc:502] Signed X509 certificate for tserver {username='slave'} at 127.0.0.1:55656
I20260601 13:39:22.811010 30032 consensus_queue.cc:237] T 8176f6b3ebc9414787a1afdb69e12e0f P 5347afb20ec94d1e8e338f3b1c4ba745 [LEADER]: Queue going to LEADER mode. State: All replicated index: 0, Majority replicated index: 1, Committed index: 1, Last appended: 1.1, Last appended by leader: 0, Current term: 1, Majority size: 2, State: 0, Mode: LEADER, active raft config: opid_index: 2 OBSOLETE_local: false peers { permanent_uuid: "5347afb20ec94d1e8e338f3b1c4ba745" member_type: VOTER last_known_addr { host: "127.27.160.129" port: 35871 } } peers { permanent_uuid: "25ab2aaa0a2e47689df20819b6420cd5" member_type: VOTER last_known_addr { host: "127.27.160.130" port: 34857 } attrs { replace: true } } peers { permanent_uuid: "8d2614a32e7b4b9baee3300e48588e58" member_type: VOTER last_known_addr { host: "127.27.160.131" port: 43173 } } peers { permanent_uuid: "d529bbf067b84f34b516220aafe58120" member_type: NON_VOTER last_known_addr { host: "127.27.160.132" port: 43521 } attrs { promote: true } }
I20260601 13:39:22.812877 30183 raft_consensus.cc:1275] T 8176f6b3ebc9414787a1afdb69e12e0f P 8d2614a32e7b4b9baee3300e48588e58 [term 1 FOLLOWER]: Refusing update from remote peer 5347afb20ec94d1e8e338f3b1c4ba745: Log matching property violated. Preceding OpId in replica: term: 1 index: 1. Preceding OpId from leader: term: 1 index: 2. (index mismatch)
I20260601 13:39:22.812877 30107 raft_consensus.cc:1275] T 8176f6b3ebc9414787a1afdb69e12e0f P 25ab2aaa0a2e47689df20819b6420cd5 [term 1 FOLLOWER]: Refusing update from remote peer 5347afb20ec94d1e8e338f3b1c4ba745: Log matching property violated. Preceding OpId in replica: term: 1 index: 1. Preceding OpId from leader: term: 1 index: 2. (index mismatch)
I20260601 13:39:22.813423 30346 consensus_queue.cc:1048] T 8176f6b3ebc9414787a1afdb69e12e0f P 5347afb20ec94d1e8e338f3b1c4ba745 [LEADER]: Connected to new peer: Peer: permanent_uuid: "8d2614a32e7b4b9baee3300e48588e58" member_type: VOTER last_known_addr { host: "127.27.160.131" port: 43173 }, Status: LMP_MISMATCH, Last received: 0.0, Next index: 2, Last known committed idx: 1, Time since last communication: 0.000s
I20260601 13:39:22.813702 30264 consensus_queue.cc:1048] T 8176f6b3ebc9414787a1afdb69e12e0f P 5347afb20ec94d1e8e338f3b1c4ba745 [LEADER]: Connected to new peer: Peer: permanent_uuid: "25ab2aaa0a2e47689df20819b6420cd5" member_type: VOTER last_known_addr { host: "127.27.160.130" port: 34857 } attrs { replace: true }, Status: LMP_MISMATCH, Last received: 0.0, Next index: 2, Last known committed idx: 1, Time since last communication: 0.000s
I20260601 13:39:22.815675 30346 raft_consensus.cc:2955] T 8176f6b3ebc9414787a1afdb69e12e0f P 5347afb20ec94d1e8e338f3b1c4ba745 [term 1 LEADER]: Committing config change with OpId 1.2: config changed from index -1 to 2, NON_VOTER d529bbf067b84f34b516220aafe58120 (127.27.160.132) added. New config: { opid_index: 2 OBSOLETE_local: false peers { permanent_uuid: "5347afb20ec94d1e8e338f3b1c4ba745" member_type: VOTER last_known_addr { host: "127.27.160.129" port: 35871 } } peers { permanent_uuid: "25ab2aaa0a2e47689df20819b6420cd5" member_type: VOTER last_known_addr { host: "127.27.160.130" port: 34857 } attrs { replace: true } } peers { permanent_uuid: "8d2614a32e7b4b9baee3300e48588e58" member_type: VOTER last_known_addr { host: "127.27.160.131" port: 43173 } } peers { permanent_uuid: "d529bbf067b84f34b516220aafe58120" member_type: NON_VOTER last_known_addr { host: "127.27.160.132" port: 43521 } attrs { promote: true } } }
I20260601 13:39:22.816170 30107 raft_consensus.cc:2955] T 8176f6b3ebc9414787a1afdb69e12e0f P 25ab2aaa0a2e47689df20819b6420cd5 [term 1 FOLLOWER]: Committing config change with OpId 1.2: config changed from index -1 to 2, NON_VOTER d529bbf067b84f34b516220aafe58120 (127.27.160.132) added. New config: { opid_index: 2 OBSOLETE_local: false peers { permanent_uuid: "5347afb20ec94d1e8e338f3b1c4ba745" member_type: VOTER last_known_addr { host: "127.27.160.129" port: 35871 } } peers { permanent_uuid: "25ab2aaa0a2e47689df20819b6420cd5" member_type: VOTER last_known_addr { host: "127.27.160.130" port: 34857 } attrs { replace: true } } peers { permanent_uuid: "8d2614a32e7b4b9baee3300e48588e58" member_type: VOTER last_known_addr { host: "127.27.160.131" port: 43173 } } peers { permanent_uuid: "d529bbf067b84f34b516220aafe58120" member_type: NON_VOTER last_known_addr { host: "127.27.160.132" port: 43521 } attrs { promote: true } } }
W20260601 13:39:22.817754 29997 consensus_peers.cc:597] T 8176f6b3ebc9414787a1afdb69e12e0f P 5347afb20ec94d1e8e338f3b1c4ba745 -> Peer d529bbf067b84f34b516220aafe58120 (127.27.160.132:43521): Couldn't send request to peer d529bbf067b84f34b516220aafe58120. Error code: TABLET_NOT_FOUND (6). Status: Not found: Tablet not found: 8176f6b3ebc9414787a1afdb69e12e0f. This is attempt 1: this message will repeat every 5th retry.
I20260601 13:39:22.818003 30183 raft_consensus.cc:2955] T 8176f6b3ebc9414787a1afdb69e12e0f P 8d2614a32e7b4b9baee3300e48588e58 [term 1 FOLLOWER]: Committing config change with OpId 1.2: config changed from index -1 to 2, NON_VOTER d529bbf067b84f34b516220aafe58120 (127.27.160.132) added. New config: { opid_index: 2 OBSOLETE_local: false peers { permanent_uuid: "5347afb20ec94d1e8e338f3b1c4ba745" member_type: VOTER last_known_addr { host: "127.27.160.129" port: 35871 } } peers { permanent_uuid: "25ab2aaa0a2e47689df20819b6420cd5" member_type: VOTER last_known_addr { host: "127.27.160.130" port: 34857 } attrs { replace: true } } peers { permanent_uuid: "8d2614a32e7b4b9baee3300e48588e58" member_type: VOTER last_known_addr { host: "127.27.160.131" port: 43173 } } peers { permanent_uuid: "d529bbf067b84f34b516220aafe58120" member_type: NON_VOTER last_known_addr { host: "127.27.160.132" port: 43521 } attrs { promote: true } } }
I20260601 13:39:22.818861 29927 catalog_manager.cc:5696] T 8176f6b3ebc9414787a1afdb69e12e0f P 5347afb20ec94d1e8e338f3b1c4ba745 reported cstate change: config changed from index -1 to 2, NON_VOTER d529bbf067b84f34b516220aafe58120 (127.27.160.132) added. New cstate: current_term: 1 leader_uuid: "5347afb20ec94d1e8e338f3b1c4ba745" committed_config { opid_index: 2 OBSOLETE_local: false peers { permanent_uuid: "5347afb20ec94d1e8e338f3b1c4ba745" member_type: VOTER last_known_addr { host: "127.27.160.129" port: 35871 } health_report { overall_health: HEALTHY } } peers { permanent_uuid: "25ab2aaa0a2e47689df20819b6420cd5" member_type: VOTER last_known_addr { host: "127.27.160.130" port: 34857 } attrs { replace: true } health_report { overall_health: HEALTHY } } peers { permanent_uuid: "8d2614a32e7b4b9baee3300e48588e58" member_type: VOTER last_known_addr { host: "127.27.160.131" port: 43173 } health_report { overall_health: HEALTHY } } peers { permanent_uuid: "d529bbf067b84f34b516220aafe58120" member_type: NON_VOTER last_known_addr { host: "127.27.160.132" port: 43521 } attrs { promote: true } health_report { overall_health: UNKNOWN } } }
I20260601 13:39:23.273173 30356 ts_tablet_manager.cc:933] T 8176f6b3ebc9414787a1afdb69e12e0f P d529bbf067b84f34b516220aafe58120: Initiating tablet copy from peer 5347afb20ec94d1e8e338f3b1c4ba745 (127.27.160.129:35871)
I20260601 13:39:23.273864 30356 tablet_copy_client.cc:323] T 8176f6b3ebc9414787a1afdb69e12e0f P d529bbf067b84f34b516220aafe58120: tablet copy: Beginning tablet copy session from remote peer at address 127.27.160.129:35871
I20260601 13:39:23.278439 30042 tablet_copy_service.cc:140] P 5347afb20ec94d1e8e338f3b1c4ba745: Received BeginTabletCopySession request for tablet 8176f6b3ebc9414787a1afdb69e12e0f from peer d529bbf067b84f34b516220aafe58120 ({username='slave'} at 127.0.0.1:32882)
I20260601 13:39:23.278606 30042 tablet_copy_service.cc:161] P 5347afb20ec94d1e8e338f3b1c4ba745: Beginning new tablet copy session on tablet 8176f6b3ebc9414787a1afdb69e12e0f from peer d529bbf067b84f34b516220aafe58120 at {username='slave'} at 127.0.0.1:32882: session id = d529bbf067b84f34b516220aafe58120-8176f6b3ebc9414787a1afdb69e12e0f
I20260601 13:39:23.280320 30042 tablet_copy_source_session.cc:215] T 8176f6b3ebc9414787a1afdb69e12e0f P 5347afb20ec94d1e8e338f3b1c4ba745: Tablet Copy: opened 0 blocks and 1 log segments
I20260601 13:39:23.281715 30356 data_dirs.cc:400] Could only allocate 1 dirs of requested 3 for tablet 8176f6b3ebc9414787a1afdb69e12e0f. 1 dirs total, 0 dirs full, 0 dirs failed
I20260601 13:39:23.283870 30356 tablet_copy_client.cc:806] T 8176f6b3ebc9414787a1afdb69e12e0f P d529bbf067b84f34b516220aafe58120: tablet copy: Starting download of 0 data blocks...
I20260601 13:39:23.284108 30356 tablet_copy_client.cc:670] T 8176f6b3ebc9414787a1afdb69e12e0f P d529bbf067b84f34b516220aafe58120: tablet copy: Starting download of 1 WAL segments...
I20260601 13:39:23.286111 30356 tablet_copy_client.cc:538] T 8176f6b3ebc9414787a1afdb69e12e0f P d529bbf067b84f34b516220aafe58120: tablet copy: Tablet Copy complete. Replacing tablet superblock.
I20260601 13:39:23.287932 30356 tablet_bootstrap.cc:492] T 8176f6b3ebc9414787a1afdb69e12e0f P d529bbf067b84f34b516220aafe58120: Bootstrap starting.
I20260601 13:39:23.292922 30356 tablet_bootstrap.cc:492] T 8176f6b3ebc9414787a1afdb69e12e0f P d529bbf067b84f34b516220aafe58120: Bootstrap replayed 1/1 log segments. Stats: ops{read=2 overwritten=0 applied=2 ignored=0} inserts{seen=0 ignored=0} mutations{seen=0 ignored=0} orphaned_commits=0. Pending: 0 replicates
I20260601 13:39:23.293260 30356 tablet_bootstrap.cc:492] T 8176f6b3ebc9414787a1afdb69e12e0f P d529bbf067b84f34b516220aafe58120: Bootstrap complete.
I20260601 13:39:23.293463 30356 ts_tablet_manager.cc:1403] T 8176f6b3ebc9414787a1afdb69e12e0f P d529bbf067b84f34b516220aafe58120: Time spent bootstrapping tablet: real 0.006s	user 0.001s	sys 0.003s
I20260601 13:39:23.294193 30356 raft_consensus.cc:359] T 8176f6b3ebc9414787a1afdb69e12e0f P d529bbf067b84f34b516220aafe58120 [term 1 LEARNER]: Replica starting. Triggering 0 pending ops. Active config: opid_index: 2 OBSOLETE_local: false peers { permanent_uuid: "5347afb20ec94d1e8e338f3b1c4ba745" member_type: VOTER last_known_addr { host: "127.27.160.129" port: 35871 } } peers { permanent_uuid: "25ab2aaa0a2e47689df20819b6420cd5" member_type: VOTER last_known_addr { host: "127.27.160.130" port: 34857 } attrs { replace: true } } peers { permanent_uuid: "8d2614a32e7b4b9baee3300e48588e58" member_type: VOTER last_known_addr { host: "127.27.160.131" port: 43173 } } peers { permanent_uuid: "d529bbf067b84f34b516220aafe58120" member_type: NON_VOTER last_known_addr { host: "127.27.160.132" port: 43521 } attrs { promote: true } }
I20260601 13:39:23.294416 30356 raft_consensus.cc:740] T 8176f6b3ebc9414787a1afdb69e12e0f P d529bbf067b84f34b516220aafe58120 [term 1 LEARNER]: Becoming Follower/Learner. State: Replica: d529bbf067b84f34b516220aafe58120, State: Initialized, Role: LEARNER
I20260601 13:39:23.294564 30356 consensus_queue.cc:260] T 8176f6b3ebc9414787a1afdb69e12e0f P d529bbf067b84f34b516220aafe58120 [NON_LEADER]: Queue going to NON_LEADER mode. State: All replicated index: 0, Majority replicated index: 0, Committed index: 2, Last appended: 1.2, Last appended by leader: 2, Current term: 0, Majority size: -1, State: 0, Mode: NON_LEADER, active raft config: opid_index: 2 OBSOLETE_local: false peers { permanent_uuid: "5347afb20ec94d1e8e338f3b1c4ba745" member_type: VOTER last_known_addr { host: "127.27.160.129" port: 35871 } } peers { permanent_uuid: "25ab2aaa0a2e47689df20819b6420cd5" member_type: VOTER last_known_addr { host: "127.27.160.130" port: 34857 } attrs { replace: true } } peers { permanent_uuid: "8d2614a32e7b4b9baee3300e48588e58" member_type: VOTER last_known_addr { host: "127.27.160.131" port: 43173 } } peers { permanent_uuid: "d529bbf067b84f34b516220aafe58120" member_type: NON_VOTER last_known_addr { host: "127.27.160.132" port: 43521 } attrs { promote: true } }
I20260601 13:39:23.295699 30338 heartbeater.cc:499] Master 127.27.160.190:37761 was elected leader, sending a full tablet report...
I20260601 13:39:23.295722 30356 ts_tablet_manager.cc:1434] T 8176f6b3ebc9414787a1afdb69e12e0f P d529bbf067b84f34b516220aafe58120: Time spent starting tablet: real 0.002s	user 0.000s	sys 0.004s
I20260601 13:39:23.296751 30042 tablet_copy_service.cc:342] P 5347afb20ec94d1e8e338f3b1c4ba745: Request end of tablet copy session d529bbf067b84f34b516220aafe58120-8176f6b3ebc9414787a1afdb69e12e0f received from {username='slave'} at 127.0.0.1:32882
I20260601 13:39:23.296870 30042 tablet_copy_service.cc:434] P 5347afb20ec94d1e8e338f3b1c4ba745: ending tablet copy session d529bbf067b84f34b516220aafe58120-8176f6b3ebc9414787a1afdb69e12e0f on tablet 8176f6b3ebc9414787a1afdb69e12e0f with peer d529bbf067b84f34b516220aafe58120
I20260601 13:39:23.799551 29983 auto_leader_rebalancer.cc:140] leader rebalance for table test-workload
I20260601 13:39:23.800272 29983 auto_leader_rebalancer.cc:388] table: test-workload, leader rebalance finish, leader transfer count: 0
I20260601 13:39:23.800392 29983 auto_leader_rebalancer.cc:451] All tables' leader rebalancing finished this round
I20260601 13:39:23.849710 30312 raft_consensus.cc:1217] T 8176f6b3ebc9414787a1afdb69e12e0f P d529bbf067b84f34b516220aafe58120 [term 1 LEARNER]: Deduplicated request from leader. Original: 1.1->[1.2-1.2]   Dedup: 1.2->[]
I20260601 13:39:24.466378 30364 raft_consensus.cc:1064] T 8176f6b3ebc9414787a1afdb69e12e0f P 5347afb20ec94d1e8e338f3b1c4ba745: attempting to promote NON_VOTER d529bbf067b84f34b516220aafe58120 to VOTER
I20260601 13:39:24.466924 30364 consensus_queue.cc:237] T 8176f6b3ebc9414787a1afdb69e12e0f P 5347afb20ec94d1e8e338f3b1c4ba745 [LEADER]: Queue going to LEADER mode. State: All replicated index: 0, Majority replicated index: 2, Committed index: 2, Last appended: 1.2, Last appended by leader: 0, Current term: 1, Majority size: 3, State: 0, Mode: LEADER, active raft config: opid_index: 3 OBSOLETE_local: false peers { permanent_uuid: "5347afb20ec94d1e8e338f3b1c4ba745" member_type: VOTER last_known_addr { host: "127.27.160.129" port: 35871 } } peers { permanent_uuid: "25ab2aaa0a2e47689df20819b6420cd5" member_type: VOTER last_known_addr { host: "127.27.160.130" port: 34857 } attrs { replace: true } } peers { permanent_uuid: "8d2614a32e7b4b9baee3300e48588e58" member_type: VOTER last_known_addr { host: "127.27.160.131" port: 43173 } } peers { permanent_uuid: "d529bbf067b84f34b516220aafe58120" member_type: VOTER last_known_addr { host: "127.27.160.132" port: 43521 } attrs { promote: false } }
I20260601 13:39:24.468657 30312 raft_consensus.cc:1275] T 8176f6b3ebc9414787a1afdb69e12e0f P d529bbf067b84f34b516220aafe58120 [term 1 LEARNER]: Refusing update from remote peer 5347afb20ec94d1e8e338f3b1c4ba745: Log matching property violated. Preceding OpId in replica: term: 1 index: 2. Preceding OpId from leader: term: 1 index: 3. (index mismatch)
I20260601 13:39:24.468657 30183 raft_consensus.cc:1275] T 8176f6b3ebc9414787a1afdb69e12e0f P 8d2614a32e7b4b9baee3300e48588e58 [term 1 FOLLOWER]: Refusing update from remote peer 5347afb20ec94d1e8e338f3b1c4ba745: Log matching property violated. Preceding OpId in replica: term: 1 index: 2. Preceding OpId from leader: term: 1 index: 3. (index mismatch)
I20260601 13:39:24.468943 30107 raft_consensus.cc:1275] T 8176f6b3ebc9414787a1afdb69e12e0f P 25ab2aaa0a2e47689df20819b6420cd5 [term 1 FOLLOWER]: Refusing update from remote peer 5347afb20ec94d1e8e338f3b1c4ba745: Log matching property violated. Preceding OpId in replica: term: 1 index: 2. Preceding OpId from leader: term: 1 index: 3. (index mismatch)
I20260601 13:39:24.469424 30367 consensus_queue.cc:1048] T 8176f6b3ebc9414787a1afdb69e12e0f P 5347afb20ec94d1e8e338f3b1c4ba745 [LEADER]: Connected to new peer: Peer: permanent_uuid: "25ab2aaa0a2e47689df20819b6420cd5" member_type: VOTER last_known_addr { host: "127.27.160.130" port: 34857 } attrs { replace: true }, Status: LMP_MISMATCH, Last received: 0.0, Next index: 3, Last known committed idx: 2, Time since last communication: 0.000s
I20260601 13:39:24.469673 30366 consensus_queue.cc:1048] T 8176f6b3ebc9414787a1afdb69e12e0f P 5347afb20ec94d1e8e338f3b1c4ba745 [LEADER]: Connected to new peer: Peer: permanent_uuid: "8d2614a32e7b4b9baee3300e48588e58" member_type: VOTER last_known_addr { host: "127.27.160.131" port: 43173 }, Status: LMP_MISMATCH, Last received: 0.0, Next index: 3, Last known committed idx: 2, Time since last communication: 0.000s
I20260601 13:39:24.469993 30367 consensus_queue.cc:1048] T 8176f6b3ebc9414787a1afdb69e12e0f P 5347afb20ec94d1e8e338f3b1c4ba745 [LEADER]: Connected to new peer: Peer: permanent_uuid: "d529bbf067b84f34b516220aafe58120" member_type: VOTER last_known_addr { host: "127.27.160.132" port: 43521 } attrs { promote: false }, Status: LMP_MISMATCH, Last received: 0.0, Next index: 3, Last known committed idx: 2, Time since last communication: 0.000s
I20260601 13:39:24.471774 30367 raft_consensus.cc:2955] T 8176f6b3ebc9414787a1afdb69e12e0f P 5347afb20ec94d1e8e338f3b1c4ba745 [term 1 LEADER]: Committing config change with OpId 1.3: config changed from index 2 to 3, d529bbf067b84f34b516220aafe58120 (127.27.160.132) changed from NON_VOTER to VOTER. New config: { opid_index: 3 OBSOLETE_local: false peers { permanent_uuid: "5347afb20ec94d1e8e338f3b1c4ba745" member_type: VOTER last_known_addr { host: "127.27.160.129" port: 35871 } } peers { permanent_uuid: "25ab2aaa0a2e47689df20819b6420cd5" member_type: VOTER last_known_addr { host: "127.27.160.130" port: 34857 } attrs { replace: true } } peers { permanent_uuid: "8d2614a32e7b4b9baee3300e48588e58" member_type: VOTER last_known_addr { host: "127.27.160.131" port: 43173 } } peers { permanent_uuid: "d529bbf067b84f34b516220aafe58120" member_type: VOTER last_known_addr { host: "127.27.160.132" port: 43521 } attrs { promote: false } } }
I20260601 13:39:24.472254 30183 raft_consensus.cc:2955] T 8176f6b3ebc9414787a1afdb69e12e0f P 8d2614a32e7b4b9baee3300e48588e58 [term 1 FOLLOWER]: Committing config change with OpId 1.3: config changed from index 2 to 3, d529bbf067b84f34b516220aafe58120 (127.27.160.132) changed from NON_VOTER to VOTER. New config: { opid_index: 3 OBSOLETE_local: false peers { permanent_uuid: "5347afb20ec94d1e8e338f3b1c4ba745" member_type: VOTER last_known_addr { host: "127.27.160.129" port: 35871 } } peers { permanent_uuid: "25ab2aaa0a2e47689df20819b6420cd5" member_type: VOTER last_known_addr { host: "127.27.160.130" port: 34857 } attrs { replace: true } } peers { permanent_uuid: "8d2614a32e7b4b9baee3300e48588e58" member_type: VOTER last_known_addr { host: "127.27.160.131" port: 43173 } } peers { permanent_uuid: "d529bbf067b84f34b516220aafe58120" member_type: VOTER last_known_addr { host: "127.27.160.132" port: 43521 } attrs { promote: false } } }
I20260601 13:39:24.472643 30312 raft_consensus.cc:2955] T 8176f6b3ebc9414787a1afdb69e12e0f P d529bbf067b84f34b516220aafe58120 [term 1 FOLLOWER]: Committing config change with OpId 1.3: config changed from index 2 to 3, d529bbf067b84f34b516220aafe58120 (127.27.160.132) changed from NON_VOTER to VOTER. New config: { opid_index: 3 OBSOLETE_local: false peers { permanent_uuid: "5347afb20ec94d1e8e338f3b1c4ba745" member_type: VOTER last_known_addr { host: "127.27.160.129" port: 35871 } } peers { permanent_uuid: "25ab2aaa0a2e47689df20819b6420cd5" member_type: VOTER last_known_addr { host: "127.27.160.130" port: 34857 } attrs { replace: true } } peers { permanent_uuid: "8d2614a32e7b4b9baee3300e48588e58" member_type: VOTER last_known_addr { host: "127.27.160.131" port: 43173 } } peers { permanent_uuid: "d529bbf067b84f34b516220aafe58120" member_type: VOTER last_known_addr { host: "127.27.160.132" port: 43521 } attrs { promote: false } } }
I20260601 13:39:24.474807 29926 catalog_manager.cc:5696] T 8176f6b3ebc9414787a1afdb69e12e0f P 5347afb20ec94d1e8e338f3b1c4ba745 reported cstate change: config changed from index 2 to 3, d529bbf067b84f34b516220aafe58120 (127.27.160.132) changed from NON_VOTER to VOTER. New cstate: current_term: 1 leader_uuid: "5347afb20ec94d1e8e338f3b1c4ba745" committed_config { opid_index: 3 OBSOLETE_local: false peers { permanent_uuid: "5347afb20ec94d1e8e338f3b1c4ba745" member_type: VOTER last_known_addr { host: "127.27.160.129" port: 35871 } health_report { overall_health: HEALTHY } } peers { permanent_uuid: "25ab2aaa0a2e47689df20819b6420cd5" member_type: VOTER last_known_addr { host: "127.27.160.130" port: 34857 } attrs { replace: true } health_report { overall_health: UNKNOWN } } peers { permanent_uuid: "8d2614a32e7b4b9baee3300e48588e58" member_type: VOTER last_known_addr { host: "127.27.160.131" port: 43173 } health_report { overall_health: HEALTHY } } peers { permanent_uuid: "d529bbf067b84f34b516220aafe58120" member_type: VOTER last_known_addr { host: "127.27.160.132" port: 43521 } attrs { promote: false } health_report { overall_health: HEALTHY } } }
I20260601 13:39:24.476038 30107 raft_consensus.cc:2955] T 8176f6b3ebc9414787a1afdb69e12e0f P 25ab2aaa0a2e47689df20819b6420cd5 [term 1 FOLLOWER]: Committing config change with OpId 1.3: config changed from index 2 to 3, d529bbf067b84f34b516220aafe58120 (127.27.160.132) changed from NON_VOTER to VOTER. New config: { opid_index: 3 OBSOLETE_local: false peers { permanent_uuid: "5347afb20ec94d1e8e338f3b1c4ba745" member_type: VOTER last_known_addr { host: "127.27.160.129" port: 35871 } } peers { permanent_uuid: "25ab2aaa0a2e47689df20819b6420cd5" member_type: VOTER last_known_addr { host: "127.27.160.130" port: 34857 } attrs { replace: true } } peers { permanent_uuid: "8d2614a32e7b4b9baee3300e48588e58" member_type: VOTER last_known_addr { host: "127.27.160.131" port: 43173 } } peers { permanent_uuid: "d529bbf067b84f34b516220aafe58120" member_type: VOTER last_known_addr { host: "127.27.160.132" port: 43521 } attrs { promote: false } } }
I20260601 13:39:24.480811 30032 consensus_queue.cc:237] T 8176f6b3ebc9414787a1afdb69e12e0f P 5347afb20ec94d1e8e338f3b1c4ba745 [LEADER]: Queue going to LEADER mode. State: All replicated index: 0, Majority replicated index: 3, Committed index: 3, Last appended: 1.3, Last appended by leader: 0, Current term: 1, Majority size: 2, State: 0, Mode: LEADER, active raft config: opid_index: 4 OBSOLETE_local: false peers { permanent_uuid: "5347afb20ec94d1e8e338f3b1c4ba745" member_type: VOTER last_known_addr { host: "127.27.160.129" port: 35871 } } peers { permanent_uuid: "8d2614a32e7b4b9baee3300e48588e58" member_type: VOTER last_known_addr { host: "127.27.160.131" port: 43173 } } peers { permanent_uuid: "d529bbf067b84f34b516220aafe58120" member_type: VOTER last_known_addr { host: "127.27.160.132" port: 43521 } attrs { promote: false } }
I20260601 13:39:24.482293 30183 raft_consensus.cc:1275] T 8176f6b3ebc9414787a1afdb69e12e0f P 8d2614a32e7b4b9baee3300e48588e58 [term 1 FOLLOWER]: Refusing update from remote peer 5347afb20ec94d1e8e338f3b1c4ba745: Log matching property violated. Preceding OpId in replica: term: 1 index: 3. Preceding OpId from leader: term: 1 index: 4. (index mismatch)
I20260601 13:39:24.482336 30312 raft_consensus.cc:1275] T 8176f6b3ebc9414787a1afdb69e12e0f P d529bbf067b84f34b516220aafe58120 [term 1 FOLLOWER]: Refusing update from remote peer 5347afb20ec94d1e8e338f3b1c4ba745: Log matching property violated. Preceding OpId in replica: term: 1 index: 3. Preceding OpId from leader: term: 1 index: 4. (index mismatch)
I20260601 13:39:24.482722 30361 consensus_queue.cc:1048] T 8176f6b3ebc9414787a1afdb69e12e0f P 5347afb20ec94d1e8e338f3b1c4ba745 [LEADER]: Connected to new peer: Peer: permanent_uuid: "d529bbf067b84f34b516220aafe58120" member_type: VOTER last_known_addr { host: "127.27.160.132" port: 43521 } attrs { promote: false }, Status: LMP_MISMATCH, Last received: 0.0, Next index: 4, Last known committed idx: 3, Time since last communication: 0.000s
I20260601 13:39:24.482893 30367 consensus_queue.cc:1048] T 8176f6b3ebc9414787a1afdb69e12e0f P 5347afb20ec94d1e8e338f3b1c4ba745 [LEADER]: Connected to new peer: Peer: permanent_uuid: "8d2614a32e7b4b9baee3300e48588e58" member_type: VOTER last_known_addr { host: "127.27.160.131" port: 43173 }, Status: LMP_MISMATCH, Last received: 0.0, Next index: 4, Last known committed idx: 3, Time since last communication: 0.000s
I20260601 13:39:24.484310 30364 raft_consensus.cc:2955] T 8176f6b3ebc9414787a1afdb69e12e0f P 5347afb20ec94d1e8e338f3b1c4ba745 [term 1 LEADER]: Committing config change with OpId 1.4: config changed from index 3 to 4, VOTER 25ab2aaa0a2e47689df20819b6420cd5 (127.27.160.130) evicted. New config: { opid_index: 4 OBSOLETE_local: false peers { permanent_uuid: "5347afb20ec94d1e8e338f3b1c4ba745" member_type: VOTER last_known_addr { host: "127.27.160.129" port: 35871 } } peers { permanent_uuid: "8d2614a32e7b4b9baee3300e48588e58" member_type: VOTER last_known_addr { host: "127.27.160.131" port: 43173 } } peers { permanent_uuid: "d529bbf067b84f34b516220aafe58120" member_type: VOTER last_known_addr { host: "127.27.160.132" port: 43521 } attrs { promote: false } } }
I20260601 13:39:24.484738 30183 raft_consensus.cc:2955] T 8176f6b3ebc9414787a1afdb69e12e0f P 8d2614a32e7b4b9baee3300e48588e58 [term 1 FOLLOWER]: Committing config change with OpId 1.4: config changed from index 3 to 4, VOTER 25ab2aaa0a2e47689df20819b6420cd5 (127.27.160.130) evicted. New config: { opid_index: 4 OBSOLETE_local: false peers { permanent_uuid: "5347afb20ec94d1e8e338f3b1c4ba745" member_type: VOTER last_known_addr { host: "127.27.160.129" port: 35871 } } peers { permanent_uuid: "8d2614a32e7b4b9baee3300e48588e58" member_type: VOTER last_known_addr { host: "127.27.160.131" port: 43173 } } peers { permanent_uuid: "d529bbf067b84f34b516220aafe58120" member_type: VOTER last_known_addr { host: "127.27.160.132" port: 43521 } attrs { promote: false } } }
