[==========] Running 24 tests from 2 test suites.
[----------] Global test environment set-up.
[----------] 22 tests from AutoRebalancerTest
[ RUN      ] AutoRebalancerTest.OnlyLeaderDoesAutoRebalancing
WARNING: Logging before InitGoogleLogging() is written to STDERR
I20260601 13:38:38.394909   647 internal_mini_cluster.cc:156] Creating distributed mini masters. Addrs: 127.0.161.254:41487,127.0.161.253:38697,127.0.161.252:36259
I20260601 13:38:38.396222   647 env_posix.cc:2267] Not raising this process' open files per process limit of 1048576; it is already as high as it can go
I20260601 13:38:38.396839   647 file_cache.cc:492] Constructed file cache file cache with capacity 419430
W20260601 13:38:38.404234   653 instance_detector.cc:116] could not retrieve Azure instance metadata: Network error: curl error: HTTP response code said error: The requested URL returned error: 404
W20260601 13:38:38.404268   655 instance_detector.cc:116] could not retrieve OpenStack instance metadata: Network error: curl error: HTTP response code said error: The requested URL returned error: 404
W20260601 13:38:38.404234   652 instance_detector.cc:116] could not retrieve AWS instance metadata: Network error: curl error: HTTP response code said error: The requested URL returned error: 404
I20260601 13:38:38.404629   647 server_base.cc:1061] running on GCE node
I20260601 13:38:38.405251   647 hybrid_clock.cc:584] initializing the hybrid clock with 'system_unsync' time source
W20260601 13:38:38.405443   647 system_unsync_time.cc:38] NTP support is disabled. Clock error bounds will not be accurate. This configuration is not suitable for distributed clusters.
I20260601 13:38:38.405514   647 hybrid_clock.cc:648] HybridClock initialized: now 1780321118405509 us; error 0 us; skew 500 ppm
I20260601 13:38:38.407658   647 webserver.cc:533] Webserver started at http://127.0.161.254:39007/ using document root <none> and password file <none>
I20260601 13:38:38.408319   647 fs_manager.cc:362] Metadata directory not provided
I20260601 13:38:38.408411   647 fs_manager.cc:368] Using write-ahead log directory (fs_wal_dir) as metadata directory
I20260601 13:38:38.408700   647 server_base.cc:909] This appears to be a new deployment of Kudu; creating new FS layout
I20260601 13:38:38.410581   647 fs_manager.cc:1068] Generated new instance metadata in path /tmp/dist-test-taskXT7Nnz/test-tmp/auto_rebalancer-test.0.AutoRebalancerTest.OnlyLeaderDoesAutoRebalancing.1780321118383185-647-0/minicluster-data/master-0-root/instance:
uuid: "d2500ae419ad4440b07d135860680fb2"
format_stamp: "Formatted at 2026-06-01 13:38:38 on dist-test-slave-3ws6"
I20260601 13:38:38.414728   647 fs_manager.cc:696] Time spent creating directory manager: real 0.004s	user 0.004s	sys 0.000s
I20260601 13:38:38.417590   660 log_block_manager.cc:4031] Time spent loading block containers with low live blocks: real 0.000s	user 0.000s	sys 0.000s
I20260601 13:38:38.418895   647 fs_manager.cc:730] Time spent opening block manager: real 0.003s	user 0.003s	sys 0.000s
I20260601 13:38:38.419070   647 fs_manager.cc:647] Opened local filesystem: /tmp/dist-test-taskXT7Nnz/test-tmp/auto_rebalancer-test.0.AutoRebalancerTest.OnlyLeaderDoesAutoRebalancing.1780321118383185-647-0/minicluster-data/master-0-root
uuid: "d2500ae419ad4440b07d135860680fb2"
format_stamp: "Formatted at 2026-06-01 13:38:38 on dist-test-slave-3ws6"
I20260601 13:38:38.419198   647 fs_report.cc:389] FS layout report
--------------------
wal directory: /tmp/dist-test-taskXT7Nnz/test-tmp/auto_rebalancer-test.0.AutoRebalancerTest.OnlyLeaderDoesAutoRebalancing.1780321118383185-647-0/minicluster-data/master-0-root
metadata directory: /tmp/dist-test-taskXT7Nnz/test-tmp/auto_rebalancer-test.0.AutoRebalancerTest.OnlyLeaderDoesAutoRebalancing.1780321118383185-647-0/minicluster-data/master-0-root
1 data directories: /tmp/dist-test-taskXT7Nnz/test-tmp/auto_rebalancer-test.0.AutoRebalancerTest.OnlyLeaderDoesAutoRebalancing.1780321118383185-647-0/minicluster-data/master-0-root/data
Total live blocks: 0
Total live bytes: 0
Total live bytes (after alignment): 0
Total number of LBM containers: 0 (0 full)
Did not check for missing blocks
Did not check for orphaned blocks
Total full LBM containers with extra space: 0 (0 repaired)
Total full LBM container extra space in bytes: 0 (0 repaired)
Total incomplete LBM containers: 0 (0 repaired)
Total LBM partial records: 0 (0 repaired)
Total corrupted LBM metadata records in RocksDB: 0 (0 repaired)
I20260601 13:38:38.445533   647 rpc_server.cc:225] running with OpenSSL 1.1.1  11 Sep 2018
I20260601 13:38:38.446221   647 env_posix.cc:2267] Not raising this process' running threads per effective uid limit of 18446744073709551615; it is already as high as it can go
I20260601 13:38:38.446429   647 kserver.cc:163] Server-wide thread pool size limit: 3276
I20260601 13:38:38.454483   647 rpc_server.cc:307] RPC server started. Bound to: 127.0.161.254:41487
I20260601 13:38:38.454489   712 acceptor_pool.cc:272] collecting diagnostics on the listening RPC socket 127.0.161.254:41487 every 8 connection(s)
I20260601 13:38:38.455962   647 file_cache.cc:492] Constructed file cache file cache with capacity 419430
W20260601 13:38:38.457859   718 instance_detector.cc:116] could not retrieve OpenStack instance metadata: Network error: curl error: HTTP response code said error: The requested URL returned error: 404
W20260601 13:38:38.457898   716 instance_detector.cc:116] could not retrieve Azure instance metadata: Network error: curl error: HTTP response code said error: The requested URL returned error: 404
W20260601 13:38:38.457954   715 instance_detector.cc:116] could not retrieve AWS instance metadata: Network error: curl error: HTTP response code said error: The requested URL returned error: 404
I20260601 13:38:38.458235   713 data_dirs.cc:400] Could only allocate 1 dirs of requested 3 for tablet 00000000000000000000000000000000. 1 dirs total, 0 dirs full, 0 dirs failed
I20260601 13:38:38.458436   647 server_base.cc:1061] running on GCE node
I20260601 13:38:38.458611   647 hybrid_clock.cc:584] initializing the hybrid clock with 'system_unsync' time source
W20260601 13:38:38.458666   647 system_unsync_time.cc:38] NTP support is disabled. Clock error bounds will not be accurate. This configuration is not suitable for distributed clusters.
I20260601 13:38:38.458688   647 hybrid_clock.cc:648] HybridClock initialized: now 1780321118458687 us; error 0 us; skew 500 ppm
I20260601 13:38:38.459650   647 webserver.cc:533] Webserver started at http://127.0.161.253:46745/ using document root <none> and password file <none>
I20260601 13:38:38.459810   647 fs_manager.cc:362] Metadata directory not provided
I20260601 13:38:38.459868   647 fs_manager.cc:368] Using write-ahead log directory (fs_wal_dir) as metadata directory
I20260601 13:38:38.459944   647 server_base.cc:909] This appears to be a new deployment of Kudu; creating new FS layout
I20260601 13:38:38.460376   647 fs_manager.cc:1068] Generated new instance metadata in path /tmp/dist-test-taskXT7Nnz/test-tmp/auto_rebalancer-test.0.AutoRebalancerTest.OnlyLeaderDoesAutoRebalancing.1780321118383185-647-0/minicluster-data/master-1-root/instance:
uuid: "75066ae997b3429fbfcab15aa7023d59"
format_stamp: "Formatted at 2026-06-01 13:38:38 on dist-test-slave-3ws6"
I20260601 13:38:38.462294   647 fs_manager.cc:696] Time spent creating directory manager: real 0.002s	user 0.002s	sys 0.000s
I20260601 13:38:38.463490   723 log_block_manager.cc:4031] Time spent loading block containers with low live blocks: real 0.000s	user 0.000s	sys 0.000s
I20260601 13:38:38.463845   647 fs_manager.cc:730] Time spent opening block manager: real 0.001s	user 0.001s	sys 0.000s
I20260601 13:38:38.463922   647 fs_manager.cc:647] Opened local filesystem: /tmp/dist-test-taskXT7Nnz/test-tmp/auto_rebalancer-test.0.AutoRebalancerTest.OnlyLeaderDoesAutoRebalancing.1780321118383185-647-0/minicluster-data/master-1-root
uuid: "75066ae997b3429fbfcab15aa7023d59"
format_stamp: "Formatted at 2026-06-01 13:38:38 on dist-test-slave-3ws6"
I20260601 13:38:38.463754   713 sys_catalog.cc:422] member_type: VOTER last_known_addr { host: "127.0.161.254" port: 41487 } has no permanent_uuid. Determining permanent_uuid...
I20260601 13:38:38.464022   647 fs_report.cc:389] FS layout report
--------------------
wal directory: /tmp/dist-test-taskXT7Nnz/test-tmp/auto_rebalancer-test.0.AutoRebalancerTest.OnlyLeaderDoesAutoRebalancing.1780321118383185-647-0/minicluster-data/master-1-root
metadata directory: /tmp/dist-test-taskXT7Nnz/test-tmp/auto_rebalancer-test.0.AutoRebalancerTest.OnlyLeaderDoesAutoRebalancing.1780321118383185-647-0/minicluster-data/master-1-root
1 data directories: /tmp/dist-test-taskXT7Nnz/test-tmp/auto_rebalancer-test.0.AutoRebalancerTest.OnlyLeaderDoesAutoRebalancing.1780321118383185-647-0/minicluster-data/master-1-root/data
Total live blocks: 0
Total live bytes: 0
Total live bytes (after alignment): 0
Total number of LBM containers: 0 (0 full)
Did not check for missing blocks
Did not check for orphaned blocks
Total full LBM containers with extra space: 0 (0 repaired)
Total full LBM container extra space in bytes: 0 (0 repaired)
Total incomplete LBM containers: 0 (0 repaired)
Total LBM partial records: 0 (0 repaired)
Total corrupted LBM metadata records in RocksDB: 0 (0 repaired)
I20260601 13:38:38.473454   713 sys_catalog.cc:422] member_type: VOTER last_known_addr { host: "127.0.161.253" port: 38697 } has no permanent_uuid. Determining permanent_uuid...
W20260601 13:38:38.474251   662 proxy.cc:239] Call had error, refreshing address and retrying: Network error: Client connection negotiation failed: client connection to 127.0.161.253:38697: connect: Connection refused (error 111)
W20260601 13:38:38.475186   713 consensus_peers.cc:760] Error getting permanent uuid from config peer 127.0.161.253:38697: Network error: Client connection negotiation failed: client connection to 127.0.161.253:38697: connect: Connection refused (error 111)
I20260601 13:38:38.487237   647 rpc_server.cc:225] running with OpenSSL 1.1.1  11 Sep 2018
I20260601 13:38:38.487743   647 kserver.cc:163] Server-wide thread pool size limit: 3276
I20260601 13:38:38.493377   647 rpc_server.cc:307] RPC server started. Bound to: 127.0.161.253:38697
I20260601 13:38:38.493475   778 acceptor_pool.cc:272] collecting diagnostics on the listening RPC socket 127.0.161.253:38697 every 8 connection(s)
I20260601 13:38:38.494351   647 file_cache.cc:492] Constructed file cache file cache with capacity 419430
I20260601 13:38:38.494570   779 data_dirs.cc:400] Could only allocate 1 dirs of requested 3 for tablet 00000000000000000000000000000000. 1 dirs total, 0 dirs full, 0 dirs failed
W20260601 13:38:38.496280   784 instance_detector.cc:116] could not retrieve OpenStack instance metadata: Network error: curl error: HTTP response code said error: The requested URL returned error: 404
W20260601 13:38:38.496343   782 instance_detector.cc:116] could not retrieve Azure instance metadata: Network error: curl error: HTTP response code said error: The requested URL returned error: 404
W20260601 13:38:38.496523   781 instance_detector.cc:116] could not retrieve AWS instance metadata: Network error: curl error: HTTP response code said error: The requested URL returned error: 404
I20260601 13:38:38.496511   779 sys_catalog.cc:422] member_type: VOTER last_known_addr { host: "127.0.161.254" port: 41487 } has no permanent_uuid. Determining permanent_uuid...
I20260601 13:38:38.496635   647 server_base.cc:1061] running on GCE node
I20260601 13:38:38.497013   647 hybrid_clock.cc:584] initializing the hybrid clock with 'system_unsync' time source
W20260601 13:38:38.497047   647 system_unsync_time.cc:38] NTP support is disabled. Clock error bounds will not be accurate. This configuration is not suitable for distributed clusters.
I20260601 13:38:38.497062   647 hybrid_clock.cc:648] HybridClock initialized: now 1780321118497062 us; error 0 us; skew 500 ppm
I20260601 13:38:38.498029   647 webserver.cc:533] Webserver started at http://127.0.161.252:38637/ using document root <none> and password file <none>
I20260601 13:38:38.498220   647 fs_manager.cc:362] Metadata directory not provided
I20260601 13:38:38.498297   647 fs_manager.cc:368] Using write-ahead log directory (fs_wal_dir) as metadata directory
I20260601 13:38:38.498368   647 server_base.cc:909] This appears to be a new deployment of Kudu; creating new FS layout
I20260601 13:38:38.498791   647 fs_manager.cc:1068] Generated new instance metadata in path /tmp/dist-test-taskXT7Nnz/test-tmp/auto_rebalancer-test.0.AutoRebalancerTest.OnlyLeaderDoesAutoRebalancing.1780321118383185-647-0/minicluster-data/master-2-root/instance:
uuid: "335c20fd43d24f7480f389e47d3b2e00"
format_stamp: "Formatted at 2026-06-01 13:38:38 on dist-test-slave-3ws6"
I20260601 13:38:38.500684   647 fs_manager.cc:696] Time spent creating directory manager: real 0.002s	user 0.001s	sys 0.001s
I20260601 13:38:38.501847   779 sys_catalog.cc:422] member_type: VOTER last_known_addr { host: "127.0.161.253" port: 38697 } has no permanent_uuid. Determining permanent_uuid...
I20260601 13:38:38.502013   790 log_block_manager.cc:4031] Time spent loading block containers with low live blocks: real 0.000s	user 0.000s	sys 0.000s
I20260601 13:38:38.502305   647 fs_manager.cc:730] Time spent opening block manager: real 0.001s	user 0.000s	sys 0.000s
I20260601 13:38:38.502382   647 fs_manager.cc:647] Opened local filesystem: /tmp/dist-test-taskXT7Nnz/test-tmp/auto_rebalancer-test.0.AutoRebalancerTest.OnlyLeaderDoesAutoRebalancing.1780321118383185-647-0/minicluster-data/master-2-root
uuid: "335c20fd43d24f7480f389e47d3b2e00"
format_stamp: "Formatted at 2026-06-01 13:38:38 on dist-test-slave-3ws6"
I20260601 13:38:38.502452   647 fs_report.cc:389] FS layout report
--------------------
wal directory: /tmp/dist-test-taskXT7Nnz/test-tmp/auto_rebalancer-test.0.AutoRebalancerTest.OnlyLeaderDoesAutoRebalancing.1780321118383185-647-0/minicluster-data/master-2-root
metadata directory: /tmp/dist-test-taskXT7Nnz/test-tmp/auto_rebalancer-test.0.AutoRebalancerTest.OnlyLeaderDoesAutoRebalancing.1780321118383185-647-0/minicluster-data/master-2-root
1 data directories: /tmp/dist-test-taskXT7Nnz/test-tmp/auto_rebalancer-test.0.AutoRebalancerTest.OnlyLeaderDoesAutoRebalancing.1780321118383185-647-0/minicluster-data/master-2-root/data
Total live blocks: 0
Total live bytes: 0
Total live bytes (after alignment): 0
Total number of LBM containers: 0 (0 full)
Did not check for missing blocks
Did not check for orphaned blocks
Total full LBM containers with extra space: 0 (0 repaired)
Total full LBM container extra space in bytes: 0 (0 repaired)
Total incomplete LBM containers: 0 (0 repaired)
Total LBM partial records: 0 (0 repaired)
Total corrupted LBM metadata records in RocksDB: 0 (0 repaired)
I20260601 13:38:38.506735   779 sys_catalog.cc:422] member_type: VOTER last_known_addr { host: "127.0.161.252" port: 36259 } has no permanent_uuid. Determining permanent_uuid...
W20260601 13:38:38.508165   779 consensus_peers.cc:760] Error getting permanent uuid from config peer 127.0.161.252:36259: Network error: Client connection negotiation failed: client connection to 127.0.161.252:36259: connect: Connection refused (error 111)
I20260601 13:38:38.514293   647 rpc_server.cc:225] running with OpenSSL 1.1.1  11 Sep 2018
I20260601 13:38:38.514827   647 kserver.cc:163] Server-wide thread pool size limit: 3276
I20260601 13:38:38.520264   647 rpc_server.cc:307] RPC server started. Bound to: 127.0.161.252:36259
I20260601 13:38:38.520331   844 acceptor_pool.cc:272] collecting diagnostics on the listening RPC socket 127.0.161.252:36259 every 8 connection(s)
I20260601 13:38:38.520803   647 internal_mini_cluster.cc:184] Waiting to initialize catalog manager on master 0
I20260601 13:38:38.521298   845 data_dirs.cc:400] Could only allocate 1 dirs of requested 3 for tablet 00000000000000000000000000000000. 1 dirs total, 0 dirs full, 0 dirs failed
I20260601 13:38:38.522442   845 sys_catalog.cc:422] member_type: VOTER last_known_addr { host: "127.0.161.254" port: 41487 } has no permanent_uuid. Determining permanent_uuid...
I20260601 13:38:38.524430   713 consensus_peers.cc:770] Retrying to get permanent uuid for remote peer: member_type: VOTER last_known_addr { host: "127.0.161.253" port: 38697 } attempt: 1
I20260601 13:38:38.527403   845 sys_catalog.cc:422] member_type: VOTER last_known_addr { host: "127.0.161.253" port: 38697 } has no permanent_uuid. Determining permanent_uuid...
I20260601 13:38:38.528911   713 sys_catalog.cc:422] member_type: VOTER last_known_addr { host: "127.0.161.252" port: 36259 } has no permanent_uuid. Determining permanent_uuid...
I20260601 13:38:38.532837   845 sys_catalog.cc:422] member_type: VOTER last_known_addr { host: "127.0.161.252" port: 36259 } has no permanent_uuid. Determining permanent_uuid...
I20260601 13:38:38.535240   713 tablet_bootstrap.cc:492] T 00000000000000000000000000000000 P d2500ae419ad4440b07d135860680fb2: Bootstrap starting.
I20260601 13:38:38.537880   845 tablet_bootstrap.cc:492] T 00000000000000000000000000000000 P 335c20fd43d24f7480f389e47d3b2e00: Bootstrap starting.
I20260601 13:38:38.538785   713 tablet_bootstrap.cc:654] T 00000000000000000000000000000000 P d2500ae419ad4440b07d135860680fb2: Neither blocks nor log segments found. Creating new log.
I20260601 13:38:38.538847   845 tablet_bootstrap.cc:654] T 00000000000000000000000000000000 P 335c20fd43d24f7480f389e47d3b2e00: Neither blocks nor log segments found. Creating new log.
I20260601 13:38:38.539785   713 log.cc:826] T 00000000000000000000000000000000 P d2500ae419ad4440b07d135860680fb2: Log is configured to *not* fsync() on all Append() calls
I20260601 13:38:38.541564   845 tablet_bootstrap.cc:492] T 00000000000000000000000000000000 P 335c20fd43d24f7480f389e47d3b2e00: No bootstrap required, opened a new log
I20260601 13:38:38.541564   713 tablet_bootstrap.cc:492] T 00000000000000000000000000000000 P d2500ae419ad4440b07d135860680fb2: No bootstrap required, opened a new log
I20260601 13:38:38.544209   845 raft_consensus.cc:359] T 00000000000000000000000000000000 P 335c20fd43d24f7480f389e47d3b2e00 [term 0 FOLLOWER]: Replica starting. Triggering 0 pending ops. Active config: opid_index: -1 OBSOLETE_local: false peers { permanent_uuid: "d2500ae419ad4440b07d135860680fb2" member_type: VOTER last_known_addr { host: "127.0.161.254" port: 41487 } } peers { permanent_uuid: "75066ae997b3429fbfcab15aa7023d59" member_type: VOTER last_known_addr { host: "127.0.161.253" port: 38697 } } peers { permanent_uuid: "335c20fd43d24f7480f389e47d3b2e00" member_type: VOTER last_known_addr { host: "127.0.161.252" port: 36259 } }
I20260601 13:38:38.544224   713 raft_consensus.cc:359] T 00000000000000000000000000000000 P d2500ae419ad4440b07d135860680fb2 [term 0 FOLLOWER]: Replica starting. Triggering 0 pending ops. Active config: opid_index: -1 OBSOLETE_local: false peers { permanent_uuid: "d2500ae419ad4440b07d135860680fb2" member_type: VOTER last_known_addr { host: "127.0.161.254" port: 41487 } } peers { permanent_uuid: "75066ae997b3429fbfcab15aa7023d59" member_type: VOTER last_known_addr { host: "127.0.161.253" port: 38697 } } peers { permanent_uuid: "335c20fd43d24f7480f389e47d3b2e00" member_type: VOTER last_known_addr { host: "127.0.161.252" port: 36259 } }
I20260601 13:38:38.544395   845 raft_consensus.cc:385] T 00000000000000000000000000000000 P 335c20fd43d24f7480f389e47d3b2e00 [term 0 FOLLOWER]: Consensus starting up: Expiring failure detector timer to make a prompt election more likely
I20260601 13:38:38.544422   713 raft_consensus.cc:385] T 00000000000000000000000000000000 P d2500ae419ad4440b07d135860680fb2 [term 0 FOLLOWER]: Consensus starting up: Expiring failure detector timer to make a prompt election more likely
I20260601 13:38:38.544430   845 raft_consensus.cc:740] T 00000000000000000000000000000000 P 335c20fd43d24f7480f389e47d3b2e00 [term 0 FOLLOWER]: Becoming Follower/Learner. State: Replica: 335c20fd43d24f7480f389e47d3b2e00, State: Initialized, Role: FOLLOWER
I20260601 13:38:38.544524   713 raft_consensus.cc:740] T 00000000000000000000000000000000 P d2500ae419ad4440b07d135860680fb2 [term 0 FOLLOWER]: Becoming Follower/Learner. State: Replica: d2500ae419ad4440b07d135860680fb2, State: Initialized, Role: FOLLOWER
I20260601 13:38:38.544947   713 consensus_queue.cc:260] T 00000000000000000000000000000000 P d2500ae419ad4440b07d135860680fb2 [NON_LEADER]: Queue going to NON_LEADER mode. State: All replicated index: 0, Majority replicated index: 0, Committed index: 0, Last appended: 0.0, Last appended by leader: 0, Current term: 0, Majority size: -1, State: 0, Mode: NON_LEADER, active raft config: opid_index: -1 OBSOLETE_local: false peers { permanent_uuid: "d2500ae419ad4440b07d135860680fb2" member_type: VOTER last_known_addr { host: "127.0.161.254" port: 41487 } } peers { permanent_uuid: "75066ae997b3429fbfcab15aa7023d59" member_type: VOTER last_known_addr { host: "127.0.161.253" port: 38697 } } peers { permanent_uuid: "335c20fd43d24f7480f389e47d3b2e00" member_type: VOTER last_known_addr { host: "127.0.161.252" port: 36259 } }
I20260601 13:38:38.544947   845 consensus_queue.cc:260] T 00000000000000000000000000000000 P 335c20fd43d24f7480f389e47d3b2e00 [NON_LEADER]: Queue going to NON_LEADER mode. State: All replicated index: 0, Majority replicated index: 0, Committed index: 0, Last appended: 0.0, Last appended by leader: 0, Current term: 0, Majority size: -1, State: 0, Mode: NON_LEADER, active raft config: opid_index: -1 OBSOLETE_local: false peers { permanent_uuid: "d2500ae419ad4440b07d135860680fb2" member_type: VOTER last_known_addr { host: "127.0.161.254" port: 41487 } } peers { permanent_uuid: "75066ae997b3429fbfcab15aa7023d59" member_type: VOTER last_known_addr { host: "127.0.161.253" port: 38697 } } peers { permanent_uuid: "335c20fd43d24f7480f389e47d3b2e00" member_type: VOTER last_known_addr { host: "127.0.161.252" port: 36259 } }
I20260601 13:38:38.545523   853 sys_catalog.cc:455] T 00000000000000000000000000000000 P 335c20fd43d24f7480f389e47d3b2e00 [sys.catalog]: SysCatalogTable state changed. Reason: RaftConsensus started. Latest consensus state: current_term: 0 committed_config { opid_index: -1 OBSOLETE_local: false peers { permanent_uuid: "d2500ae419ad4440b07d135860680fb2" member_type: VOTER last_known_addr { host: "127.0.161.254" port: 41487 } } peers { permanent_uuid: "75066ae997b3429fbfcab15aa7023d59" member_type: VOTER last_known_addr { host: "127.0.161.253" port: 38697 } } peers { permanent_uuid: "335c20fd43d24f7480f389e47d3b2e00" member_type: VOTER last_known_addr { host: "127.0.161.252" port: 36259 } } }
I20260601 13:38:38.545568   852 sys_catalog.cc:455] T 00000000000000000000000000000000 P d2500ae419ad4440b07d135860680fb2 [sys.catalog]: SysCatalogTable state changed. Reason: RaftConsensus started. Latest consensus state: current_term: 0 committed_config { opid_index: -1 OBSOLETE_local: false peers { permanent_uuid: "d2500ae419ad4440b07d135860680fb2" member_type: VOTER last_known_addr { host: "127.0.161.254" port: 41487 } } peers { permanent_uuid: "75066ae997b3429fbfcab15aa7023d59" member_type: VOTER last_known_addr { host: "127.0.161.253" port: 38697 } } peers { permanent_uuid: "335c20fd43d24f7480f389e47d3b2e00" member_type: VOTER last_known_addr { host: "127.0.161.252" port: 36259 } } }
I20260601 13:38:38.545709   853 sys_catalog.cc:458] T 00000000000000000000000000000000 P 335c20fd43d24f7480f389e47d3b2e00 [sys.catalog]: This master's current role is: FOLLOWER
I20260601 13:38:38.545814   852 sys_catalog.cc:458] T 00000000000000000000000000000000 P d2500ae419ad4440b07d135860680fb2 [sys.catalog]: This master's current role is: FOLLOWER
I20260601 13:38:38.546348   713 sys_catalog.cc:565] T 00000000000000000000000000000000 P d2500ae419ad4440b07d135860680fb2 [sys.catalog]: configured and running, proceeding with master startup.
I20260601 13:38:38.546348   845 sys_catalog.cc:565] T 00000000000000000000000000000000 P 335c20fd43d24f7480f389e47d3b2e00 [sys.catalog]: configured and running, proceeding with master startup.
I20260601 13:38:38.548846   647 internal_mini_cluster.cc:184] Waiting to initialize catalog manager on master 1
W20260601 13:38:38.551436   875 catalog_manager.cc:1593] T 00000000000000000000000000000000 P 335c20fd43d24f7480f389e47d3b2e00: loading cluster ID for follower catalog manager: Not found: cluster ID entry not found
W20260601 13:38:38.551436   874 catalog_manager.cc:1593] T 00000000000000000000000000000000 P d2500ae419ad4440b07d135860680fb2: loading cluster ID for follower catalog manager: Not found: cluster ID entry not found
W20260601 13:38:38.551581   875 catalog_manager.cc:883] Not found: cluster ID entry not found: failed to prepare follower catalog manager, will retry
W20260601 13:38:38.551596   874 catalog_manager.cc:883] Not found: cluster ID entry not found: failed to prepare follower catalog manager, will retry
I20260601 13:38:38.560444   779 consensus_peers.cc:770] Retrying to get permanent uuid for remote peer: member_type: VOTER last_known_addr { host: "127.0.161.252" port: 36259 } attempt: 1
I20260601 13:38:38.566535   779 tablet_bootstrap.cc:492] T 00000000000000000000000000000000 P 75066ae997b3429fbfcab15aa7023d59: Bootstrap starting.
I20260601 13:38:38.568207   779 tablet_bootstrap.cc:654] T 00000000000000000000000000000000 P 75066ae997b3429fbfcab15aa7023d59: Neither blocks nor log segments found. Creating new log.
I20260601 13:38:38.569751   779 tablet_bootstrap.cc:492] T 00000000000000000000000000000000 P 75066ae997b3429fbfcab15aa7023d59: No bootstrap required, opened a new log
I20260601 13:38:38.570336   779 raft_consensus.cc:359] T 00000000000000000000000000000000 P 75066ae997b3429fbfcab15aa7023d59 [term 0 FOLLOWER]: Replica starting. Triggering 0 pending ops. Active config: opid_index: -1 OBSOLETE_local: false peers { permanent_uuid: "d2500ae419ad4440b07d135860680fb2" member_type: VOTER last_known_addr { host: "127.0.161.254" port: 41487 } } peers { permanent_uuid: "75066ae997b3429fbfcab15aa7023d59" member_type: VOTER last_known_addr { host: "127.0.161.253" port: 38697 } } peers { permanent_uuid: "335c20fd43d24f7480f389e47d3b2e00" member_type: VOTER last_known_addr { host: "127.0.161.252" port: 36259 } }
I20260601 13:38:38.570482   779 raft_consensus.cc:385] T 00000000000000000000000000000000 P 75066ae997b3429fbfcab15aa7023d59 [term 0 FOLLOWER]: Consensus starting up: Expiring failure detector timer to make a prompt election more likely
I20260601 13:38:38.570523   779 raft_consensus.cc:740] T 00000000000000000000000000000000 P 75066ae997b3429fbfcab15aa7023d59 [term 0 FOLLOWER]: Becoming Follower/Learner. State: Replica: 75066ae997b3429fbfcab15aa7023d59, State: Initialized, Role: FOLLOWER
I20260601 13:38:38.570669   779 consensus_queue.cc:260] T 00000000000000000000000000000000 P 75066ae997b3429fbfcab15aa7023d59 [NON_LEADER]: Queue going to NON_LEADER mode. State: All replicated index: 0, Majority replicated index: 0, Committed index: 0, Last appended: 0.0, Last appended by leader: 0, Current term: 0, Majority size: -1, State: 0, Mode: NON_LEADER, active raft config: opid_index: -1 OBSOLETE_local: false peers { permanent_uuid: "d2500ae419ad4440b07d135860680fb2" member_type: VOTER last_known_addr { host: "127.0.161.254" port: 41487 } } peers { permanent_uuid: "75066ae997b3429fbfcab15aa7023d59" member_type: VOTER last_known_addr { host: "127.0.161.253" port: 38697 } } peers { permanent_uuid: "335c20fd43d24f7480f389e47d3b2e00" member_type: VOTER last_known_addr { host: "127.0.161.252" port: 36259 } }
I20260601 13:38:38.571053   878 sys_catalog.cc:455] T 00000000000000000000000000000000 P 75066ae997b3429fbfcab15aa7023d59 [sys.catalog]: SysCatalogTable state changed. Reason: RaftConsensus started. Latest consensus state: current_term: 0 committed_config { opid_index: -1 OBSOLETE_local: false peers { permanent_uuid: "d2500ae419ad4440b07d135860680fb2" member_type: VOTER last_known_addr { host: "127.0.161.254" port: 41487 } } peers { permanent_uuid: "75066ae997b3429fbfcab15aa7023d59" member_type: VOTER last_known_addr { host: "127.0.161.253" port: 38697 } } peers { permanent_uuid: "335c20fd43d24f7480f389e47d3b2e00" member_type: VOTER last_known_addr { host: "127.0.161.252" port: 36259 } } }
I20260601 13:38:38.571177   878 sys_catalog.cc:458] T 00000000000000000000000000000000 P 75066ae997b3429fbfcab15aa7023d59 [sys.catalog]: This master's current role is: FOLLOWER
I20260601 13:38:38.571240   779 sys_catalog.cc:565] T 00000000000000000000000000000000 P 75066ae997b3429fbfcab15aa7023d59 [sys.catalog]: configured and running, proceeding with master startup.
I20260601 13:38:38.573462   647 internal_mini_cluster.cc:184] Waiting to initialize catalog manager on master 2
I20260601 13:38:38.574218   647 file_cache.cc:492] Constructed file cache file cache with capacity 419430
W20260601 13:38:38.574334   889 catalog_manager.cc:1593] T 00000000000000000000000000000000 P 75066ae997b3429fbfcab15aa7023d59: loading cluster ID for follower catalog manager: Not found: cluster ID entry not found
W20260601 13:38:38.574394   889 catalog_manager.cc:883] Not found: cluster ID entry not found: failed to prepare follower catalog manager, will retry
W20260601 13:38:38.576747   891 instance_detector.cc:116] could not retrieve Azure instance metadata: Network error: curl error: HTTP response code said error: The requested URL returned error: 404
W20260601 13:38:38.576776   890 instance_detector.cc:116] could not retrieve AWS instance metadata: Network error: curl error: HTTP response code said error: The requested URL returned error: 404
W20260601 13:38:38.577034   893 instance_detector.cc:116] could not retrieve OpenStack instance metadata: Network error: curl error: HTTP response code said error: The requested URL returned error: 404
I20260601 13:38:38.578079   647 server_base.cc:1061] running on GCE node
I20260601 13:38:38.578305   647 hybrid_clock.cc:584] initializing the hybrid clock with 'system_unsync' time source
W20260601 13:38:38.578353   647 system_unsync_time.cc:38] NTP support is disabled. Clock error bounds will not be accurate. This configuration is not suitable for distributed clusters.
I20260601 13:38:38.578377   647 hybrid_clock.cc:648] HybridClock initialized: now 1780321118578375 us; error 0 us; skew 500 ppm
I20260601 13:38:38.579481   647 webserver.cc:533] Webserver started at http://127.0.161.193:42767/ using document root <none> and password file <none>
I20260601 13:38:38.579651   647 fs_manager.cc:362] Metadata directory not provided
I20260601 13:38:38.579713   647 fs_manager.cc:368] Using write-ahead log directory (fs_wal_dir) as metadata directory
I20260601 13:38:38.579792   647 server_base.cc:909] This appears to be a new deployment of Kudu; creating new FS layout
I20260601 13:38:38.580242   647 fs_manager.cc:1068] Generated new instance metadata in path /tmp/dist-test-taskXT7Nnz/test-tmp/auto_rebalancer-test.0.AutoRebalancerTest.OnlyLeaderDoesAutoRebalancing.1780321118383185-647-0/minicluster-data/ts-0-root/instance:
uuid: "67c9c02e0a2d46aca127fddbace2b464"
format_stamp: "Formatted at 2026-06-01 13:38:38 on dist-test-slave-3ws6"
I20260601 13:38:38.582261   647 fs_manager.cc:696] Time spent creating directory manager: real 0.002s	user 0.002s	sys 0.000s
I20260601 13:38:38.583483   898 log_block_manager.cc:4031] Time spent loading block containers with low live blocks: real 0.000s	user 0.000s	sys 0.000s
I20260601 13:38:38.583806   647 fs_manager.cc:730] Time spent opening block manager: real 0.001s	user 0.001s	sys 0.000s
I20260601 13:38:38.583868   647 fs_manager.cc:647] Opened local filesystem: /tmp/dist-test-taskXT7Nnz/test-tmp/auto_rebalancer-test.0.AutoRebalancerTest.OnlyLeaderDoesAutoRebalancing.1780321118383185-647-0/minicluster-data/ts-0-root
uuid: "67c9c02e0a2d46aca127fddbace2b464"
format_stamp: "Formatted at 2026-06-01 13:38:38 on dist-test-slave-3ws6"
I20260601 13:38:38.583969   647 fs_report.cc:389] FS layout report
--------------------
wal directory: /tmp/dist-test-taskXT7Nnz/test-tmp/auto_rebalancer-test.0.AutoRebalancerTest.OnlyLeaderDoesAutoRebalancing.1780321118383185-647-0/minicluster-data/ts-0-root
metadata directory: /tmp/dist-test-taskXT7Nnz/test-tmp/auto_rebalancer-test.0.AutoRebalancerTest.OnlyLeaderDoesAutoRebalancing.1780321118383185-647-0/minicluster-data/ts-0-root
1 data directories: /tmp/dist-test-taskXT7Nnz/test-tmp/auto_rebalancer-test.0.AutoRebalancerTest.OnlyLeaderDoesAutoRebalancing.1780321118383185-647-0/minicluster-data/ts-0-root/data
Total live blocks: 0
Total live bytes: 0
Total live bytes (after alignment): 0
Total number of LBM containers: 0 (0 full)
Did not check for missing blocks
Did not check for orphaned blocks
Total full LBM containers with extra space: 0 (0 repaired)
Total full LBM container extra space in bytes: 0 (0 repaired)
Total incomplete LBM containers: 0 (0 repaired)
Total LBM partial records: 0 (0 repaired)
Total corrupted LBM metadata records in RocksDB: 0 (0 repaired)
I20260601 13:38:38.598966   647 rpc_server.cc:225] running with OpenSSL 1.1.1  11 Sep 2018
I20260601 13:38:38.599540   647 kserver.cc:163] Server-wide thread pool size limit: 3276
I20260601 13:38:38.600071   647 txn_system_client.cc:432] TxnSystemClient initialization is disabled...
I20260601 13:38:38.601058   647 ts_tablet_manager.cc:585] Loaded tablet metadata (0 total tablets, 0 live tablets)
I20260601 13:38:38.601132   647 ts_tablet_manager.cc:531] Time spent load tablet metadata: real 0.000s	user 0.000s	sys 0.000s
I20260601 13:38:38.601195   647 ts_tablet_manager.cc:616] Registered 0 tablets
I20260601 13:38:38.601270   647 ts_tablet_manager.cc:595] Time spent register tablets: real 0.000s	user 0.000s	sys 0.000s
I20260601 13:38:38.609717   647 rpc_server.cc:307] RPC server started. Bound to: 127.0.161.193:40561
I20260601 13:38:38.609800   961 acceptor_pool.cc:272] collecting diagnostics on the listening RPC socket 127.0.161.193:40561 every 8 connection(s)
I20260601 13:38:38.611127   647 file_cache.cc:492] Constructed file cache file cache with capacity 419430
W20260601 13:38:38.616644   970 instance_detector.cc:116] could not retrieve Azure instance metadata: Network error: curl error: HTTP response code said error: The requested URL returned error: 404
W20260601 13:38:38.617209   972 instance_detector.cc:116] could not retrieve OpenStack instance metadata: Network error: curl error: HTTP response code said error: The requested URL returned error: 404
I20260601 13:38:38.617887   963 heartbeater.cc:344] Connected to a master server at 127.0.161.254:41487
I20260601 13:38:38.618055   963 heartbeater.cc:461] Registering TS with master...
I20260601 13:38:38.618165   964 heartbeater.cc:344] Connected to a master server at 127.0.161.253:38697
I20260601 13:38:38.618263   964 heartbeater.cc:461] Registering TS with master...
I20260601 13:38:38.618661   647 server_base.cc:1061] running on GCE node
I20260601 13:38:38.618811   964 heartbeater.cc:507] Master 127.0.161.253:38697 requested a full tablet report, sending...
I20260601 13:38:38.618813   963 heartbeater.cc:507] Master 127.0.161.254:41487 requested a full tablet report, sending...
I20260601 13:38:38.620503   743 ts_manager.cc:194] Registered new tserver with Master: 67c9c02e0a2d46aca127fddbace2b464 (127.0.161.193:40561)
I20260601 13:38:38.620508   677 ts_manager.cc:194] Registered new tserver with Master: 67c9c02e0a2d46aca127fddbace2b464 (127.0.161.193:40561)
I20260601 13:38:38.620890   962 heartbeater.cc:344] Connected to a master server at 127.0.161.252:36259
I20260601 13:38:38.620976   962 heartbeater.cc:461] Registering TS with master...
I20260601 13:38:38.621222   962 heartbeater.cc:507] Master 127.0.161.252:36259 requested a full tablet report, sending...
W20260601 13:38:38.621603   969 instance_detector.cc:116] could not retrieve AWS instance metadata: Network error: curl error: HTTP response code said error: The requested URL returned error: 404
I20260601 13:38:38.621924   647 hybrid_clock.cc:584] initializing the hybrid clock with 'system_unsync' time source
I20260601 13:38:38.621928   809 ts_manager.cc:194] Registered new tserver with Master: 67c9c02e0a2d46aca127fddbace2b464 (127.0.161.193:40561)
W20260601 13:38:38.622000   647 system_unsync_time.cc:38] NTP support is disabled. Clock error bounds will not be accurate. This configuration is not suitable for distributed clusters.
I20260601 13:38:38.622025   647 hybrid_clock.cc:648] HybridClock initialized: now 1780321118622025 us; error 0 us; skew 500 ppm
I20260601 13:38:38.623142   647 webserver.cc:533] Webserver started at http://127.0.161.194:36197/ using document root <none> and password file <none>
I20260601 13:38:38.623333   647 fs_manager.cc:362] Metadata directory not provided
I20260601 13:38:38.623410   647 fs_manager.cc:368] Using write-ahead log directory (fs_wal_dir) as metadata directory
I20260601 13:38:38.623522   647 server_base.cc:909] This appears to be a new deployment of Kudu; creating new FS layout
I20260601 13:38:38.623951   647 fs_manager.cc:1068] Generated new instance metadata in path /tmp/dist-test-taskXT7Nnz/test-tmp/auto_rebalancer-test.0.AutoRebalancerTest.OnlyLeaderDoesAutoRebalancing.1780321118383185-647-0/minicluster-data/ts-1-root/instance:
uuid: "8c90d205924c4d52b13a4a18b7d9b037"
format_stamp: "Formatted at 2026-06-01 13:38:38 on dist-test-slave-3ws6"
I20260601 13:38:38.625660   647 fs_manager.cc:696] Time spent creating directory manager: real 0.001s	user 0.002s	sys 0.000s
I20260601 13:38:38.626768   977 log_block_manager.cc:4031] Time spent loading block containers with low live blocks: real 0.000s	user 0.000s	sys 0.000s
I20260601 13:38:38.627100   647 fs_manager.cc:730] Time spent opening block manager: real 0.001s	user 0.001s	sys 0.000s
I20260601 13:38:38.627192   647 fs_manager.cc:647] Opened local filesystem: /tmp/dist-test-taskXT7Nnz/test-tmp/auto_rebalancer-test.0.AutoRebalancerTest.OnlyLeaderDoesAutoRebalancing.1780321118383185-647-0/minicluster-data/ts-1-root
uuid: "8c90d205924c4d52b13a4a18b7d9b037"
format_stamp: "Formatted at 2026-06-01 13:38:38 on dist-test-slave-3ws6"
I20260601 13:38:38.627291   647 fs_report.cc:389] FS layout report
--------------------
wal directory: /tmp/dist-test-taskXT7Nnz/test-tmp/auto_rebalancer-test.0.AutoRebalancerTest.OnlyLeaderDoesAutoRebalancing.1780321118383185-647-0/minicluster-data/ts-1-root
metadata directory: /tmp/dist-test-taskXT7Nnz/test-tmp/auto_rebalancer-test.0.AutoRebalancerTest.OnlyLeaderDoesAutoRebalancing.1780321118383185-647-0/minicluster-data/ts-1-root
1 data directories: /tmp/dist-test-taskXT7Nnz/test-tmp/auto_rebalancer-test.0.AutoRebalancerTest.OnlyLeaderDoesAutoRebalancing.1780321118383185-647-0/minicluster-data/ts-1-root/data
Total live blocks: 0
Total live bytes: 0
Total live bytes (after alignment): 0
Total number of LBM containers: 0 (0 full)
Did not check for missing blocks
Did not check for orphaned blocks
Total full LBM containers with extra space: 0 (0 repaired)
Total full LBM container extra space in bytes: 0 (0 repaired)
Total incomplete LBM containers: 0 (0 repaired)
Total LBM partial records: 0 (0 repaired)
Total corrupted LBM metadata records in RocksDB: 0 (0 repaired)
I20260601 13:38:38.646783   647 rpc_server.cc:225] running with OpenSSL 1.1.1  11 Sep 2018
I20260601 13:38:38.647447   647 kserver.cc:163] Server-wide thread pool size limit: 3276
I20260601 13:38:38.647902   647 txn_system_client.cc:432] TxnSystemClient initialization is disabled...
I20260601 13:38:38.648700   647 ts_tablet_manager.cc:585] Loaded tablet metadata (0 total tablets, 0 live tablets)
I20260601 13:38:38.648772   647 ts_tablet_manager.cc:531] Time spent load tablet metadata: real 0.000s	user 0.000s	sys 0.000s
I20260601 13:38:38.648823   647 ts_tablet_manager.cc:616] Registered 0 tablets
I20260601 13:38:38.648859   647 ts_tablet_manager.cc:595] Time spent register tablets: real 0.000s	user 0.000s	sys 0.000s
I20260601 13:38:38.655844   647 rpc_server.cc:307] RPC server started. Bound to: 127.0.161.194:34799
I20260601 13:38:38.655905  1040 acceptor_pool.cc:272] collecting diagnostics on the listening RPC socket 127.0.161.194:34799 every 8 connection(s)
I20260601 13:38:38.657068   647 file_cache.cc:492] Constructed file cache file cache with capacity 419430
I20260601 13:38:38.663105  1041 heartbeater.cc:344] Connected to a master server at 127.0.161.252:36259
I20260601 13:38:38.663420  1041 heartbeater.cc:461] Registering TS with master...
I20260601 13:38:38.663700  1041 heartbeater.cc:507] Master 127.0.161.252:36259 requested a full tablet report, sending...
I20260601 13:38:38.664233  1042 heartbeater.cc:344] Connected to a master server at 127.0.161.254:41487
I20260601 13:38:38.664314  1042 heartbeater.cc:461] Registering TS with master...
I20260601 13:38:38.664527  1042 heartbeater.cc:507] Master 127.0.161.254:41487 requested a full tablet report, sending...
I20260601 13:38:38.664971   809 ts_manager.cc:194] Registered new tserver with Master: 8c90d205924c4d52b13a4a18b7d9b037 (127.0.161.194:34799)
I20260601 13:38:38.665307   677 ts_manager.cc:194] Registered new tserver with Master: 8c90d205924c4d52b13a4a18b7d9b037 (127.0.161.194:34799)
I20260601 13:38:38.666214  1043 heartbeater.cc:344] Connected to a master server at 127.0.161.253:38697
I20260601 13:38:38.666321  1043 heartbeater.cc:461] Registering TS with master...
I20260601 13:38:38.666512  1043 heartbeater.cc:507] Master 127.0.161.253:38697 requested a full tablet report, sending...
I20260601 13:38:38.667127   743 ts_manager.cc:194] Registered new tserver with Master: 8c90d205924c4d52b13a4a18b7d9b037 (127.0.161.194:34799)
W20260601 13:38:38.670612  1051 instance_detector.cc:116] could not retrieve OpenStack instance metadata: Network error: curl error: HTTP response code said error: The requested URL returned error: 404
W20260601 13:38:38.670620  1049 instance_detector.cc:116] could not retrieve Azure instance metadata: Network error: curl error: HTTP response code said error: The requested URL returned error: 404
I20260601 13:38:38.670991   647 server_base.cc:1061] running on GCE node
W20260601 13:38:38.673913  1048 instance_detector.cc:116] could not retrieve AWS instance metadata: Network error: curl error: HTTP response code said error: The requested URL returned error: 404
I20260601 13:38:38.674275   647 hybrid_clock.cc:584] initializing the hybrid clock with 'system_unsync' time source
W20260601 13:38:38.674343   647 system_unsync_time.cc:38] NTP support is disabled. Clock error bounds will not be accurate. This configuration is not suitable for distributed clusters.
I20260601 13:38:38.674371   647 hybrid_clock.cc:648] HybridClock initialized: now 1780321118674370 us; error 0 us; skew 500 ppm
I20260601 13:38:38.675518   647 webserver.cc:533] Webserver started at http://127.0.161.195:35565/ using document root <none> and password file <none>
I20260601 13:38:38.675724   647 fs_manager.cc:362] Metadata directory not provided
I20260601 13:38:38.675800   647 fs_manager.cc:368] Using write-ahead log directory (fs_wal_dir) as metadata directory
I20260601 13:38:38.675891   647 server_base.cc:909] This appears to be a new deployment of Kudu; creating new FS layout
I20260601 13:38:38.676311   647 fs_manager.cc:1068] Generated new instance metadata in path /tmp/dist-test-taskXT7Nnz/test-tmp/auto_rebalancer-test.0.AutoRebalancerTest.OnlyLeaderDoesAutoRebalancing.1780321118383185-647-0/minicluster-data/ts-2-root/instance:
uuid: "6fd67743e968477fabad8c3c5e571a0b"
format_stamp: "Formatted at 2026-06-01 13:38:38 on dist-test-slave-3ws6"
I20260601 13:38:38.677999   647 fs_manager.cc:696] Time spent creating directory manager: real 0.001s	user 0.000s	sys 0.002s
I20260601 13:38:38.679112  1056 log_block_manager.cc:4031] Time spent loading block containers with low live blocks: real 0.000s	user 0.000s	sys 0.000s
I20260601 13:38:38.679441   647 fs_manager.cc:730] Time spent opening block manager: real 0.001s	user 0.000s	sys 0.001s
I20260601 13:38:38.679520   647 fs_manager.cc:647] Opened local filesystem: /tmp/dist-test-taskXT7Nnz/test-tmp/auto_rebalancer-test.0.AutoRebalancerTest.OnlyLeaderDoesAutoRebalancing.1780321118383185-647-0/minicluster-data/ts-2-root
uuid: "6fd67743e968477fabad8c3c5e571a0b"
format_stamp: "Formatted at 2026-06-01 13:38:38 on dist-test-slave-3ws6"
I20260601 13:38:38.679603   647 fs_report.cc:389] FS layout report
--------------------
wal directory: /tmp/dist-test-taskXT7Nnz/test-tmp/auto_rebalancer-test.0.AutoRebalancerTest.OnlyLeaderDoesAutoRebalancing.1780321118383185-647-0/minicluster-data/ts-2-root
metadata directory: /tmp/dist-test-taskXT7Nnz/test-tmp/auto_rebalancer-test.0.AutoRebalancerTest.OnlyLeaderDoesAutoRebalancing.1780321118383185-647-0/minicluster-data/ts-2-root
1 data directories: /tmp/dist-test-taskXT7Nnz/test-tmp/auto_rebalancer-test.0.AutoRebalancerTest.OnlyLeaderDoesAutoRebalancing.1780321118383185-647-0/minicluster-data/ts-2-root/data
Total live blocks: 0
Total live bytes: 0
Total live bytes (after alignment): 0
Total number of LBM containers: 0 (0 full)
Did not check for missing blocks
Did not check for orphaned blocks
Total full LBM containers with extra space: 0 (0 repaired)
Total full LBM container extra space in bytes: 0 (0 repaired)
Total incomplete LBM containers: 0 (0 repaired)
Total LBM partial records: 0 (0 repaired)
Total corrupted LBM metadata records in RocksDB: 0 (0 repaired)
W20260601 13:38:38.697644   666 tablet.cc:2404] T 00000000000000000000000000000000 P d2500ae419ad4440b07d135860680fb2: Can't schedule compaction. Clean time has not been advanced past its initial value.
I20260601 13:38:38.698171   878 raft_consensus.cc:493] T 00000000000000000000000000000000 P 75066ae997b3429fbfcab15aa7023d59 [term 0 FOLLOWER]: Starting pre-election (no leader contacted us within the election timeout)
I20260601 13:38:38.698477   878 raft_consensus.cc:515] T 00000000000000000000000000000000 P 75066ae997b3429fbfcab15aa7023d59 [term 0 FOLLOWER]: Starting pre-election with config: opid_index: -1 OBSOLETE_local: false peers { permanent_uuid: "d2500ae419ad4440b07d135860680fb2" member_type: VOTER last_known_addr { host: "127.0.161.254" port: 41487 } } peers { permanent_uuid: "75066ae997b3429fbfcab15aa7023d59" member_type: VOTER last_known_addr { host: "127.0.161.253" port: 38697 } } peers { permanent_uuid: "335c20fd43d24f7480f389e47d3b2e00" member_type: VOTER last_known_addr { host: "127.0.161.252" port: 36259 } }
I20260601 13:38:38.699471   878 leader_election.cc:290] T 00000000000000000000000000000000 P 75066ae997b3429fbfcab15aa7023d59 [CANDIDATE]: Term 1 pre-election: Requested pre-vote from peers d2500ae419ad4440b07d135860680fb2 (127.0.161.254:41487), 335c20fd43d24f7480f389e47d3b2e00 (127.0.161.252:36259)
I20260601 13:38:38.699966   687 tablet_service.cc:1917] Received RequestConsensusVote() RPC: tablet_id: "00000000000000000000000000000000" candidate_uuid: "75066ae997b3429fbfcab15aa7023d59" candidate_term: 1 candidate_status { last_received { term: 0 index: 0 } } ignore_live_leader: false dest_uuid: "d2500ae419ad4440b07d135860680fb2" is_pre_election: true
I20260601 13:38:38.699966   819 tablet_service.cc:1917] Received RequestConsensusVote() RPC: tablet_id: "00000000000000000000000000000000" candidate_uuid: "75066ae997b3429fbfcab15aa7023d59" candidate_term: 1 candidate_status { last_received { term: 0 index: 0 } } ignore_live_leader: false dest_uuid: "335c20fd43d24f7480f389e47d3b2e00" is_pre_election: true
I20260601 13:38:38.700205   819 raft_consensus.cc:2468] T 00000000000000000000000000000000 P 335c20fd43d24f7480f389e47d3b2e00 [term 0 FOLLOWER]: Leader pre-election vote request: Granting yes vote for candidate 75066ae997b3429fbfcab15aa7023d59 in term 0.
I20260601 13:38:38.700205   687 raft_consensus.cc:2468] T 00000000000000000000000000000000 P d2500ae419ad4440b07d135860680fb2 [term 0 FOLLOWER]: Leader pre-election vote request: Granting yes vote for candidate 75066ae997b3429fbfcab15aa7023d59 in term 0.
I20260601 13:38:38.700624   724 leader_election.cc:304] T 00000000000000000000000000000000 P 75066ae997b3429fbfcab15aa7023d59 [CANDIDATE]: Term 1 pre-election: Election decided. Result: candidate won. Election summary: received 2 responses out of 3 voters: 2 yes votes; 0 no votes. yes voters: 335c20fd43d24f7480f389e47d3b2e00, 75066ae997b3429fbfcab15aa7023d59; no voters: 
I20260601 13:38:38.701030   878 raft_consensus.cc:2804] T 00000000000000000000000000000000 P 75066ae997b3429fbfcab15aa7023d59 [term 0 FOLLOWER]: Leader pre-election won for term 1
I20260601 13:38:38.701116   878 raft_consensus.cc:493] T 00000000000000000000000000000000 P 75066ae997b3429fbfcab15aa7023d59 [term 0 FOLLOWER]: Starting leader election (no leader contacted us within the election timeout)
I20260601 13:38:38.701181   878 raft_consensus.cc:3060] T 00000000000000000000000000000000 P 75066ae997b3429fbfcab15aa7023d59 [term 0 FOLLOWER]: Advancing to term 1
I20260601 13:38:38.702188   878 raft_consensus.cc:515] T 00000000000000000000000000000000 P 75066ae997b3429fbfcab15aa7023d59 [term 1 FOLLOWER]: Starting leader election with config: opid_index: -1 OBSOLETE_local: false peers { permanent_uuid: "d2500ae419ad4440b07d135860680fb2" member_type: VOTER last_known_addr { host: "127.0.161.254" port: 41487 } } peers { permanent_uuid: "75066ae997b3429fbfcab15aa7023d59" member_type: VOTER last_known_addr { host: "127.0.161.253" port: 38697 } } peers { permanent_uuid: "335c20fd43d24f7480f389e47d3b2e00" member_type: VOTER last_known_addr { host: "127.0.161.252" port: 36259 } }
I20260601 13:38:38.702560   878 leader_election.cc:290] T 00000000000000000000000000000000 P 75066ae997b3429fbfcab15aa7023d59 [CANDIDATE]: Term 1 election: Requested vote from peers d2500ae419ad4440b07d135860680fb2 (127.0.161.254:41487), 335c20fd43d24f7480f389e47d3b2e00 (127.0.161.252:36259)
