W20260601 13:23:35.248695   459 instance_detector.cc:116] could not retrieve AWS instance metadata: Network error: curl error: HTTP response code said error: The requested URL returned error: 404
W20260601 13:23:35.248993   462 instance_detector.cc:116] could not retrieve OpenStack instance metadata: Network error: curl error: HTTP response code said error: The requested URL returned error: 404
I20260601 13:23:35.249171 28494 server_base.cc:1061] running on GCE node
I20260601 13:23:35.249332 28494 hybrid_clock.cc:584] initializing the hybrid clock with 'system_unsync' time source
W20260601 13:23:35.249431 28494 system_unsync_time.cc:38] NTP support is disabled. Clock error bounds will not be accurate. This configuration is not suitable for distributed clusters.
I20260601 13:23:35.249457 28494 hybrid_clock.cc:648] HybridClock initialized: now 1780320215249456 us; error 0 us; skew 500 ppm
I20260601 13:23:35.250478 28494 webserver.cc:533] Webserver started at http://127.27.211.130:44281/ using document root <none> and password file <none>
I20260601 13:23:35.250665 28494 fs_manager.cc:362] Metadata directory not provided
I20260601 13:23:35.250761 28494 fs_manager.cc:368] Using write-ahead log directory (fs_wal_dir) as metadata directory
I20260601 13:23:35.250845 28494 server_base.cc:909] This appears to be a new deployment of Kudu; creating new FS layout
I20260601 13:23:35.251276 28494 fs_manager.cc:1068] Generated new instance metadata in path /tmp/dist-test-taskt4999F/test-tmp/auto_rebalancer-test.0.AutoRebalancerTest.TestMaxMovesPerServer.1780320112631864-28494-0/minicluster-data/ts-1-root/instance:
uuid: "0d60a38c32e641dcaf53d73dbd9d78a5"
format_stamp: "Formatted at 2026-06-01 13:23:35 on dist-test-slave-sz3l"
I20260601 13:23:35.252142   455 heartbeater.cc:344] Connected to a master server at 127.27.211.190:40023
I20260601 13:23:35.252239   455 heartbeater.cc:461] Registering TS with master...
I20260601 13:23:35.252498   455 heartbeater.cc:507] Master 127.27.211.190:40023 requested a full tablet report, sending...
I20260601 13:23:35.253104   325 ts_manager.cc:194] Registered new tserver with Master: 2b0d3c2e27014e6591972cbb778df62f (127.27.211.129:37805)
I20260601 13:23:35.253497 28494 fs_manager.cc:696] Time spent creating directory manager: real 0.002s	user 0.000s	sys 0.002s
I20260601 13:23:35.254165   325 master_service.cc:502] Signed X509 certificate for tserver {username='slave'} at 127.0.0.1:34368
I20260601 13:23:35.254767   467 log_block_manager.cc:4031] Time spent loading block containers with low live blocks: real 0.000s	user 0.000s	sys 0.000s
I20260601 13:23:35.255016 28494 fs_manager.cc:730] Time spent opening block manager: real 0.001s	user 0.000s	sys 0.000s
I20260601 13:23:35.255071 28494 fs_manager.cc:647] Opened local filesystem: /tmp/dist-test-taskt4999F/test-tmp/auto_rebalancer-test.0.AutoRebalancerTest.TestMaxMovesPerServer.1780320112631864-28494-0/minicluster-data/ts-1-root
uuid: "0d60a38c32e641dcaf53d73dbd9d78a5"
format_stamp: "Formatted at 2026-06-01 13:23:35 on dist-test-slave-sz3l"
I20260601 13:23:35.255122 28494 fs_report.cc:389] FS layout report
--------------------
wal directory: /tmp/dist-test-taskt4999F/test-tmp/auto_rebalancer-test.0.AutoRebalancerTest.TestMaxMovesPerServer.1780320112631864-28494-0/minicluster-data/ts-1-root
metadata directory: /tmp/dist-test-taskt4999F/test-tmp/auto_rebalancer-test.0.AutoRebalancerTest.TestMaxMovesPerServer.1780320112631864-28494-0/minicluster-data/ts-1-root
1 data directories: /tmp/dist-test-taskt4999F/test-tmp/auto_rebalancer-test.0.AutoRebalancerTest.TestMaxMovesPerServer.1780320112631864-28494-0/minicluster-data/ts-1-root/data
Total live blocks: 0
Total live bytes: 0
Total live bytes (after alignment): 0
Total number of LBM containers: 0 (0 full)
Did not check for missing blocks
Did not check for orphaned blocks
Total full LBM containers with extra space: 0 (0 repaired)
Total full LBM container extra space in bytes: 0 (0 repaired)
Total incomplete LBM containers: 0 (0 repaired)
Total LBM partial records: 0 (0 repaired)
Total corrupted LBM metadata records in RocksDB: 0 (0 repaired)
I20260601 13:23:35.275153 28494 rpc_server.cc:225] running with OpenSSL 1.1.1  11 Sep 2018
I20260601 13:23:35.275570 28494 kserver.cc:163] Server-wide thread pool size limit: 3276
I20260601 13:23:35.275825 28494 txn_system_client.cc:432] TxnSystemClient initialization is disabled...
I20260601 13:23:35.276316 28494 ts_tablet_manager.cc:585] Loaded tablet metadata (0 total tablets, 0 live tablets)
I20260601 13:23:35.276355 28494 ts_tablet_manager.cc:531] Time spent load tablet metadata: real 0.000s	user 0.000s	sys 0.000s
I20260601 13:23:35.276386 28494 ts_tablet_manager.cc:616] Registered 0 tablets
I20260601 13:23:35.276451 28494 ts_tablet_manager.cc:595] Time spent register tablets: real 0.000s	user 0.000s	sys 0.000s
I20260601 13:23:35.281065 28494 rpc_server.cc:307] RPC server started. Bound to: 127.27.211.130:36165
I20260601 13:23:35.281105   530 acceptor_pool.cc:272] collecting diagnostics on the listening RPC socket 127.27.211.130:36165 every 8 connection(s)
I20260601 13:23:35.281872 28494 file_cache.cc:492] Constructed file cache file cache with capacity 419430
W20260601 13:23:35.283833   534 instance_detector.cc:116] could not retrieve AWS instance metadata: Network error: curl error: HTTP response code said error: The requested URL returned error: 404
I20260601 13:23:35.283867 28494 server_base.cc:1061] running on GCE node
W20260601 13:23:35.283816   535 instance_detector.cc:116] could not retrieve Azure instance metadata: Network error: curl error: HTTP response code said error: The requested URL returned error: 404
W20260601 13:23:35.284106   537 instance_detector.cc:116] could not retrieve OpenStack instance metadata: Network error: curl error: HTTP response code said error: The requested URL returned error: 404
I20260601 13:23:35.284291 28494 hybrid_clock.cc:584] initializing the hybrid clock with 'system_unsync' time source
W20260601 13:23:35.284330 28494 system_unsync_time.cc:38] NTP support is disabled. Clock error bounds will not be accurate. This configuration is not suitable for distributed clusters.
I20260601 13:23:35.284346 28494 hybrid_clock.cc:648] HybridClock initialized: now 1780320215284346 us; error 0 us; skew 500 ppm
I20260601 13:23:35.285252 28494 webserver.cc:533] Webserver started at http://127.27.211.131:32889/ using document root <none> and password file <none>
I20260601 13:23:35.285422 28494 fs_manager.cc:362] Metadata directory not provided
I20260601 13:23:35.285501 28494 fs_manager.cc:368] Using write-ahead log directory (fs_wal_dir) as metadata directory
I20260601 13:23:35.285586 28494 server_base.cc:909] This appears to be a new deployment of Kudu; creating new FS layout
I20260601 13:23:35.286079   531 heartbeater.cc:344] Connected to a master server at 127.27.211.190:40023
I20260601 13:23:35.286084 28494 fs_manager.cc:1068] Generated new instance metadata in path /tmp/dist-test-taskt4999F/test-tmp/auto_rebalancer-test.0.AutoRebalancerTest.TestMaxMovesPerServer.1780320112631864-28494-0/minicluster-data/ts-2-root/instance:
uuid: "7fe1658d1298480ab537b756558f01fc"
format_stamp: "Formatted at 2026-06-01 13:23:35 on dist-test-slave-sz3l"
I20260601 13:23:35.286187   531 heartbeater.cc:461] Registering TS with master...
I20260601 13:23:35.286382   531 heartbeater.cc:507] Master 127.27.211.190:40023 requested a full tablet report, sending...
I20260601 13:23:35.287045   325 ts_manager.cc:194] Registered new tserver with Master: 0d60a38c32e641dcaf53d73dbd9d78a5 (127.27.211.130:36165)
I20260601 13:23:35.287709   325 master_service.cc:502] Signed X509 certificate for tserver {username='slave'} at 127.0.0.1:34370
I20260601 13:23:35.287977 28494 fs_manager.cc:696] Time spent creating directory manager: real 0.002s	user 0.002s	sys 0.000s
I20260601 13:23:35.288856   542 log_block_manager.cc:4031] Time spent loading block containers with low live blocks: real 0.000s	user 0.000s	sys 0.000s
I20260601 13:23:35.289070 28494 fs_manager.cc:730] Time spent opening block manager: real 0.001s	user 0.001s	sys 0.000s
I20260601 13:23:35.289125 28494 fs_manager.cc:647] Opened local filesystem: /tmp/dist-test-taskt4999F/test-tmp/auto_rebalancer-test.0.AutoRebalancerTest.TestMaxMovesPerServer.1780320112631864-28494-0/minicluster-data/ts-2-root
uuid: "7fe1658d1298480ab537b756558f01fc"
format_stamp: "Formatted at 2026-06-01 13:23:35 on dist-test-slave-sz3l"
I20260601 13:23:35.289209 28494 fs_report.cc:389] FS layout report
--------------------
wal directory: /tmp/dist-test-taskt4999F/test-tmp/auto_rebalancer-test.0.AutoRebalancerTest.TestMaxMovesPerServer.1780320112631864-28494-0/minicluster-data/ts-2-root
metadata directory: /tmp/dist-test-taskt4999F/test-tmp/auto_rebalancer-test.0.AutoRebalancerTest.TestMaxMovesPerServer.1780320112631864-28494-0/minicluster-data/ts-2-root
1 data directories: /tmp/dist-test-taskt4999F/test-tmp/auto_rebalancer-test.0.AutoRebalancerTest.TestMaxMovesPerServer.1780320112631864-28494-0/minicluster-data/ts-2-root/data
Total live blocks: 0
Total live bytes: 0
Total live bytes (after alignment): 0
Total number of LBM containers: 0 (0 full)
Did not check for missing blocks
Did not check for orphaned blocks
Total full LBM containers with extra space: 0 (0 repaired)
Total full LBM container extra space in bytes: 0 (0 repaired)
Total incomplete LBM containers: 0 (0 repaired)
Total LBM partial records: 0 (0 repaired)
Total corrupted LBM metadata records in RocksDB: 0 (0 repaired)
I20260601 13:23:35.301872 28494 rpc_server.cc:225] running with OpenSSL 1.1.1  11 Sep 2018
I20260601 13:23:35.302446 28494 kserver.cc:163] Server-wide thread pool size limit: 3276
I20260601 13:23:35.302783 28494 txn_system_client.cc:432] TxnSystemClient initialization is disabled...
I20260601 13:23:35.303262 28494 ts_tablet_manager.cc:585] Loaded tablet metadata (0 total tablets, 0 live tablets)
I20260601 13:23:35.303326 28494 ts_tablet_manager.cc:531] Time spent load tablet metadata: real 0.000s	user 0.000s	sys 0.000s
I20260601 13:23:35.303385 28494 ts_tablet_manager.cc:616] Registered 0 tablets
I20260601 13:23:35.303436 28494 ts_tablet_manager.cc:595] Time spent register tablets: real 0.000s	user 0.000s	sys 0.000s
I20260601 13:23:35.307991 28494 rpc_server.cc:307] RPC server started. Bound to: 127.27.211.131:46427
I20260601 13:23:35.308094   605 acceptor_pool.cc:272] collecting diagnostics on the listening RPC socket 127.27.211.131:46427 every 8 connection(s)
I20260601 13:23:35.312760   606 heartbeater.cc:344] Connected to a master server at 127.27.211.190:40023
I20260601 13:23:35.312865   606 heartbeater.cc:461] Registering TS with master...
I20260601 13:23:35.313081   606 heartbeater.cc:507] Master 127.27.211.190:40023 requested a full tablet report, sending...
I20260601 13:23:35.313658   325 ts_manager.cc:194] Registered new tserver with Master: 7fe1658d1298480ab537b756558f01fc (127.27.211.131:46427)
I20260601 13:23:35.314126 28494 internal_mini_cluster.cc:371] 3 TS(s) registered with all masters after 0.005689036s
I20260601 13:23:35.314250   325 master_service.cc:502] Signed X509 certificate for tserver {username='slave'} at 127.0.0.1:34374
I20260601 13:23:36.255178   455 heartbeater.cc:499] Master 127.27.211.190:40023 was elected leader, sending a full tablet report...
I20260601 13:23:36.288554   531 heartbeater.cc:499] Master 127.27.211.190:40023 was elected leader, sending a full tablet report...
I20260601 13:23:36.315164   606 heartbeater.cc:499] Master 127.27.211.190:40023 was elected leader, sending a full tablet report...
I20260601 13:23:36.348778   325 catalog_manager.cc:2282] Servicing CreateTable request from {username='slave'} at 127.0.0.1:34384:
name: "test-workload"
schema {
  columns {
    name: "key"
    type: INT32
    is_key: true
    is_nullable: false
    encoding: AUTO_ENCODING
    compression: DEFAULT_COMPRESSION
    cfile_block_size: 0
    immutable: false
  }
  columns {
    name: "int_val"
    type: INT32
    is_key: false
    is_nullable: false
    encoding: AUTO_ENCODING
    compression: DEFAULT_COMPRESSION
    cfile_block_size: 0
    immutable: false
  }
  columns {
    name: "string_val"
    type: STRING
    is_key: false
    is_nullable: true
    encoding: AUTO_ENCODING
    compression: DEFAULT_COMPRESSION
    cfile_block_size: 0
    immutable: false
  }
}
num_replicas: 3
split_rows_range_bounds {
  rows: "\004\001\000\252\252\252\n\004\001\000TUU\025\004\001\000\376\377\377\037\004\001\000\250\252\252*\004\001\000RUU5\004\001\000\374\377\377?\004\001\000\246\252\252J\004\001\000PUUU\004\001\000\372\377\377_\004\001\000\244\252\252j\004\001\000NUUu""\004\001\000\252\252\252\n\004\001\000TUU\025\004\001\000\376\377\377\037\004\001\000\250\252\252*\004\001\000RUU5\004\001\000\374\377\377?\004\001\000\246\252\252J\004\001\000PUUU\004\001\000\372\377\377_\004\001\000\244\252\252j\004\001\000NUUu"
  indirect_data: """"
}
partition_schema {
  range_schema {
    columns {
      name: "key"
    }
  }
}
W20260601 13:23:36.349365   325 catalog_manager.cc:7076] The number of live tablet servers is not enough to re-replicate a tablet replica of the newly created table test-workload in case of a server failure: 4 tablet servers would be needed, 3 are available. Consider bringing up more tablet servers.
I20260601 13:23:36.362908   417 tablet_service.cc:1511] Processing CreateTablet for tablet 570158299e7e4fbba4ecc20c2ce158e0 (DEFAULT_TABLE table=test-workload [id=ae9213303ec54013bd7f2ebf99b0b6fb]), partition=RANGE (key) PARTITION 357913940 <= VALUES < 536870910
I20260601 13:23:36.363097   414 tablet_service.cc:1511] Processing CreateTablet for tablet 4b1967ad2deb4fb2af124a48976b081b (DEFAULT_TABLE table=test-workload [id=ae9213303ec54013bd7f2ebf99b0b6fb]), partition=RANGE (key) PARTITION 715827880 <= VALUES < 894784850
I20260601 13:23:36.363217   417 data_dirs.cc:400] Could only allocate 1 dirs of requested 3 for tablet 570158299e7e4fbba4ecc20c2ce158e0. 1 dirs total, 0 dirs full, 0 dirs failed
I20260601 13:23:36.363176   416 tablet_service.cc:1511] Processing CreateTablet for tablet 846e3dad723c46f1832519d7b7b4b6c4 (DEFAULT_TABLE table=test-workload [id=ae9213303ec54013bd7f2ebf99b0b6fb]), partition=RANGE (key) PARTITION 178956970 <= VALUES < 357913940
I20260601 13:23:36.363196   412 tablet_service.cc:1511] Processing CreateTablet for tablet 736636e43d344e60aeabd0969ddd55f3 (DEFAULT_TABLE table=test-workload [id=ae9213303ec54013bd7f2ebf99b0b6fb]), partition=RANGE (key) PARTITION 1073741820 <= VALUES < 1252698790
I20260601 13:23:36.362864   418 tablet_service.cc:1511] Processing CreateTablet for tablet 6a379ecf08a5409db3b2df17ac08e060 (DEFAULT_TABLE table=test-workload [id=ae9213303ec54013bd7f2ebf99b0b6fb]), partition=RANGE (key) PARTITION VALUES < 178956970
I20260601 13:23:36.363368   414 data_dirs.cc:400] Could only allocate 1 dirs of requested 3 for tablet 4b1967ad2deb4fb2af124a48976b081b. 1 dirs total, 0 dirs full, 0 dirs failed
I20260601 13:23:36.363580   416 data_dirs.cc:400] Could only allocate 1 dirs of requested 3 for tablet 846e3dad723c46f1832519d7b7b4b6c4. 1 dirs total, 0 dirs full, 0 dirs failed
I20260601 13:23:36.363740   418 data_dirs.cc:400] Could only allocate 1 dirs of requested 3 for tablet 6a379ecf08a5409db3b2df17ac08e060. 1 dirs total, 0 dirs full, 0 dirs failed
I20260601 13:23:36.363772   413 tablet_service.cc:1511] Processing CreateTablet for tablet a66cffa4c8b441ffb0df854030d3b0ab (DEFAULT_TABLE table=test-workload [id=ae9213303ec54013bd7f2ebf99b0b6fb]), partition=RANGE (key) PARTITION 894784850 <= VALUES < 1073741820
I20260601 13:23:36.364053   413 data_dirs.cc:400] Could only allocate 1 dirs of requested 3 for tablet a66cffa4c8b441ffb0df854030d3b0ab. 1 dirs total, 0 dirs full, 0 dirs failed
I20260601 13:23:36.364482   412 data_dirs.cc:400] Could only allocate 1 dirs of requested 3 for tablet 736636e43d344e60aeabd0969ddd55f3. 1 dirs total, 0 dirs full, 0 dirs failed
I20260601 13:23:36.365890   415 tablet_service.cc:1511] Processing CreateTablet for tablet f1b86e579038468eb8f714ae7bb975ef (DEFAULT_TABLE table=test-workload [id=ae9213303ec54013bd7f2ebf99b0b6fb]), partition=RANGE (key) PARTITION 536870910 <= VALUES < 715827880
I20260601 13:23:36.366218   415 data_dirs.cc:400] Could only allocate 1 dirs of requested 3 for tablet f1b86e579038468eb8f714ae7bb975ef. 1 dirs total, 0 dirs full, 0 dirs failed
I20260601 13:23:36.368283   626 tablet_bootstrap.cc:492] T 570158299e7e4fbba4ecc20c2ce158e0 P 2b0d3c2e27014e6591972cbb778df62f: Bootstrap starting.
I20260601 13:23:36.368916   416 tablet_service.cc:1511] Processing CreateTablet for tablet 272dad9908f643f98f02791b399e8db4 (DEFAULT_TABLE table=test-workload [id=ae9213303ec54013bd7f2ebf99b0b6fb]), partition=RANGE (key) PARTITION 1252698790 <= VALUES < 1431655760
I20260601 13:23:36.369136   416 data_dirs.cc:400] Could only allocate 1 dirs of requested 3 for tablet 272dad9908f643f98f02791b399e8db4. 1 dirs total, 0 dirs full, 0 dirs failed
I20260601 13:23:36.369412   626 tablet_bootstrap.cc:654] T 570158299e7e4fbba4ecc20c2ce158e0 P 2b0d3c2e27014e6591972cbb778df62f: Neither blocks nor log segments found. Creating new log.
I20260601 13:23:36.370679   626 tablet_bootstrap.cc:492] T 570158299e7e4fbba4ecc20c2ce158e0 P 2b0d3c2e27014e6591972cbb778df62f: No bootstrap required, opened a new log
I20260601 13:23:36.370821   626 ts_tablet_manager.cc:1403] T 570158299e7e4fbba4ecc20c2ce158e0 P 2b0d3c2e27014e6591972cbb778df62f: Time spent bootstrapping tablet: real 0.003s	user 0.002s	sys 0.000s
I20260601 13:23:36.371331   626 raft_consensus.cc:359] T 570158299e7e4fbba4ecc20c2ce158e0 P 2b0d3c2e27014e6591972cbb778df62f [term 0 FOLLOWER]: Replica starting. Triggering 0 pending ops. Active config: opid_index: -1 OBSOLETE_local: false peers { permanent_uuid: "2b0d3c2e27014e6591972cbb778df62f" member_type: VOTER last_known_addr { host: "127.27.211.129" port: 37805 } } peers { permanent_uuid: "0d60a38c32e641dcaf53d73dbd9d78a5" member_type: VOTER last_known_addr { host: "127.27.211.130" port: 36165 } } peers { permanent_uuid: "7fe1658d1298480ab537b756558f01fc" member_type: VOTER last_known_addr { host: "127.27.211.131" port: 46427 } }
I20260601 13:23:36.371683   493 tablet_service.cc:1511] Processing CreateTablet for tablet 570158299e7e4fbba4ecc20c2ce158e0 (DEFAULT_TABLE table=test-workload [id=ae9213303ec54013bd7f2ebf99b0b6fb]), partition=RANGE (key) PARTITION 357913940 <= VALUES < 536870910
I20260601 13:23:36.371735   490 tablet_service.cc:1511] Processing CreateTablet for tablet a66cffa4c8b441ffb0df854030d3b0ab (DEFAULT_TABLE table=test-workload [id=ae9213303ec54013bd7f2ebf99b0b6fb]), partition=RANGE (key) PARTITION 894784850 <= VALUES < 1073741820
I20260601 13:23:36.371923   493 data_dirs.cc:400] Could only allocate 1 dirs of requested 3 for tablet 570158299e7e4fbba4ecc20c2ce158e0. 1 dirs total, 0 dirs full, 0 dirs failed
I20260601 13:23:36.371976   492 tablet_service.cc:1511] Processing CreateTablet for tablet f1b86e579038468eb8f714ae7bb975ef (DEFAULT_TABLE table=test-workload [id=ae9213303ec54013bd7f2ebf99b0b6fb]), partition=RANGE (key) PARTITION 536870910 <= VALUES < 715827880
I20260601 13:23:36.372186   492 data_dirs.cc:400] Could only allocate 1 dirs of requested 3 for tablet f1b86e579038468eb8f714ae7bb975ef. 1 dirs total, 0 dirs full, 0 dirs failed
I20260601 13:23:36.372138   489 tablet_service.cc:1511] Processing CreateTablet for tablet 736636e43d344e60aeabd0969ddd55f3 (DEFAULT_TABLE table=test-workload [id=ae9213303ec54013bd7f2ebf99b0b6fb]), partition=RANGE (key) PARTITION 1073741820 <= VALUES < 1252698790
I20260601 13:23:36.372357   489 data_dirs.cc:400] Could only allocate 1 dirs of requested 3 for tablet 736636e43d344e60aeabd0969ddd55f3. 1 dirs total, 0 dirs full, 0 dirs failed
I20260601 13:23:36.372550   491 tablet_service.cc:1511] Processing CreateTablet for tablet 4b1967ad2deb4fb2af124a48976b081b (DEFAULT_TABLE table=test-workload [id=ae9213303ec54013bd7f2ebf99b0b6fb]), partition=RANGE (key) PARTITION 715827880 <= VALUES < 894784850
I20260601 13:23:36.372772   491 data_dirs.cc:400] Could only allocate 1 dirs of requested 3 for tablet 4b1967ad2deb4fb2af124a48976b081b. 1 dirs total, 0 dirs full, 0 dirs failed
I20260601 13:23:36.371393   495 tablet_service.cc:1511] Processing CreateTablet for tablet 6a379ecf08a5409db3b2df17ac08e060 (DEFAULT_TABLE table=test-workload [id=ae9213303ec54013bd7f2ebf99b0b6fb]), partition=RANGE (key) PARTITION VALUES < 178956970
I20260601 13:23:36.374524   495 data_dirs.cc:400] Could only allocate 1 dirs of requested 3 for tablet 6a379ecf08a5409db3b2df17ac08e060. 1 dirs total, 0 dirs full, 0 dirs failed
I20260601 13:23:36.374867   570 tablet_service.cc:1511] Processing CreateTablet for tablet 6a379ecf08a5409db3b2df17ac08e060 (DEFAULT_TABLE table=test-workload [id=ae9213303ec54013bd7f2ebf99b0b6fb]), partition=RANGE (key) PARTITION VALUES < 178956970
I20260601 13:23:36.375098   570 data_dirs.cc:400] Could only allocate 1 dirs of requested 3 for tablet 6a379ecf08a5409db3b2df17ac08e060. 1 dirs total, 0 dirs full, 0 dirs failed
I20260601 13:23:36.375471   416 tablet_service.cc:1511] Processing CreateTablet for tablet c5dc6affea8e43bebec43b8d0ea8f951 (DEFAULT_TABLE table=test-workload [id=ae9213303ec54013bd7f2ebf99b0b6fb]), partition=RANGE (key) PARTITION 1431655760 <= VALUES < 1610612730
I20260601 13:23:36.375691   416 data_dirs.cc:400] Could only allocate 1 dirs of requested 3 for tablet c5dc6affea8e43bebec43b8d0ea8f951. 1 dirs total, 0 dirs full, 0 dirs failed
I20260601 13:23:36.376561   490 data_dirs.cc:400] Could only allocate 1 dirs of requested 3 for tablet a66cffa4c8b441ffb0df854030d3b0ab. 1 dirs total, 0 dirs full, 0 dirs failed
I20260601 13:23:36.377274   569 tablet_service.cc:1511] Processing CreateTablet for tablet 846e3dad723c46f1832519d7b7b4b6c4 (DEFAULT_TABLE table=test-workload [id=ae9213303ec54013bd7f2ebf99b0b6fb]), partition=RANGE (key) PARTITION 178956970 <= VALUES < 357913940
I20260601 13:23:36.377507   569 data_dirs.cc:400] Could only allocate 1 dirs of requested 3 for tablet 846e3dad723c46f1832519d7b7b4b6c4. 1 dirs total, 0 dirs full, 0 dirs failed
I20260601 13:23:36.377588   416 tablet_service.cc:1511] Processing CreateTablet for tablet c14dd6d967e04d2a9603ae7c7de6bc8d (DEFAULT_TABLE table=test-workload [id=ae9213303ec54013bd7f2ebf99b0b6fb]), partition=RANGE (key) PARTITION 1789569700 <= VALUES < 1968526670
I20260601 13:23:36.377799   416 data_dirs.cc:400] Could only allocate 1 dirs of requested 3 for tablet c14dd6d967e04d2a9603ae7c7de6bc8d. 1 dirs total, 0 dirs full, 0 dirs failed
I20260601 13:23:36.378515   626 raft_consensus.cc:385] T 570158299e7e4fbba4ecc20c2ce158e0 P 2b0d3c2e27014e6591972cbb778df62f [term 0 FOLLOWER]: Consensus starting up: Expiring failure detector timer to make a prompt election more likely
I20260601 13:23:36.378611   626 raft_consensus.cc:740] T 570158299e7e4fbba4ecc20c2ce158e0 P 2b0d3c2e27014e6591972cbb778df62f [term 0 FOLLOWER]: Becoming Follower/Learner. State: Replica: 2b0d3c2e27014e6591972cbb778df62f, State: Initialized, Role: FOLLOWER
I20260601 13:23:36.378777   414 tablet_service.cc:1511] Processing CreateTablet for tablet cf9226c55d534f16862730524fdd46bc (DEFAULT_TABLE table=test-workload [id=ae9213303ec54013bd7f2ebf99b0b6fb]), partition=RANGE (key) PARTITION 1968526670 <= VALUES
I20260601 13:23:36.378830   626 consensus_queue.cc:260] T 570158299e7e4fbba4ecc20c2ce158e0 P 2b0d3c2e27014e6591972cbb778df62f [NON_LEADER]: Queue going to NON_LEADER mode. State: All replicated index: 0, Majority replicated index: 0, Committed index: 0, Last appended: 0.0, Last appended by leader: 0, Current term: 0, Majority size: -1, State: 0, Mode: NON_LEADER, active raft config: opid_index: -1 OBSOLETE_local: false peers { permanent_uuid: "2b0d3c2e27014e6591972cbb778df62f" member_type: VOTER last_known_addr { host: "127.27.211.129" port: 37805 } } peers { permanent_uuid: "0d60a38c32e641dcaf53d73dbd9d78a5" member_type: VOTER last_known_addr { host: "127.27.211.130" port: 36165 } } peers { permanent_uuid: "7fe1658d1298480ab537b756558f01fc" member_type: VOTER last_known_addr { host: "127.27.211.131" port: 46427 } }
I20260601 13:23:36.379343   626 ts_tablet_manager.cc:1434] T 570158299e7e4fbba4ecc20c2ce158e0 P 2b0d3c2e27014e6591972cbb778df62f: Time spent starting tablet: real 0.008s	user 0.001s	sys 0.000s
I20260601 13:23:36.378999   414 data_dirs.cc:400] Could only allocate 1 dirs of requested 3 for tablet cf9226c55d534f16862730524fdd46bc. 1 dirs total, 0 dirs full, 0 dirs failed
I20260601 13:23:36.379488   568 tablet_service.cc:1511] Processing CreateTablet for tablet 570158299e7e4fbba4ecc20c2ce158e0 (DEFAULT_TABLE table=test-workload [id=ae9213303ec54013bd7f2ebf99b0b6fb]), partition=RANGE (key) PARTITION 357913940 <= VALUES < 536870910
I20260601 13:23:36.379719   568 data_dirs.cc:400] Could only allocate 1 dirs of requested 3 for tablet 570158299e7e4fbba4ecc20c2ce158e0. 1 dirs total, 0 dirs full, 0 dirs failed
I20260601 13:23:36.381263   626 tablet_bootstrap.cc:492] T 6a379ecf08a5409db3b2df17ac08e060 P 2b0d3c2e27014e6591972cbb778df62f: Bootstrap starting.
I20260601 13:23:36.381522   567 tablet_service.cc:1511] Processing CreateTablet for tablet f1b86e579038468eb8f714ae7bb975ef (DEFAULT_TABLE table=test-workload [id=ae9213303ec54013bd7f2ebf99b0b6fb]), partition=RANGE (key) PARTITION 536870910 <= VALUES < 715827880
I20260601 13:23:36.381779   567 data_dirs.cc:400] Could only allocate 1 dirs of requested 3 for tablet f1b86e579038468eb8f714ae7bb975ef. 1 dirs total, 0 dirs full, 0 dirs failed
I20260601 13:23:36.382341   626 tablet_bootstrap.cc:654] T 6a379ecf08a5409db3b2df17ac08e060 P 2b0d3c2e27014e6591972cbb778df62f: Neither blocks nor log segments found. Creating new log.
I20260601 13:23:36.383450   626 tablet_bootstrap.cc:492] T 6a379ecf08a5409db3b2df17ac08e060 P 2b0d3c2e27014e6591972cbb778df62f: No bootstrap required, opened a new log
I20260601 13:23:36.383560   626 ts_tablet_manager.cc:1403] T 6a379ecf08a5409db3b2df17ac08e060 P 2b0d3c2e27014e6591972cbb778df62f: Time spent bootstrapping tablet: real 0.002s	user 0.002s	sys 0.000s
I20260601 13:23:36.383821   566 tablet_service.cc:1511] Processing CreateTablet for tablet 4b1967ad2deb4fb2af124a48976b081b (DEFAULT_TABLE table=test-workload [id=ae9213303ec54013bd7f2ebf99b0b6fb]), partition=RANGE (key) PARTITION 715827880 <= VALUES < 894784850
I20260601 13:23:36.384018   626 raft_consensus.cc:359] T 6a379ecf08a5409db3b2df17ac08e060 P 2b0d3c2e27014e6591972cbb778df62f [term 0 FOLLOWER]: Replica starting. Triggering 0 pending ops. Active config: opid_index: -1 OBSOLETE_local: false peers { permanent_uuid: "2b0d3c2e27014e6591972cbb778df62f" member_type: VOTER last_known_addr { host: "127.27.211.129" port: 37805 } } peers { permanent_uuid: "0d60a38c32e641dcaf53d73dbd9d78a5" member_type: VOTER last_known_addr { host: "127.27.211.130" port: 36165 } } peers { permanent_uuid: "7fe1658d1298480ab537b756558f01fc" member_type: VOTER last_known_addr { host: "127.27.211.131" port: 46427 } }
I20260601 13:23:36.384025   566 data_dirs.cc:400] Could only allocate 1 dirs of requested 3 for tablet 4b1967ad2deb4fb2af124a48976b081b. 1 dirs total, 0 dirs full, 0 dirs failed
I20260601 13:23:36.384161   626 raft_consensus.cc:385] T 6a379ecf08a5409db3b2df17ac08e060 P 2b0d3c2e27014e6591972cbb778df62f [term 0 FOLLOWER]: Consensus starting up: Expiring failure detector timer to make a prompt election more likely
I20260601 13:23:36.384213   626 raft_consensus.cc:740] T 6a379ecf08a5409db3b2df17ac08e060 P 2b0d3c2e27014e6591972cbb778df62f [term 0 FOLLOWER]: Becoming Follower/Learner. State: Replica: 2b0d3c2e27014e6591972cbb778df62f, State: Initialized, Role: FOLLOWER
I20260601 13:23:36.384251   565 tablet_service.cc:1511] Processing CreateTablet for tablet a66cffa4c8b441ffb0df854030d3b0ab (DEFAULT_TABLE table=test-workload [id=ae9213303ec54013bd7f2ebf99b0b6fb]), partition=RANGE (key) PARTITION 894784850 <= VALUES < 1073741820
I20260601 13:23:36.384353   626 consensus_queue.cc:260] T 6a379ecf08a5409db3b2df17ac08e060 P 2b0d3c2e27014e6591972cbb778df62f [NON_LEADER]: Queue going to NON_LEADER mode. State: All replicated index: 0, Majority replicated index: 0, Committed index: 0, Last appended: 0.0, Last appended by leader: 0, Current term: 0, Majority size: -1, State: 0, Mode: NON_LEADER, active raft config: opid_index: -1 OBSOLETE_local: false peers { permanent_uuid: "2b0d3c2e27014e6591972cbb778df62f" member_type: VOTER last_known_addr { host: "127.27.211.129" port: 37805 } } peers { permanent_uuid: "0d60a38c32e641dcaf53d73dbd9d78a5" member_type: VOTER last_known_addr { host: "127.27.211.130" port: 36165 } } peers { permanent_uuid: "7fe1658d1298480ab537b756558f01fc" member_type: VOTER last_known_addr { host: "127.27.211.131" port: 46427 } }
I20260601 13:23:36.384472   565 data_dirs.cc:400] Could only allocate 1 dirs of requested 3 for tablet a66cffa4c8b441ffb0df854030d3b0ab. 1 dirs total, 0 dirs full, 0 dirs failed
I20260601 13:23:36.384625   626 ts_tablet_manager.cc:1434] T 6a379ecf08a5409db3b2df17ac08e060 P 2b0d3c2e27014e6591972cbb778df62f: Time spent starting tablet: real 0.001s	user 0.000s	sys 0.000s
I20260601 13:23:36.384799   626 tablet_bootstrap.cc:492] T a66cffa4c8b441ffb0df854030d3b0ab P 2b0d3c2e27014e6591972cbb778df62f: Bootstrap starting.
I20260601 13:23:36.385775   626 tablet_bootstrap.cc:654] T a66cffa4c8b441ffb0df854030d3b0ab P 2b0d3c2e27014e6591972cbb778df62f: Neither blocks nor log segments found. Creating new log.
I20260601 13:23:36.386489   564 tablet_service.cc:1511] Processing CreateTablet for tablet 736636e43d344e60aeabd0969ddd55f3 (DEFAULT_TABLE table=test-workload [id=ae9213303ec54013bd7f2ebf99b0b6fb]), partition=RANGE (key) PARTITION 1073741820 <= VALUES < 1252698790
I20260601 13:23:36.386722   564 data_dirs.cc:400] Could only allocate 1 dirs of requested 3 for tablet 736636e43d344e60aeabd0969ddd55f3. 1 dirs total, 0 dirs full, 0 dirs failed
I20260601 13:23:36.386953   626 tablet_bootstrap.cc:492] T a66cffa4c8b441ffb0df854030d3b0ab P 2b0d3c2e27014e6591972cbb778df62f: No bootstrap required, opened a new log
I20260601 13:23:36.387022   626 ts_tablet_manager.cc:1403] T a66cffa4c8b441ffb0df854030d3b0ab P 2b0d3c2e27014e6591972cbb778df62f: Time spent bootstrapping tablet: real 0.002s	user 0.002s	sys 0.000s
I20260601 13:23:36.387413   626 raft_consensus.cc:359] T a66cffa4c8b441ffb0df854030d3b0ab P 2b0d3c2e27014e6591972cbb778df62f [term 0 FOLLOWER]: Replica starting. Triggering 0 pending ops. Active config: opid_index: -1 OBSOLETE_local: false peers { permanent_uuid: "2b0d3c2e27014e6591972cbb778df62f" member_type: VOTER last_known_addr { host: "127.27.211.129" port: 37805 } } peers { permanent_uuid: "0d60a38c32e641dcaf53d73dbd9d78a5" member_type: VOTER last_known_addr { host: "127.27.211.130" port: 36165 } } peers { permanent_uuid: "7fe1658d1298480ab537b756558f01fc" member_type: VOTER last_known_addr { host: "127.27.211.131" port: 46427 } }
I20260601 13:23:36.387513   626 raft_consensus.cc:385] T a66cffa4c8b441ffb0df854030d3b0ab P 2b0d3c2e27014e6591972cbb778df62f [term 0 FOLLOWER]: Consensus starting up: Expiring failure detector timer to make a prompt election more likely
I20260601 13:23:36.387545   626 raft_consensus.cc:740] T a66cffa4c8b441ffb0df854030d3b0ab P 2b0d3c2e27014e6591972cbb778df62f [term 0 FOLLOWER]: Becoming Follower/Learner. State: Replica: 2b0d3c2e27014e6591972cbb778df62f, State: Initialized, Role: FOLLOWER
I20260601 13:23:36.387670   626 consensus_queue.cc:260] T a66cffa4c8b441ffb0df854030d3b0ab P 2b0d3c2e27014e6591972cbb778df62f [NON_LEADER]: Queue going to NON_LEADER mode. State: All replicated index: 0, Majority replicated index: 0, Committed index: 0, Last appended: 0.0, Last appended by leader: 0, Current term: 0, Majority size: -1, State: 0, Mode: NON_LEADER, active raft config: opid_index: -1 OBSOLETE_local: false peers { permanent_uuid: "2b0d3c2e27014e6591972cbb778df62f" member_type: VOTER last_known_addr { host: "127.27.211.129" port: 37805 } } peers { permanent_uuid: "0d60a38c32e641dcaf53d73dbd9d78a5" member_type: VOTER last_known_addr { host: "127.27.211.130" port: 36165 } } peers { permanent_uuid: "7fe1658d1298480ab537b756558f01fc" member_type: VOTER last_known_addr { host: "127.27.211.131" port: 46427 } }
I20260601 13:23:36.387935   626 ts_tablet_manager.cc:1434] T a66cffa4c8b441ffb0df854030d3b0ab P 2b0d3c2e27014e6591972cbb778df62f: Time spent starting tablet: real 0.001s	user 0.000s	sys 0.000s
I20260601 13:23:36.388082   626 tablet_bootstrap.cc:492] T 736636e43d344e60aeabd0969ddd55f3 P 2b0d3c2e27014e6591972cbb778df62f: Bootstrap starting.
I20260601 13:23:36.388782   563 tablet_service.cc:1511] Processing CreateTablet for tablet 272dad9908f643f98f02791b399e8db4 (DEFAULT_TABLE table=test-workload [id=ae9213303ec54013bd7f2ebf99b0b6fb]), partition=RANGE (key) PARTITION 1252698790 <= VALUES < 1431655760
I20260601 13:23:36.388979   626 tablet_bootstrap.cc:654] T 736636e43d344e60aeabd0969ddd55f3 P 2b0d3c2e27014e6591972cbb778df62f: Neither blocks nor log segments found. Creating new log.
I20260601 13:23:36.389016   563 data_dirs.cc:400] Could only allocate 1 dirs of requested 3 for tablet 272dad9908f643f98f02791b399e8db4. 1 dirs total, 0 dirs full, 0 dirs failed
I20260601 13:23:36.390107   626 tablet_bootstrap.cc:492] T 736636e43d344e60aeabd0969ddd55f3 P 2b0d3c2e27014e6591972cbb778df62f: No bootstrap required, opened a new log
I20260601 13:23:36.390193   626 ts_tablet_manager.cc:1403] T 736636e43d344e60aeabd0969ddd55f3 P 2b0d3c2e27014e6591972cbb778df62f: Time spent bootstrapping tablet: real 0.002s	user 0.002s	sys 0.000s
I20260601 13:23:36.390547   561 tablet_service.cc:1511] Processing CreateTablet for tablet 2a38f58e5e1a48dbae006e9dd46d2372 (DEFAULT_TABLE table=test-workload [id=ae9213303ec54013bd7f2ebf99b0b6fb]), partition=RANGE (key) PARTITION 1610612730 <= VALUES < 1789569700
I20260601 13:23:36.390635   626 raft_consensus.cc:359] T 736636e43d344e60aeabd0969ddd55f3 P 2b0d3c2e27014e6591972cbb778df62f [term 0 FOLLOWER]: Replica starting. Triggering 0 pending ops. Active config: opid_index: -1 OBSOLETE_local: false peers { permanent_uuid: "2b0d3c2e27014e6591972cbb778df62f" member_type: VOTER last_known_addr { host: "127.27.211.129" port: 37805 } } peers { permanent_uuid: "0d60a38c32e641dcaf53d73dbd9d78a5" member_type: VOTER last_known_addr { host: "127.27.211.130" port: 36165 } } peers { permanent_uuid: "7fe1658d1298480ab537b756558f01fc" member_type: VOTER last_known_addr { host: "127.27.211.131" port: 46427 } }
I20260601 13:23:36.390734   626 raft_consensus.cc:385] T 736636e43d344e60aeabd0969ddd55f3 P 2b0d3c2e27014e6591972cbb778df62f [term 0 FOLLOWER]: Consensus starting up: Expiring failure detector timer to make a prompt election more likely
I20260601 13:23:36.390765   626 raft_consensus.cc:740] T 736636e43d344e60aeabd0969ddd55f3 P 2b0d3c2e27014e6591972cbb778df62f [term 0 FOLLOWER]: Becoming Follower/Learner. State: Replica: 2b0d3c2e27014e6591972cbb778df62f, State: Initialized, Role: FOLLOWER
I20260601 13:23:36.390796   561 data_dirs.cc:400] Could only allocate 1 dirs of requested 3 for tablet 2a38f58e5e1a48dbae006e9dd46d2372. 1 dirs total, 0 dirs full, 0 dirs failed
I20260601 13:23:36.390882   626 consensus_queue.cc:260] T 736636e43d344e60aeabd0969ddd55f3 P 2b0d3c2e27014e6591972cbb778df62f [NON_LEADER]: Queue going to NON_LEADER mode. State: All replicated index: 0, Majority replicated index: 0, Committed index: 0, Last appended: 0.0, Last appended by leader: 0, Current term: 0, Majority size: -1, State: 0, Mode: NON_LEADER, active raft config: opid_index: -1 OBSOLETE_local: false peers { permanent_uuid: "2b0d3c2e27014e6591972cbb778df62f" member_type: VOTER last_known_addr { host: "127.27.211.129" port: 37805 } } peers { permanent_uuid: "0d60a38c32e641dcaf53d73dbd9d78a5" member_type: VOTER last_known_addr { host: "127.27.211.130" port: 36165 } } peers { permanent_uuid: "7fe1658d1298480ab537b756558f01fc" member_type: VOTER last_known_addr { host: "127.27.211.131" port: 46427 } }
I20260601 13:23:36.391176   626 ts_tablet_manager.cc:1434] T 736636e43d344e60aeabd0969ddd55f3 P 2b0d3c2e27014e6591972cbb778df62f: Time spent starting tablet: real 0.001s	user 0.001s	sys 0.000s
I20260601 13:23:36.391294   626 tablet_bootstrap.cc:492] T 4b1967ad2deb4fb2af124a48976b081b P 2b0d3c2e27014e6591972cbb778df62f: Bootstrap starting.
I20260601 13:23:36.391943   626 tablet_bootstrap.cc:654] T 4b1967ad2deb4fb2af124a48976b081b P 2b0d3c2e27014e6591972cbb778df62f: Neither blocks nor log segments found. Creating new log.
I20260601 13:23:36.392870   626 tablet_bootstrap.cc:492] T 4b1967ad2deb4fb2af124a48976b081b P 2b0d3c2e27014e6591972cbb778df62f: No bootstrap required, opened a new log
I20260601 13:23:36.392943   626 ts_tablet_manager.cc:1403] T 4b1967ad2deb4fb2af124a48976b081b P 2b0d3c2e27014e6591972cbb778df62f: Time spent bootstrapping tablet: real 0.002s	user 0.001s	sys 0.000s
I20260601 13:23:36.371716   494 tablet_service.cc:1511] Processing CreateTablet for tablet 846e3dad723c46f1832519d7b7b4b6c4 (DEFAULT_TABLE table=test-workload [id=ae9213303ec54013bd7f2ebf99b0b6fb]), partition=RANGE (key) PARTITION 178956970 <= VALUES < 357913940
I20260601 13:23:36.393146   494 data_dirs.cc:400] Could only allocate 1 dirs of requested 3 for tablet 846e3dad723c46f1832519d7b7b4b6c4. 1 dirs total, 0 dirs full, 0 dirs failed
I20260601 13:23:36.393342   626 raft_consensus.cc:359] T 4b1967ad2deb4fb2af124a48976b081b P 2b0d3c2e27014e6591972cbb778df62f [term 0 FOLLOWER]: Replica starting. Triggering 0 pending ops. Active config: opid_index: -1 OBSOLETE_local: false peers { permanent_uuid: "2b0d3c2e27014e6591972cbb778df62f" member_type: VOTER last_known_addr { host: "127.27.211.129" port: 37805 } } peers { permanent_uuid: "0d60a38c32e641dcaf53d73dbd9d78a5" member_type: VOTER last_known_addr { host: "127.27.211.130" port: 36165 } } peers { permanent_uuid: "7fe1658d1298480ab537b756558f01fc" member_type: VOTER last_known_addr { host: "127.27.211.131" port: 46427 } }
I20260601 13:23:36.393441   626 raft_consensus.cc:385] T 4b1967ad2deb4fb2af124a48976b081b P 2b0d3c2e27014e6591972cbb778df62f [term 0 FOLLOWER]: Consensus starting up: Expiring failure detector timer to make a prompt election more likely
I20260601 13:23:36.393472   626 raft_consensus.cc:740] T 4b1967ad2deb4fb2af124a48976b081b P 2b0d3c2e27014e6591972cbb778df62f [term 0 FOLLOWER]: Becoming Follower/Learner. State: Replica: 2b0d3c2e27014e6591972cbb778df62f, State: Initialized, Role: FOLLOWER
I20260601 13:23:36.393591   626 consensus_queue.cc:260] T 4b1967ad2deb4fb2af124a48976b081b P 2b0d3c2e27014e6591972cbb778df62f [NON_LEADER]: Queue going to NON_LEADER mode. State: All replicated index: 0, Majority replicated index: 0, Committed index: 0, Last appended: 0.0, Last appended by leader: 0, Current term: 0, Majority size: -1, State: 0, Mode: NON_LEADER, active raft config: opid_index: -1 OBSOLETE_local: false peers { permanent_uuid: "2b0d3c2e27014e6591972cbb778df62f" member_type: VOTER last_known_addr { host: "127.27.211.129" port: 37805 } } peers { permanent_uuid: "0d60a38c32e641dcaf53d73dbd9d78a5" member_type: VOTER last_known_addr { host: "127.27.211.130" port: 36165 } } peers { permanent_uuid: "7fe1658d1298480ab537b756558f01fc" member_type: VOTER last_known_addr { host: "127.27.211.131" port: 46427 } }
I20260601 13:23:36.393819   626 ts_tablet_manager.cc:1434] T 4b1967ad2deb4fb2af124a48976b081b P 2b0d3c2e27014e6591972cbb778df62f: Time spent starting tablet: real 0.001s	user 0.000s	sys 0.000s
I20260601 13:23:36.393990   626 tablet_bootstrap.cc:492] T f1b86e579038468eb8f714ae7bb975ef P 2b0d3c2e27014e6591972cbb778df62f: Bootstrap starting.
I20260601 13:23:36.395187   626 tablet_bootstrap.cc:654] T f1b86e579038468eb8f714ae7bb975ef P 2b0d3c2e27014e6591972cbb778df62f: Neither blocks nor log segments found. Creating new log.
I20260601 13:23:36.392890   562 tablet_service.cc:1511] Processing CreateTablet for tablet c5dc6affea8e43bebec43b8d0ea8f951 (DEFAULT_TABLE table=test-workload [id=ae9213303ec54013bd7f2ebf99b0b6fb]), partition=RANGE (key) PARTITION 1431655760 <= VALUES < 1610612730
I20260601 13:23:36.395452   562 data_dirs.cc:400] Could only allocate 1 dirs of requested 3 for tablet c5dc6affea8e43bebec43b8d0ea8f951. 1 dirs total, 0 dirs full, 0 dirs failed
I20260601 13:23:36.395787   494 tablet_service.cc:1511] Processing CreateTablet for tablet 272dad9908f643f98f02791b399e8db4 (DEFAULT_TABLE table=test-workload [id=ae9213303ec54013bd7f2ebf99b0b6fb]), partition=RANGE (key) PARTITION 1252698790 <= VALUES < 1431655760
I20260601 13:23:36.396013   494 data_dirs.cc:400] Could only allocate 1 dirs of requested 3 for tablet 272dad9908f643f98f02791b399e8db4. 1 dirs total, 0 dirs full, 0 dirs failed
I20260601 13:23:36.396364   491 tablet_service.cc:1511] Processing CreateTablet for tablet c14dd6d967e04d2a9603ae7c7de6bc8d (DEFAULT_TABLE table=test-workload [id=ae9213303ec54013bd7f2ebf99b0b6fb]), partition=RANGE (key) PARTITION 1789569700 <= VALUES < 1968526670
I20260601 13:23:36.396588   491 data_dirs.cc:400] Could only allocate 1 dirs of requested 3 for tablet c14dd6d967e04d2a9603ae7c7de6bc8d. 1 dirs total, 0 dirs full, 0 dirs failed
I20260601 13:23:36.397498   490 tablet_service.cc:1511] Processing CreateTablet for tablet c5dc6affea8e43bebec43b8d0ea8f951 (DEFAULT_TABLE table=test-workload [id=ae9213303ec54013bd7f2ebf99b0b6fb]), partition=RANGE (key) PARTITION 1431655760 <= VALUES < 1610612730
I20260601 13:23:36.397725   490 data_dirs.cc:400] Could only allocate 1 dirs of requested 3 for tablet c5dc6affea8e43bebec43b8d0ea8f951. 1 dirs total, 0 dirs full, 0 dirs failed
I20260601 13:23:36.399344   495 tablet_service.cc:1511] Processing CreateTablet for tablet 2a38f58e5e1a48dbae006e9dd46d2372 (DEFAULT_TABLE table=test-workload [id=ae9213303ec54013bd7f2ebf99b0b6fb]), partition=RANGE (key) PARTITION 1610612730 <= VALUES < 1789569700
I20260601 13:23:36.399516   495 data_dirs.cc:400] Could only allocate 1 dirs of requested 3 for tablet 2a38f58e5e1a48dbae006e9dd46d2372. 1 dirs total, 0 dirs full, 0 dirs failed
I20260601 13:23:36.400130   562 tablet_service.cc:1511] Processing CreateTablet for tablet c14dd6d967e04d2a9603ae7c7de6bc8d (DEFAULT_TABLE table=test-workload [id=ae9213303ec54013bd7f2ebf99b0b6fb]), partition=RANGE (key) PARTITION 1789569700 <= VALUES < 1968526670
I20260601 13:23:36.400349   562 data_dirs.cc:400] Could only allocate 1 dirs of requested 3 for tablet c14dd6d967e04d2a9603ae7c7de6bc8d. 1 dirs total, 0 dirs full, 0 dirs failed
I20260601 13:23:36.400368   415 tablet_service.cc:1511] Processing CreateTablet for tablet 2a38f58e5e1a48dbae006e9dd46d2372 (DEFAULT_TABLE table=test-workload [id=ae9213303ec54013bd7f2ebf99b0b6fb]), partition=RANGE (key) PARTITION 1610612730 <= VALUES < 1789569700
I20260601 13:23:36.400517   561 tablet_service.cc:1511] Processing CreateTablet for tablet cf9226c55d534f16862730524fdd46bc (DEFAULT_TABLE table=test-workload [id=ae9213303ec54013bd7f2ebf99b0b6fb]), partition=RANGE (key) PARTITION 1968526670 <= VALUES
I20260601 13:23:36.400725   561 data_dirs.cc:400] Could only allocate 1 dirs of requested 3 for tablet cf9226c55d534f16862730524fdd46bc. 1 dirs total, 0 dirs full, 0 dirs failed
I20260601 13:23:36.400774   629 tablet_bootstrap.cc:492] T 6a379ecf08a5409db3b2df17ac08e060 P 7fe1658d1298480ab537b756558f01fc: Bootstrap starting.
I20260601 13:23:36.401448   489 tablet_service.cc:1511] Processing CreateTablet for tablet cf9226c55d534f16862730524fdd46bc (DEFAULT_TABLE table=test-workload [id=ae9213303ec54013bd7f2ebf99b0b6fb]), partition=RANGE (key) PARTITION 1968526670 <= VALUES
I20260601 13:23:36.401674   489 data_dirs.cc:400] Could only allocate 1 dirs of requested 3 for tablet cf9226c55d534f16862730524fdd46bc. 1 dirs total, 0 dirs full, 0 dirs failed
I20260601 13:23:36.401762   629 tablet_bootstrap.cc:654] T 6a379ecf08a5409db3b2df17ac08e060 P 7fe1658d1298480ab537b756558f01fc: Neither blocks nor log segments found. Creating new log.
I20260601 13:23:36.400565   415 data_dirs.cc:400] Could only allocate 1 dirs of requested 3 for tablet 2a38f58e5e1a48dbae006e9dd46d2372. 1 dirs total, 0 dirs full, 0 dirs failed
I20260601 13:23:36.402544   628 tablet_bootstrap.cc:492] T 570158299e7e4fbba4ecc20c2ce158e0 P 0d60a38c32e641dcaf53d73dbd9d78a5: Bootstrap starting.
I20260601 13:23:36.403481   628 tablet_bootstrap.cc:654] T 570158299e7e4fbba4ecc20c2ce158e0 P 0d60a38c32e641dcaf53d73dbd9d78a5: Neither blocks nor log segments found. Creating new log.
I20260601 13:23:36.404625   626 tablet_bootstrap.cc:492] T f1b86e579038468eb8f714ae7bb975ef P 2b0d3c2e27014e6591972cbb778df62f: No bootstrap required, opened a new log
I20260601 13:23:36.404641   629 tablet_bootstrap.cc:492] T 6a379ecf08a5409db3b2df17ac08e060 P 7fe1658d1298480ab537b756558f01fc: No bootstrap required, opened a new log
I20260601 13:23:36.404706   628 tablet_bootstrap.cc:492] T 570158299e7e4fbba4ecc20c2ce158e0 P 0d60a38c32e641dcaf53d73dbd9d78a5: No bootstrap required, opened a new log
I20260601 13:23:36.404753   629 ts_tablet_manager.cc:1403] T 6a379ecf08a5409db3b2df17ac08e060 P 7fe1658d1298480ab537b756558f01fc: Time spent bootstrapping tablet: real 0.004s	user 0.002s	sys 0.000s
I20260601 13:23:36.404739   626 ts_tablet_manager.cc:1403] T f1b86e579038468eb8f714ae7bb975ef P 2b0d3c2e27014e6591972cbb778df62f: Time spent bootstrapping tablet: real 0.011s	user 0.002s	sys 0.000s
I20260601 13:23:36.404826   628 ts_tablet_manager.cc:1403] T 570158299e7e4fbba4ecc20c2ce158e0 P 0d60a38c32e641dcaf53d73dbd9d78a5: Time spent bootstrapping tablet: real 0.002s	user 0.002s	sys 0.000s
I20260601 13:23:36.405186   626 raft_consensus.cc:359] T f1b86e579038468eb8f714ae7bb975ef P 2b0d3c2e27014e6591972cbb778df62f [term 0 FOLLOWER]: Replica starting. Triggering 0 pending ops. Active config: opid_index: -1 OBSOLETE_local: false peers { permanent_uuid: "2b0d3c2e27014e6591972cbb778df62f" member_type: VOTER last_known_addr { host: "127.27.211.129" port: 37805 } } peers { permanent_uuid: "0d60a38c32e641dcaf53d73dbd9d78a5" member_type: VOTER last_known_addr { host: "127.27.211.130" port: 36165 } } peers { permanent_uuid: "7fe1658d1298480ab537b756558f01fc" member_type: VOTER last_known_addr { host: "127.27.211.131" port: 46427 } }
I20260601 13:23:36.405284   628 raft_consensus.cc:359] T 570158299e7e4fbba4ecc20c2ce158e0 P 0d60a38c32e641dcaf53d73dbd9d78a5 [term 0 FOLLOWER]: Replica starting. Triggering 0 pending ops. Active config: opid_index: -1 OBSOLETE_local: false peers { permanent_uuid: "2b0d3c2e27014e6591972cbb778df62f" member_type: VOTER last_known_addr { host: "127.27.211.129" port: 37805 } } peers { permanent_uuid: "0d60a38c32e641dcaf53d73dbd9d78a5" member_type: VOTER last_known_addr { host: "127.27.211.130" port: 36165 } } peers { permanent_uuid: "7fe1658d1298480ab537b756558f01fc" member_type: VOTER last_known_addr { host: "127.27.211.131" port: 46427 } }
I20260601 13:23:36.405284   629 raft_consensus.cc:359] T 6a379ecf08a5409db3b2df17ac08e060 P 7fe1658d1298480ab537b756558f01fc [term 0 FOLLOWER]: Replica starting. Triggering 0 pending ops. Active config: opid_index: -1 OBSOLETE_local: false peers { permanent_uuid: "2b0d3c2e27014e6591972cbb778df62f" member_type: VOTER last_known_addr { host: "127.27.211.129" port: 37805 } } peers { permanent_uuid: "0d60a38c32e641dcaf53d73dbd9d78a5" member_type: VOTER last_known_addr { host: "127.27.211.130" port: 36165 } } peers { permanent_uuid: "7fe1658d1298480ab537b756558f01fc" member_type: VOTER last_known_addr { host: "127.27.211.131" port: 46427 } }
I20260601 13:23:36.405306   626 raft_consensus.cc:385] T f1b86e579038468eb8f714ae7bb975ef P 2b0d3c2e27014e6591972cbb778df62f [term 0 FOLLOWER]: Consensus starting up: Expiring failure detector timer to make a prompt election more likely
I20260601 13:23:36.405431   628 raft_consensus.cc:385] T 570158299e7e4fbba4ecc20c2ce158e0 P 0d60a38c32e641dcaf53d73dbd9d78a5 [term 0 FOLLOWER]: Consensus starting up: Expiring failure detector timer to make a prompt election more likely
I20260601 13:23:36.405439   626 raft_consensus.cc:740] T f1b86e579038468eb8f714ae7bb975ef P 2b0d3c2e27014e6591972cbb778df62f [term 0 FOLLOWER]: Becoming Follower/Learner. State: Replica: 2b0d3c2e27014e6591972cbb778df62f, State: Initialized, Role: FOLLOWER
I20260601 13:23:36.405493   628 raft_consensus.cc:740] T 570158299e7e4fbba4ecc20c2ce158e0 P 0d60a38c32e641dcaf53d73dbd9d78a5 [term 0 FOLLOWER]: Becoming Follower/Learner. State: Replica: 0d60a38c32e641dcaf53d73dbd9d78a5, State: Initialized, Role: FOLLOWER
I20260601 13:23:36.405642   626 consensus_queue.cc:260] T f1b86e579038468eb8f714ae7bb975ef P 2b0d3c2e27014e6591972cbb778df62f [NON_LEADER]: Queue going to NON_LEADER mode. State: All replicated index: 0, Majority replicated index: 0, Committed index: 0, Last appended: 0.0, Last appended by leader: 0, Current term: 0, Majority size: -1, State: 0, Mode: NON_LEADER, active raft config: opid_index: -1 OBSOLETE_local: false peers { permanent_uuid: "2b0d3c2e27014e6591972cbb778df62f" member_type: VOTER last_known_addr { host: "127.27.211.129" port: 37805 } } peers { permanent_uuid: "0d60a38c32e641dcaf53d73dbd9d78a5" member_type: VOTER last_known_addr { host: "127.27.211.130" port: 36165 } } peers { permanent_uuid: "7fe1658d1298480ab537b756558f01fc" member_type: VOTER last_known_addr { host: "127.27.211.131" port: 46427 } }
