I20260601 13:40:01.765347 29770 file_cache.cc:492] Constructed file cache file cache with capacity 419430
W20260601 13:40:01.767364  1337 instance_detector.cc:116] could not retrieve AWS instance metadata: Network error: curl error: HTTP response code said error: The requested URL returned error: 404
W20260601 13:40:01.767464  1338 instance_detector.cc:116] could not retrieve Azure instance metadata: Network error: curl error: HTTP response code said error: The requested URL returned error: 404
I20260601 13:40:01.767518 29770 server_base.cc:1061] running on GCE node
W20260601 13:40:01.767530  1340 instance_detector.cc:116] could not retrieve OpenStack instance metadata: Network error: curl error: HTTP response code said error: The requested URL returned error: 404
I20260601 13:40:01.767803 29770 hybrid_clock.cc:584] initializing the hybrid clock with 'system_unsync' time source
W20260601 13:40:01.767866 29770 system_unsync_time.cc:38] NTP support is disabled. Clock error bounds will not be accurate. This configuration is not suitable for distributed clusters.
I20260601 13:40:01.767900 29770 hybrid_clock.cc:648] HybridClock initialized: now 1780321201767899 us; error 0 us; skew 500 ppm
I20260601 13:40:01.768744 29770 webserver.cc:533] Webserver started at http://127.29.18.129:43239/ using document root <none> and password file <none>
I20260601 13:40:01.768922 29770 fs_manager.cc:362] Metadata directory not provided
I20260601 13:40:01.768990 29770 fs_manager.cc:368] Using write-ahead log directory (fs_wal_dir) as metadata directory
I20260601 13:40:01.769093 29770 server_base.cc:909] This appears to be a new deployment of Kudu; creating new FS layout
I20260601 13:40:01.769528 29770 fs_manager.cc:1068] Generated new instance metadata in path /tmp/dist-test-task2X2MGs/test-tmp/auto_rebalancer-test.0.AutoRebalancerTest.NoReplicaMovesIfCannotFixPlacementPolicy.1780321112348748-29770-0/minicluster-data/ts-0-root/instance:
uuid: "058dad8dc11d4736856cfc5fa59b4c43"
format_stamp: "Formatted at 2026-06-01 13:40:01 on dist-test-slave-rw62"
I20260601 13:40:01.770989 29770 fs_manager.cc:696] Time spent creating directory manager: real 0.001s	user 0.002s	sys 0.000s
I20260601 13:40:01.771858  1345 log_block_manager.cc:4031] Time spent loading block containers with low live blocks: real 0.000s	user 0.000s	sys 0.000s
I20260601 13:40:01.772110 29770 fs_manager.cc:730] Time spent opening block manager: real 0.001s	user 0.001s	sys 0.000s
I20260601 13:40:01.772195 29770 fs_manager.cc:647] Opened local filesystem: /tmp/dist-test-task2X2MGs/test-tmp/auto_rebalancer-test.0.AutoRebalancerTest.NoReplicaMovesIfCannotFixPlacementPolicy.1780321112348748-29770-0/minicluster-data/ts-0-root
uuid: "058dad8dc11d4736856cfc5fa59b4c43"
format_stamp: "Formatted at 2026-06-01 13:40:01 on dist-test-slave-rw62"
I20260601 13:40:01.772285 29770 fs_report.cc:389] FS layout report
--------------------
wal directory: /tmp/dist-test-task2X2MGs/test-tmp/auto_rebalancer-test.0.AutoRebalancerTest.NoReplicaMovesIfCannotFixPlacementPolicy.1780321112348748-29770-0/minicluster-data/ts-0-root
metadata directory: /tmp/dist-test-task2X2MGs/test-tmp/auto_rebalancer-test.0.AutoRebalancerTest.NoReplicaMovesIfCannotFixPlacementPolicy.1780321112348748-29770-0/minicluster-data/ts-0-root
1 data directories: /tmp/dist-test-task2X2MGs/test-tmp/auto_rebalancer-test.0.AutoRebalancerTest.NoReplicaMovesIfCannotFixPlacementPolicy.1780321112348748-29770-0/minicluster-data/ts-0-root/data
Total live blocks: 0
Total live bytes: 0
Total live bytes (after alignment): 0
Total number of LBM containers: 0 (0 full)
Did not check for missing blocks
Did not check for orphaned blocks
Total full LBM containers with extra space: 0 (0 repaired)
Total full LBM container extra space in bytes: 0 (0 repaired)
Total incomplete LBM containers: 0 (0 repaired)
Total LBM partial records: 0 (0 repaired)
Total corrupted LBM metadata records in RocksDB: 0 (0 repaired)
I20260601 13:40:01.779131 29770 rpc_server.cc:225] running with OpenSSL 1.1.1  11 Sep 2018
I20260601 13:40:01.779527 29770 kserver.cc:163] Server-wide thread pool size limit: 3276
I20260601 13:40:01.779819 29770 txn_system_client.cc:432] TxnSystemClient initialization is disabled...
I20260601 13:40:01.780279 29770 ts_tablet_manager.cc:585] Loaded tablet metadata (0 total tablets, 0 live tablets)
I20260601 13:40:01.780339 29770 ts_tablet_manager.cc:531] Time spent load tablet metadata: real 0.000s	user 0.000s	sys 0.000s
I20260601 13:40:01.780398 29770 ts_tablet_manager.cc:616] Registered 0 tablets
I20260601 13:40:01.780432 29770 ts_tablet_manager.cc:595] Time spent register tablets: real 0.000s	user 0.000s	sys 0.000s
I20260601 13:40:01.784657 29770 rpc_server.cc:307] RPC server started. Bound to: 127.29.18.129:46271
I20260601 13:40:01.784690  1409 acceptor_pool.cc:272] collecting diagnostics on the listening RPC socket 127.29.18.129:46271 every 8 connection(s)
I20260601 13:40:01.785498 29770 file_cache.cc:492] Constructed file cache file cache with capacity 419430
W20260601 13:40:01.787470  1414 instance_detector.cc:116] could not retrieve AWS instance metadata: Network error: curl error: HTTP response code said error: The requested URL returned error: 404
W20260601 13:40:01.787566  1415 instance_detector.cc:116] could not retrieve Azure instance metadata: Network error: curl error: HTTP response code said error: The requested URL returned error: 404
W20260601 13:40:01.787776  1417 instance_detector.cc:116] could not retrieve OpenStack instance metadata: Network error: curl error: HTTP response code said error: The requested URL returned error: 404
I20260601 13:40:01.787822 29770 server_base.cc:1061] running on GCE node
I20260601 13:40:01.788070 29770 hybrid_clock.cc:584] initializing the hybrid clock with 'system_unsync' time source
W20260601 13:40:01.788121 29770 system_unsync_time.cc:38] NTP support is disabled. Clock error bounds will not be accurate. This configuration is not suitable for distributed clusters.
I20260601 13:40:01.788143 29770 hybrid_clock.cc:648] HybridClock initialized: now 1780321201788143 us; error 0 us; skew 500 ppm
I20260601 13:40:01.789072 29770 webserver.cc:533] Webserver started at http://127.29.18.130:44173/ using document root <none> and password file <none>
I20260601 13:40:01.789290 29770 fs_manager.cc:362] Metadata directory not provided
I20260601 13:40:01.789361 29770 fs_manager.cc:368] Using write-ahead log directory (fs_wal_dir) as metadata directory
I20260601 13:40:01.789444 29770 server_base.cc:909] This appears to be a new deployment of Kudu; creating new FS layout
I20260601 13:40:01.789901 29770 fs_manager.cc:1068] Generated new instance metadata in path /tmp/dist-test-task2X2MGs/test-tmp/auto_rebalancer-test.0.AutoRebalancerTest.NoReplicaMovesIfCannotFixPlacementPolicy.1780321112348748-29770-0/minicluster-data/ts-1-root/instance:
uuid: "42c6ecb531b54ef1b53b46ae8498b611"
format_stamp: "Formatted at 2026-06-01 13:40:01 on dist-test-slave-rw62"
I20260601 13:40:01.789959  1410 heartbeater.cc:344] Connected to a master server at 127.29.18.190:40795
I20260601 13:40:01.790062  1410 heartbeater.cc:461] Registering TS with master...
I20260601 13:40:01.790302  1410 heartbeater.cc:507] Master 127.29.18.190:40795 requested a full tablet report, sending...
I20260601 13:40:01.790961  1280 ts_manager.cc:194] Registered new tserver with Master: 058dad8dc11d4736856cfc5fa59b4c43 (127.29.18.129:46271)
I20260601 13:40:01.791617 29770 fs_manager.cc:696] Time spent creating directory manager: real 0.001s	user 0.002s	sys 0.001s
I20260601 13:40:01.791937  1280 master_service.cc:502] Signed X509 certificate for tserver {username='slave'} at 127.0.0.1:46776
I20260601 13:40:01.792707  1422 log_block_manager.cc:4031] Time spent loading block containers with low live blocks: real 0.000s	user 0.000s	sys 0.000s
I20260601 13:40:01.792979 29770 fs_manager.cc:730] Time spent opening block manager: real 0.001s	user 0.001s	sys 0.000s
I20260601 13:40:01.793051 29770 fs_manager.cc:647] Opened local filesystem: /tmp/dist-test-task2X2MGs/test-tmp/auto_rebalancer-test.0.AutoRebalancerTest.NoReplicaMovesIfCannotFixPlacementPolicy.1780321112348748-29770-0/minicluster-data/ts-1-root
uuid: "42c6ecb531b54ef1b53b46ae8498b611"
format_stamp: "Formatted at 2026-06-01 13:40:01 on dist-test-slave-rw62"
I20260601 13:40:01.793107 29770 fs_report.cc:389] FS layout report
--------------------
wal directory: /tmp/dist-test-task2X2MGs/test-tmp/auto_rebalancer-test.0.AutoRebalancerTest.NoReplicaMovesIfCannotFixPlacementPolicy.1780321112348748-29770-0/minicluster-data/ts-1-root
metadata directory: /tmp/dist-test-task2X2MGs/test-tmp/auto_rebalancer-test.0.AutoRebalancerTest.NoReplicaMovesIfCannotFixPlacementPolicy.1780321112348748-29770-0/minicluster-data/ts-1-root
1 data directories: /tmp/dist-test-task2X2MGs/test-tmp/auto_rebalancer-test.0.AutoRebalancerTest.NoReplicaMovesIfCannotFixPlacementPolicy.1780321112348748-29770-0/minicluster-data/ts-1-root/data
Total live blocks: 0
Total live bytes: 0
Total live bytes (after alignment): 0
Total number of LBM containers: 0 (0 full)
Did not check for missing blocks
Did not check for orphaned blocks
Total full LBM containers with extra space: 0 (0 repaired)
Total full LBM container extra space in bytes: 0 (0 repaired)
Total incomplete LBM containers: 0 (0 repaired)
Total LBM partial records: 0 (0 repaired)
Total corrupted LBM metadata records in RocksDB: 0 (0 repaired)
I20260601 13:40:01.812857 29770 rpc_server.cc:225] running with OpenSSL 1.1.1  11 Sep 2018
I20260601 13:40:01.813349 29770 kserver.cc:163] Server-wide thread pool size limit: 3276
I20260601 13:40:01.813685 29770 txn_system_client.cc:432] TxnSystemClient initialization is disabled...
I20260601 13:40:01.814203 29770 ts_tablet_manager.cc:585] Loaded tablet metadata (0 total tablets, 0 live tablets)
I20260601 13:40:01.814241 29770 ts_tablet_manager.cc:531] Time spent load tablet metadata: real 0.000s	user 0.000s	sys 0.000s
I20260601 13:40:01.814302 29770 ts_tablet_manager.cc:616] Registered 0 tablets
I20260601 13:40:01.814342 29770 ts_tablet_manager.cc:595] Time spent register tablets: real 0.000s	user 0.000s	sys 0.000s
I20260601 13:40:01.818760 29770 rpc_server.cc:307] RPC server started. Bound to: 127.29.18.130:36771
I20260601 13:40:01.818838  1485 acceptor_pool.cc:272] collecting diagnostics on the listening RPC socket 127.29.18.130:36771 every 8 connection(s)
I20260601 13:40:01.819659 29770 file_cache.cc:492] Constructed file cache file cache with capacity 419430
W20260601 13:40:01.821708  1490 instance_detector.cc:116] could not retrieve Azure instance metadata: Network error: curl error: HTTP response code said error: The requested URL returned error: 404
W20260601 13:40:01.821753  1489 instance_detector.cc:116] could not retrieve AWS instance metadata: Network error: curl error: HTTP response code said error: The requested URL returned error: 404
W20260601 13:40:01.821877  1492 instance_detector.cc:116] could not retrieve OpenStack instance metadata: Network error: curl error: HTTP response code said error: The requested URL returned error: 404
I20260601 13:40:01.822312 29770 server_base.cc:1061] running on GCE node
I20260601 13:40:01.822499 29770 hybrid_clock.cc:584] initializing the hybrid clock with 'system_unsync' time source
W20260601 13:40:01.822547 29770 system_unsync_time.cc:38] NTP support is disabled. Clock error bounds will not be accurate. This configuration is not suitable for distributed clusters.
I20260601 13:40:01.822569 29770 hybrid_clock.cc:648] HybridClock initialized: now 1780321201822568 us; error 0 us; skew 500 ppm
I20260601 13:40:01.823762 29770 webserver.cc:533] Webserver started at http://127.29.18.131:36331/ using document root <none> and password file <none>
I20260601 13:40:01.823931 29770 fs_manager.cc:362] Metadata directory not provided
I20260601 13:40:01.823995 29770 fs_manager.cc:368] Using write-ahead log directory (fs_wal_dir) as metadata directory
I20260601 13:40:01.824079 29770 server_base.cc:909] This appears to be a new deployment of Kudu; creating new FS layout
I20260601 13:40:01.824421  1486 heartbeater.cc:344] Connected to a master server at 127.29.18.190:40795
I20260601 13:40:01.824543  1486 heartbeater.cc:461] Registering TS with master...
I20260601 13:40:01.824566 29770 fs_manager.cc:1068] Generated new instance metadata in path /tmp/dist-test-task2X2MGs/test-tmp/auto_rebalancer-test.0.AutoRebalancerTest.NoReplicaMovesIfCannotFixPlacementPolicy.1780321112348748-29770-0/minicluster-data/ts-2-root/instance:
uuid: "ecc82826f1d54fcdbdcd40f16d78668a"
format_stamp: "Formatted at 2026-06-01 13:40:01 on dist-test-slave-rw62"
I20260601 13:40:01.824774  1486 heartbeater.cc:507] Master 127.29.18.190:40795 requested a full tablet report, sending...
I20260601 13:40:01.825461  1280 ts_manager.cc:194] Registered new tserver with Master: 42c6ecb531b54ef1b53b46ae8498b611 (127.29.18.130:36771)
I20260601 13:40:01.825984  1280 master_service.cc:502] Signed X509 certificate for tserver {username='slave'} at 127.0.0.1:46782
I20260601 13:40:01.826331 29770 fs_manager.cc:696] Time spent creating directory manager: real 0.002s	user 0.000s	sys 0.002s
I20260601 13:40:01.827237  1497 log_block_manager.cc:4031] Time spent loading block containers with low live blocks: real 0.000s	user 0.000s	sys 0.000s
I20260601 13:40:01.827461 29770 fs_manager.cc:730] Time spent opening block manager: real 0.001s	user 0.000s	sys 0.001s
I20260601 13:40:01.827545 29770 fs_manager.cc:647] Opened local filesystem: /tmp/dist-test-task2X2MGs/test-tmp/auto_rebalancer-test.0.AutoRebalancerTest.NoReplicaMovesIfCannotFixPlacementPolicy.1780321112348748-29770-0/minicluster-data/ts-2-root
uuid: "ecc82826f1d54fcdbdcd40f16d78668a"
format_stamp: "Formatted at 2026-06-01 13:40:01 on dist-test-slave-rw62"
I20260601 13:40:01.827639 29770 fs_report.cc:389] FS layout report
--------------------
wal directory: /tmp/dist-test-task2X2MGs/test-tmp/auto_rebalancer-test.0.AutoRebalancerTest.NoReplicaMovesIfCannotFixPlacementPolicy.1780321112348748-29770-0/minicluster-data/ts-2-root
metadata directory: /tmp/dist-test-task2X2MGs/test-tmp/auto_rebalancer-test.0.AutoRebalancerTest.NoReplicaMovesIfCannotFixPlacementPolicy.1780321112348748-29770-0/minicluster-data/ts-2-root
1 data directories: /tmp/dist-test-task2X2MGs/test-tmp/auto_rebalancer-test.0.AutoRebalancerTest.NoReplicaMovesIfCannotFixPlacementPolicy.1780321112348748-29770-0/minicluster-data/ts-2-root/data
Total live blocks: 0
Total live bytes: 0
Total live bytes (after alignment): 0
Total number of LBM containers: 0 (0 full)
Did not check for missing blocks
Did not check for orphaned blocks
Total full LBM containers with extra space: 0 (0 repaired)
Total full LBM container extra space in bytes: 0 (0 repaired)
Total incomplete LBM containers: 0 (0 repaired)
Total LBM partial records: 0 (0 repaired)
Total corrupted LBM metadata records in RocksDB: 0 (0 repaired)
I20260601 13:40:01.836259 29770 rpc_server.cc:225] running with OpenSSL 1.1.1  11 Sep 2018
I20260601 13:40:01.836658 29770 kserver.cc:163] Server-wide thread pool size limit: 3276
I20260601 13:40:01.836963 29770 txn_system_client.cc:432] TxnSystemClient initialization is disabled...
I20260601 13:40:01.837486 29770 ts_tablet_manager.cc:585] Loaded tablet metadata (0 total tablets, 0 live tablets)
I20260601 13:40:01.837548 29770 ts_tablet_manager.cc:531] Time spent load tablet metadata: real 0.000s	user 0.000s	sys 0.000s
I20260601 13:40:01.837602 29770 ts_tablet_manager.cc:616] Registered 0 tablets
I20260601 13:40:01.837647 29770 ts_tablet_manager.cc:595] Time spent register tablets: real 0.000s	user 0.000s	sys 0.000s
I20260601 13:40:01.842350 29770 rpc_server.cc:307] RPC server started. Bound to: 127.29.18.131:38313
I20260601 13:40:01.842446  1561 acceptor_pool.cc:272] collecting diagnostics on the listening RPC socket 127.29.18.131:38313 every 8 connection(s)
I20260601 13:40:01.846724  1562 heartbeater.cc:344] Connected to a master server at 127.29.18.190:40795
I20260601 13:40:01.846810  1562 heartbeater.cc:461] Registering TS with master...
I20260601 13:40:01.846994  1562 heartbeater.cc:507] Master 127.29.18.190:40795 requested a full tablet report, sending...
I20260601 13:40:01.847566  1280 ts_manager.cc:194] Registered new tserver with Master: ecc82826f1d54fcdbdcd40f16d78668a (127.29.18.131:38313)
I20260601 13:40:01.848116  1280 master_service.cc:502] Signed X509 certificate for tserver {username='slave'} at 127.0.0.1:46790
I20260601 13:40:01.848484 29770 internal_mini_cluster.cc:371] 3 TS(s) registered with all masters after 0.005657818s
I20260601 13:40:02.792886  1410 heartbeater.cc:499] Master 127.29.18.190:40795 was elected leader, sending a full tablet report...
I20260601 13:40:02.826897  1486 heartbeater.cc:499] Master 127.29.18.190:40795 was elected leader, sending a full tablet report...
I20260601 13:40:02.849031  1562 heartbeater.cc:499] Master 127.29.18.190:40795 was elected leader, sending a full tablet report...
I20260601 13:40:02.887058  1280 catalog_manager.cc:2282] Servicing CreateTable request from {username='slave'} at 127.0.0.1:37552:
name: "test-workload"
schema {
  columns {
    name: "key"
    type: INT32
    is_key: true
    is_nullable: false
    encoding: AUTO_ENCODING
    compression: DEFAULT_COMPRESSION
    cfile_block_size: 0
    immutable: false
  }
  columns {
    name: "int_val"
    type: INT32
    is_key: false
    is_nullable: false
    encoding: AUTO_ENCODING
    compression: DEFAULT_COMPRESSION
    cfile_block_size: 0
    immutable: false
  }
  columns {
    name: "string_val"
    type: STRING
    is_key: false
    is_nullable: true
    encoding: AUTO_ENCODING
    compression: DEFAULT_COMPRESSION
    cfile_block_size: 0
    immutable: false
  }
}
num_replicas: 3
split_rows_range_bounds {
}
partition_schema {
  range_schema {
    columns {
      name: "key"
    }
  }
}
W20260601 13:40:02.887471  1280 catalog_manager.cc:7076] The number of live tablet servers is not enough to re-replicate a tablet replica of the newly created table test-workload in case of a server failure: 4 tablet servers would be needed, 3 are available. Consider bringing up more tablet servers.
I20260601 13:40:02.897347  1373 tablet_service.cc:1511] Processing CreateTablet for tablet 77283d60dc81434d9293604c6f0a3660 (DEFAULT_TABLE table=test-workload [id=264e9def1348471f9cecc09c493186da]), partition=RANGE (key) PARTITION UNBOUNDED
I20260601 13:40:02.897316  1450 tablet_service.cc:1511] Processing CreateTablet for tablet 77283d60dc81434d9293604c6f0a3660 (DEFAULT_TABLE table=test-workload [id=264e9def1348471f9cecc09c493186da]), partition=RANGE (key) PARTITION UNBOUNDED
I20260601 13:40:02.897708  1450 data_dirs.cc:400] Could only allocate 1 dirs of requested 3 for tablet 77283d60dc81434d9293604c6f0a3660. 1 dirs total, 0 dirs full, 0 dirs failed
I20260601 13:40:02.897715  1373 data_dirs.cc:400] Could only allocate 1 dirs of requested 3 for tablet 77283d60dc81434d9293604c6f0a3660. 1 dirs total, 0 dirs full, 0 dirs failed
I20260601 13:40:02.897739  1525 tablet_service.cc:1511] Processing CreateTablet for tablet 77283d60dc81434d9293604c6f0a3660 (DEFAULT_TABLE table=test-workload [id=264e9def1348471f9cecc09c493186da]), partition=RANGE (key) PARTITION UNBOUNDED
I20260601 13:40:02.898102  1525 data_dirs.cc:400] Could only allocate 1 dirs of requested 3 for tablet 77283d60dc81434d9293604c6f0a3660. 1 dirs total, 0 dirs full, 0 dirs failed
I20260601 13:40:02.899912  1583 tablet_bootstrap.cc:492] T 77283d60dc81434d9293604c6f0a3660 P ecc82826f1d54fcdbdcd40f16d78668a: Bootstrap starting.
I20260601 13:40:02.900345  1584 tablet_bootstrap.cc:492] T 77283d60dc81434d9293604c6f0a3660 P 42c6ecb531b54ef1b53b46ae8498b611: Bootstrap starting.
I20260601 13:40:02.900368  1585 tablet_bootstrap.cc:492] T 77283d60dc81434d9293604c6f0a3660 P 058dad8dc11d4736856cfc5fa59b4c43: Bootstrap starting.
I20260601 13:40:02.900933  1583 tablet_bootstrap.cc:654] T 77283d60dc81434d9293604c6f0a3660 P ecc82826f1d54fcdbdcd40f16d78668a: Neither blocks nor log segments found. Creating new log.
I20260601 13:40:02.901451  1585 tablet_bootstrap.cc:654] T 77283d60dc81434d9293604c6f0a3660 P 058dad8dc11d4736856cfc5fa59b4c43: Neither blocks nor log segments found. Creating new log.
I20260601 13:40:02.901451  1584 tablet_bootstrap.cc:654] T 77283d60dc81434d9293604c6f0a3660 P 42c6ecb531b54ef1b53b46ae8498b611: Neither blocks nor log segments found. Creating new log.
I20260601 13:40:02.902132  1583 tablet_bootstrap.cc:492] T 77283d60dc81434d9293604c6f0a3660 P ecc82826f1d54fcdbdcd40f16d78668a: No bootstrap required, opened a new log
I20260601 13:40:02.902230  1583 ts_tablet_manager.cc:1403] T 77283d60dc81434d9293604c6f0a3660 P ecc82826f1d54fcdbdcd40f16d78668a: Time spent bootstrapping tablet: real 0.002s	user 0.000s	sys 0.002s
I20260601 13:40:02.902621  1584 tablet_bootstrap.cc:492] T 77283d60dc81434d9293604c6f0a3660 P 42c6ecb531b54ef1b53b46ae8498b611: No bootstrap required, opened a new log
I20260601 13:40:02.902699  1584 ts_tablet_manager.cc:1403] T 77283d60dc81434d9293604c6f0a3660 P 42c6ecb531b54ef1b53b46ae8498b611: Time spent bootstrapping tablet: real 0.002s	user 0.002s	sys 0.000s
I20260601 13:40:02.902702  1585 tablet_bootstrap.cc:492] T 77283d60dc81434d9293604c6f0a3660 P 058dad8dc11d4736856cfc5fa59b4c43: No bootstrap required, opened a new log
I20260601 13:40:02.902827  1585 ts_tablet_manager.cc:1403] T 77283d60dc81434d9293604c6f0a3660 P 058dad8dc11d4736856cfc5fa59b4c43: Time spent bootstrapping tablet: real 0.002s	user 0.002s	sys 0.000s
I20260601 13:40:02.902760  1583 raft_consensus.cc:359] T 77283d60dc81434d9293604c6f0a3660 P ecc82826f1d54fcdbdcd40f16d78668a [term 0 FOLLOWER]: Replica starting. Triggering 0 pending ops. Active config: opid_index: -1 OBSOLETE_local: false peers { permanent_uuid: "42c6ecb531b54ef1b53b46ae8498b611" member_type: VOTER last_known_addr { host: "127.29.18.130" port: 36771 } } peers { permanent_uuid: "058dad8dc11d4736856cfc5fa59b4c43" member_type: VOTER last_known_addr { host: "127.29.18.129" port: 46271 } } peers { permanent_uuid: "ecc82826f1d54fcdbdcd40f16d78668a" member_type: VOTER last_known_addr { host: "127.29.18.131" port: 38313 } }
I20260601 13:40:02.902907  1583 raft_consensus.cc:385] T 77283d60dc81434d9293604c6f0a3660 P ecc82826f1d54fcdbdcd40f16d78668a [term 0 FOLLOWER]: Consensus starting up: Expiring failure detector timer to make a prompt election more likely
I20260601 13:40:02.902940  1583 raft_consensus.cc:740] T 77283d60dc81434d9293604c6f0a3660 P ecc82826f1d54fcdbdcd40f16d78668a [term 0 FOLLOWER]: Becoming Follower/Learner. State: Replica: ecc82826f1d54fcdbdcd40f16d78668a, State: Initialized, Role: FOLLOWER
I20260601 13:40:02.903069  1583 consensus_queue.cc:260] T 77283d60dc81434d9293604c6f0a3660 P ecc82826f1d54fcdbdcd40f16d78668a [NON_LEADER]: Queue going to NON_LEADER mode. State: All replicated index: 0, Majority replicated index: 0, Committed index: 0, Last appended: 0.0, Last appended by leader: 0, Current term: 0, Majority size: -1, State: 0, Mode: NON_LEADER, active raft config: opid_index: -1 OBSOLETE_local: false peers { permanent_uuid: "42c6ecb531b54ef1b53b46ae8498b611" member_type: VOTER last_known_addr { host: "127.29.18.130" port: 36771 } } peers { permanent_uuid: "058dad8dc11d4736856cfc5fa59b4c43" member_type: VOTER last_known_addr { host: "127.29.18.129" port: 46271 } } peers { permanent_uuid: "ecc82826f1d54fcdbdcd40f16d78668a" member_type: VOTER last_known_addr { host: "127.29.18.131" port: 38313 } }
I20260601 13:40:02.903234  1584 raft_consensus.cc:359] T 77283d60dc81434d9293604c6f0a3660 P 42c6ecb531b54ef1b53b46ae8498b611 [term 0 FOLLOWER]: Replica starting. Triggering 0 pending ops. Active config: opid_index: -1 OBSOLETE_local: false peers { permanent_uuid: "42c6ecb531b54ef1b53b46ae8498b611" member_type: VOTER last_known_addr { host: "127.29.18.130" port: 36771 } } peers { permanent_uuid: "058dad8dc11d4736856cfc5fa59b4c43" member_type: VOTER last_known_addr { host: "127.29.18.129" port: 46271 } } peers { permanent_uuid: "ecc82826f1d54fcdbdcd40f16d78668a" member_type: VOTER last_known_addr { host: "127.29.18.131" port: 38313 } }
I20260601 13:40:02.903314  1584 raft_consensus.cc:385] T 77283d60dc81434d9293604c6f0a3660 P 42c6ecb531b54ef1b53b46ae8498b611 [term 0 FOLLOWER]: Consensus starting up: Expiring failure detector timer to make a prompt election more likely
I20260601 13:40:02.903357  1584 raft_consensus.cc:740] T 77283d60dc81434d9293604c6f0a3660 P 42c6ecb531b54ef1b53b46ae8498b611 [term 0 FOLLOWER]: Becoming Follower/Learner. State: Replica: 42c6ecb531b54ef1b53b46ae8498b611, State: Initialized, Role: FOLLOWER
I20260601 13:40:02.903427  1583 ts_tablet_manager.cc:1434] T 77283d60dc81434d9293604c6f0a3660 P ecc82826f1d54fcdbdcd40f16d78668a: Time spent starting tablet: real 0.001s	user 0.000s	sys 0.001s
I20260601 13:40:02.903434  1585 raft_consensus.cc:359] T 77283d60dc81434d9293604c6f0a3660 P 058dad8dc11d4736856cfc5fa59b4c43 [term 0 FOLLOWER]: Replica starting. Triggering 0 pending ops. Active config: opid_index: -1 OBSOLETE_local: false peers { permanent_uuid: "42c6ecb531b54ef1b53b46ae8498b611" member_type: VOTER last_known_addr { host: "127.29.18.130" port: 36771 } } peers { permanent_uuid: "058dad8dc11d4736856cfc5fa59b4c43" member_type: VOTER last_known_addr { host: "127.29.18.129" port: 46271 } } peers { permanent_uuid: "ecc82826f1d54fcdbdcd40f16d78668a" member_type: VOTER last_known_addr { host: "127.29.18.131" port: 38313 } }
I20260601 13:40:02.903468  1584 consensus_queue.cc:260] T 77283d60dc81434d9293604c6f0a3660 P 42c6ecb531b54ef1b53b46ae8498b611 [NON_LEADER]: Queue going to NON_LEADER mode. State: All replicated index: 0, Majority replicated index: 0, Committed index: 0, Last appended: 0.0, Last appended by leader: 0, Current term: 0, Majority size: -1, State: 0, Mode: NON_LEADER, active raft config: opid_index: -1 OBSOLETE_local: false peers { permanent_uuid: "42c6ecb531b54ef1b53b46ae8498b611" member_type: VOTER last_known_addr { host: "127.29.18.130" port: 36771 } } peers { permanent_uuid: "058dad8dc11d4736856cfc5fa59b4c43" member_type: VOTER last_known_addr { host: "127.29.18.129" port: 46271 } } peers { permanent_uuid: "ecc82826f1d54fcdbdcd40f16d78668a" member_type: VOTER last_known_addr { host: "127.29.18.131" port: 38313 } }
I20260601 13:40:02.903916  1585 raft_consensus.cc:385] T 77283d60dc81434d9293604c6f0a3660 P 058dad8dc11d4736856cfc5fa59b4c43 [term 0 FOLLOWER]: Consensus starting up: Expiring failure detector timer to make a prompt election more likely
I20260601 13:40:02.903963  1585 raft_consensus.cc:740] T 77283d60dc81434d9293604c6f0a3660 P 058dad8dc11d4736856cfc5fa59b4c43 [term 0 FOLLOWER]: Becoming Follower/Learner. State: Replica: 058dad8dc11d4736856cfc5fa59b4c43, State: Initialized, Role: FOLLOWER
I20260601 13:40:02.904203  1584 ts_tablet_manager.cc:1434] T 77283d60dc81434d9293604c6f0a3660 P 42c6ecb531b54ef1b53b46ae8498b611: Time spent starting tablet: real 0.001s	user 0.001s	sys 0.000s
I20260601 13:40:02.904887  1585 consensus_queue.cc:260] T 77283d60dc81434d9293604c6f0a3660 P 058dad8dc11d4736856cfc5fa59b4c43 [NON_LEADER]: Queue going to NON_LEADER mode. State: All replicated index: 0, Majority replicated index: 0, Committed index: 0, Last appended: 0.0, Last appended by leader: 0, Current term: 0, Majority size: -1, State: 0, Mode: NON_LEADER, active raft config: opid_index: -1 OBSOLETE_local: false peers { permanent_uuid: "42c6ecb531b54ef1b53b46ae8498b611" member_type: VOTER last_known_addr { host: "127.29.18.130" port: 36771 } } peers { permanent_uuid: "058dad8dc11d4736856cfc5fa59b4c43" member_type: VOTER last_known_addr { host: "127.29.18.129" port: 46271 } } peers { permanent_uuid: "ecc82826f1d54fcdbdcd40f16d78668a" member_type: VOTER last_known_addr { host: "127.29.18.131" port: 38313 } }
I20260601 13:40:02.905377  1585 ts_tablet_manager.cc:1434] T 77283d60dc81434d9293604c6f0a3660 P 058dad8dc11d4736856cfc5fa59b4c43: Time spent starting tablet: real 0.003s	user 0.001s	sys 0.000s
I20260601 13:40:03.006479  1591 raft_consensus.cc:493] T 77283d60dc81434d9293604c6f0a3660 P 058dad8dc11d4736856cfc5fa59b4c43 [term 0 FOLLOWER]: Starting pre-election (no leader contacted us within the election timeout)
I20260601 13:40:03.006625  1591 raft_consensus.cc:515] T 77283d60dc81434d9293604c6f0a3660 P 058dad8dc11d4736856cfc5fa59b4c43 [term 0 FOLLOWER]: Starting pre-election with config: opid_index: -1 OBSOLETE_local: false peers { permanent_uuid: "42c6ecb531b54ef1b53b46ae8498b611" member_type: VOTER last_known_addr { host: "127.29.18.130" port: 36771 } } peers { permanent_uuid: "058dad8dc11d4736856cfc5fa59b4c43" member_type: VOTER last_known_addr { host: "127.29.18.129" port: 46271 } } peers { permanent_uuid: "ecc82826f1d54fcdbdcd40f16d78668a" member_type: VOTER last_known_addr { host: "127.29.18.131" port: 38313 } }
I20260601 13:40:03.007236  1591 leader_election.cc:290] T 77283d60dc81434d9293604c6f0a3660 P 058dad8dc11d4736856cfc5fa59b4c43 [CANDIDATE]: Term 1 pre-election: Requested pre-vote from peers 42c6ecb531b54ef1b53b46ae8498b611 (127.29.18.130:36771), ecc82826f1d54fcdbdcd40f16d78668a (127.29.18.131:38313)
I20260601 13:40:03.010926  1535 tablet_service.cc:1917] Received RequestConsensusVote() RPC: tablet_id: "77283d60dc81434d9293604c6f0a3660" candidate_uuid: "058dad8dc11d4736856cfc5fa59b4c43" candidate_term: 1 candidate_status { last_received { term: 0 index: 0 } } ignore_live_leader: false dest_uuid: "ecc82826f1d54fcdbdcd40f16d78668a" is_pre_election: true
I20260601 13:40:03.010977  1460 tablet_service.cc:1917] Received RequestConsensusVote() RPC: tablet_id: "77283d60dc81434d9293604c6f0a3660" candidate_uuid: "058dad8dc11d4736856cfc5fa59b4c43" candidate_term: 1 candidate_status { last_received { term: 0 index: 0 } } ignore_live_leader: false dest_uuid: "42c6ecb531b54ef1b53b46ae8498b611" is_pre_election: true
I20260601 13:40:03.011054  1535 raft_consensus.cc:2468] T 77283d60dc81434d9293604c6f0a3660 P ecc82826f1d54fcdbdcd40f16d78668a [term 0 FOLLOWER]: Leader pre-election vote request: Granting yes vote for candidate 058dad8dc11d4736856cfc5fa59b4c43 in term 0.
I20260601 13:40:03.011157  1460 raft_consensus.cc:2468] T 77283d60dc81434d9293604c6f0a3660 P 42c6ecb531b54ef1b53b46ae8498b611 [term 0 FOLLOWER]: Leader pre-election vote request: Granting yes vote for candidate 058dad8dc11d4736856cfc5fa59b4c43 in term 0.
I20260601 13:40:03.011416  1348 leader_election.cc:304] T 77283d60dc81434d9293604c6f0a3660 P 058dad8dc11d4736856cfc5fa59b4c43 [CANDIDATE]: Term 1 pre-election: Election decided. Result: candidate won. Election summary: received 2 responses out of 3 voters: 2 yes votes; 0 no votes. yes voters: 058dad8dc11d4736856cfc5fa59b4c43, ecc82826f1d54fcdbdcd40f16d78668a; no voters: 
I20260601 13:40:03.011591  1591 raft_consensus.cc:2804] T 77283d60dc81434d9293604c6f0a3660 P 058dad8dc11d4736856cfc5fa59b4c43 [term 0 FOLLOWER]: Leader pre-election won for term 1
I20260601 13:40:03.011651  1591 raft_consensus.cc:493] T 77283d60dc81434d9293604c6f0a3660 P 058dad8dc11d4736856cfc5fa59b4c43 [term 0 FOLLOWER]: Starting leader election (no leader contacted us within the election timeout)
I20260601 13:40:03.011713  1591 raft_consensus.cc:3060] T 77283d60dc81434d9293604c6f0a3660 P 058dad8dc11d4736856cfc5fa59b4c43 [term 0 FOLLOWER]: Advancing to term 1
I20260601 13:40:03.012562  1591 raft_consensus.cc:515] T 77283d60dc81434d9293604c6f0a3660 P 058dad8dc11d4736856cfc5fa59b4c43 [term 1 FOLLOWER]: Starting leader election with config: opid_index: -1 OBSOLETE_local: false peers { permanent_uuid: "42c6ecb531b54ef1b53b46ae8498b611" member_type: VOTER last_known_addr { host: "127.29.18.130" port: 36771 } } peers { permanent_uuid: "058dad8dc11d4736856cfc5fa59b4c43" member_type: VOTER last_known_addr { host: "127.29.18.129" port: 46271 } } peers { permanent_uuid: "ecc82826f1d54fcdbdcd40f16d78668a" member_type: VOTER last_known_addr { host: "127.29.18.131" port: 38313 } }
I20260601 13:40:03.012933  1591 leader_election.cc:290] T 77283d60dc81434d9293604c6f0a3660 P 058dad8dc11d4736856cfc5fa59b4c43 [CANDIDATE]: Term 1 election: Requested vote from peers 42c6ecb531b54ef1b53b46ae8498b611 (127.29.18.130:36771), ecc82826f1d54fcdbdcd40f16d78668a (127.29.18.131:38313)
I20260601 13:40:03.013216  1460 tablet_service.cc:1917] Received RequestConsensusVote() RPC: tablet_id: "77283d60dc81434d9293604c6f0a3660" candidate_uuid: "058dad8dc11d4736856cfc5fa59b4c43" candidate_term: 1 candidate_status { last_received { term: 0 index: 0 } } ignore_live_leader: false dest_uuid: "42c6ecb531b54ef1b53b46ae8498b611"
I20260601 13:40:03.013216  1535 tablet_service.cc:1917] Received RequestConsensusVote() RPC: tablet_id: "77283d60dc81434d9293604c6f0a3660" candidate_uuid: "058dad8dc11d4736856cfc5fa59b4c43" candidate_term: 1 candidate_status { last_received { term: 0 index: 0 } } ignore_live_leader: false dest_uuid: "ecc82826f1d54fcdbdcd40f16d78668a"
I20260601 13:40:03.013362  1535 raft_consensus.cc:3060] T 77283d60dc81434d9293604c6f0a3660 P ecc82826f1d54fcdbdcd40f16d78668a [term 0 FOLLOWER]: Advancing to term 1
I20260601 13:40:03.013365  1460 raft_consensus.cc:3060] T 77283d60dc81434d9293604c6f0a3660 P 42c6ecb531b54ef1b53b46ae8498b611 [term 0 FOLLOWER]: Advancing to term 1
I20260601 13:40:03.014309  1460 raft_consensus.cc:2468] T 77283d60dc81434d9293604c6f0a3660 P 42c6ecb531b54ef1b53b46ae8498b611 [term 1 FOLLOWER]: Leader election vote request: Granting yes vote for candidate 058dad8dc11d4736856cfc5fa59b4c43 in term 1.
I20260601 13:40:03.014309  1535 raft_consensus.cc:2468] T 77283d60dc81434d9293604c6f0a3660 P ecc82826f1d54fcdbdcd40f16d78668a [term 1 FOLLOWER]: Leader election vote request: Granting yes vote for candidate 058dad8dc11d4736856cfc5fa59b4c43 in term 1.
I20260601 13:40:03.014657  1348 leader_election.cc:304] T 77283d60dc81434d9293604c6f0a3660 P 058dad8dc11d4736856cfc5fa59b4c43 [CANDIDATE]: Term 1 election: Election decided. Result: candidate won. Election summary: received 2 responses out of 3 voters: 2 yes votes; 0 no votes. yes voters: 058dad8dc11d4736856cfc5fa59b4c43, ecc82826f1d54fcdbdcd40f16d78668a; no voters: 
I20260601 13:40:03.014811  1591 raft_consensus.cc:2804] T 77283d60dc81434d9293604c6f0a3660 P 058dad8dc11d4736856cfc5fa59b4c43 [term 1 FOLLOWER]: Leader election won for term 1
I20260601 13:40:03.015040  1591 raft_consensus.cc:697] T 77283d60dc81434d9293604c6f0a3660 P 058dad8dc11d4736856cfc5fa59b4c43 [term 1 LEADER]: Becoming Leader. State: Replica: 058dad8dc11d4736856cfc5fa59b4c43, State: Running, Role: LEADER
I20260601 13:40:03.015206  1591 consensus_queue.cc:237] T 77283d60dc81434d9293604c6f0a3660 P 058dad8dc11d4736856cfc5fa59b4c43 [LEADER]: Queue going to LEADER mode. State: All replicated index: 0, Majority replicated index: 0, Committed index: 0, Last appended: 0.0, Last appended by leader: 0, Current term: 1, Majority size: 2, State: 0, Mode: LEADER, active raft config: opid_index: -1 OBSOLETE_local: false peers { permanent_uuid: "42c6ecb531b54ef1b53b46ae8498b611" member_type: VOTER last_known_addr { host: "127.29.18.130" port: 36771 } } peers { permanent_uuid: "058dad8dc11d4736856cfc5fa59b4c43" member_type: VOTER last_known_addr { host: "127.29.18.129" port: 46271 } } peers { permanent_uuid: "ecc82826f1d54fcdbdcd40f16d78668a" member_type: VOTER last_known_addr { host: "127.29.18.131" port: 38313 } }
I20260601 13:40:03.016669  1279 catalog_manager.cc:5696] T 77283d60dc81434d9293604c6f0a3660 P 058dad8dc11d4736856cfc5fa59b4c43 reported cstate change: term changed from 0 to 1, leader changed from <none> to 058dad8dc11d4736856cfc5fa59b4c43 (127.29.18.129). New cstate: current_term: 1 leader_uuid: "058dad8dc11d4736856cfc5fa59b4c43" committed_config { opid_index: -1 OBSOLETE_local: false peers { permanent_uuid: "42c6ecb531b54ef1b53b46ae8498b611" member_type: VOTER last_known_addr { host: "127.29.18.130" port: 36771 } health_report { overall_health: UNKNOWN } } peers { permanent_uuid: "058dad8dc11d4736856cfc5fa59b4c43" member_type: VOTER last_known_addr { host: "127.29.18.129" port: 46271 } health_report { overall_health: HEALTHY } } peers { permanent_uuid: "ecc82826f1d54fcdbdcd40f16d78668a" member_type: VOTER last_known_addr { host: "127.29.18.131" port: 38313 } health_report { overall_health: UNKNOWN } } }
I20260601 13:40:03.397253  1591 consensus_queue.cc:1048] T 77283d60dc81434d9293604c6f0a3660 P 058dad8dc11d4736856cfc5fa59b4c43 [LEADER]: Connected to new peer: Peer: permanent_uuid: "42c6ecb531b54ef1b53b46ae8498b611" member_type: VOTER last_known_addr { host: "127.29.18.130" port: 36771 }, Status: LMP_MISMATCH, Last received: 0.0, Next index: 1, Last known committed idx: 0, Time since last communication: 0.000s
I20260601 13:40:03.400566  1594 consensus_queue.cc:1048] T 77283d60dc81434d9293604c6f0a3660 P 058dad8dc11d4736856cfc5fa59b4c43 [LEADER]: Connected to new peer: Peer: permanent_uuid: "ecc82826f1d54fcdbdcd40f16d78668a" member_type: VOTER last_known_addr { host: "127.29.18.131" port: 38313 }, Status: LMP_MISMATCH, Last received: 0.0, Next index: 1, Last known committed idx: 0, Time since last communication: 0.000s
I20260601 13:40:03.748847  1334 auto_leader_rebalancer.cc:140] leader rebalance for table test-workload
I20260601 13:40:03.749205  1334 auto_leader_rebalancer.cc:388] table: test-workload, leader rebalance finish, leader transfer count: 0
I20260601 13:40:03.749298  1334 auto_leader_rebalancer.cc:451] All tables' leader rebalancing finished this round
I20260601 13:40:03.749280  1329 placement_policy_util.cc:407] tablet 77283d60dc81434d9293604c6f0a3660: detected majority of replicas (2 of 3) at location L0
I20260601 13:40:04.751032  1329 placement_policy_util.cc:407] tablet 77283d60dc81434d9293604c6f0a3660: detected majority of replicas (2 of 3) at location L0
I20260601 13:40:05.749588  1334 auto_leader_rebalancer.cc:140] leader rebalance for table test-workload
I20260601 13:40:05.749879  1334 auto_leader_rebalancer.cc:388] table: test-workload, leader rebalance finish, leader transfer count: 0
I20260601 13:40:05.749929  1334 auto_leader_rebalancer.cc:451] All tables' leader rebalancing finished this round
I20260601 13:40:05.752386  1329 placement_policy_util.cc:407] tablet 77283d60dc81434d9293604c6f0a3660: detected majority of replicas (2 of 3) at location L0
I20260601 13:40:06.753844  1329 placement_policy_util.cc:407] tablet 77283d60dc81434d9293604c6f0a3660: detected majority of replicas (2 of 3) at location L0
I20260601 13:40:07.750245  1334 auto_leader_rebalancer.cc:140] leader rebalance for table test-workload
I20260601 13:40:07.750633  1334 auto_leader_rebalancer.cc:388] table: test-workload, leader rebalance finish, leader transfer count: 0
I20260601 13:40:07.750691  1334 auto_leader_rebalancer.cc:451] All tables' leader rebalancing finished this round
I20260601 13:40:07.755460  1329 placement_policy_util.cc:407] tablet 77283d60dc81434d9293604c6f0a3660: detected majority of replicas (2 of 3) at location L0
I20260601 13:40:08.756920  1329 placement_policy_util.cc:407] tablet 77283d60dc81434d9293604c6f0a3660: detected majority of replicas (2 of 3) at location L0
I20260601 13:40:09.750965  1334 auto_leader_rebalancer.cc:140] leader rebalance for table test-workload
I20260601 13:40:09.751295  1334 auto_leader_rebalancer.cc:388] table: test-workload, leader rebalance finish, leader transfer count: 0
I20260601 13:40:09.751353  1334 auto_leader_rebalancer.cc:451] All tables' leader rebalancing finished this round
I20260601 13:40:09.758378  1329 placement_policy_util.cc:407] tablet 77283d60dc81434d9293604c6f0a3660: detected majority of replicas (2 of 3) at location L0
I20260601 13:40:10.759881  1329 placement_policy_util.cc:407] tablet 77283d60dc81434d9293604c6f0a3660: detected majority of replicas (2 of 3) at location L0
I20260601 13:40:11.751626  1334 auto_leader_rebalancer.cc:140] leader rebalance for table test-workload
I20260601 13:40:11.751884  1334 auto_leader_rebalancer.cc:388] table: test-workload, leader rebalance finish, leader transfer count: 0
I20260601 13:40:11.751932  1334 auto_leader_rebalancer.cc:451] All tables' leader rebalancing finished this round
I20260601 13:40:11.761456  1329 placement_policy_util.cc:407] tablet 77283d60dc81434d9293604c6f0a3660: detected majority of replicas (2 of 3) at location L0
I20260601 13:40:12.762902  1329 placement_policy_util.cc:407] tablet 77283d60dc81434d9293604c6f0a3660: detected majority of replicas (2 of 3) at location L0
I20260601 13:40:13.752235  1334 auto_leader_rebalancer.cc:140] leader rebalance for table test-workload
I20260601 13:40:13.752540  1334 auto_leader_rebalancer.cc:388] table: test-workload, leader rebalance finish, leader transfer count: 0
I20260601 13:40:13.752597  1334 auto_leader_rebalancer.cc:451] All tables' leader rebalancing finished this round
I20260601 13:40:13.764400  1329 placement_policy_util.cc:407] tablet 77283d60dc81434d9293604c6f0a3660: detected majority of replicas (2 of 3) at location L0
I20260601 13:40:14.097361 29770 tablet_server.cc:179] TabletServer@127.29.18.129:0 shutting down...
I20260601 13:40:14.101200 29770 ts_tablet_manager.cc:1507] Shutting down tablet manager...
I20260601 13:40:14.101433 29770 tablet_replica.cc:333] T 77283d60dc81434d9293604c6f0a3660 P 058dad8dc11d4736856cfc5fa59b4c43: stopping tablet replica
I20260601 13:40:14.101585 29770 raft_consensus.cc:2243] T 77283d60dc81434d9293604c6f0a3660 P 058dad8dc11d4736856cfc5fa59b4c43 [term 1 LEADER]: Raft consensus shutting down.
I20260601 13:40:14.101837 29770 raft_consensus.cc:2272] T 77283d60dc81434d9293604c6f0a3660 P 058dad8dc11d4736856cfc5fa59b4c43 [term 1 FOLLOWER]: Raft consensus is shut down!
I20260601 13:40:14.115099 29770 tablet_server.cc:196] TabletServer@127.29.18.129:0 shutdown complete.
I20260601 13:40:14.117115 29770 tablet_server.cc:179] TabletServer@127.29.18.130:0 shutting down...
I20260601 13:40:14.121272 29770 ts_tablet_manager.cc:1507] Shutting down tablet manager...
I20260601 13:40:14.121485 29770 tablet_replica.cc:333] T 77283d60dc81434d9293604c6f0a3660 P 42c6ecb531b54ef1b53b46ae8498b611: stopping tablet replica
I20260601 13:40:14.121647 29770 raft_consensus.cc:2243] T 77283d60dc81434d9293604c6f0a3660 P 42c6ecb531b54ef1b53b46ae8498b611 [term 1 FOLLOWER]: Raft consensus shutting down.
I20260601 13:40:14.121793 29770 raft_consensus.cc:2272] T 77283d60dc81434d9293604c6f0a3660 P 42c6ecb531b54ef1b53b46ae8498b611 [term 1 FOLLOWER]: Raft consensus is shut down!
I20260601 13:40:14.134547 29770 tablet_server.cc:196] TabletServer@127.29.18.130:0 shutdown complete.
I20260601 13:40:14.136511 29770 tablet_server.cc:179] TabletServer@127.29.18.131:0 shutting down...
I20260601 13:40:14.140789 29770 ts_tablet_manager.cc:1507] Shutting down tablet manager...
I20260601 13:40:14.141000 29770 tablet_replica.cc:333] T 77283d60dc81434d9293604c6f0a3660 P ecc82826f1d54fcdbdcd40f16d78668a: stopping tablet replica
I20260601 13:40:14.141117 29770 raft_consensus.cc:2243] T 77283d60dc81434d9293604c6f0a3660 P ecc82826f1d54fcdbdcd40f16d78668a [term 1 FOLLOWER]: Raft consensus shutting down.
I20260601 13:40:14.141284 29770 raft_consensus.cc:2272] T 77283d60dc81434d9293604c6f0a3660 P ecc82826f1d54fcdbdcd40f16d78668a [term 1 FOLLOWER]: Raft consensus is shut down!
I20260601 13:40:14.154687 29770 tablet_server.cc:196] TabletServer@127.29.18.131:0 shutdown complete.
I20260601 13:40:14.156674 29770 master.cc:562] Master@127.29.18.190:40795 shutting down...
I20260601 13:40:14.160678 29770 raft_consensus.cc:2243] T 00000000000000000000000000000000 P 7a6f3aa1e607412596823fcd4771dc6e [term 1 LEADER]: Raft consensus shutting down.
I20260601 13:40:14.160830 29770 raft_consensus.cc:2272] T 00000000000000000000000000000000 P 7a6f3aa1e607412596823fcd4771dc6e [term 1 FOLLOWER]: Raft consensus is shut down!
I20260601 13:40:14.160874 29770 tablet_replica.cc:333] T 00000000000000000000000000000000 P 7a6f3aa1e607412596823fcd4771dc6e: stopping tablet replica
I20260601 13:40:14.173547 29770 master.cc:584] Master@127.29.18.190:40795 shutdown complete.
[       OK ] AutoRebalancerTest.NoReplicaMovesIfCannotFixPlacementPolicy (12479 ms)
[ RUN      ] AutoRebalancerTest.TestMaxMovesPerServer
I20260601 13:40:14.180012 29770 internal_mini_cluster.cc:156] Creating distributed mini masters. Addrs: 127.29.18.190:35723
I20260601 13:40:14.180331 29770 file_cache.cc:492] Constructed file cache file cache with capacity 419430
W20260601 13:40:14.182314  1604 instance_detector.cc:116] could not retrieve Azure instance metadata: Network error: curl error: HTTP response code said error: The requested URL returned error: 404
I20260601 13:40:14.182377 29770 server_base.cc:1061] running on GCE node
W20260601 13:40:14.182518  1606 instance_detector.cc:116] could not retrieve OpenStack instance metadata: Network error: curl error: HTTP response code said error: The requested URL returned error: 404
W20260601 13:40:14.182560  1603 instance_detector.cc:116] could not retrieve AWS instance metadata: Network error: curl error: HTTP response code said error: The requested URL returned error: 404
I20260601 13:40:14.182808 29770 hybrid_clock.cc:584] initializing the hybrid clock with 'system_unsync' time source
W20260601 13:40:14.182852 29770 system_unsync_time.cc:38] NTP support is disabled. Clock error bounds will not be accurate. This configuration is not suitable for distributed clusters.
I20260601 13:40:14.182868 29770 hybrid_clock.cc:648] HybridClock initialized: now 1780321214182867 us; error 0 us; skew 500 ppm
I20260601 13:40:14.183704 29770 webserver.cc:533] Webserver started at http://127.29.18.190:46031/ using document root <none> and password file <none>
I20260601 13:40:14.183868 29770 fs_manager.cc:362] Metadata directory not provided
I20260601 13:40:14.183911 29770 fs_manager.cc:368] Using write-ahead log directory (fs_wal_dir) as metadata directory
I20260601 13:40:14.184010 29770 server_base.cc:909] This appears to be a new deployment of Kudu; creating new FS layout
I20260601 13:40:14.184405 29770 fs_manager.cc:1068] Generated new instance metadata in path /tmp/dist-test-task2X2MGs/test-tmp/auto_rebalancer-test.0.AutoRebalancerTest.TestMaxMovesPerServer.1780321112348748-29770-0/minicluster-data/master-0-root/instance:
uuid: "a23c8a6bd2644ad09fe8cc65f6d3ef13"
format_stamp: "Formatted at 2026-06-01 13:40:14 on dist-test-slave-rw62"
I20260601 13:40:14.185947 29770 fs_manager.cc:696] Time spent creating directory manager: real 0.001s	user 0.002s	sys 0.000s
I20260601 13:40:14.186836  1611 log_block_manager.cc:4031] Time spent loading block containers with low live blocks: real 0.000s	user 0.000s	sys 0.000s
I20260601 13:40:14.187091 29770 fs_manager.cc:730] Time spent opening block manager: real 0.001s	user 0.001s	sys 0.000s
I20260601 13:40:14.187172 29770 fs_manager.cc:647] Opened local filesystem: /tmp/dist-test-task2X2MGs/test-tmp/auto_rebalancer-test.0.AutoRebalancerTest.TestMaxMovesPerServer.1780321112348748-29770-0/minicluster-data/master-0-root
uuid: "a23c8a6bd2644ad09fe8cc65f6d3ef13"
format_stamp: "Formatted at 2026-06-01 13:40:14 on dist-test-slave-rw62"
I20260601 13:40:14.187254 29770 fs_report.cc:389] FS layout report
--------------------
wal directory: /tmp/dist-test-task2X2MGs/test-tmp/auto_rebalancer-test.0.AutoRebalancerTest.TestMaxMovesPerServer.1780321112348748-29770-0/minicluster-data/master-0-root
metadata directory: /tmp/dist-test-task2X2MGs/test-tmp/auto_rebalancer-test.0.AutoRebalancerTest.TestMaxMovesPerServer.1780321112348748-29770-0/minicluster-data/master-0-root
1 data directories: /tmp/dist-test-task2X2MGs/test-tmp/auto_rebalancer-test.0.AutoRebalancerTest.TestMaxMovesPerServer.1780321112348748-29770-0/minicluster-data/master-0-root/data
Total live blocks: 0
Total live bytes: 0
Total live bytes (after alignment): 0
Total number of LBM containers: 0 (0 full)
Did not check for missing blocks
Did not check for orphaned blocks
Total full LBM containers with extra space: 0 (0 repaired)
Total full LBM container extra space in bytes: 0 (0 repaired)
Total incomplete LBM containers: 0 (0 repaired)
Total LBM partial records: 0 (0 repaired)
Total corrupted LBM metadata records in RocksDB: 0 (0 repaired)
I20260601 13:40:14.204015 29770 rpc_server.cc:225] running with OpenSSL 1.1.1  11 Sep 2018
I20260601 13:40:14.204445 29770 kserver.cc:163] Server-wide thread pool size limit: 3276
I20260601 13:40:14.208665 29770 rpc_server.cc:307] RPC server started. Bound to: 127.29.18.190:35723
I20260601 13:40:14.211318  1663 acceptor_pool.cc:272] collecting diagnostics on the listening RPC socket 127.29.18.190:35723 every 8 connection(s)
I20260601 13:40:14.211787  1664 data_dirs.cc:400] Could only allocate 1 dirs of requested 3 for tablet 00000000000000000000000000000000. 1 dirs total, 0 dirs full, 0 dirs failed
I20260601 13:40:14.213683  1664 tablet_bootstrap.cc:492] T 00000000000000000000000000000000 P a23c8a6bd2644ad09fe8cc65f6d3ef13: Bootstrap starting.
I20260601 13:40:14.214481  1664 tablet_bootstrap.cc:654] T 00000000000000000000000000000000 P a23c8a6bd2644ad09fe8cc65f6d3ef13: Neither blocks nor log segments found. Creating new log.
I20260601 13:40:14.215487  1664 tablet_bootstrap.cc:492] T 00000000000000000000000000000000 P a23c8a6bd2644ad09fe8cc65f6d3ef13: No bootstrap required, opened a new log
I20260601 13:40:14.215907  1664 raft_consensus.cc:359] T 00000000000000000000000000000000 P a23c8a6bd2644ad09fe8cc65f6d3ef13 [term 0 FOLLOWER]: Replica starting. Triggering 0 pending ops. Active config: opid_index: -1 OBSOLETE_local: true peers { permanent_uuid: "a23c8a6bd2644ad09fe8cc65f6d3ef13" member_type: VOTER }
I20260601 13:40:14.215993  1664 raft_consensus.cc:385] T 00000000000000000000000000000000 P a23c8a6bd2644ad09fe8cc65f6d3ef13 [term 0 FOLLOWER]: Consensus starting up: Expiring failure detector timer to make a prompt election more likely
