I20260601 13:38:25.079599 27778 tablet_bootstrap.cc:654] T 67d03f938093415bbe225c616e9c02d1 P cf0bc644068a432c95ad36e5d4a2b07d: Neither blocks nor log segments found. Creating new log.
I20260601 13:38:25.079687 27773 consensus_queue.cc:260] T e1ce958ae7ca4c68ae82f25bcae87919 P d2e5acc9523546dea670537ef5314e73 [NON_LEADER]: Queue going to NON_LEADER mode. State: All replicated index: 0, Majority replicated index: 0, Committed index: 0, Last appended: 0.0, Last appended by leader: 0, Current term: 0, Majority size: -1, State: 0, Mode: NON_LEADER, active raft config: opid_index: -1 OBSOLETE_local: false peers { permanent_uuid: "510a4db88a934881b7bc2f58590a216f" member_type: VOTER last_known_addr { host: "127.26.68.2" port: 39919 } } peers { permanent_uuid: "cf0bc644068a432c95ad36e5d4a2b07d" member_type: VOTER last_known_addr { host: "127.26.68.1" port: 39729 } } peers { permanent_uuid: "d2e5acc9523546dea670537ef5314e73" member_type: VOTER last_known_addr { host: "127.26.68.3" port: 42393 } }
I20260601 13:38:25.080519 27773 ts_tablet_manager.cc:1434] T e1ce958ae7ca4c68ae82f25bcae87919 P d2e5acc9523546dea670537ef5314e73: Time spent starting tablet: real 0.002s	user 0.001s	sys 0.000s
I20260601 13:38:25.082088 27573 tablet_service.cc:1917] Received RequestConsensusVote() RPC: tablet_id: "7cf90d829eec45c8a340d7b36760e4c5" candidate_uuid: "510a4db88a934881b7bc2f58590a216f" candidate_term: 1 candidate_status { last_received { term: 0 index: 0 } } ignore_live_leader: false dest_uuid: "cf0bc644068a432c95ad36e5d4a2b07d" is_pre_election: true
I20260601 13:38:25.082198 27573 raft_consensus.cc:2468] T 7cf90d829eec45c8a340d7b36760e4c5 P cf0bc644068a432c95ad36e5d4a2b07d [term 0 FOLLOWER]: Leader pre-election vote request: Granting yes vote for candidate 510a4db88a934881b7bc2f58590a216f in term 0.
I20260601 13:38:25.082571 27612 leader_election.cc:304] T 7cf90d829eec45c8a340d7b36760e4c5 P 510a4db88a934881b7bc2f58590a216f [CANDIDATE]: Term 1 pre-election: Election decided. Result: candidate won. Election summary: received 2 responses out of 3 voters: 2 yes votes; 0 no votes. yes voters: 510a4db88a934881b7bc2f58590a216f, cf0bc644068a432c95ad36e5d4a2b07d; no voters: 
I20260601 13:38:25.082752 27774 raft_consensus.cc:2804] T 7cf90d829eec45c8a340d7b36760e4c5 P 510a4db88a934881b7bc2f58590a216f [term 0 FOLLOWER]: Leader pre-election won for term 1
I20260601 13:38:25.082813 27774 raft_consensus.cc:493] T 7cf90d829eec45c8a340d7b36760e4c5 P 510a4db88a934881b7bc2f58590a216f [term 0 FOLLOWER]: Starting leader election (no leader contacted us within the election timeout)
I20260601 13:38:25.082827 27778 tablet_bootstrap.cc:492] T 67d03f938093415bbe225c616e9c02d1 P cf0bc644068a432c95ad36e5d4a2b07d: No bootstrap required, opened a new log
I20260601 13:38:25.082856 27774 raft_consensus.cc:3060] T 7cf90d829eec45c8a340d7b36760e4c5 P 510a4db88a934881b7bc2f58590a216f [term 0 FOLLOWER]: Advancing to term 1
I20260601 13:38:25.082841 27725 tablet_service.cc:1917] Received RequestConsensusVote() RPC: tablet_id: "7cf90d829eec45c8a340d7b36760e4c5" candidate_uuid: "510a4db88a934881b7bc2f58590a216f" candidate_term: 1 candidate_status { last_received { term: 0 index: 0 } } ignore_live_leader: false dest_uuid: "d2e5acc9523546dea670537ef5314e73" is_pre_election: true
I20260601 13:38:25.082916 27778 ts_tablet_manager.cc:1403] T 67d03f938093415bbe225c616e9c02d1 P cf0bc644068a432c95ad36e5d4a2b07d: Time spent bootstrapping tablet: real 0.005s	user 0.002s	sys 0.000s
I20260601 13:38:25.082991 27725 raft_consensus.cc:2468] T 7cf90d829eec45c8a340d7b36760e4c5 P d2e5acc9523546dea670537ef5314e73 [term 0 FOLLOWER]: Leader pre-election vote request: Granting yes vote for candidate 510a4db88a934881b7bc2f58590a216f in term 0.
I20260601 13:38:25.083345 27778 raft_consensus.cc:359] T 67d03f938093415bbe225c616e9c02d1 P cf0bc644068a432c95ad36e5d4a2b07d [term 0 FOLLOWER]: Replica starting. Triggering 0 pending ops. Active config: opid_index: -1 OBSOLETE_local: false peers { permanent_uuid: "cf0bc644068a432c95ad36e5d4a2b07d" member_type: VOTER last_known_addr { host: "127.26.68.1" port: 39729 } } peers { permanent_uuid: "510a4db88a934881b7bc2f58590a216f" member_type: VOTER last_known_addr { host: "127.26.68.2" port: 39919 } } peers { permanent_uuid: "d2e5acc9523546dea670537ef5314e73" member_type: VOTER last_known_addr { host: "127.26.68.3" port: 42393 } }
I20260601 13:38:25.083444 27778 raft_consensus.cc:385] T 67d03f938093415bbe225c616e9c02d1 P cf0bc644068a432c95ad36e5d4a2b07d [term 0 FOLLOWER]: Consensus starting up: Expiring failure detector timer to make a prompt election more likely
I20260601 13:38:25.083487 27778 raft_consensus.cc:740] T 67d03f938093415bbe225c616e9c02d1 P cf0bc644068a432c95ad36e5d4a2b07d [term 0 FOLLOWER]: Becoming Follower/Learner. State: Replica: cf0bc644068a432c95ad36e5d4a2b07d, State: Initialized, Role: FOLLOWER
I20260601 13:38:25.083600 27778 consensus_queue.cc:260] T 67d03f938093415bbe225c616e9c02d1 P cf0bc644068a432c95ad36e5d4a2b07d [NON_LEADER]: Queue going to NON_LEADER mode. State: All replicated index: 0, Majority replicated index: 0, Committed index: 0, Last appended: 0.0, Last appended by leader: 0, Current term: 0, Majority size: -1, State: 0, Mode: NON_LEADER, active raft config: opid_index: -1 OBSOLETE_local: false peers { permanent_uuid: "cf0bc644068a432c95ad36e5d4a2b07d" member_type: VOTER last_known_addr { host: "127.26.68.1" port: 39729 } } peers { permanent_uuid: "510a4db88a934881b7bc2f58590a216f" member_type: VOTER last_known_addr { host: "127.26.68.2" port: 39919 } } peers { permanent_uuid: "d2e5acc9523546dea670537ef5314e73" member_type: VOTER last_known_addr { host: "127.26.68.3" port: 42393 } }
I20260601 13:38:25.083864 27778 ts_tablet_manager.cc:1434] T 67d03f938093415bbe225c616e9c02d1 P cf0bc644068a432c95ad36e5d4a2b07d: Time spent starting tablet: real 0.001s	user 0.000s	sys 0.000s
I20260601 13:38:25.083861 27774 raft_consensus.cc:515] T 7cf90d829eec45c8a340d7b36760e4c5 P 510a4db88a934881b7bc2f58590a216f [term 1 FOLLOWER]: Starting leader election with config: opid_index: -1 OBSOLETE_local: false peers { permanent_uuid: "cf0bc644068a432c95ad36e5d4a2b07d" member_type: VOTER last_known_addr { host: "127.26.68.1" port: 39729 } } peers { permanent_uuid: "510a4db88a934881b7bc2f58590a216f" member_type: VOTER last_known_addr { host: "127.26.68.2" port: 39919 } } peers { permanent_uuid: "d2e5acc9523546dea670537ef5314e73" member_type: VOTER last_known_addr { host: "127.26.68.3" port: 42393 } }
I20260601 13:38:25.084054 27778 tablet_bootstrap.cc:492] T ff5e31fa8eb04fcbb69a22657c0432f5 P cf0bc644068a432c95ad36e5d4a2b07d: Bootstrap starting.
I20260601 13:38:25.084218 27774 leader_election.cc:290] T 7cf90d829eec45c8a340d7b36760e4c5 P 510a4db88a934881b7bc2f58590a216f [CANDIDATE]: Term 1 election: Requested vote from peers cf0bc644068a432c95ad36e5d4a2b07d (127.26.68.1:39729), d2e5acc9523546dea670537ef5314e73 (127.26.68.3:42393)
I20260601 13:38:25.084450 27725 tablet_service.cc:1917] Received RequestConsensusVote() RPC: tablet_id: "7cf90d829eec45c8a340d7b36760e4c5" candidate_uuid: "510a4db88a934881b7bc2f58590a216f" candidate_term: 1 candidate_status { last_received { term: 0 index: 0 } } ignore_live_leader: false dest_uuid: "d2e5acc9523546dea670537ef5314e73"
I20260601 13:38:25.084498 27573 tablet_service.cc:1917] Received RequestConsensusVote() RPC: tablet_id: "7cf90d829eec45c8a340d7b36760e4c5" candidate_uuid: "510a4db88a934881b7bc2f58590a216f" candidate_term: 1 candidate_status { last_received { term: 0 index: 0 } } ignore_live_leader: false dest_uuid: "cf0bc644068a432c95ad36e5d4a2b07d"
I20260601 13:38:25.084537 27725 raft_consensus.cc:3060] T 7cf90d829eec45c8a340d7b36760e4c5 P d2e5acc9523546dea670537ef5314e73 [term 0 FOLLOWER]: Advancing to term 1
I20260601 13:38:25.084578 27573 raft_consensus.cc:3060] T 7cf90d829eec45c8a340d7b36760e4c5 P cf0bc644068a432c95ad36e5d4a2b07d [term 0 FOLLOWER]: Advancing to term 1
I20260601 13:38:25.084913 27778 tablet_bootstrap.cc:654] T ff5e31fa8eb04fcbb69a22657c0432f5 P cf0bc644068a432c95ad36e5d4a2b07d: Neither blocks nor log segments found. Creating new log.
I20260601 13:38:25.085335 27725 raft_consensus.cc:2468] T 7cf90d829eec45c8a340d7b36760e4c5 P d2e5acc9523546dea670537ef5314e73 [term 1 FOLLOWER]: Leader election vote request: Granting yes vote for candidate 510a4db88a934881b7bc2f58590a216f in term 1.
I20260601 13:38:25.085335 27573 raft_consensus.cc:2468] T 7cf90d829eec45c8a340d7b36760e4c5 P cf0bc644068a432c95ad36e5d4a2b07d [term 1 FOLLOWER]: Leader election vote request: Granting yes vote for candidate 510a4db88a934881b7bc2f58590a216f in term 1.
I20260601 13:38:25.085572 27788 raft_consensus.cc:493] T d0d0b90dbe8f41a3aa53a188c1701d83 P cf0bc644068a432c95ad36e5d4a2b07d [term 0 FOLLOWER]: Starting pre-election (no leader contacted us within the election timeout)
I20260601 13:38:25.085650 27788 raft_consensus.cc:515] T d0d0b90dbe8f41a3aa53a188c1701d83 P cf0bc644068a432c95ad36e5d4a2b07d [term 0 FOLLOWER]: Starting pre-election with config: opid_index: -1 OBSOLETE_local: false peers { permanent_uuid: "cf0bc644068a432c95ad36e5d4a2b07d" member_type: VOTER last_known_addr { host: "127.26.68.1" port: 39729 } } peers { permanent_uuid: "510a4db88a934881b7bc2f58590a216f" member_type: VOTER last_known_addr { host: "127.26.68.2" port: 39919 } } peers { permanent_uuid: "d2e5acc9523546dea670537ef5314e73" member_type: VOTER last_known_addr { host: "127.26.68.3" port: 42393 } }
I20260601 13:38:25.085654 27615 leader_election.cc:304] T 7cf90d829eec45c8a340d7b36760e4c5 P 510a4db88a934881b7bc2f58590a216f [CANDIDATE]: Term 1 election: Election decided. Result: candidate won. Election summary: received 2 responses out of 3 voters: 2 yes votes; 0 no votes. yes voters: 510a4db88a934881b7bc2f58590a216f, d2e5acc9523546dea670537ef5314e73; no voters: 
I20260601 13:38:25.085909 27774 raft_consensus.cc:2804] T 7cf90d829eec45c8a340d7b36760e4c5 P 510a4db88a934881b7bc2f58590a216f [term 1 FOLLOWER]: Leader election won for term 1
I20260601 13:38:25.086076 27774 raft_consensus.cc:697] T 7cf90d829eec45c8a340d7b36760e4c5 P 510a4db88a934881b7bc2f58590a216f [term 1 LEADER]: Becoming Leader. State: Replica: 510a4db88a934881b7bc2f58590a216f, State: Running, Role: LEADER
I20260601 13:38:25.086144 27788 leader_election.cc:290] T d0d0b90dbe8f41a3aa53a188c1701d83 P cf0bc644068a432c95ad36e5d4a2b07d [CANDIDATE]: Term 1 pre-election: Requested pre-vote from peers 510a4db88a934881b7bc2f58590a216f (127.26.68.2:39919), d2e5acc9523546dea670537ef5314e73 (127.26.68.3:42393)
I20260601 13:38:25.086189 27774 consensus_queue.cc:237] T 7cf90d829eec45c8a340d7b36760e4c5 P 510a4db88a934881b7bc2f58590a216f [LEADER]: Queue going to LEADER mode. State: All replicated index: 0, Majority replicated index: 0, Committed index: 0, Last appended: 0.0, Last appended by leader: 0, Current term: 1, Majority size: 2, State: 0, Mode: LEADER, active raft config: opid_index: -1 OBSOLETE_local: false peers { permanent_uuid: "cf0bc644068a432c95ad36e5d4a2b07d" member_type: VOTER last_known_addr { host: "127.26.68.1" port: 39729 } } peers { permanent_uuid: "510a4db88a934881b7bc2f58590a216f" member_type: VOTER last_known_addr { host: "127.26.68.2" port: 39919 } } peers { permanent_uuid: "d2e5acc9523546dea670537ef5314e73" member_type: VOTER last_known_addr { host: "127.26.68.3" port: 42393 } }
I20260601 13:38:25.088189 27778 tablet_bootstrap.cc:492] T ff5e31fa8eb04fcbb69a22657c0432f5 P cf0bc644068a432c95ad36e5d4a2b07d: No bootstrap required, opened a new log
I20260601 13:38:25.088143 27467 catalog_manager.cc:5696] T 7cf90d829eec45c8a340d7b36760e4c5 P 510a4db88a934881b7bc2f58590a216f reported cstate change: term changed from 0 to 1, leader changed from <none> to 510a4db88a934881b7bc2f58590a216f (127.26.68.2). New cstate: current_term: 1 leader_uuid: "510a4db88a934881b7bc2f58590a216f" committed_config { opid_index: -1 OBSOLETE_local: false peers { permanent_uuid: "cf0bc644068a432c95ad36e5d4a2b07d" member_type: VOTER last_known_addr { host: "127.26.68.1" port: 39729 } health_report { overall_health: UNKNOWN } } peers { permanent_uuid: "510a4db88a934881b7bc2f58590a216f" member_type: VOTER last_known_addr { host: "127.26.68.2" port: 39919 } health_report { overall_health: HEALTHY } } peers { permanent_uuid: "d2e5acc9523546dea670537ef5314e73" member_type: VOTER last_known_addr { host: "127.26.68.3" port: 42393 } health_report { overall_health: UNKNOWN } } }
I20260601 13:38:25.088272 27778 ts_tablet_manager.cc:1403] T ff5e31fa8eb04fcbb69a22657c0432f5 P cf0bc644068a432c95ad36e5d4a2b07d: Time spent bootstrapping tablet: real 0.004s	user 0.001s	sys 0.000s
I20260601 13:38:25.088703 27778 raft_consensus.cc:359] T ff5e31fa8eb04fcbb69a22657c0432f5 P cf0bc644068a432c95ad36e5d4a2b07d [term 0 FOLLOWER]: Replica starting. Triggering 0 pending ops. Active config: opid_index: -1 OBSOLETE_local: false peers { permanent_uuid: "cf0bc644068a432c95ad36e5d4a2b07d" member_type: VOTER last_known_addr { host: "127.26.68.1" port: 39729 } } peers { permanent_uuid: "510a4db88a934881b7bc2f58590a216f" member_type: VOTER last_known_addr { host: "127.26.68.2" port: 39919 } } peers { permanent_uuid: "d2e5acc9523546dea670537ef5314e73" member_type: VOTER last_known_addr { host: "127.26.68.3" port: 42393 } }
I20260601 13:38:25.088819 27778 raft_consensus.cc:385] T ff5e31fa8eb04fcbb69a22657c0432f5 P cf0bc644068a432c95ad36e5d4a2b07d [term 0 FOLLOWER]: Consensus starting up: Expiring failure detector timer to make a prompt election more likely
I20260601 13:38:25.088872 27778 raft_consensus.cc:740] T ff5e31fa8eb04fcbb69a22657c0432f5 P cf0bc644068a432c95ad36e5d4a2b07d [term 0 FOLLOWER]: Becoming Follower/Learner. State: Replica: cf0bc644068a432c95ad36e5d4a2b07d, State: Initialized, Role: FOLLOWER
I20260601 13:38:25.088979 27778 consensus_queue.cc:260] T ff5e31fa8eb04fcbb69a22657c0432f5 P cf0bc644068a432c95ad36e5d4a2b07d [NON_LEADER]: Queue going to NON_LEADER mode. State: All replicated index: 0, Majority replicated index: 0, Committed index: 0, Last appended: 0.0, Last appended by leader: 0, Current term: 0, Majority size: -1, State: 0, Mode: NON_LEADER, active raft config: opid_index: -1 OBSOLETE_local: false peers { permanent_uuid: "cf0bc644068a432c95ad36e5d4a2b07d" member_type: VOTER last_known_addr { host: "127.26.68.1" port: 39729 } } peers { permanent_uuid: "510a4db88a934881b7bc2f58590a216f" member_type: VOTER last_known_addr { host: "127.26.68.2" port: 39919 } } peers { permanent_uuid: "d2e5acc9523546dea670537ef5314e73" member_type: VOTER last_known_addr { host: "127.26.68.3" port: 42393 } }
I20260601 13:38:25.090364 27778 ts_tablet_manager.cc:1434] T ff5e31fa8eb04fcbb69a22657c0432f5 P cf0bc644068a432c95ad36e5d4a2b07d: Time spent starting tablet: real 0.002s	user 0.001s	sys 0.000s
I20260601 13:38:25.090684 27788 raft_consensus.cc:493] T 6fd7867a516847d2933d8ad98c7a847a P cf0bc644068a432c95ad36e5d4a2b07d [term 0 FOLLOWER]: Starting pre-election (no leader contacted us within the election timeout)
I20260601 13:38:25.090758 27788 raft_consensus.cc:515] T 6fd7867a516847d2933d8ad98c7a847a P cf0bc644068a432c95ad36e5d4a2b07d [term 0 FOLLOWER]: Starting pre-election with config: opid_index: -1 OBSOLETE_local: false peers { permanent_uuid: "cf0bc644068a432c95ad36e5d4a2b07d" member_type: VOTER last_known_addr { host: "127.26.68.1" port: 39729 } } peers { permanent_uuid: "510a4db88a934881b7bc2f58590a216f" member_type: VOTER last_known_addr { host: "127.26.68.2" port: 39919 } } peers { permanent_uuid: "d2e5acc9523546dea670537ef5314e73" member_type: VOTER last_known_addr { host: "127.26.68.3" port: 42393 } }
I20260601 13:38:25.090925 27725 tablet_service.cc:1917] Received RequestConsensusVote() RPC: tablet_id: "d0d0b90dbe8f41a3aa53a188c1701d83" candidate_uuid: "cf0bc644068a432c95ad36e5d4a2b07d" candidate_term: 1 candidate_status { last_received { term: 0 index: 0 } } ignore_live_leader: false dest_uuid: "d2e5acc9523546dea670537ef5314e73" is_pre_election: true
I20260601 13:38:25.091019 27725 raft_consensus.cc:2468] T d0d0b90dbe8f41a3aa53a188c1701d83 P d2e5acc9523546dea670537ef5314e73 [term 0 FOLLOWER]: Leader pre-election vote request: Granting yes vote for candidate cf0bc644068a432c95ad36e5d4a2b07d in term 0.
I20260601 13:38:25.091077 27788 leader_election.cc:290] T 6fd7867a516847d2933d8ad98c7a847a P cf0bc644068a432c95ad36e5d4a2b07d [CANDIDATE]: Term 1 pre-election: Requested pre-vote from peers 510a4db88a934881b7bc2f58590a216f (127.26.68.2:39919), d2e5acc9523546dea670537ef5314e73 (127.26.68.3:42393)
I20260601 13:38:25.091691 27538 leader_election.cc:304] T d0d0b90dbe8f41a3aa53a188c1701d83 P cf0bc644068a432c95ad36e5d4a2b07d [CANDIDATE]: Term 1 pre-election: Election decided. Result: candidate won. Election summary: received 2 responses out of 3 voters: 2 yes votes; 0 no votes. yes voters: cf0bc644068a432c95ad36e5d4a2b07d, d2e5acc9523546dea670537ef5314e73; no voters: 
I20260601 13:38:25.091874 27788 raft_consensus.cc:2804] T d0d0b90dbe8f41a3aa53a188c1701d83 P cf0bc644068a432c95ad36e5d4a2b07d [term 0 FOLLOWER]: Leader pre-election won for term 1
I20260601 13:38:25.091949 27788 raft_consensus.cc:493] T d0d0b90dbe8f41a3aa53a188c1701d83 P cf0bc644068a432c95ad36e5d4a2b07d [term 0 FOLLOWER]: Starting leader election (no leader contacted us within the election timeout)
I20260601 13:38:25.091996 27788 raft_consensus.cc:3060] T d0d0b90dbe8f41a3aa53a188c1701d83 P cf0bc644068a432c95ad36e5d4a2b07d [term 0 FOLLOWER]: Advancing to term 1
I20260601 13:38:25.092267 27650 tablet_service.cc:1917] Received RequestConsensusVote() RPC: tablet_id: "d0d0b90dbe8f41a3aa53a188c1701d83" candidate_uuid: "cf0bc644068a432c95ad36e5d4a2b07d" candidate_term: 1 candidate_status { last_received { term: 0 index: 0 } } ignore_live_leader: false dest_uuid: "510a4db88a934881b7bc2f58590a216f" is_pre_election: true
I20260601 13:38:25.092383 27650 raft_consensus.cc:2468] T d0d0b90dbe8f41a3aa53a188c1701d83 P 510a4db88a934881b7bc2f58590a216f [term 0 FOLLOWER]: Leader pre-election vote request: Granting yes vote for candidate cf0bc644068a432c95ad36e5d4a2b07d in term 0.
I20260601 13:38:25.092645 27649 tablet_service.cc:1917] Received RequestConsensusVote() RPC: tablet_id: "6fd7867a516847d2933d8ad98c7a847a" candidate_uuid: "cf0bc644068a432c95ad36e5d4a2b07d" candidate_term: 1 candidate_status { last_received { term: 0 index: 0 } } ignore_live_leader: false dest_uuid: "510a4db88a934881b7bc2f58590a216f" is_pre_election: true
I20260601 13:38:25.092746 27649 raft_consensus.cc:2468] T 6fd7867a516847d2933d8ad98c7a847a P 510a4db88a934881b7bc2f58590a216f [term 0 FOLLOWER]: Leader pre-election vote request: Granting yes vote for candidate cf0bc644068a432c95ad36e5d4a2b07d in term 0.
I20260601 13:38:25.092934 27788 raft_consensus.cc:515] T d0d0b90dbe8f41a3aa53a188c1701d83 P cf0bc644068a432c95ad36e5d4a2b07d [term 1 FOLLOWER]: Starting leader election with config: opid_index: -1 OBSOLETE_local: false peers { permanent_uuid: "cf0bc644068a432c95ad36e5d4a2b07d" member_type: VOTER last_known_addr { host: "127.26.68.1" port: 39729 } } peers { permanent_uuid: "510a4db88a934881b7bc2f58590a216f" member_type: VOTER last_known_addr { host: "127.26.68.2" port: 39919 } } peers { permanent_uuid: "d2e5acc9523546dea670537ef5314e73" member_type: VOTER last_known_addr { host: "127.26.68.3" port: 42393 } }
I20260601 13:38:25.093046 27725 tablet_service.cc:1917] Received RequestConsensusVote() RPC: tablet_id: "6fd7867a516847d2933d8ad98c7a847a" candidate_uuid: "cf0bc644068a432c95ad36e5d4a2b07d" candidate_term: 1 candidate_status { last_received { term: 0 index: 0 } } ignore_live_leader: false dest_uuid: "d2e5acc9523546dea670537ef5314e73" is_pre_election: true
I20260601 13:38:25.093129 27725 raft_consensus.cc:2468] T 6fd7867a516847d2933d8ad98c7a847a P d2e5acc9523546dea670537ef5314e73 [term 0 FOLLOWER]: Leader pre-election vote request: Granting yes vote for candidate cf0bc644068a432c95ad36e5d4a2b07d in term 0.
I20260601 13:38:25.093277 27788 leader_election.cc:290] T d0d0b90dbe8f41a3aa53a188c1701d83 P cf0bc644068a432c95ad36e5d4a2b07d [CANDIDATE]: Term 1 election: Requested vote from peers 510a4db88a934881b7bc2f58590a216f (127.26.68.2:39919), d2e5acc9523546dea670537ef5314e73 (127.26.68.3:42393)
I20260601 13:38:25.093497 27538 leader_election.cc:304] T 6fd7867a516847d2933d8ad98c7a847a P cf0bc644068a432c95ad36e5d4a2b07d [CANDIDATE]: Term 1 pre-election: Election decided. Result: candidate won. Election summary: received 2 responses out of 3 voters: 2 yes votes; 0 no votes. yes voters: cf0bc644068a432c95ad36e5d4a2b07d, d2e5acc9523546dea670537ef5314e73; no voters: 
I20260601 13:38:25.093559 27725 tablet_service.cc:1917] Received RequestConsensusVote() RPC: tablet_id: "d0d0b90dbe8f41a3aa53a188c1701d83" candidate_uuid: "cf0bc644068a432c95ad36e5d4a2b07d" candidate_term: 1 candidate_status { last_received { term: 0 index: 0 } } ignore_live_leader: false dest_uuid: "d2e5acc9523546dea670537ef5314e73"
I20260601 13:38:25.093644 27788 raft_consensus.cc:2804] T 6fd7867a516847d2933d8ad98c7a847a P cf0bc644068a432c95ad36e5d4a2b07d [term 0 FOLLOWER]: Leader pre-election won for term 1
I20260601 13:38:25.093647 27725 raft_consensus.cc:3060] T d0d0b90dbe8f41a3aa53a188c1701d83 P d2e5acc9523546dea670537ef5314e73 [term 0 FOLLOWER]: Advancing to term 1
I20260601 13:38:25.093703 27788 raft_consensus.cc:493] T 6fd7867a516847d2933d8ad98c7a847a P cf0bc644068a432c95ad36e5d4a2b07d [term 0 FOLLOWER]: Starting leader election (no leader contacted us within the election timeout)
I20260601 13:38:25.093750 27788 raft_consensus.cc:3060] T 6fd7867a516847d2933d8ad98c7a847a P cf0bc644068a432c95ad36e5d4a2b07d [term 0 FOLLOWER]: Advancing to term 1
I20260601 13:38:25.094012 27649 tablet_service.cc:1917] Received RequestConsensusVote() RPC: tablet_id: "d0d0b90dbe8f41a3aa53a188c1701d83" candidate_uuid: "cf0bc644068a432c95ad36e5d4a2b07d" candidate_term: 1 candidate_status { last_received { term: 0 index: 0 } } ignore_live_leader: false dest_uuid: "510a4db88a934881b7bc2f58590a216f"
I20260601 13:38:25.094153 27649 raft_consensus.cc:3060] T d0d0b90dbe8f41a3aa53a188c1701d83 P 510a4db88a934881b7bc2f58590a216f [term 0 FOLLOWER]: Advancing to term 1
I20260601 13:38:25.094492 27788 raft_consensus.cc:515] T 6fd7867a516847d2933d8ad98c7a847a P cf0bc644068a432c95ad36e5d4a2b07d [term 1 FOLLOWER]: Starting leader election with config: opid_index: -1 OBSOLETE_local: false peers { permanent_uuid: "cf0bc644068a432c95ad36e5d4a2b07d" member_type: VOTER last_known_addr { host: "127.26.68.1" port: 39729 } } peers { permanent_uuid: "510a4db88a934881b7bc2f58590a216f" member_type: VOTER last_known_addr { host: "127.26.68.2" port: 39919 } } peers { permanent_uuid: "d2e5acc9523546dea670537ef5314e73" member_type: VOTER last_known_addr { host: "127.26.68.3" port: 42393 } }
I20260601 13:38:25.094502 27725 raft_consensus.cc:2468] T d0d0b90dbe8f41a3aa53a188c1701d83 P d2e5acc9523546dea670537ef5314e73 [term 1 FOLLOWER]: Leader election vote request: Granting yes vote for candidate cf0bc644068a432c95ad36e5d4a2b07d in term 1.
I20260601 13:38:25.094874 27788 leader_election.cc:290] T 6fd7867a516847d2933d8ad98c7a847a P cf0bc644068a432c95ad36e5d4a2b07d [CANDIDATE]: Term 1 election: Requested vote from peers 510a4db88a934881b7bc2f58590a216f (127.26.68.2:39919), d2e5acc9523546dea670537ef5314e73 (127.26.68.3:42393)
I20260601 13:38:25.094874 27538 leader_election.cc:304] T d0d0b90dbe8f41a3aa53a188c1701d83 P cf0bc644068a432c95ad36e5d4a2b07d [CANDIDATE]: Term 1 election: Election decided. Result: candidate won. Election summary: received 2 responses out of 3 voters: 2 yes votes; 0 no votes. yes voters: cf0bc644068a432c95ad36e5d4a2b07d, d2e5acc9523546dea670537ef5314e73; no voters: 
I20260601 13:38:25.095046 27788 raft_consensus.cc:2804] T d0d0b90dbe8f41a3aa53a188c1701d83 P cf0bc644068a432c95ad36e5d4a2b07d [term 1 FOLLOWER]: Leader election won for term 1
I20260601 13:38:25.095191 27788 raft_consensus.cc:697] T d0d0b90dbe8f41a3aa53a188c1701d83 P cf0bc644068a432c95ad36e5d4a2b07d [term 1 LEADER]: Becoming Leader. State: Replica: cf0bc644068a432c95ad36e5d4a2b07d, State: Running, Role: LEADER
I20260601 13:38:25.095223 27649 raft_consensus.cc:2468] T d0d0b90dbe8f41a3aa53a188c1701d83 P 510a4db88a934881b7bc2f58590a216f [term 1 FOLLOWER]: Leader election vote request: Granting yes vote for candidate cf0bc644068a432c95ad36e5d4a2b07d in term 1.
I20260601 13:38:25.095297 27788 consensus_queue.cc:237] T d0d0b90dbe8f41a3aa53a188c1701d83 P cf0bc644068a432c95ad36e5d4a2b07d [LEADER]: Queue going to LEADER mode. State: All replicated index: 0, Majority replicated index: 0, Committed index: 0, Last appended: 0.0, Last appended by leader: 0, Current term: 1, Majority size: 2, State: 0, Mode: LEADER, active raft config: opid_index: -1 OBSOLETE_local: false peers { permanent_uuid: "cf0bc644068a432c95ad36e5d4a2b07d" member_type: VOTER last_known_addr { host: "127.26.68.1" port: 39729 } } peers { permanent_uuid: "510a4db88a934881b7bc2f58590a216f" member_type: VOTER last_known_addr { host: "127.26.68.2" port: 39919 } } peers { permanent_uuid: "d2e5acc9523546dea670537ef5314e73" member_type: VOTER last_known_addr { host: "127.26.68.3" port: 42393 } }
I20260601 13:38:25.095353 27650 tablet_service.cc:1917] Received RequestConsensusVote() RPC: tablet_id: "6fd7867a516847d2933d8ad98c7a847a" candidate_uuid: "cf0bc644068a432c95ad36e5d4a2b07d" candidate_term: 1 candidate_status { last_received { term: 0 index: 0 } } ignore_live_leader: false dest_uuid: "510a4db88a934881b7bc2f58590a216f"
I20260601 13:38:25.095432 27650 raft_consensus.cc:3060] T 6fd7867a516847d2933d8ad98c7a847a P 510a4db88a934881b7bc2f58590a216f [term 0 FOLLOWER]: Advancing to term 1
I20260601 13:38:25.096210 27650 raft_consensus.cc:2468] T 6fd7867a516847d2933d8ad98c7a847a P 510a4db88a934881b7bc2f58590a216f [term 1 FOLLOWER]: Leader election vote request: Granting yes vote for candidate cf0bc644068a432c95ad36e5d4a2b07d in term 1.
I20260601 13:38:25.096517 27537 leader_election.cc:304] T 6fd7867a516847d2933d8ad98c7a847a P cf0bc644068a432c95ad36e5d4a2b07d [CANDIDATE]: Term 1 election: Election decided. Result: candidate won. Election summary: received 2 responses out of 3 voters: 2 yes votes; 0 no votes. yes voters: 510a4db88a934881b7bc2f58590a216f, cf0bc644068a432c95ad36e5d4a2b07d; no voters: 
I20260601 13:38:25.095309 27725 tablet_service.cc:1917] Received RequestConsensusVote() RPC: tablet_id: "6fd7867a516847d2933d8ad98c7a847a" candidate_uuid: "cf0bc644068a432c95ad36e5d4a2b07d" candidate_term: 1 candidate_status { last_received { term: 0 index: 0 } } ignore_live_leader: false dest_uuid: "d2e5acc9523546dea670537ef5314e73"
I20260601 13:38:25.096676 27788 raft_consensus.cc:2804] T 6fd7867a516847d2933d8ad98c7a847a P cf0bc644068a432c95ad36e5d4a2b07d [term 1 FOLLOWER]: Leader election won for term 1
I20260601 13:38:25.096709 27725 raft_consensus.cc:3060] T 6fd7867a516847d2933d8ad98c7a847a P d2e5acc9523546dea670537ef5314e73 [term 0 FOLLOWER]: Advancing to term 1
I20260601 13:38:25.096769 27788 raft_consensus.cc:697] T 6fd7867a516847d2933d8ad98c7a847a P cf0bc644068a432c95ad36e5d4a2b07d [term 1 LEADER]: Becoming Leader. State: Replica: cf0bc644068a432c95ad36e5d4a2b07d, State: Running, Role: LEADER
I20260601 13:38:25.096881 27788 consensus_queue.cc:237] T 6fd7867a516847d2933d8ad98c7a847a P cf0bc644068a432c95ad36e5d4a2b07d [LEADER]: Queue going to LEADER mode. State: All replicated index: 0, Majority replicated index: 0, Committed index: 0, Last appended: 0.0, Last appended by leader: 0, Current term: 1, Majority size: 2, State: 0, Mode: LEADER, active raft config: opid_index: -1 OBSOLETE_local: false peers { permanent_uuid: "cf0bc644068a432c95ad36e5d4a2b07d" member_type: VOTER last_known_addr { host: "127.26.68.1" port: 39729 } } peers { permanent_uuid: "510a4db88a934881b7bc2f58590a216f" member_type: VOTER last_known_addr { host: "127.26.68.2" port: 39919 } } peers { permanent_uuid: "d2e5acc9523546dea670537ef5314e73" member_type: VOTER last_known_addr { host: "127.26.68.3" port: 42393 } }
I20260601 13:38:25.097237 27725 raft_consensus.cc:2468] T 6fd7867a516847d2933d8ad98c7a847a P d2e5acc9523546dea670537ef5314e73 [term 1 FOLLOWER]: Leader election vote request: Granting yes vote for candidate cf0bc644068a432c95ad36e5d4a2b07d in term 1.
I20260601 13:38:25.097942 27464 catalog_manager.cc:5696] T d0d0b90dbe8f41a3aa53a188c1701d83 P cf0bc644068a432c95ad36e5d4a2b07d reported cstate change: term changed from 0 to 1, leader changed from <none> to cf0bc644068a432c95ad36e5d4a2b07d (127.26.68.1). New cstate: current_term: 1 leader_uuid: "cf0bc644068a432c95ad36e5d4a2b07d" committed_config { opid_index: -1 OBSOLETE_local: false peers { permanent_uuid: "cf0bc644068a432c95ad36e5d4a2b07d" member_type: VOTER last_known_addr { host: "127.26.68.1" port: 39729 } health_report { overall_health: HEALTHY } } peers { permanent_uuid: "510a4db88a934881b7bc2f58590a216f" member_type: VOTER last_known_addr { host: "127.26.68.2" port: 39919 } health_report { overall_health: UNKNOWN } } peers { permanent_uuid: "d2e5acc9523546dea670537ef5314e73" member_type: VOTER last_known_addr { host: "127.26.68.3" port: 42393 } health_report { overall_health: UNKNOWN } } }
I20260601 13:38:25.100440 27788 raft_consensus.cc:493] T ff5e31fa8eb04fcbb69a22657c0432f5 P cf0bc644068a432c95ad36e5d4a2b07d [term 0 FOLLOWER]: Starting pre-election (no leader contacted us within the election timeout)
I20260601 13:38:25.100436 27464 catalog_manager.cc:5696] T 6fd7867a516847d2933d8ad98c7a847a P cf0bc644068a432c95ad36e5d4a2b07d reported cstate change: term changed from 0 to 1, leader changed from <none> to cf0bc644068a432c95ad36e5d4a2b07d (127.26.68.1). New cstate: current_term: 1 leader_uuid: "cf0bc644068a432c95ad36e5d4a2b07d" committed_config { opid_index: -1 OBSOLETE_local: false peers { permanent_uuid: "cf0bc644068a432c95ad36e5d4a2b07d" member_type: VOTER last_known_addr { host: "127.26.68.1" port: 39729 } health_report { overall_health: HEALTHY } } peers { permanent_uuid: "510a4db88a934881b7bc2f58590a216f" member_type: VOTER last_known_addr { host: "127.26.68.2" port: 39919 } health_report { overall_health: UNKNOWN } } peers { permanent_uuid: "d2e5acc9523546dea670537ef5314e73" member_type: VOTER last_known_addr { host: "127.26.68.3" port: 42393 } health_report { overall_health: UNKNOWN } } }
I20260601 13:38:25.100559 27788 raft_consensus.cc:515] T ff5e31fa8eb04fcbb69a22657c0432f5 P cf0bc644068a432c95ad36e5d4a2b07d [term 0 FOLLOWER]: Starting pre-election with config: opid_index: -1 OBSOLETE_local: false peers { permanent_uuid: "cf0bc644068a432c95ad36e5d4a2b07d" member_type: VOTER last_known_addr { host: "127.26.68.1" port: 39729 } } peers { permanent_uuid: "510a4db88a934881b7bc2f58590a216f" member_type: VOTER last_known_addr { host: "127.26.68.2" port: 39919 } } peers { permanent_uuid: "d2e5acc9523546dea670537ef5314e73" member_type: VOTER last_known_addr { host: "127.26.68.3" port: 42393 } }
I20260601 13:38:25.100888 27788 leader_election.cc:290] T ff5e31fa8eb04fcbb69a22657c0432f5 P cf0bc644068a432c95ad36e5d4a2b07d [CANDIDATE]: Term 1 pre-election: Requested pre-vote from peers 510a4db88a934881b7bc2f58590a216f (127.26.68.2:39919), d2e5acc9523546dea670537ef5314e73 (127.26.68.3:42393)
I20260601 13:38:25.101145 27650 tablet_service.cc:1917] Received RequestConsensusVote() RPC: tablet_id: "ff5e31fa8eb04fcbb69a22657c0432f5" candidate_uuid: "cf0bc644068a432c95ad36e5d4a2b07d" candidate_term: 1 candidate_status { last_received { term: 0 index: 0 } } ignore_live_leader: false dest_uuid: "510a4db88a934881b7bc2f58590a216f" is_pre_election: true
I20260601 13:38:25.101239 27725 tablet_service.cc:1917] Received RequestConsensusVote() RPC: tablet_id: "ff5e31fa8eb04fcbb69a22657c0432f5" candidate_uuid: "cf0bc644068a432c95ad36e5d4a2b07d" candidate_term: 1 candidate_status { last_received { term: 0 index: 0 } } ignore_live_leader: false dest_uuid: "d2e5acc9523546dea670537ef5314e73" is_pre_election: true
I20260601 13:38:25.101257 27650 raft_consensus.cc:2468] T ff5e31fa8eb04fcbb69a22657c0432f5 P 510a4db88a934881b7bc2f58590a216f [term 0 FOLLOWER]: Leader pre-election vote request: Granting yes vote for candidate cf0bc644068a432c95ad36e5d4a2b07d in term 0.
I20260601 13:38:25.101353 27725 raft_consensus.cc:2468] T ff5e31fa8eb04fcbb69a22657c0432f5 P d2e5acc9523546dea670537ef5314e73 [term 0 FOLLOWER]: Leader pre-election vote request: Granting yes vote for candidate cf0bc644068a432c95ad36e5d4a2b07d in term 0.
I20260601 13:38:25.101545 27537 leader_election.cc:304] T ff5e31fa8eb04fcbb69a22657c0432f5 P cf0bc644068a432c95ad36e5d4a2b07d [CANDIDATE]: Term 1 pre-election: Election decided. Result: candidate won. Election summary: received 2 responses out of 3 voters: 2 yes votes; 0 no votes. yes voters: 510a4db88a934881b7bc2f58590a216f, cf0bc644068a432c95ad36e5d4a2b07d; no voters: 
I20260601 13:38:25.101680 27788 raft_consensus.cc:2804] T ff5e31fa8eb04fcbb69a22657c0432f5 P cf0bc644068a432c95ad36e5d4a2b07d [term 0 FOLLOWER]: Leader pre-election won for term 1
I20260601 13:38:25.101737 27788 raft_consensus.cc:493] T ff5e31fa8eb04fcbb69a22657c0432f5 P cf0bc644068a432c95ad36e5d4a2b07d [term 0 FOLLOWER]: Starting leader election (no leader contacted us within the election timeout)
I20260601 13:38:25.101800 27788 raft_consensus.cc:3060] T ff5e31fa8eb04fcbb69a22657c0432f5 P cf0bc644068a432c95ad36e5d4a2b07d [term 0 FOLLOWER]: Advancing to term 1
I20260601 13:38:25.102567 27788 raft_consensus.cc:515] T ff5e31fa8eb04fcbb69a22657c0432f5 P cf0bc644068a432c95ad36e5d4a2b07d [term 1 FOLLOWER]: Starting leader election with config: opid_index: -1 OBSOLETE_local: false peers { permanent_uuid: "cf0bc644068a432c95ad36e5d4a2b07d" member_type: VOTER last_known_addr { host: "127.26.68.1" port: 39729 } } peers { permanent_uuid: "510a4db88a934881b7bc2f58590a216f" member_type: VOTER last_known_addr { host: "127.26.68.2" port: 39919 } } peers { permanent_uuid: "d2e5acc9523546dea670537ef5314e73" member_type: VOTER last_known_addr { host: "127.26.68.3" port: 42393 } }
I20260601 13:38:25.102785 27784 raft_consensus.cc:493] T 2d95bc10f0ac42e8a3000373ceba36eb P cf0bc644068a432c95ad36e5d4a2b07d [term 0 FOLLOWER]: Starting pre-election (no leader contacted us within the election timeout)
I20260601 13:38:25.102893 27784 raft_consensus.cc:515] T 2d95bc10f0ac42e8a3000373ceba36eb P cf0bc644068a432c95ad36e5d4a2b07d [term 0 FOLLOWER]: Starting pre-election with config: opid_index: -1 OBSOLETE_local: false peers { permanent_uuid: "cf0bc644068a432c95ad36e5d4a2b07d" member_type: VOTER last_known_addr { host: "127.26.68.1" port: 39729 } } peers { permanent_uuid: "510a4db88a934881b7bc2f58590a216f" member_type: VOTER last_known_addr { host: "127.26.68.2" port: 39919 } } peers { permanent_uuid: "d2e5acc9523546dea670537ef5314e73" member_type: VOTER last_known_addr { host: "127.26.68.3" port: 42393 } }
I20260601 13:38:25.102949 27788 leader_election.cc:290] T ff5e31fa8eb04fcbb69a22657c0432f5 P cf0bc644068a432c95ad36e5d4a2b07d [CANDIDATE]: Term 1 election: Requested vote from peers 510a4db88a934881b7bc2f58590a216f (127.26.68.2:39919), d2e5acc9523546dea670537ef5314e73 (127.26.68.3:42393)
I20260601 13:38:25.103120 27650 tablet_service.cc:1917] Received RequestConsensusVote() RPC: tablet_id: "ff5e31fa8eb04fcbb69a22657c0432f5" candidate_uuid: "cf0bc644068a432c95ad36e5d4a2b07d" candidate_term: 1 candidate_status { last_received { term: 0 index: 0 } } ignore_live_leader: false dest_uuid: "510a4db88a934881b7bc2f58590a216f"
I20260601 13:38:25.103217 27650 raft_consensus.cc:3060] T ff5e31fa8eb04fcbb69a22657c0432f5 P 510a4db88a934881b7bc2f58590a216f [term 0 FOLLOWER]: Advancing to term 1
I20260601 13:38:25.103248 27784 leader_election.cc:290] T 2d95bc10f0ac42e8a3000373ceba36eb P cf0bc644068a432c95ad36e5d4a2b07d [CANDIDATE]: Term 1 pre-election: Requested pre-vote from peers 510a4db88a934881b7bc2f58590a216f (127.26.68.2:39919), d2e5acc9523546dea670537ef5314e73 (127.26.68.3:42393)
I20260601 13:38:25.103363 27725 tablet_service.cc:1917] Received RequestConsensusVote() RPC: tablet_id: "ff5e31fa8eb04fcbb69a22657c0432f5" candidate_uuid: "cf0bc644068a432c95ad36e5d4a2b07d" candidate_term: 1 candidate_status { last_received { term: 0 index: 0 } } ignore_live_leader: false dest_uuid: "d2e5acc9523546dea670537ef5314e73"
I20260601 13:38:25.103418 27725 raft_consensus.cc:3060] T ff5e31fa8eb04fcbb69a22657c0432f5 P d2e5acc9523546dea670537ef5314e73 [term 0 FOLLOWER]: Advancing to term 1
I20260601 13:38:25.103518 27649 tablet_service.cc:1917] Received RequestConsensusVote() RPC: tablet_id: "2d95bc10f0ac42e8a3000373ceba36eb" candidate_uuid: "cf0bc644068a432c95ad36e5d4a2b07d" candidate_term: 1 candidate_status { last_received { term: 0 index: 0 } } ignore_live_leader: false dest_uuid: "510a4db88a934881b7bc2f58590a216f" is_pre_election: true
I20260601 13:38:25.103614 27649 raft_consensus.cc:2468] T 2d95bc10f0ac42e8a3000373ceba36eb P 510a4db88a934881b7bc2f58590a216f [term 0 FOLLOWER]: Leader pre-election vote request: Granting yes vote for candidate cf0bc644068a432c95ad36e5d4a2b07d in term 0.
I20260601 13:38:25.103852 27537 leader_election.cc:304] T 2d95bc10f0ac42e8a3000373ceba36eb P cf0bc644068a432c95ad36e5d4a2b07d [CANDIDATE]: Term 1 pre-election: Election decided. Result: candidate won. Election summary: received 2 responses out of 3 voters: 2 yes votes; 0 no votes. yes voters: 510a4db88a934881b7bc2f58590a216f, cf0bc644068a432c95ad36e5d4a2b07d; no voters: 
I20260601 13:38:25.103986 27650 raft_consensus.cc:2468] T ff5e31fa8eb04fcbb69a22657c0432f5 P 510a4db88a934881b7bc2f58590a216f [term 1 FOLLOWER]: Leader election vote request: Granting yes vote for candidate cf0bc644068a432c95ad36e5d4a2b07d in term 1.
I20260601 13:38:25.104027 27784 raft_consensus.cc:2804] T 2d95bc10f0ac42e8a3000373ceba36eb P cf0bc644068a432c95ad36e5d4a2b07d [term 0 FOLLOWER]: Leader pre-election won for term 1
I20260601 13:38:25.104094 27784 raft_consensus.cc:493] T 2d95bc10f0ac42e8a3000373ceba36eb P cf0bc644068a432c95ad36e5d4a2b07d [term 0 FOLLOWER]: Starting leader election (no leader contacted us within the election timeout)
I20260601 13:38:25.104106 27725 raft_consensus.cc:2468] T ff5e31fa8eb04fcbb69a22657c0432f5 P d2e5acc9523546dea670537ef5314e73 [term 1 FOLLOWER]: Leader election vote request: Granting yes vote for candidate cf0bc644068a432c95ad36e5d4a2b07d in term 1.
I20260601 13:38:25.104146 27784 raft_consensus.cc:3060] T 2d95bc10f0ac42e8a3000373ceba36eb P cf0bc644068a432c95ad36e5d4a2b07d [term 0 FOLLOWER]: Advancing to term 1
I20260601 13:38:25.104247 27537 leader_election.cc:304] T ff5e31fa8eb04fcbb69a22657c0432f5 P cf0bc644068a432c95ad36e5d4a2b07d [CANDIDATE]: Term 1 election: Election decided. Result: candidate won. Election summary: received 2 responses out of 3 voters: 2 yes votes; 0 no votes. yes voters: 510a4db88a934881b7bc2f58590a216f, cf0bc644068a432c95ad36e5d4a2b07d; no voters: 
I20260601 13:38:25.104409 27788 raft_consensus.cc:2804] T ff5e31fa8eb04fcbb69a22657c0432f5 P cf0bc644068a432c95ad36e5d4a2b07d [term 1 FOLLOWER]: Leader election won for term 1
I20260601 13:38:25.104584 27725 tablet_service.cc:1917] Received RequestConsensusVote() RPC: tablet_id: "2d95bc10f0ac42e8a3000373ceba36eb" candidate_uuid: "cf0bc644068a432c95ad36e5d4a2b07d" candidate_term: 1 candidate_status { last_received { term: 0 index: 0 } } ignore_live_leader: false dest_uuid: "d2e5acc9523546dea670537ef5314e73" is_pre_election: true
I20260601 13:38:25.104595 27788 raft_consensus.cc:697] T ff5e31fa8eb04fcbb69a22657c0432f5 P cf0bc644068a432c95ad36e5d4a2b07d [term 1 LEADER]: Becoming Leader. State: Replica: cf0bc644068a432c95ad36e5d4a2b07d, State: Running, Role: LEADER
I20260601 13:38:25.104730 27725 raft_consensus.cc:2468] T 2d95bc10f0ac42e8a3000373ceba36eb P d2e5acc9523546dea670537ef5314e73 [term 0 FOLLOWER]: Leader pre-election vote request: Granting yes vote for candidate cf0bc644068a432c95ad36e5d4a2b07d in term 0.
I20260601 13:38:25.104780 27788 consensus_queue.cc:237] T ff5e31fa8eb04fcbb69a22657c0432f5 P cf0bc644068a432c95ad36e5d4a2b07d [LEADER]: Queue going to LEADER mode. State: All replicated index: 0, Majority replicated index: 0, Committed index: 0, Last appended: 0.0, Last appended by leader: 0, Current term: 1, Majority size: 2, State: 0, Mode: LEADER, active raft config: opid_index: -1 OBSOLETE_local: false peers { permanent_uuid: "cf0bc644068a432c95ad36e5d4a2b07d" member_type: VOTER last_known_addr { host: "127.26.68.1" port: 39729 } } peers { permanent_uuid: "510a4db88a934881b7bc2f58590a216f" member_type: VOTER last_known_addr { host: "127.26.68.2" port: 39919 } } peers { permanent_uuid: "d2e5acc9523546dea670537ef5314e73" member_type: VOTER last_known_addr { host: "127.26.68.3" port: 42393 } }
I20260601 13:38:25.105027 27784 raft_consensus.cc:515] T 2d95bc10f0ac42e8a3000373ceba36eb P cf0bc644068a432c95ad36e5d4a2b07d [term 1 FOLLOWER]: Starting leader election with config: opid_index: -1 OBSOLETE_local: false peers { permanent_uuid: "cf0bc644068a432c95ad36e5d4a2b07d" member_type: VOTER last_known_addr { host: "127.26.68.1" port: 39729 } } peers { permanent_uuid: "510a4db88a934881b7bc2f58590a216f" member_type: VOTER last_known_addr { host: "127.26.68.2" port: 39919 } } peers { permanent_uuid: "d2e5acc9523546dea670537ef5314e73" member_type: VOTER last_known_addr { host: "127.26.68.3" port: 42393 } }
I20260601 13:38:25.105404 27784 leader_election.cc:290] T 2d95bc10f0ac42e8a3000373ceba36eb P cf0bc644068a432c95ad36e5d4a2b07d [CANDIDATE]: Term 1 election: Requested vote from peers 510a4db88a934881b7bc2f58590a216f (127.26.68.2:39919), d2e5acc9523546dea670537ef5314e73 (127.26.68.3:42393)
I20260601 13:38:25.105593 27650 tablet_service.cc:1917] Received RequestConsensusVote() RPC: tablet_id: "2d95bc10f0ac42e8a3000373ceba36eb" candidate_uuid: "cf0bc644068a432c95ad36e5d4a2b07d" candidate_term: 1 candidate_status { last_received { term: 0 index: 0 } } ignore_live_leader: false dest_uuid: "510a4db88a934881b7bc2f58590a216f"
I20260601 13:38:25.105695 27650 raft_consensus.cc:3060] T 2d95bc10f0ac42e8a3000373ceba36eb P 510a4db88a934881b7bc2f58590a216f [term 0 FOLLOWER]: Advancing to term 1
I20260601 13:38:25.105978 27725 tablet_service.cc:1917] Received RequestConsensusVote() RPC: tablet_id: "2d95bc10f0ac42e8a3000373ceba36eb" candidate_uuid: "cf0bc644068a432c95ad36e5d4a2b07d" candidate_term: 1 candidate_status { last_received { term: 0 index: 0 } } ignore_live_leader: false dest_uuid: "d2e5acc9523546dea670537ef5314e73"
I20260601 13:38:25.106084 27725 raft_consensus.cc:3060] T 2d95bc10f0ac42e8a3000373ceba36eb P d2e5acc9523546dea670537ef5314e73 [term 0 FOLLOWER]: Advancing to term 1
I20260601 13:38:25.106252 27464 catalog_manager.cc:5696] T ff5e31fa8eb04fcbb69a22657c0432f5 P cf0bc644068a432c95ad36e5d4a2b07d reported cstate change: term changed from 0 to 1, leader changed from <none> to cf0bc644068a432c95ad36e5d4a2b07d (127.26.68.1). New cstate: current_term: 1 leader_uuid: "cf0bc644068a432c95ad36e5d4a2b07d" committed_config { opid_index: -1 OBSOLETE_local: false peers { permanent_uuid: "cf0bc644068a432c95ad36e5d4a2b07d" member_type: VOTER last_known_addr { host: "127.26.68.1" port: 39729 } health_report { overall_health: HEALTHY } } peers { permanent_uuid: "510a4db88a934881b7bc2f58590a216f" member_type: VOTER last_known_addr { host: "127.26.68.2" port: 39919 } health_report { overall_health: UNKNOWN } } peers { permanent_uuid: "d2e5acc9523546dea670537ef5314e73" member_type: VOTER last_known_addr { host: "127.26.68.3" port: 42393 } health_report { overall_health: UNKNOWN } } }
I20260601 13:38:25.106436 27650 raft_consensus.cc:2468] T 2d95bc10f0ac42e8a3000373ceba36eb P 510a4db88a934881b7bc2f58590a216f [term 1 FOLLOWER]: Leader election vote request: Granting yes vote for candidate cf0bc644068a432c95ad36e5d4a2b07d in term 1.
I20260601 13:38:25.106736 27537 leader_election.cc:304] T 2d95bc10f0ac42e8a3000373ceba36eb P cf0bc644068a432c95ad36e5d4a2b07d [CANDIDATE]: Term 1 election: Election decided. Result: candidate won. Election summary: received 2 responses out of 3 voters: 2 yes votes; 0 no votes. yes voters: 510a4db88a934881b7bc2f58590a216f, cf0bc644068a432c95ad36e5d4a2b07d; no voters: 
I20260601 13:38:25.106925 27788 raft_consensus.cc:2804] T 2d95bc10f0ac42e8a3000373ceba36eb P cf0bc644068a432c95ad36e5d4a2b07d [term 1 FOLLOWER]: Leader election won for term 1
I20260601 13:38:25.106972 27725 raft_consensus.cc:2468] T 2d95bc10f0ac42e8a3000373ceba36eb P d2e5acc9523546dea670537ef5314e73 [term 1 FOLLOWER]: Leader election vote request: Granting yes vote for candidate cf0bc644068a432c95ad36e5d4a2b07d in term 1.
I20260601 13:38:25.107030 27788 raft_consensus.cc:697] T 2d95bc10f0ac42e8a3000373ceba36eb P cf0bc644068a432c95ad36e5d4a2b07d [term 1 LEADER]: Becoming Leader. State: Replica: cf0bc644068a432c95ad36e5d4a2b07d, State: Running, Role: LEADER
I20260601 13:38:25.107144 27788 consensus_queue.cc:237] T 2d95bc10f0ac42e8a3000373ceba36eb P cf0bc644068a432c95ad36e5d4a2b07d [LEADER]: Queue going to LEADER mode. State: All replicated index: 0, Majority replicated index: 0, Committed index: 0, Last appended: 0.0, Last appended by leader: 0, Current term: 1, Majority size: 2, State: 0, Mode: LEADER, active raft config: opid_index: -1 OBSOLETE_local: false peers { permanent_uuid: "cf0bc644068a432c95ad36e5d4a2b07d" member_type: VOTER last_known_addr { host: "127.26.68.1" port: 39729 } } peers { permanent_uuid: "510a4db88a934881b7bc2f58590a216f" member_type: VOTER last_known_addr { host: "127.26.68.2" port: 39919 } } peers { permanent_uuid: "d2e5acc9523546dea670537ef5314e73" member_type: VOTER last_known_addr { host: "127.26.68.3" port: 42393 } }
I20260601 13:38:25.108848 27464 catalog_manager.cc:5696] T 2d95bc10f0ac42e8a3000373ceba36eb P cf0bc644068a432c95ad36e5d4a2b07d reported cstate change: term changed from 0 to 1, leader changed from <none> to cf0bc644068a432c95ad36e5d4a2b07d (127.26.68.1). New cstate: current_term: 1 leader_uuid: "cf0bc644068a432c95ad36e5d4a2b07d" committed_config { opid_index: -1 OBSOLETE_local: false peers { permanent_uuid: "cf0bc644068a432c95ad36e5d4a2b07d" member_type: VOTER last_known_addr { host: "127.26.68.1" port: 39729 } health_report { overall_health: HEALTHY } } peers { permanent_uuid: "510a4db88a934881b7bc2f58590a216f" member_type: VOTER last_known_addr { host: "127.26.68.2" port: 39919 } health_report { overall_health: UNKNOWN } } peers { permanent_uuid: "d2e5acc9523546dea670537ef5314e73" member_type: VOTER last_known_addr { host: "127.26.68.3" port: 42393 } health_report { overall_health: UNKNOWN } } }
W20260601 13:38:25.188236 27600 tablet.cc:2404] T 2d95bc10f0ac42e8a3000373ceba36eb P cf0bc644068a432c95ad36e5d4a2b07d: Can't schedule compaction. Clean time has not been advanced past its initial value.
I20260601 13:38:25.197347 27781 raft_consensus.cc:493] T e1ce958ae7ca4c68ae82f25bcae87919 P d2e5acc9523546dea670537ef5314e73 [term 0 FOLLOWER]: Starting pre-election (no leader contacted us within the election timeout)
I20260601 13:38:25.197461 27781 raft_consensus.cc:515] T e1ce958ae7ca4c68ae82f25bcae87919 P d2e5acc9523546dea670537ef5314e73 [term 0 FOLLOWER]: Starting pre-election with config: opid_index: -1 OBSOLETE_local: false peers { permanent_uuid: "510a4db88a934881b7bc2f58590a216f" member_type: VOTER last_known_addr { host: "127.26.68.2" port: 39919 } } peers { permanent_uuid: "cf0bc644068a432c95ad36e5d4a2b07d" member_type: VOTER last_known_addr { host: "127.26.68.1" port: 39729 } } peers { permanent_uuid: "d2e5acc9523546dea670537ef5314e73" member_type: VOTER last_known_addr { host: "127.26.68.3" port: 42393 } }
I20260601 13:38:25.197956 27781 leader_election.cc:290] T e1ce958ae7ca4c68ae82f25bcae87919 P d2e5acc9523546dea670537ef5314e73 [CANDIDATE]: Term 1 pre-election: Requested pre-vote from peers 510a4db88a934881b7bc2f58590a216f (127.26.68.2:39919), cf0bc644068a432c95ad36e5d4a2b07d (127.26.68.1:39729)
I20260601 13:38:25.201982 27573 tablet_service.cc:1917] Received RequestConsensusVote() RPC: tablet_id: "e1ce958ae7ca4c68ae82f25bcae87919" candidate_uuid: "d2e5acc9523546dea670537ef5314e73" candidate_term: 1 candidate_status { last_received { term: 0 index: 0 } } ignore_live_leader: false dest_uuid: "cf0bc644068a432c95ad36e5d4a2b07d" is_pre_election: true
I20260601 13:38:25.201982 27650 tablet_service.cc:1917] Received RequestConsensusVote() RPC: tablet_id: "e1ce958ae7ca4c68ae82f25bcae87919" candidate_uuid: "d2e5acc9523546dea670537ef5314e73" candidate_term: 1 candidate_status { last_received { term: 0 index: 0 } } ignore_live_leader: false dest_uuid: "510a4db88a934881b7bc2f58590a216f" is_pre_election: true
I20260601 13:38:25.202135 27650 raft_consensus.cc:2468] T e1ce958ae7ca4c68ae82f25bcae87919 P 510a4db88a934881b7bc2f58590a216f [term 0 FOLLOWER]: Leader pre-election vote request: Granting yes vote for candidate d2e5acc9523546dea670537ef5314e73 in term 0.
I20260601 13:38:25.202135 27573 raft_consensus.cc:2468] T e1ce958ae7ca4c68ae82f25bcae87919 P cf0bc644068a432c95ad36e5d4a2b07d [term 0 FOLLOWER]: Leader pre-election vote request: Granting yes vote for candidate d2e5acc9523546dea670537ef5314e73 in term 0.
I20260601 13:38:25.202389 27688 leader_election.cc:304] T e1ce958ae7ca4c68ae82f25bcae87919 P d2e5acc9523546dea670537ef5314e73 [CANDIDATE]: Term 1 pre-election: Election decided. Result: candidate won. Election summary: received 2 responses out of 3 voters: 2 yes votes; 0 no votes. yes voters: cf0bc644068a432c95ad36e5d4a2b07d, d2e5acc9523546dea670537ef5314e73; no voters: 
I20260601 13:38:25.202584 27781 raft_consensus.cc:2804] T e1ce958ae7ca4c68ae82f25bcae87919 P d2e5acc9523546dea670537ef5314e73 [term 0 FOLLOWER]: Leader pre-election won for term 1
I20260601 13:38:25.202641 27781 raft_consensus.cc:493] T e1ce958ae7ca4c68ae82f25bcae87919 P d2e5acc9523546dea670537ef5314e73 [term 0 FOLLOWER]: Starting leader election (no leader contacted us within the election timeout)
I20260601 13:38:25.202683 27781 raft_consensus.cc:3060] T e1ce958ae7ca4c68ae82f25bcae87919 P d2e5acc9523546dea670537ef5314e73 [term 0 FOLLOWER]: Advancing to term 1
