I20260601 13:39:30.498114 30080 tablet_bootstrap.cc:654] T 049f749d562f4926925061a64b20330d P bfbb5d080a494527b9bedc0b36425cb0: Neither blocks nor log segments found. Creating new log.
I20260601 13:39:30.498128 30082 tablet_bootstrap.cc:492] T efe07257ef854165a6d971d86c4a1a4b P 321b29347a8141afa8e1ed92517a8d5c: Bootstrap starting.
I20260601 13:39:30.499228 30082 tablet_bootstrap.cc:654] T efe07257ef854165a6d971d86c4a1a4b P 321b29347a8141afa8e1ed92517a8d5c: Neither blocks nor log segments found. Creating new log.
I20260601 13:39:30.500097 30079 tablet_bootstrap.cc:654] T 815adf615f2b4b4dbfb70e723fe7f382 P 2898567dc67640a3a7765308c0b50614: Neither blocks nor log segments found. Creating new log.
I20260601 13:39:30.500741 29776 catalog_manager.cc:6241] T 00000000000000000000000000000000 P 02518dfc89dd48b7824d5aad58f474c6: range_aware_rebalance_new_range [id=f3c40f2bc7b44a64a2e0043cd8f5d204] alter complete (version 0)
I20260601 13:39:30.500982 30182 tablet_service.cc:1917] Received RequestConsensusVote() RPC: tablet_id: "049f749d562f4926925061a64b20330d" candidate_uuid: "321b29347a8141afa8e1ed92517a8d5c" candidate_term: 1 candidate_status { last_received { term: 0 index: 0 } } ignore_live_leader: false dest_uuid: "ddaa2fe39af742c095452ba7464f63ef" is_pre_election: true
I20260601 13:39:30.501173 30079 tablet_bootstrap.cc:492] T 815adf615f2b4b4dbfb70e723fe7f382 P 2898567dc67640a3a7765308c0b50614: No bootstrap required, opened a new log
I20260601 13:39:30.501287 30079 ts_tablet_manager.cc:1403] T 815adf615f2b4b4dbfb70e723fe7f382 P 2898567dc67640a3a7765308c0b50614: Time spent bootstrapping tablet: real 0.003s	user 0.001s	sys 0.001s
W20260601 13:39:30.501348 29843 leader_election.cc:343] T 049f749d562f4926925061a64b20330d P 321b29347a8141afa8e1ed92517a8d5c [CANDIDATE]: Term 1 pre-election: Tablet error from VoteRequest() call to peer ddaa2fe39af742c095452ba7464f63ef (127.26.68.4:37671): Illegal state: must be running to vote when last-logged opid is not known
I20260601 13:39:30.501434 29843 leader_election.cc:304] T 049f749d562f4926925061a64b20330d P 321b29347a8141afa8e1ed92517a8d5c [CANDIDATE]: Term 1 pre-election: Election decided. Result: candidate lost. Election summary: received 3 responses out of 3 voters: 1 yes votes; 2 no votes. yes voters: 321b29347a8141afa8e1ed92517a8d5c; no voters: bfbb5d080a494527b9bedc0b36425cb0, ddaa2fe39af742c095452ba7464f63ef
I20260601 13:39:30.501641 30105 raft_consensus.cc:2749] T 049f749d562f4926925061a64b20330d P 321b29347a8141afa8e1ed92517a8d5c [term 0 FOLLOWER]: Leader pre-election lost for term 1. Reason: could not achieve majority
I20260601 13:39:30.501698 30079 raft_consensus.cc:359] T 815adf615f2b4b4dbfb70e723fe7f382 P 2898567dc67640a3a7765308c0b50614 [term 0 FOLLOWER]: Replica starting. Triggering 0 pending ops. Active config: opid_index: -1 OBSOLETE_local: false peers { permanent_uuid: "321b29347a8141afa8e1ed92517a8d5c" member_type: VOTER last_known_addr { host: "127.26.68.1" port: 36867 } } peers { permanent_uuid: "ddaa2fe39af742c095452ba7464f63ef" member_type: VOTER last_known_addr { host: "127.26.68.4" port: 37671 } } peers { permanent_uuid: "2898567dc67640a3a7765308c0b50614" member_type: VOTER last_known_addr { host: "127.26.68.2" port: 45105 } }
I20260601 13:39:30.500983 30223 tablet_bootstrap.cc:492] T e127c0e3c4634c3182b1fda9266e3082 P ddaa2fe39af742c095452ba7464f63ef: No bootstrap required, opened a new log
I20260601 13:39:30.501799 30079 raft_consensus.cc:385] T 815adf615f2b4b4dbfb70e723fe7f382 P 2898567dc67640a3a7765308c0b50614 [term 0 FOLLOWER]: Consensus starting up: Expiring failure detector timer to make a prompt election more likely
I20260601 13:39:30.501832 30079 raft_consensus.cc:740] T 815adf615f2b4b4dbfb70e723fe7f382 P 2898567dc67640a3a7765308c0b50614 [term 0 FOLLOWER]: Becoming Follower/Learner. State: Replica: 2898567dc67640a3a7765308c0b50614, State: Initialized, Role: FOLLOWER
I20260601 13:39:30.501852 30223 ts_tablet_manager.cc:1403] T e127c0e3c4634c3182b1fda9266e3082 P ddaa2fe39af742c095452ba7464f63ef: Time spent bootstrapping tablet: real 0.021s	user 0.002s	sys 0.000s
I20260601 13:39:30.501974 30079 consensus_queue.cc:260] T 815adf615f2b4b4dbfb70e723fe7f382 P 2898567dc67640a3a7765308c0b50614 [NON_LEADER]: Queue going to NON_LEADER mode. State: All replicated index: 0, Majority replicated index: 0, Committed index: 0, Last appended: 0.0, Last appended by leader: 0, Current term: 0, Majority size: -1, State: 0, Mode: NON_LEADER, active raft config: opid_index: -1 OBSOLETE_local: false peers { permanent_uuid: "321b29347a8141afa8e1ed92517a8d5c" member_type: VOTER last_known_addr { host: "127.26.68.1" port: 36867 } } peers { permanent_uuid: "ddaa2fe39af742c095452ba7464f63ef" member_type: VOTER last_known_addr { host: "127.26.68.4" port: 37671 } } peers { permanent_uuid: "2898567dc67640a3a7765308c0b50614" member_type: VOTER last_known_addr { host: "127.26.68.2" port: 45105 } }
I20260601 13:39:30.502226 30079 ts_tablet_manager.cc:1434] T 815adf615f2b4b4dbfb70e723fe7f382 P 2898567dc67640a3a7765308c0b50614: Time spent starting tablet: real 0.001s	user 0.000s	sys 0.000s
I20260601 13:39:30.502296 30223 raft_consensus.cc:359] T e127c0e3c4634c3182b1fda9266e3082 P ddaa2fe39af742c095452ba7464f63ef [term 0 FOLLOWER]: Replica starting. Triggering 0 pending ops. Active config: opid_index: -1 OBSOLETE_local: false peers { permanent_uuid: "ddaa2fe39af742c095452ba7464f63ef" member_type: VOTER last_known_addr { host: "127.26.68.4" port: 37671 } } peers { permanent_uuid: "321b29347a8141afa8e1ed92517a8d5c" member_type: VOTER last_known_addr { host: "127.26.68.1" port: 36867 } } peers { permanent_uuid: "bfbb5d080a494527b9bedc0b36425cb0" member_type: VOTER last_known_addr { host: "127.26.68.3" port: 36071 } }
I20260601 13:39:30.502379 30223 raft_consensus.cc:385] T e127c0e3c4634c3182b1fda9266e3082 P ddaa2fe39af742c095452ba7464f63ef [term 0 FOLLOWER]: Consensus starting up: Expiring failure detector timer to make a prompt election more likely
I20260601 13:39:30.502437 30223 raft_consensus.cc:740] T e127c0e3c4634c3182b1fda9266e3082 P ddaa2fe39af742c095452ba7464f63ef [term 0 FOLLOWER]: Becoming Follower/Learner. State: Replica: ddaa2fe39af742c095452ba7464f63ef, State: Initialized, Role: FOLLOWER
I20260601 13:39:30.502383 30079 tablet_bootstrap.cc:492] T e75c7b581ae54532a62395865e6f2e3b P 2898567dc67640a3a7765308c0b50614: Bootstrap starting.
I20260601 13:39:30.502606 30223 consensus_queue.cc:260] T e127c0e3c4634c3182b1fda9266e3082 P ddaa2fe39af742c095452ba7464f63ef [NON_LEADER]: Queue going to NON_LEADER mode. State: All replicated index: 0, Majority replicated index: 0, Committed index: 0, Last appended: 0.0, Last appended by leader: 0, Current term: 0, Majority size: -1, State: 0, Mode: NON_LEADER, active raft config: opid_index: -1 OBSOLETE_local: false peers { permanent_uuid: "ddaa2fe39af742c095452ba7464f63ef" member_type: VOTER last_known_addr { host: "127.26.68.4" port: 37671 } } peers { permanent_uuid: "321b29347a8141afa8e1ed92517a8d5c" member_type: VOTER last_known_addr { host: "127.26.68.1" port: 36867 } } peers { permanent_uuid: "bfbb5d080a494527b9bedc0b36425cb0" member_type: VOTER last_known_addr { host: "127.26.68.3" port: 36071 } }
I20260601 13:39:30.502976 30223 ts_tablet_manager.cc:1434] T e127c0e3c4634c3182b1fda9266e3082 P ddaa2fe39af742c095452ba7464f63ef: Time spent starting tablet: real 0.001s	user 0.001s	sys 0.000s
I20260601 13:39:30.503137 30209 heartbeater.cc:499] Master 127.26.68.62:34833 was elected leader, sending a full tablet report...
I20260601 13:39:30.503172 30223 tablet_bootstrap.cc:492] T 280284145d2d4155b53684c0245bce7a P ddaa2fe39af742c095452ba7464f63ef: Bootstrap starting.
I20260601 13:39:30.503721 30079 tablet_bootstrap.cc:654] T e75c7b581ae54532a62395865e6f2e3b P 2898567dc67640a3a7765308c0b50614: Neither blocks nor log segments found. Creating new log.
I20260601 13:39:30.504223 30223 tablet_bootstrap.cc:654] T 280284145d2d4155b53684c0245bce7a P ddaa2fe39af742c095452ba7464f63ef: Neither blocks nor log segments found. Creating new log.
I20260601 13:39:30.504284 30122 consensus_queue.cc:1048] T 7873e2b5ec0c4cd79d1f4c84644bd3da P bfbb5d080a494527b9bedc0b36425cb0 [LEADER]: Connected to new peer: Peer: permanent_uuid: "2898567dc67640a3a7765308c0b50614" member_type: VOTER last_known_addr { host: "127.26.68.2" port: 45105 }, Status: LMP_MISMATCH, Last received: 0.0, Next index: 1, Last known committed idx: 0, Time since last communication: 0.000s
I20260601 13:39:30.504918 30079 tablet_bootstrap.cc:492] T e75c7b581ae54532a62395865e6f2e3b P 2898567dc67640a3a7765308c0b50614: No bootstrap required, opened a new log
I20260601 13:39:30.505009 30079 ts_tablet_manager.cc:1403] T e75c7b581ae54532a62395865e6f2e3b P 2898567dc67640a3a7765308c0b50614: Time spent bootstrapping tablet: real 0.003s	user 0.001s	sys 0.001s
I20260601 13:39:30.505438 30079 raft_consensus.cc:359] T e75c7b581ae54532a62395865e6f2e3b P 2898567dc67640a3a7765308c0b50614 [term 0 FOLLOWER]: Replica starting. Triggering 0 pending ops. Active config: opid_index: -1 OBSOLETE_local: false peers { permanent_uuid: "ddaa2fe39af742c095452ba7464f63ef" member_type: VOTER last_known_addr { host: "127.26.68.4" port: 37671 } } peers { permanent_uuid: "2898567dc67640a3a7765308c0b50614" member_type: VOTER last_known_addr { host: "127.26.68.2" port: 45105 } } peers { permanent_uuid: "bfbb5d080a494527b9bedc0b36425cb0" member_type: VOTER last_known_addr { host: "127.26.68.3" port: 36071 } }
I20260601 13:39:30.505555 30079 raft_consensus.cc:385] T e75c7b581ae54532a62395865e6f2e3b P 2898567dc67640a3a7765308c0b50614 [term 0 FOLLOWER]: Consensus starting up: Expiring failure detector timer to make a prompt election more likely
I20260601 13:39:30.505594 30079 raft_consensus.cc:740] T e75c7b581ae54532a62395865e6f2e3b P 2898567dc67640a3a7765308c0b50614 [term 0 FOLLOWER]: Becoming Follower/Learner. State: Replica: 2898567dc67640a3a7765308c0b50614, State: Initialized, Role: FOLLOWER
I20260601 13:39:30.505722 30079 consensus_queue.cc:260] T e75c7b581ae54532a62395865e6f2e3b P 2898567dc67640a3a7765308c0b50614 [NON_LEADER]: Queue going to NON_LEADER mode. State: All replicated index: 0, Majority replicated index: 0, Committed index: 0, Last appended: 0.0, Last appended by leader: 0, Current term: 0, Majority size: -1, State: 0, Mode: NON_LEADER, active raft config: opid_index: -1 OBSOLETE_local: false peers { permanent_uuid: "ddaa2fe39af742c095452ba7464f63ef" member_type: VOTER last_known_addr { host: "127.26.68.4" port: 37671 } } peers { permanent_uuid: "2898567dc67640a3a7765308c0b50614" member_type: VOTER last_known_addr { host: "127.26.68.2" port: 45105 } } peers { permanent_uuid: "bfbb5d080a494527b9bedc0b36425cb0" member_type: VOTER last_known_addr { host: "127.26.68.3" port: 36071 } }
I20260601 13:39:30.505988 30079 ts_tablet_manager.cc:1434] T e75c7b581ae54532a62395865e6f2e3b P 2898567dc67640a3a7765308c0b50614: Time spent starting tablet: real 0.001s	user 0.001s	sys 0.000s
I20260601 13:39:30.506430 30082 tablet_bootstrap.cc:492] T efe07257ef854165a6d971d86c4a1a4b P 321b29347a8141afa8e1ed92517a8d5c: No bootstrap required, opened a new log
I20260601 13:39:30.506565 30082 ts_tablet_manager.cc:1403] T efe07257ef854165a6d971d86c4a1a4b P 321b29347a8141afa8e1ed92517a8d5c: Time spent bootstrapping tablet: real 0.008s	user 0.001s	sys 0.000s
I20260601 13:39:30.506958 30082 raft_consensus.cc:359] T efe07257ef854165a6d971d86c4a1a4b P 321b29347a8141afa8e1ed92517a8d5c [term 0 FOLLOWER]: Replica starting. Triggering 0 pending ops. Active config: opid_index: -1 OBSOLETE_local: false peers { permanent_uuid: "ddaa2fe39af742c095452ba7464f63ef" member_type: VOTER last_known_addr { host: "127.26.68.4" port: 37671 } } peers { permanent_uuid: "2898567dc67640a3a7765308c0b50614" member_type: VOTER last_known_addr { host: "127.26.68.2" port: 45105 } } peers { permanent_uuid: "321b29347a8141afa8e1ed92517a8d5c" member_type: VOTER last_known_addr { host: "127.26.68.1" port: 36867 } }
I20260601 13:39:30.507069 30082 raft_consensus.cc:385] T efe07257ef854165a6d971d86c4a1a4b P 321b29347a8141afa8e1ed92517a8d5c [term 0 FOLLOWER]: Consensus starting up: Expiring failure detector timer to make a prompt election more likely
I20260601 13:39:30.507118 30082 raft_consensus.cc:740] T efe07257ef854165a6d971d86c4a1a4b P 321b29347a8141afa8e1ed92517a8d5c [term 0 FOLLOWER]: Becoming Follower/Learner. State: Replica: 321b29347a8141afa8e1ed92517a8d5c, State: Initialized, Role: FOLLOWER
I20260601 13:39:30.507231 30082 consensus_queue.cc:260] T efe07257ef854165a6d971d86c4a1a4b P 321b29347a8141afa8e1ed92517a8d5c [NON_LEADER]: Queue going to NON_LEADER mode. State: All replicated index: 0, Majority replicated index: 0, Committed index: 0, Last appended: 0.0, Last appended by leader: 0, Current term: 0, Majority size: -1, State: 0, Mode: NON_LEADER, active raft config: opid_index: -1 OBSOLETE_local: false peers { permanent_uuid: "ddaa2fe39af742c095452ba7464f63ef" member_type: VOTER last_known_addr { host: "127.26.68.4" port: 37671 } } peers { permanent_uuid: "2898567dc67640a3a7765308c0b50614" member_type: VOTER last_known_addr { host: "127.26.68.2" port: 45105 } } peers { permanent_uuid: "321b29347a8141afa8e1ed92517a8d5c" member_type: VOTER last_known_addr { host: "127.26.68.1" port: 36867 } }
I20260601 13:39:30.507546 30082 ts_tablet_manager.cc:1434] T efe07257ef854165a6d971d86c4a1a4b P 321b29347a8141afa8e1ed92517a8d5c: Time spent starting tablet: real 0.001s	user 0.000s	sys 0.001s
I20260601 13:39:30.509480 30223 tablet_bootstrap.cc:492] T 280284145d2d4155b53684c0245bce7a P ddaa2fe39af742c095452ba7464f63ef: No bootstrap required, opened a new log
I20260601 13:39:30.509513 30080 tablet_bootstrap.cc:492] T 049f749d562f4926925061a64b20330d P bfbb5d080a494527b9bedc0b36425cb0: No bootstrap required, opened a new log
I20260601 13:39:30.509588 30223 ts_tablet_manager.cc:1403] T 280284145d2d4155b53684c0245bce7a P ddaa2fe39af742c095452ba7464f63ef: Time spent bootstrapping tablet: real 0.006s	user 0.002s	sys 0.000s
I20260601 13:39:30.509598 30080 ts_tablet_manager.cc:1403] T 049f749d562f4926925061a64b20330d P bfbb5d080a494527b9bedc0b36425cb0: Time spent bootstrapping tablet: real 0.013s	user 0.001s	sys 0.001s
I20260601 13:39:30.510001 30223 raft_consensus.cc:359] T 280284145d2d4155b53684c0245bce7a P ddaa2fe39af742c095452ba7464f63ef [term 0 FOLLOWER]: Replica starting. Triggering 0 pending ops. Active config: opid_index: -1 OBSOLETE_local: false peers { permanent_uuid: "ddaa2fe39af742c095452ba7464f63ef" member_type: VOTER last_known_addr { host: "127.26.68.4" port: 37671 } } peers { permanent_uuid: "321b29347a8141afa8e1ed92517a8d5c" member_type: VOTER last_known_addr { host: "127.26.68.1" port: 36867 } } peers { permanent_uuid: "2898567dc67640a3a7765308c0b50614" member_type: VOTER last_known_addr { host: "127.26.68.2" port: 45105 } }
I20260601 13:39:30.509979 30080 raft_consensus.cc:359] T 049f749d562f4926925061a64b20330d P bfbb5d080a494527b9bedc0b36425cb0 [term 0 FOLLOWER]: Replica starting. Triggering 0 pending ops. Active config: opid_index: -1 OBSOLETE_local: false peers { permanent_uuid: "ddaa2fe39af742c095452ba7464f63ef" member_type: VOTER last_known_addr { host: "127.26.68.4" port: 37671 } } peers { permanent_uuid: "321b29347a8141afa8e1ed92517a8d5c" member_type: VOTER last_known_addr { host: "127.26.68.1" port: 36867 } } peers { permanent_uuid: "bfbb5d080a494527b9bedc0b36425cb0" member_type: VOTER last_known_addr { host: "127.26.68.3" port: 36071 } }
I20260601 13:39:30.510087 30223 raft_consensus.cc:385] T 280284145d2d4155b53684c0245bce7a P ddaa2fe39af742c095452ba7464f63ef [term 0 FOLLOWER]: Consensus starting up: Expiring failure detector timer to make a prompt election more likely
I20260601 13:39:30.510125 30223 raft_consensus.cc:740] T 280284145d2d4155b53684c0245bce7a P ddaa2fe39af742c095452ba7464f63ef [term 0 FOLLOWER]: Becoming Follower/Learner. State: Replica: ddaa2fe39af742c095452ba7464f63ef, State: Initialized, Role: FOLLOWER
I20260601 13:39:30.510131 30080 raft_consensus.cc:385] T 049f749d562f4926925061a64b20330d P bfbb5d080a494527b9bedc0b36425cb0 [term 0 FOLLOWER]: Consensus starting up: Expiring failure detector timer to make a prompt election more likely
I20260601 13:39:30.510208 30080 raft_consensus.cc:740] T 049f749d562f4926925061a64b20330d P bfbb5d080a494527b9bedc0b36425cb0 [term 0 FOLLOWER]: Becoming Follower/Learner. State: Replica: bfbb5d080a494527b9bedc0b36425cb0, State: Initialized, Role: FOLLOWER
I20260601 13:39:30.510262 30223 consensus_queue.cc:260] T 280284145d2d4155b53684c0245bce7a P ddaa2fe39af742c095452ba7464f63ef [NON_LEADER]: Queue going to NON_LEADER mode. State: All replicated index: 0, Majority replicated index: 0, Committed index: 0, Last appended: 0.0, Last appended by leader: 0, Current term: 0, Majority size: -1, State: 0, Mode: NON_LEADER, active raft config: opid_index: -1 OBSOLETE_local: false peers { permanent_uuid: "ddaa2fe39af742c095452ba7464f63ef" member_type: VOTER last_known_addr { host: "127.26.68.4" port: 37671 } } peers { permanent_uuid: "321b29347a8141afa8e1ed92517a8d5c" member_type: VOTER last_known_addr { host: "127.26.68.1" port: 36867 } } peers { permanent_uuid: "2898567dc67640a3a7765308c0b50614" member_type: VOTER last_known_addr { host: "127.26.68.2" port: 45105 } }
I20260601 13:39:30.510335 30080 consensus_queue.cc:260] T 049f749d562f4926925061a64b20330d P bfbb5d080a494527b9bedc0b36425cb0 [NON_LEADER]: Queue going to NON_LEADER mode. State: All replicated index: 0, Majority replicated index: 0, Committed index: 0, Last appended: 0.0, Last appended by leader: 0, Current term: 0, Majority size: -1, State: 0, Mode: NON_LEADER, active raft config: opid_index: -1 OBSOLETE_local: false peers { permanent_uuid: "ddaa2fe39af742c095452ba7464f63ef" member_type: VOTER last_known_addr { host: "127.26.68.4" port: 37671 } } peers { permanent_uuid: "321b29347a8141afa8e1ed92517a8d5c" member_type: VOTER last_known_addr { host: "127.26.68.1" port: 36867 } } peers { permanent_uuid: "bfbb5d080a494527b9bedc0b36425cb0" member_type: VOTER last_known_addr { host: "127.26.68.3" port: 36071 } }
I20260601 13:39:30.510558 30223 ts_tablet_manager.cc:1434] T 280284145d2d4155b53684c0245bce7a P ddaa2fe39af742c095452ba7464f63ef: Time spent starting tablet: real 0.001s	user 0.001s	sys 0.000s
I20260601 13:39:30.510638 30080 ts_tablet_manager.cc:1434] T 049f749d562f4926925061a64b20330d P bfbb5d080a494527b9bedc0b36425cb0: Time spent starting tablet: real 0.001s	user 0.001s	sys 0.000s
I20260601 13:39:30.510727 30223 tablet_bootstrap.cc:492] T 815adf615f2b4b4dbfb70e723fe7f382 P ddaa2fe39af742c095452ba7464f63ef: Bootstrap starting.
I20260601 13:39:30.511530 30223 tablet_bootstrap.cc:654] T 815adf615f2b4b4dbfb70e723fe7f382 P ddaa2fe39af742c095452ba7464f63ef: Neither blocks nor log segments found. Creating new log.
I20260601 13:39:30.512813 30223 tablet_bootstrap.cc:492] T 815adf615f2b4b4dbfb70e723fe7f382 P ddaa2fe39af742c095452ba7464f63ef: No bootstrap required, opened a new log
I20260601 13:39:30.512953 30223 ts_tablet_manager.cc:1403] T 815adf615f2b4b4dbfb70e723fe7f382 P ddaa2fe39af742c095452ba7464f63ef: Time spent bootstrapping tablet: real 0.002s	user 0.002s	sys 0.000s
I20260601 13:39:30.513381 30223 raft_consensus.cc:359] T 815adf615f2b4b4dbfb70e723fe7f382 P ddaa2fe39af742c095452ba7464f63ef [term 0 FOLLOWER]: Replica starting. Triggering 0 pending ops. Active config: opid_index: -1 OBSOLETE_local: false peers { permanent_uuid: "321b29347a8141afa8e1ed92517a8d5c" member_type: VOTER last_known_addr { host: "127.26.68.1" port: 36867 } } peers { permanent_uuid: "ddaa2fe39af742c095452ba7464f63ef" member_type: VOTER last_known_addr { host: "127.26.68.4" port: 37671 } } peers { permanent_uuid: "2898567dc67640a3a7765308c0b50614" member_type: VOTER last_known_addr { host: "127.26.68.2" port: 45105 } }
I20260601 13:39:30.513484 30223 raft_consensus.cc:385] T 815adf615f2b4b4dbfb70e723fe7f382 P ddaa2fe39af742c095452ba7464f63ef [term 0 FOLLOWER]: Consensus starting up: Expiring failure detector timer to make a prompt election more likely
I20260601 13:39:30.513504 30223 raft_consensus.cc:740] T 815adf615f2b4b4dbfb70e723fe7f382 P ddaa2fe39af742c095452ba7464f63ef [term 0 FOLLOWER]: Becoming Follower/Learner. State: Replica: ddaa2fe39af742c095452ba7464f63ef, State: Initialized, Role: FOLLOWER
I20260601 13:39:30.513671 30223 consensus_queue.cc:260] T 815adf615f2b4b4dbfb70e723fe7f382 P ddaa2fe39af742c095452ba7464f63ef [NON_LEADER]: Queue going to NON_LEADER mode. State: All replicated index: 0, Majority replicated index: 0, Committed index: 0, Last appended: 0.0, Last appended by leader: 0, Current term: 0, Majority size: -1, State: 0, Mode: NON_LEADER, active raft config: opid_index: -1 OBSOLETE_local: false peers { permanent_uuid: "321b29347a8141afa8e1ed92517a8d5c" member_type: VOTER last_known_addr { host: "127.26.68.1" port: 36867 } } peers { permanent_uuid: "ddaa2fe39af742c095452ba7464f63ef" member_type: VOTER last_known_addr { host: "127.26.68.4" port: 37671 } } peers { permanent_uuid: "2898567dc67640a3a7765308c0b50614" member_type: VOTER last_known_addr { host: "127.26.68.2" port: 45105 } }
I20260601 13:39:30.513931 30223 ts_tablet_manager.cc:1434] T 815adf615f2b4b4dbfb70e723fe7f382 P ddaa2fe39af742c095452ba7464f63ef: Time spent starting tablet: real 0.001s	user 0.000s	sys 0.000s
I20260601 13:39:30.514142 30223 tablet_bootstrap.cc:492] T 049f749d562f4926925061a64b20330d P ddaa2fe39af742c095452ba7464f63ef: Bootstrap starting.
I20260601 13:39:30.515044 30223 tablet_bootstrap.cc:654] T 049f749d562f4926925061a64b20330d P ddaa2fe39af742c095452ba7464f63ef: Neither blocks nor log segments found. Creating new log.
I20260601 13:39:30.515923 30223 tablet_bootstrap.cc:492] T 049f749d562f4926925061a64b20330d P ddaa2fe39af742c095452ba7464f63ef: No bootstrap required, opened a new log
I20260601 13:39:30.516019 30223 ts_tablet_manager.cc:1403] T 049f749d562f4926925061a64b20330d P ddaa2fe39af742c095452ba7464f63ef: Time spent bootstrapping tablet: real 0.002s	user 0.001s	sys 0.000s
I20260601 13:39:30.516335 30223 raft_consensus.cc:359] T 049f749d562f4926925061a64b20330d P ddaa2fe39af742c095452ba7464f63ef [term 0 FOLLOWER]: Replica starting. Triggering 0 pending ops. Active config: opid_index: -1 OBSOLETE_local: false peers { permanent_uuid: "ddaa2fe39af742c095452ba7464f63ef" member_type: VOTER last_known_addr { host: "127.26.68.4" port: 37671 } } peers { permanent_uuid: "321b29347a8141afa8e1ed92517a8d5c" member_type: VOTER last_known_addr { host: "127.26.68.1" port: 36867 } } peers { permanent_uuid: "bfbb5d080a494527b9bedc0b36425cb0" member_type: VOTER last_known_addr { host: "127.26.68.3" port: 36071 } }
I20260601 13:39:30.516427 30223 raft_consensus.cc:385] T 049f749d562f4926925061a64b20330d P ddaa2fe39af742c095452ba7464f63ef [term 0 FOLLOWER]: Consensus starting up: Expiring failure detector timer to make a prompt election more likely
I20260601 13:39:30.516474 30223 raft_consensus.cc:740] T 049f749d562f4926925061a64b20330d P ddaa2fe39af742c095452ba7464f63ef [term 0 FOLLOWER]: Becoming Follower/Learner. State: Replica: ddaa2fe39af742c095452ba7464f63ef, State: Initialized, Role: FOLLOWER
I20260601 13:39:30.516579 30223 consensus_queue.cc:260] T 049f749d562f4926925061a64b20330d P ddaa2fe39af742c095452ba7464f63ef [NON_LEADER]: Queue going to NON_LEADER mode. State: All replicated index: 0, Majority replicated index: 0, Committed index: 0, Last appended: 0.0, Last appended by leader: 0, Current term: 0, Majority size: -1, State: 0, Mode: NON_LEADER, active raft config: opid_index: -1 OBSOLETE_local: false peers { permanent_uuid: "ddaa2fe39af742c095452ba7464f63ef" member_type: VOTER last_known_addr { host: "127.26.68.4" port: 37671 } } peers { permanent_uuid: "321b29347a8141afa8e1ed92517a8d5c" member_type: VOTER last_known_addr { host: "127.26.68.1" port: 36867 } } peers { permanent_uuid: "bfbb5d080a494527b9bedc0b36425cb0" member_type: VOTER last_known_addr { host: "127.26.68.3" port: 36071 } }
I20260601 13:39:30.516786 30223 ts_tablet_manager.cc:1434] T 049f749d562f4926925061a64b20330d P ddaa2fe39af742c095452ba7464f63ef: Time spent starting tablet: real 0.001s	user 0.000s	sys 0.000s
I20260601 13:39:30.516973 30223 tablet_bootstrap.cc:492] T efe07257ef854165a6d971d86c4a1a4b P ddaa2fe39af742c095452ba7464f63ef: Bootstrap starting.
I20260601 13:39:30.517786 30223 tablet_bootstrap.cc:654] T efe07257ef854165a6d971d86c4a1a4b P ddaa2fe39af742c095452ba7464f63ef: Neither blocks nor log segments found. Creating new log.
I20260601 13:39:30.518718 30223 tablet_bootstrap.cc:492] T efe07257ef854165a6d971d86c4a1a4b P ddaa2fe39af742c095452ba7464f63ef: No bootstrap required, opened a new log
I20260601 13:39:30.518823 30223 ts_tablet_manager.cc:1403] T efe07257ef854165a6d971d86c4a1a4b P ddaa2fe39af742c095452ba7464f63ef: Time spent bootstrapping tablet: real 0.002s	user 0.001s	sys 0.000s
I20260601 13:39:30.519181 30223 raft_consensus.cc:359] T efe07257ef854165a6d971d86c4a1a4b P ddaa2fe39af742c095452ba7464f63ef [term 0 FOLLOWER]: Replica starting. Triggering 0 pending ops. Active config: opid_index: -1 OBSOLETE_local: false peers { permanent_uuid: "ddaa2fe39af742c095452ba7464f63ef" member_type: VOTER last_known_addr { host: "127.26.68.4" port: 37671 } } peers { permanent_uuid: "2898567dc67640a3a7765308c0b50614" member_type: VOTER last_known_addr { host: "127.26.68.2" port: 45105 } } peers { permanent_uuid: "321b29347a8141afa8e1ed92517a8d5c" member_type: VOTER last_known_addr { host: "127.26.68.1" port: 36867 } }
I20260601 13:39:30.519272 30223 raft_consensus.cc:385] T efe07257ef854165a6d971d86c4a1a4b P ddaa2fe39af742c095452ba7464f63ef [term 0 FOLLOWER]: Consensus starting up: Expiring failure detector timer to make a prompt election more likely
I20260601 13:39:30.519312 30223 raft_consensus.cc:740] T efe07257ef854165a6d971d86c4a1a4b P ddaa2fe39af742c095452ba7464f63ef [term 0 FOLLOWER]: Becoming Follower/Learner. State: Replica: ddaa2fe39af742c095452ba7464f63ef, State: Initialized, Role: FOLLOWER
I20260601 13:39:30.519433 30223 consensus_queue.cc:260] T efe07257ef854165a6d971d86c4a1a4b P ddaa2fe39af742c095452ba7464f63ef [NON_LEADER]: Queue going to NON_LEADER mode. State: All replicated index: 0, Majority replicated index: 0, Committed index: 0, Last appended: 0.0, Last appended by leader: 0, Current term: 0, Majority size: -1, State: 0, Mode: NON_LEADER, active raft config: opid_index: -1 OBSOLETE_local: false peers { permanent_uuid: "ddaa2fe39af742c095452ba7464f63ef" member_type: VOTER last_known_addr { host: "127.26.68.4" port: 37671 } } peers { permanent_uuid: "2898567dc67640a3a7765308c0b50614" member_type: VOTER last_known_addr { host: "127.26.68.2" port: 45105 } } peers { permanent_uuid: "321b29347a8141afa8e1ed92517a8d5c" member_type: VOTER last_known_addr { host: "127.26.68.1" port: 36867 } }
I20260601 13:39:30.519637 30223 ts_tablet_manager.cc:1434] T efe07257ef854165a6d971d86c4a1a4b P ddaa2fe39af742c095452ba7464f63ef: Time spent starting tablet: real 0.001s	user 0.000s	sys 0.000s
I20260601 13:39:30.519791 30223 tablet_bootstrap.cc:492] T 7c830d0c20e74d3787bd988fb43c4f62 P ddaa2fe39af742c095452ba7464f63ef: Bootstrap starting.
I20260601 13:39:30.520660 30223 tablet_bootstrap.cc:654] T 7c830d0c20e74d3787bd988fb43c4f62 P ddaa2fe39af742c095452ba7464f63ef: Neither blocks nor log segments found. Creating new log.
I20260601 13:39:30.521502 30223 tablet_bootstrap.cc:492] T 7c830d0c20e74d3787bd988fb43c4f62 P ddaa2fe39af742c095452ba7464f63ef: No bootstrap required, opened a new log
I20260601 13:39:30.521595 30223 ts_tablet_manager.cc:1403] T 7c830d0c20e74d3787bd988fb43c4f62 P ddaa2fe39af742c095452ba7464f63ef: Time spent bootstrapping tablet: real 0.002s	user 0.000s	sys 0.001s
I20260601 13:39:30.521883 30223 raft_consensus.cc:359] T 7c830d0c20e74d3787bd988fb43c4f62 P ddaa2fe39af742c095452ba7464f63ef [term 0 FOLLOWER]: Replica starting. Triggering 0 pending ops. Active config: opid_index: -1 OBSOLETE_local: false peers { permanent_uuid: "321b29347a8141afa8e1ed92517a8d5c" member_type: VOTER last_known_addr { host: "127.26.68.1" port: 36867 } } peers { permanent_uuid: "bfbb5d080a494527b9bedc0b36425cb0" member_type: VOTER last_known_addr { host: "127.26.68.3" port: 36071 } } peers { permanent_uuid: "ddaa2fe39af742c095452ba7464f63ef" member_type: VOTER last_known_addr { host: "127.26.68.4" port: 37671 } }
I20260601 13:39:30.521956 30223 raft_consensus.cc:385] T 7c830d0c20e74d3787bd988fb43c4f62 P ddaa2fe39af742c095452ba7464f63ef [term 0 FOLLOWER]: Consensus starting up: Expiring failure detector timer to make a prompt election more likely
I20260601 13:39:30.521976 30223 raft_consensus.cc:740] T 7c830d0c20e74d3787bd988fb43c4f62 P ddaa2fe39af742c095452ba7464f63ef [term 0 FOLLOWER]: Becoming Follower/Learner. State: Replica: ddaa2fe39af742c095452ba7464f63ef, State: Initialized, Role: FOLLOWER
I20260601 13:39:30.522082 30223 consensus_queue.cc:260] T 7c830d0c20e74d3787bd988fb43c4f62 P ddaa2fe39af742c095452ba7464f63ef [NON_LEADER]: Queue going to NON_LEADER mode. State: All replicated index: 0, Majority replicated index: 0, Committed index: 0, Last appended: 0.0, Last appended by leader: 0, Current term: 0, Majority size: -1, State: 0, Mode: NON_LEADER, active raft config: opid_index: -1 OBSOLETE_local: false peers { permanent_uuid: "321b29347a8141afa8e1ed92517a8d5c" member_type: VOTER last_known_addr { host: "127.26.68.1" port: 36867 } } peers { permanent_uuid: "bfbb5d080a494527b9bedc0b36425cb0" member_type: VOTER last_known_addr { host: "127.26.68.3" port: 36071 } } peers { permanent_uuid: "ddaa2fe39af742c095452ba7464f63ef" member_type: VOTER last_known_addr { host: "127.26.68.4" port: 37671 } }
I20260601 13:39:30.522307 30223 ts_tablet_manager.cc:1434] T 7c830d0c20e74d3787bd988fb43c4f62 P ddaa2fe39af742c095452ba7464f63ef: Time spent starting tablet: real 0.001s	user 0.000s	sys 0.000s
I20260601 13:39:30.522516 30223 tablet_bootstrap.cc:492] T df7f283d43e24ea3b230e90d7ba79db3 P ddaa2fe39af742c095452ba7464f63ef: Bootstrap starting.
I20260601 13:39:30.523217 30223 tablet_bootstrap.cc:654] T df7f283d43e24ea3b230e90d7ba79db3 P ddaa2fe39af742c095452ba7464f63ef: Neither blocks nor log segments found. Creating new log.
I20260601 13:39:30.524099 30223 tablet_bootstrap.cc:492] T df7f283d43e24ea3b230e90d7ba79db3 P ddaa2fe39af742c095452ba7464f63ef: No bootstrap required, opened a new log
I20260601 13:39:30.524194 30223 ts_tablet_manager.cc:1403] T df7f283d43e24ea3b230e90d7ba79db3 P ddaa2fe39af742c095452ba7464f63ef: Time spent bootstrapping tablet: real 0.002s	user 0.001s	sys 0.000s
I20260601 13:39:30.524513 30223 raft_consensus.cc:359] T df7f283d43e24ea3b230e90d7ba79db3 P ddaa2fe39af742c095452ba7464f63ef [term 0 FOLLOWER]: Replica starting. Triggering 0 pending ops. Active config: opid_index: -1 OBSOLETE_local: false peers { permanent_uuid: "bfbb5d080a494527b9bedc0b36425cb0" member_type: VOTER last_known_addr { host: "127.26.68.3" port: 36071 } } peers { permanent_uuid: "2898567dc67640a3a7765308c0b50614" member_type: VOTER last_known_addr { host: "127.26.68.2" port: 45105 } } peers { permanent_uuid: "ddaa2fe39af742c095452ba7464f63ef" member_type: VOTER last_known_addr { host: "127.26.68.4" port: 37671 } }
I20260601 13:39:30.524600 30223 raft_consensus.cc:385] T df7f283d43e24ea3b230e90d7ba79db3 P ddaa2fe39af742c095452ba7464f63ef [term 0 FOLLOWER]: Consensus starting up: Expiring failure detector timer to make a prompt election more likely
I20260601 13:39:30.524641 30223 raft_consensus.cc:740] T df7f283d43e24ea3b230e90d7ba79db3 P ddaa2fe39af742c095452ba7464f63ef [term 0 FOLLOWER]: Becoming Follower/Learner. State: Replica: ddaa2fe39af742c095452ba7464f63ef, State: Initialized, Role: FOLLOWER
I20260601 13:39:30.524750 30223 consensus_queue.cc:260] T df7f283d43e24ea3b230e90d7ba79db3 P ddaa2fe39af742c095452ba7464f63ef [NON_LEADER]: Queue going to NON_LEADER mode. State: All replicated index: 0, Majority replicated index: 0, Committed index: 0, Last appended: 0.0, Last appended by leader: 0, Current term: 0, Majority size: -1, State: 0, Mode: NON_LEADER, active raft config: opid_index: -1 OBSOLETE_local: false peers { permanent_uuid: "bfbb5d080a494527b9bedc0b36425cb0" member_type: VOTER last_known_addr { host: "127.26.68.3" port: 36071 } } peers { permanent_uuid: "2898567dc67640a3a7765308c0b50614" member_type: VOTER last_known_addr { host: "127.26.68.2" port: 45105 } } peers { permanent_uuid: "ddaa2fe39af742c095452ba7464f63ef" member_type: VOTER last_known_addr { host: "127.26.68.4" port: 37671 } }
I20260601 13:39:30.524972 30223 ts_tablet_manager.cc:1434] T df7f283d43e24ea3b230e90d7ba79db3 P ddaa2fe39af742c095452ba7464f63ef: Time spent starting tablet: real 0.001s	user 0.000s	sys 0.000s
I20260601 13:39:30.525141 30223 tablet_bootstrap.cc:492] T e75c7b581ae54532a62395865e6f2e3b P ddaa2fe39af742c095452ba7464f63ef: Bootstrap starting.
I20260601 13:39:30.525826 30223 tablet_bootstrap.cc:654] T e75c7b581ae54532a62395865e6f2e3b P ddaa2fe39af742c095452ba7464f63ef: Neither blocks nor log segments found. Creating new log.
I20260601 13:39:30.526717 30223 tablet_bootstrap.cc:492] T e75c7b581ae54532a62395865e6f2e3b P ddaa2fe39af742c095452ba7464f63ef: No bootstrap required, opened a new log
I20260601 13:39:30.526813 30223 ts_tablet_manager.cc:1403] T e75c7b581ae54532a62395865e6f2e3b P ddaa2fe39af742c095452ba7464f63ef: Time spent bootstrapping tablet: real 0.002s	user 0.001s	sys 0.000s
I20260601 13:39:30.527211 30223 raft_consensus.cc:359] T e75c7b581ae54532a62395865e6f2e3b P ddaa2fe39af742c095452ba7464f63ef [term 0 FOLLOWER]: Replica starting. Triggering 0 pending ops. Active config: opid_index: -1 OBSOLETE_local: false peers { permanent_uuid: "ddaa2fe39af742c095452ba7464f63ef" member_type: VOTER last_known_addr { host: "127.26.68.4" port: 37671 } } peers { permanent_uuid: "2898567dc67640a3a7765308c0b50614" member_type: VOTER last_known_addr { host: "127.26.68.2" port: 45105 } } peers { permanent_uuid: "bfbb5d080a494527b9bedc0b36425cb0" member_type: VOTER last_known_addr { host: "127.26.68.3" port: 36071 } }
I20260601 13:39:30.527321 30223 raft_consensus.cc:385] T e75c7b581ae54532a62395865e6f2e3b P ddaa2fe39af742c095452ba7464f63ef [term 0 FOLLOWER]: Consensus starting up: Expiring failure detector timer to make a prompt election more likely
I20260601 13:39:30.527362 30223 raft_consensus.cc:740] T e75c7b581ae54532a62395865e6f2e3b P ddaa2fe39af742c095452ba7464f63ef [term 0 FOLLOWER]: Becoming Follower/Learner. State: Replica: ddaa2fe39af742c095452ba7464f63ef, State: Initialized, Role: FOLLOWER
I20260601 13:39:30.527477 30223 consensus_queue.cc:260] T e75c7b581ae54532a62395865e6f2e3b P ddaa2fe39af742c095452ba7464f63ef [NON_LEADER]: Queue going to NON_LEADER mode. State: All replicated index: 0, Majority replicated index: 0, Committed index: 0, Last appended: 0.0, Last appended by leader: 0, Current term: 0, Majority size: -1, State: 0, Mode: NON_LEADER, active raft config: opid_index: -1 OBSOLETE_local: false peers { permanent_uuid: "ddaa2fe39af742c095452ba7464f63ef" member_type: VOTER last_known_addr { host: "127.26.68.4" port: 37671 } } peers { permanent_uuid: "2898567dc67640a3a7765308c0b50614" member_type: VOTER last_known_addr { host: "127.26.68.2" port: 45105 } } peers { permanent_uuid: "bfbb5d080a494527b9bedc0b36425cb0" member_type: VOTER last_known_addr { host: "127.26.68.3" port: 36071 } }
I20260601 13:39:30.527760 30223 ts_tablet_manager.cc:1434] T e75c7b581ae54532a62395865e6f2e3b P ddaa2fe39af742c095452ba7464f63ef: Time spent starting tablet: real 0.001s	user 0.000s	sys 0.000s
I20260601 13:39:30.529623 30237 raft_consensus.cc:493] T efe07257ef854165a6d971d86c4a1a4b P ddaa2fe39af742c095452ba7464f63ef [term 0 FOLLOWER]: Starting pre-election (no leader contacted us within the election timeout)
I20260601 13:39:30.529706 30237 raft_consensus.cc:515] T efe07257ef854165a6d971d86c4a1a4b P ddaa2fe39af742c095452ba7464f63ef [term 0 FOLLOWER]: Starting pre-election with config: opid_index: -1 OBSOLETE_local: false peers { permanent_uuid: "ddaa2fe39af742c095452ba7464f63ef" member_type: VOTER last_known_addr { host: "127.26.68.4" port: 37671 } } peers { permanent_uuid: "2898567dc67640a3a7765308c0b50614" member_type: VOTER last_known_addr { host: "127.26.68.2" port: 45105 } } peers { permanent_uuid: "321b29347a8141afa8e1ed92517a8d5c" member_type: VOTER last_known_addr { host: "127.26.68.1" port: 36867 } }
I20260601 13:39:30.530119 30237 leader_election.cc:290] T efe07257ef854165a6d971d86c4a1a4b P ddaa2fe39af742c095452ba7464f63ef [CANDIDATE]: Term 1 pre-election: Requested pre-vote from peers 2898567dc67640a3a7765308c0b50614 (127.26.68.2:45105), 321b29347a8141afa8e1ed92517a8d5c (127.26.68.1:36867)
I20260601 13:39:30.533174 29957 tablet_service.cc:1917] Received RequestConsensusVote() RPC: tablet_id: "efe07257ef854165a6d971d86c4a1a4b" candidate_uuid: "ddaa2fe39af742c095452ba7464f63ef" candidate_term: 1 candidate_status { last_received { term: 0 index: 0 } } ignore_live_leader: false dest_uuid: "2898567dc67640a3a7765308c0b50614" is_pre_election: true
I20260601 13:39:30.533286 29957 raft_consensus.cc:2468] T efe07257ef854165a6d971d86c4a1a4b P 2898567dc67640a3a7765308c0b50614 [term 0 FOLLOWER]: Leader pre-election vote request: Granting yes vote for candidate ddaa2fe39af742c095452ba7464f63ef in term 0.
I20260601 13:39:30.533625 30142 leader_election.cc:304] T efe07257ef854165a6d971d86c4a1a4b P ddaa2fe39af742c095452ba7464f63ef [CANDIDATE]: Term 1 pre-election: Election decided. Result: candidate won. Election summary: received 2 responses out of 3 voters: 2 yes votes; 0 no votes. yes voters: 2898567dc67640a3a7765308c0b50614, ddaa2fe39af742c095452ba7464f63ef; no voters: 
I20260601 13:39:30.533761 29879 tablet_service.cc:1917] Received RequestConsensusVote() RPC: tablet_id: "efe07257ef854165a6d971d86c4a1a4b" candidate_uuid: "ddaa2fe39af742c095452ba7464f63ef" candidate_term: 1 candidate_status { last_received { term: 0 index: 0 } } ignore_live_leader: false dest_uuid: "321b29347a8141afa8e1ed92517a8d5c" is_pre_election: true
I20260601 13:39:30.533793 30237 raft_consensus.cc:2804] T efe07257ef854165a6d971d86c4a1a4b P ddaa2fe39af742c095452ba7464f63ef [term 0 FOLLOWER]: Leader pre-election won for term 1
I20260601 13:39:30.533901 29879 raft_consensus.cc:2468] T efe07257ef854165a6d971d86c4a1a4b P 321b29347a8141afa8e1ed92517a8d5c [term 0 FOLLOWER]: Leader pre-election vote request: Granting yes vote for candidate ddaa2fe39af742c095452ba7464f63ef in term 0.
I20260601 13:39:30.533901 30237 raft_consensus.cc:493] T efe07257ef854165a6d971d86c4a1a4b P ddaa2fe39af742c095452ba7464f63ef [term 0 FOLLOWER]: Starting leader election (no leader contacted us within the election timeout)
I20260601 13:39:30.534018 30237 raft_consensus.cc:3060] T efe07257ef854165a6d971d86c4a1a4b P ddaa2fe39af742c095452ba7464f63ef [term 0 FOLLOWER]: Advancing to term 1
I20260601 13:39:30.534834 30237 raft_consensus.cc:515] T efe07257ef854165a6d971d86c4a1a4b P ddaa2fe39af742c095452ba7464f63ef [term 1 FOLLOWER]: Starting leader election with config: opid_index: -1 OBSOLETE_local: false peers { permanent_uuid: "ddaa2fe39af742c095452ba7464f63ef" member_type: VOTER last_known_addr { host: "127.26.68.4" port: 37671 } } peers { permanent_uuid: "2898567dc67640a3a7765308c0b50614" member_type: VOTER last_known_addr { host: "127.26.68.2" port: 45105 } } peers { permanent_uuid: "321b29347a8141afa8e1ed92517a8d5c" member_type: VOTER last_known_addr { host: "127.26.68.1" port: 36867 } }
I20260601 13:39:30.535130 30237 leader_election.cc:290] T efe07257ef854165a6d971d86c4a1a4b P ddaa2fe39af742c095452ba7464f63ef [CANDIDATE]: Term 1 election: Requested vote from peers 2898567dc67640a3a7765308c0b50614 (127.26.68.2:45105), 321b29347a8141afa8e1ed92517a8d5c (127.26.68.1:36867)
I20260601 13:39:30.535391 29957 tablet_service.cc:1917] Received RequestConsensusVote() RPC: tablet_id: "efe07257ef854165a6d971d86c4a1a4b" candidate_uuid: "ddaa2fe39af742c095452ba7464f63ef" candidate_term: 1 candidate_status { last_received { term: 0 index: 0 } } ignore_live_leader: false dest_uuid: "2898567dc67640a3a7765308c0b50614"
I20260601 13:39:30.535391 29879 tablet_service.cc:1917] Received RequestConsensusVote() RPC: tablet_id: "efe07257ef854165a6d971d86c4a1a4b" candidate_uuid: "ddaa2fe39af742c095452ba7464f63ef" candidate_term: 1 candidate_status { last_received { term: 0 index: 0 } } ignore_live_leader: false dest_uuid: "321b29347a8141afa8e1ed92517a8d5c"
I20260601 13:39:30.535521 29879 raft_consensus.cc:3060] T efe07257ef854165a6d971d86c4a1a4b P 321b29347a8141afa8e1ed92517a8d5c [term 0 FOLLOWER]: Advancing to term 1
I20260601 13:39:30.535521 29957 raft_consensus.cc:3060] T efe07257ef854165a6d971d86c4a1a4b P 2898567dc67640a3a7765308c0b50614 [term 0 FOLLOWER]: Advancing to term 1
I20260601 13:39:30.536298 29879 raft_consensus.cc:2468] T efe07257ef854165a6d971d86c4a1a4b P 321b29347a8141afa8e1ed92517a8d5c [term 1 FOLLOWER]: Leader election vote request: Granting yes vote for candidate ddaa2fe39af742c095452ba7464f63ef in term 1.
I20260601 13:39:30.536298 29957 raft_consensus.cc:2468] T efe07257ef854165a6d971d86c4a1a4b P 2898567dc67640a3a7765308c0b50614 [term 1 FOLLOWER]: Leader election vote request: Granting yes vote for candidate ddaa2fe39af742c095452ba7464f63ef in term 1.
I20260601 13:39:30.536545 30142 leader_election.cc:304] T efe07257ef854165a6d971d86c4a1a4b P ddaa2fe39af742c095452ba7464f63ef [CANDIDATE]: Term 1 election: Election decided. Result: candidate won. Election summary: received 2 responses out of 3 voters: 2 yes votes; 0 no votes. yes voters: 2898567dc67640a3a7765308c0b50614, ddaa2fe39af742c095452ba7464f63ef; no voters: 
I20260601 13:39:30.536696 30237 raft_consensus.cc:2804] T efe07257ef854165a6d971d86c4a1a4b P ddaa2fe39af742c095452ba7464f63ef [term 1 FOLLOWER]: Leader election won for term 1
I20260601 13:39:30.536872 30237 raft_consensus.cc:697] T efe07257ef854165a6d971d86c4a1a4b P ddaa2fe39af742c095452ba7464f63ef [term 1 LEADER]: Becoming Leader. State: Replica: ddaa2fe39af742c095452ba7464f63ef, State: Running, Role: LEADER
I20260601 13:39:30.536986 30237 consensus_queue.cc:237] T efe07257ef854165a6d971d86c4a1a4b P ddaa2fe39af742c095452ba7464f63ef [LEADER]: Queue going to LEADER mode. State: All replicated index: 0, Majority replicated index: 0, Committed index: 0, Last appended: 0.0, Last appended by leader: 0, Current term: 1, Majority size: 2, State: 0, Mode: LEADER, active raft config: opid_index: -1 OBSOLETE_local: false peers { permanent_uuid: "ddaa2fe39af742c095452ba7464f63ef" member_type: VOTER last_known_addr { host: "127.26.68.4" port: 37671 } } peers { permanent_uuid: "2898567dc67640a3a7765308c0b50614" member_type: VOTER last_known_addr { host: "127.26.68.2" port: 45105 } } peers { permanent_uuid: "321b29347a8141afa8e1ed92517a8d5c" member_type: VOTER last_known_addr { host: "127.26.68.1" port: 36867 } }
I20260601 13:39:30.538316 29775 catalog_manager.cc:5696] T efe07257ef854165a6d971d86c4a1a4b P ddaa2fe39af742c095452ba7464f63ef reported cstate change: term changed from 0 to 1, leader changed from <none> to ddaa2fe39af742c095452ba7464f63ef (127.26.68.4). New cstate: current_term: 1 leader_uuid: "ddaa2fe39af742c095452ba7464f63ef" committed_config { opid_index: -1 OBSOLETE_local: false peers { permanent_uuid: "ddaa2fe39af742c095452ba7464f63ef" member_type: VOTER last_known_addr { host: "127.26.68.4" port: 37671 } health_report { overall_health: HEALTHY } } peers { permanent_uuid: "2898567dc67640a3a7765308c0b50614" member_type: VOTER last_known_addr { host: "127.26.68.2" port: 45105 } health_report { overall_health: UNKNOWN } } peers { permanent_uuid: "321b29347a8141afa8e1ed92517a8d5c" member_type: VOTER last_known_addr { host: "127.26.68.1" port: 36867 } health_report { overall_health: UNKNOWN } } }
I20260601 13:39:30.544054 30114 raft_consensus.cc:493] T 280284145d2d4155b53684c0245bce7a P 2898567dc67640a3a7765308c0b50614 [term 0 FOLLOWER]: Starting pre-election (no leader contacted us within the election timeout)
I20260601 13:39:30.544123 30114 raft_consensus.cc:515] T 280284145d2d4155b53684c0245bce7a P 2898567dc67640a3a7765308c0b50614 [term 0 FOLLOWER]: Starting pre-election with config: opid_index: -1 OBSOLETE_local: false peers { permanent_uuid: "ddaa2fe39af742c095452ba7464f63ef" member_type: VOTER last_known_addr { host: "127.26.68.4" port: 37671 } } peers { permanent_uuid: "321b29347a8141afa8e1ed92517a8d5c" member_type: VOTER last_known_addr { host: "127.26.68.1" port: 36867 } } peers { permanent_uuid: "2898567dc67640a3a7765308c0b50614" member_type: VOTER last_known_addr { host: "127.26.68.2" port: 45105 } }
I20260601 13:39:30.544428 30114 leader_election.cc:290] T 280284145d2d4155b53684c0245bce7a P 2898567dc67640a3a7765308c0b50614 [CANDIDATE]: Term 1 pre-election: Requested pre-vote from peers ddaa2fe39af742c095452ba7464f63ef (127.26.68.4:37671), 321b29347a8141afa8e1ed92517a8d5c (127.26.68.1:36867)
I20260601 13:39:30.545045 29879 tablet_service.cc:1917] Received RequestConsensusVote() RPC: tablet_id: "280284145d2d4155b53684c0245bce7a" candidate_uuid: "2898567dc67640a3a7765308c0b50614" candidate_term: 1 candidate_status { last_received { term: 0 index: 0 } } ignore_live_leader: false dest_uuid: "321b29347a8141afa8e1ed92517a8d5c" is_pre_election: true
I20260601 13:39:30.545166 29879 raft_consensus.cc:2468] T 280284145d2d4155b53684c0245bce7a P 321b29347a8141afa8e1ed92517a8d5c [term 0 FOLLOWER]: Leader pre-election vote request: Granting yes vote for candidate 2898567dc67640a3a7765308c0b50614 in term 0.
I20260601 13:39:30.545413 29920 leader_election.cc:304] T 280284145d2d4155b53684c0245bce7a P 2898567dc67640a3a7765308c0b50614 [CANDIDATE]: Term 1 pre-election: Election decided. Result: candidate won. Election summary: received 2 responses out of 3 voters: 2 yes votes; 0 no votes. yes voters: 2898567dc67640a3a7765308c0b50614, 321b29347a8141afa8e1ed92517a8d5c; no voters: 
I20260601 13:39:30.545563 30114 raft_consensus.cc:2804] T 280284145d2d4155b53684c0245bce7a P 2898567dc67640a3a7765308c0b50614 [term 0 FOLLOWER]: Leader pre-election won for term 1
I20260601 13:39:30.545614 30114 raft_consensus.cc:493] T 280284145d2d4155b53684c0245bce7a P 2898567dc67640a3a7765308c0b50614 [term 0 FOLLOWER]: Starting leader election (no leader contacted us within the election timeout)
I20260601 13:39:30.545660 30114 raft_consensus.cc:3060] T 280284145d2d4155b53684c0245bce7a P 2898567dc67640a3a7765308c0b50614 [term 0 FOLLOWER]: Advancing to term 1
I20260601 13:39:30.546316 30114 raft_consensus.cc:515] T 280284145d2d4155b53684c0245bce7a P 2898567dc67640a3a7765308c0b50614 [term 1 FOLLOWER]: Starting leader election with config: opid_index: -1 OBSOLETE_local: false peers { permanent_uuid: "ddaa2fe39af742c095452ba7464f63ef" member_type: VOTER last_known_addr { host: "127.26.68.4" port: 37671 } } peers { permanent_uuid: "321b29347a8141afa8e1ed92517a8d5c" member_type: VOTER last_known_addr { host: "127.26.68.1" port: 36867 } } peers { permanent_uuid: "2898567dc67640a3a7765308c0b50614" member_type: VOTER last_known_addr { host: "127.26.68.2" port: 45105 } }
I20260601 13:39:30.546651 30114 leader_election.cc:290] T 280284145d2d4155b53684c0245bce7a P 2898567dc67640a3a7765308c0b50614 [CANDIDATE]: Term 1 election: Requested vote from peers ddaa2fe39af742c095452ba7464f63ef (127.26.68.4:37671), 321b29347a8141afa8e1ed92517a8d5c (127.26.68.1:36867)
I20260601 13:39:30.546890 29879 tablet_service.cc:1917] Received RequestConsensusVote() RPC: tablet_id: "280284145d2d4155b53684c0245bce7a" candidate_uuid: "2898567dc67640a3a7765308c0b50614" candidate_term: 1 candidate_status { last_received { term: 0 index: 0 } } ignore_live_leader: false dest_uuid: "321b29347a8141afa8e1ed92517a8d5c"
I20260601 13:39:30.547003 29879 raft_consensus.cc:3060] T 280284145d2d4155b53684c0245bce7a P 321b29347a8141afa8e1ed92517a8d5c [term 0 FOLLOWER]: Advancing to term 1
I20260601 13:39:30.547686 30182 tablet_service.cc:1917] Received RequestConsensusVote() RPC: tablet_id: "280284145d2d4155b53684c0245bce7a" candidate_uuid: "2898567dc67640a3a7765308c0b50614" candidate_term: 1 candidate_status { last_received { term: 0 index: 0 } } ignore_live_leader: false dest_uuid: "ddaa2fe39af742c095452ba7464f63ef" is_pre_election: true
I20260601 13:39:30.547811 30182 raft_consensus.cc:2468] T 280284145d2d4155b53684c0245bce7a P ddaa2fe39af742c095452ba7464f63ef [term 0 FOLLOWER]: Leader pre-election vote request: Granting yes vote for candidate 2898567dc67640a3a7765308c0b50614 in term 0.
I20260601 13:39:30.547896 29879 raft_consensus.cc:2468] T 280284145d2d4155b53684c0245bce7a P 321b29347a8141afa8e1ed92517a8d5c [term 1 FOLLOWER]: Leader election vote request: Granting yes vote for candidate 2898567dc67640a3a7765308c0b50614 in term 1.
I20260601 13:39:30.548127 30181 tablet_service.cc:1917] Received RequestConsensusVote() RPC: tablet_id: "280284145d2d4155b53684c0245bce7a" candidate_uuid: "2898567dc67640a3a7765308c0b50614" candidate_term: 1 candidate_status { last_received { term: 0 index: 0 } } ignore_live_leader: false dest_uuid: "ddaa2fe39af742c095452ba7464f63ef"
I20260601 13:39:30.548218 29920 leader_election.cc:304] T 280284145d2d4155b53684c0245bce7a P 2898567dc67640a3a7765308c0b50614 [CANDIDATE]: Term 1 election: Election decided. Result: candidate won. Election summary: received 2 responses out of 3 voters: 2 yes votes; 0 no votes. yes voters: 2898567dc67640a3a7765308c0b50614, 321b29347a8141afa8e1ed92517a8d5c; no voters: 
I20260601 13:39:30.548242 30181 raft_consensus.cc:3060] T 280284145d2d4155b53684c0245bce7a P ddaa2fe39af742c095452ba7464f63ef [term 0 FOLLOWER]: Advancing to term 1
I20260601 13:39:30.548377 30114 raft_consensus.cc:2804] T 280284145d2d4155b53684c0245bce7a P 2898567dc67640a3a7765308c0b50614 [term 1 FOLLOWER]: Leader election won for term 1
I20260601 13:39:30.548481 30114 raft_consensus.cc:697] T 280284145d2d4155b53684c0245bce7a P 2898567dc67640a3a7765308c0b50614 [term 1 LEADER]: Becoming Leader. State: Replica: 2898567dc67640a3a7765308c0b50614, State: Running, Role: LEADER
