I20260601 13:39:29.330646 25276 raft_consensus.cc:385] T 3e1ac2daf278411498009b13373dcb95 P d62532021f9e4914b8467371b26564d9 [term 0 FOLLOWER]: Consensus starting up: Expiring failure detector timer to make a prompt election more likely
I20260601 13:39:29.330875 25277 tablet_bootstrap.cc:654] T efd294469c534f32a4b70923dc6af5f6 P 80103e482f9d4ed797a465af6eaa5ef9: Neither blocks nor log segments found. Creating new log.
I20260601 13:39:29.330716 25276 raft_consensus.cc:740] T 3e1ac2daf278411498009b13373dcb95 P d62532021f9e4914b8467371b26564d9 [term 0 FOLLOWER]: Becoming Follower/Learner. State: Replica: d62532021f9e4914b8467371b26564d9, State: Initialized, Role: FOLLOWER
I20260601 13:39:29.331067 25276 consensus_queue.cc:260] T 3e1ac2daf278411498009b13373dcb95 P d62532021f9e4914b8467371b26564d9 [NON_LEADER]: Queue going to NON_LEADER mode. State: All replicated index: 0, Majority replicated index: 0, Committed index: 0, Last appended: 0.0, Last appended by leader: 0, Current term: 0, Majority size: -1, State: 0, Mode: NON_LEADER, active raft config: opid_index: -1 OBSOLETE_local: false peers { permanent_uuid: "99d33d8ca4fe461392209b5590cbae73" member_type: VOTER last_known_addr { host: "127.21.146.65" port: 39575 } } peers { permanent_uuid: "80103e482f9d4ed797a465af6eaa5ef9" member_type: VOTER last_known_addr { host: "127.21.146.66" port: 46745 } } peers { permanent_uuid: "d62532021f9e4914b8467371b26564d9" member_type: VOTER last_known_addr { host: "127.21.146.67" port: 40433 } }
I20260601 13:39:29.329715 25278 ts_tablet_manager.cc:1403] T 6c1748082662489daa5597203091d2d2 P 99d33d8ca4fe461392209b5590cbae73: Time spent bootstrapping tablet: real 0.011s	user 0.001s	sys 0.001s
I20260601 13:39:29.331363 25276 ts_tablet_manager.cc:1434] T 3e1ac2daf278411498009b13373dcb95 P d62532021f9e4914b8467371b26564d9: Time spent starting tablet: real 0.001s	user 0.000s	sys 0.000s
I20260601 13:39:29.332038 25276 tablet_bootstrap.cc:492] T efd294469c534f32a4b70923dc6af5f6 P d62532021f9e4914b8467371b26564d9: Bootstrap starting.
I20260601 13:39:29.332059 25278 raft_consensus.cc:359] T 6c1748082662489daa5597203091d2d2 P 99d33d8ca4fe461392209b5590cbae73 [term 0 FOLLOWER]: Replica starting. Triggering 0 pending ops. Active config: opid_index: -1 OBSOLETE_local: false peers { permanent_uuid: "80103e482f9d4ed797a465af6eaa5ef9" member_type: VOTER last_known_addr { host: "127.21.146.66" port: 46745 } } peers { permanent_uuid: "99d33d8ca4fe461392209b5590cbae73" member_type: VOTER last_known_addr { host: "127.21.146.65" port: 39575 } } peers { permanent_uuid: "d62532021f9e4914b8467371b26564d9" member_type: VOTER last_known_addr { host: "127.21.146.67" port: 40433 } }
I20260601 13:39:29.332474 25278 raft_consensus.cc:385] T 6c1748082662489daa5597203091d2d2 P 99d33d8ca4fe461392209b5590cbae73 [term 0 FOLLOWER]: Consensus starting up: Expiring failure detector timer to make a prompt election more likely
I20260601 13:39:29.332520 25278 raft_consensus.cc:740] T 6c1748082662489daa5597203091d2d2 P 99d33d8ca4fe461392209b5590cbae73 [term 0 FOLLOWER]: Becoming Follower/Learner. State: Replica: 99d33d8ca4fe461392209b5590cbae73, State: Initialized, Role: FOLLOWER
I20260601 13:39:29.333310 25278 consensus_queue.cc:260] T 6c1748082662489daa5597203091d2d2 P 99d33d8ca4fe461392209b5590cbae73 [NON_LEADER]: Queue going to NON_LEADER mode. State: All replicated index: 0, Majority replicated index: 0, Committed index: 0, Last appended: 0.0, Last appended by leader: 0, Current term: 0, Majority size: -1, State: 0, Mode: NON_LEADER, active raft config: opid_index: -1 OBSOLETE_local: false peers { permanent_uuid: "80103e482f9d4ed797a465af6eaa5ef9" member_type: VOTER last_known_addr { host: "127.21.146.66" port: 46745 } } peers { permanent_uuid: "99d33d8ca4fe461392209b5590cbae73" member_type: VOTER last_known_addr { host: "127.21.146.65" port: 39575 } } peers { permanent_uuid: "d62532021f9e4914b8467371b26564d9" member_type: VOTER last_known_addr { host: "127.21.146.67" port: 40433 } }
I20260601 13:39:29.333431 25276 tablet_bootstrap.cc:654] T efd294469c534f32a4b70923dc6af5f6 P d62532021f9e4914b8467371b26564d9: Neither blocks nor log segments found. Creating new log.
I20260601 13:39:29.333665 25278 ts_tablet_manager.cc:1434] T 6c1748082662489daa5597203091d2d2 P 99d33d8ca4fe461392209b5590cbae73: Time spent starting tablet: real 0.002s	user 0.000s	sys 0.001s
I20260601 13:39:29.333837 25278 tablet_bootstrap.cc:492] T e1e29616e5074c668b950c836514b761 P 99d33d8ca4fe461392209b5590cbae73: Bootstrap starting.
I20260601 13:39:29.334717 25278 tablet_bootstrap.cc:654] T e1e29616e5074c668b950c836514b761 P 99d33d8ca4fe461392209b5590cbae73: Neither blocks nor log segments found. Creating new log.
I20260601 13:39:29.335381 25276 tablet_bootstrap.cc:492] T efd294469c534f32a4b70923dc6af5f6 P d62532021f9e4914b8467371b26564d9: No bootstrap required, opened a new log
I20260601 13:39:29.335456 25276 ts_tablet_manager.cc:1403] T efd294469c534f32a4b70923dc6af5f6 P d62532021f9e4914b8467371b26564d9: Time spent bootstrapping tablet: real 0.003s	user 0.002s	sys 0.000s
I20260601 13:39:29.336125 25276 raft_consensus.cc:359] T efd294469c534f32a4b70923dc6af5f6 P d62532021f9e4914b8467371b26564d9 [term 0 FOLLOWER]: Replica starting. Triggering 0 pending ops. Active config: opid_index: -1 OBSOLETE_local: false peers { permanent_uuid: "80103e482f9d4ed797a465af6eaa5ef9" member_type: VOTER last_known_addr { host: "127.21.146.66" port: 46745 } } peers { permanent_uuid: "99d33d8ca4fe461392209b5590cbae73" member_type: VOTER last_known_addr { host: "127.21.146.65" port: 39575 } } peers { permanent_uuid: "d62532021f9e4914b8467371b26564d9" member_type: VOTER last_known_addr { host: "127.21.146.67" port: 40433 } }
I20260601 13:39:29.336241 25276 raft_consensus.cc:385] T efd294469c534f32a4b70923dc6af5f6 P d62532021f9e4914b8467371b26564d9 [term 0 FOLLOWER]: Consensus starting up: Expiring failure detector timer to make a prompt election more likely
I20260601 13:39:29.336287 25276 raft_consensus.cc:740] T efd294469c534f32a4b70923dc6af5f6 P d62532021f9e4914b8467371b26564d9 [term 0 FOLLOWER]: Becoming Follower/Learner. State: Replica: d62532021f9e4914b8467371b26564d9, State: Initialized, Role: FOLLOWER
I20260601 13:39:29.336812 25276 consensus_queue.cc:260] T efd294469c534f32a4b70923dc6af5f6 P d62532021f9e4914b8467371b26564d9 [NON_LEADER]: Queue going to NON_LEADER mode. State: All replicated index: 0, Majority replicated index: 0, Committed index: 0, Last appended: 0.0, Last appended by leader: 0, Current term: 0, Majority size: -1, State: 0, Mode: NON_LEADER, active raft config: opid_index: -1 OBSOLETE_local: false peers { permanent_uuid: "80103e482f9d4ed797a465af6eaa5ef9" member_type: VOTER last_known_addr { host: "127.21.146.66" port: 46745 } } peers { permanent_uuid: "99d33d8ca4fe461392209b5590cbae73" member_type: VOTER last_known_addr { host: "127.21.146.65" port: 39575 } } peers { permanent_uuid: "d62532021f9e4914b8467371b26564d9" member_type: VOTER last_known_addr { host: "127.21.146.67" port: 40433 } }
I20260601 13:39:29.337105 25276 ts_tablet_manager.cc:1434] T efd294469c534f32a4b70923dc6af5f6 P d62532021f9e4914b8467371b26564d9: Time spent starting tablet: real 0.002s	user 0.002s	sys 0.000s
I20260601 13:39:29.337101 25278 tablet_bootstrap.cc:492] T e1e29616e5074c668b950c836514b761 P 99d33d8ca4fe461392209b5590cbae73: No bootstrap required, opened a new log
I20260601 13:39:29.337229 25278 ts_tablet_manager.cc:1403] T e1e29616e5074c668b950c836514b761 P 99d33d8ca4fe461392209b5590cbae73: Time spent bootstrapping tablet: real 0.003s	user 0.001s	sys 0.002s
I20260601 13:39:29.337656 25278 raft_consensus.cc:359] T e1e29616e5074c668b950c836514b761 P 99d33d8ca4fe461392209b5590cbae73 [term 0 FOLLOWER]: Replica starting. Triggering 0 pending ops. Active config: opid_index: -1 OBSOLETE_local: false peers { permanent_uuid: "99d33d8ca4fe461392209b5590cbae73" member_type: VOTER last_known_addr { host: "127.21.146.65" port: 39575 } } peers { permanent_uuid: "80103e482f9d4ed797a465af6eaa5ef9" member_type: VOTER last_known_addr { host: "127.21.146.66" port: 46745 } } peers { permanent_uuid: "d62532021f9e4914b8467371b26564d9" member_type: VOTER last_known_addr { host: "127.21.146.67" port: 40433 } }
I20260601 13:39:29.337772 25278 raft_consensus.cc:385] T e1e29616e5074c668b950c836514b761 P 99d33d8ca4fe461392209b5590cbae73 [term 0 FOLLOWER]: Consensus starting up: Expiring failure detector timer to make a prompt election more likely
I20260601 13:39:29.337796 25278 raft_consensus.cc:740] T e1e29616e5074c668b950c836514b761 P 99d33d8ca4fe461392209b5590cbae73 [term 0 FOLLOWER]: Becoming Follower/Learner. State: Replica: 99d33d8ca4fe461392209b5590cbae73, State: Initialized, Role: FOLLOWER
I20260601 13:39:29.337913 25278 consensus_queue.cc:260] T e1e29616e5074c668b950c836514b761 P 99d33d8ca4fe461392209b5590cbae73 [NON_LEADER]: Queue going to NON_LEADER mode. State: All replicated index: 0, Majority replicated index: 0, Committed index: 0, Last appended: 0.0, Last appended by leader: 0, Current term: 0, Majority size: -1, State: 0, Mode: NON_LEADER, active raft config: opid_index: -1 OBSOLETE_local: false peers { permanent_uuid: "99d33d8ca4fe461392209b5590cbae73" member_type: VOTER last_known_addr { host: "127.21.146.65" port: 39575 } } peers { permanent_uuid: "80103e482f9d4ed797a465af6eaa5ef9" member_type: VOTER last_known_addr { host: "127.21.146.66" port: 46745 } } peers { permanent_uuid: "d62532021f9e4914b8467371b26564d9" member_type: VOTER last_known_addr { host: "127.21.146.67" port: 40433 } }
I20260601 13:39:29.338165 25278 ts_tablet_manager.cc:1434] T e1e29616e5074c668b950c836514b761 P 99d33d8ca4fe461392209b5590cbae73: Time spent starting tablet: real 0.001s	user 0.000s	sys 0.000s
I20260601 13:39:29.338289 25278 tablet_bootstrap.cc:492] T 686f1390662b463cb33d80422f68d0fd P 99d33d8ca4fe461392209b5590cbae73: Bootstrap starting.
I20260601 13:39:29.339191 25278 tablet_bootstrap.cc:654] T 686f1390662b463cb33d80422f68d0fd P 99d33d8ca4fe461392209b5590cbae73: Neither blocks nor log segments found. Creating new log.
I20260601 13:39:29.340099 25277 tablet_bootstrap.cc:492] T efd294469c534f32a4b70923dc6af5f6 P 80103e482f9d4ed797a465af6eaa5ef9: No bootstrap required, opened a new log
I20260601 13:39:29.340196 25277 ts_tablet_manager.cc:1403] T efd294469c534f32a4b70923dc6af5f6 P 80103e482f9d4ed797a465af6eaa5ef9: Time spent bootstrapping tablet: real 0.011s	user 0.000s	sys 0.002s
I20260601 13:39:29.340502 25278 tablet_bootstrap.cc:492] T 686f1390662b463cb33d80422f68d0fd P 99d33d8ca4fe461392209b5590cbae73: No bootstrap required, opened a new log
I20260601 13:39:29.340615 25278 ts_tablet_manager.cc:1403] T 686f1390662b463cb33d80422f68d0fd P 99d33d8ca4fe461392209b5590cbae73: Time spent bootstrapping tablet: real 0.002s	user 0.002s	sys 0.000s
I20260601 13:39:29.340633 25277 raft_consensus.cc:359] T efd294469c534f32a4b70923dc6af5f6 P 80103e482f9d4ed797a465af6eaa5ef9 [term 0 FOLLOWER]: Replica starting. Triggering 0 pending ops. Active config: opid_index: -1 OBSOLETE_local: false peers { permanent_uuid: "80103e482f9d4ed797a465af6eaa5ef9" member_type: VOTER last_known_addr { host: "127.21.146.66" port: 46745 } } peers { permanent_uuid: "99d33d8ca4fe461392209b5590cbae73" member_type: VOTER last_known_addr { host: "127.21.146.65" port: 39575 } } peers { permanent_uuid: "d62532021f9e4914b8467371b26564d9" member_type: VOTER last_known_addr { host: "127.21.146.67" port: 40433 } }
I20260601 13:39:29.340734 25277 raft_consensus.cc:385] T efd294469c534f32a4b70923dc6af5f6 P 80103e482f9d4ed797a465af6eaa5ef9 [term 0 FOLLOWER]: Consensus starting up: Expiring failure detector timer to make a prompt election more likely
I20260601 13:39:29.340780 25277 raft_consensus.cc:740] T efd294469c534f32a4b70923dc6af5f6 P 80103e482f9d4ed797a465af6eaa5ef9 [term 0 FOLLOWER]: Becoming Follower/Learner. State: Replica: 80103e482f9d4ed797a465af6eaa5ef9, State: Initialized, Role: FOLLOWER
I20260601 13:39:29.340909 25277 consensus_queue.cc:260] T efd294469c534f32a4b70923dc6af5f6 P 80103e482f9d4ed797a465af6eaa5ef9 [NON_LEADER]: Queue going to NON_LEADER mode. State: All replicated index: 0, Majority replicated index: 0, Committed index: 0, Last appended: 0.0, Last appended by leader: 0, Current term: 0, Majority size: -1, State: 0, Mode: NON_LEADER, active raft config: opid_index: -1 OBSOLETE_local: false peers { permanent_uuid: "80103e482f9d4ed797a465af6eaa5ef9" member_type: VOTER last_known_addr { host: "127.21.146.66" port: 46745 } } peers { permanent_uuid: "99d33d8ca4fe461392209b5590cbae73" member_type: VOTER last_known_addr { host: "127.21.146.65" port: 39575 } } peers { permanent_uuid: "d62532021f9e4914b8467371b26564d9" member_type: VOTER last_known_addr { host: "127.21.146.67" port: 40433 } }
I20260601 13:39:29.341092 25278 raft_consensus.cc:359] T 686f1390662b463cb33d80422f68d0fd P 99d33d8ca4fe461392209b5590cbae73 [term 0 FOLLOWER]: Replica starting. Triggering 0 pending ops. Active config: opid_index: -1 OBSOLETE_local: false peers { permanent_uuid: "99d33d8ca4fe461392209b5590cbae73" member_type: VOTER last_known_addr { host: "127.21.146.65" port: 39575 } } peers { permanent_uuid: "80103e482f9d4ed797a465af6eaa5ef9" member_type: VOTER last_known_addr { host: "127.21.146.66" port: 46745 } } peers { permanent_uuid: "d62532021f9e4914b8467371b26564d9" member_type: VOTER last_known_addr { host: "127.21.146.67" port: 40433 } }
I20260601 13:39:29.341176 25277 ts_tablet_manager.cc:1434] T efd294469c534f32a4b70923dc6af5f6 P 80103e482f9d4ed797a465af6eaa5ef9: Time spent starting tablet: real 0.001s	user 0.001s	sys 0.000s
I20260601 13:39:29.341184 25278 raft_consensus.cc:385] T 686f1390662b463cb33d80422f68d0fd P 99d33d8ca4fe461392209b5590cbae73 [term 0 FOLLOWER]: Consensus starting up: Expiring failure detector timer to make a prompt election more likely
I20260601 13:39:29.341244 25278 raft_consensus.cc:740] T 686f1390662b463cb33d80422f68d0fd P 99d33d8ca4fe461392209b5590cbae73 [term 0 FOLLOWER]: Becoming Follower/Learner. State: Replica: 99d33d8ca4fe461392209b5590cbae73, State: Initialized, Role: FOLLOWER
I20260601 13:39:29.341409 25277 tablet_bootstrap.cc:492] T ae43996ce00d4e779e37efa25025b75b P 80103e482f9d4ed797a465af6eaa5ef9: Bootstrap starting.
I20260601 13:39:29.341383 25278 consensus_queue.cc:260] T 686f1390662b463cb33d80422f68d0fd P 99d33d8ca4fe461392209b5590cbae73 [NON_LEADER]: Queue going to NON_LEADER mode. State: All replicated index: 0, Majority replicated index: 0, Committed index: 0, Last appended: 0.0, Last appended by leader: 0, Current term: 0, Majority size: -1, State: 0, Mode: NON_LEADER, active raft config: opid_index: -1 OBSOLETE_local: false peers { permanent_uuid: "99d33d8ca4fe461392209b5590cbae73" member_type: VOTER last_known_addr { host: "127.21.146.65" port: 39575 } } peers { permanent_uuid: "80103e482f9d4ed797a465af6eaa5ef9" member_type: VOTER last_known_addr { host: "127.21.146.66" port: 46745 } } peers { permanent_uuid: "d62532021f9e4914b8467371b26564d9" member_type: VOTER last_known_addr { host: "127.21.146.67" port: 40433 } }
I20260601 13:39:29.342430 25277 tablet_bootstrap.cc:654] T ae43996ce00d4e779e37efa25025b75b P 80103e482f9d4ed797a465af6eaa5ef9: Neither blocks nor log segments found. Creating new log.
I20260601 13:39:29.342535 25278 ts_tablet_manager.cc:1434] T 686f1390662b463cb33d80422f68d0fd P 99d33d8ca4fe461392209b5590cbae73: Time spent starting tablet: real 0.002s	user 0.001s	sys 0.000s
I20260601 13:39:29.342700 25278 tablet_bootstrap.cc:492] T efd294469c534f32a4b70923dc6af5f6 P 99d33d8ca4fe461392209b5590cbae73: Bootstrap starting.
I20260601 13:39:29.343566 25278 tablet_bootstrap.cc:654] T efd294469c534f32a4b70923dc6af5f6 P 99d33d8ca4fe461392209b5590cbae73: Neither blocks nor log segments found. Creating new log.
I20260601 13:39:29.344213 25277 tablet_bootstrap.cc:492] T ae43996ce00d4e779e37efa25025b75b P 80103e482f9d4ed797a465af6eaa5ef9: No bootstrap required, opened a new log
I20260601 13:39:29.344328 25277 ts_tablet_manager.cc:1403] T ae43996ce00d4e779e37efa25025b75b P 80103e482f9d4ed797a465af6eaa5ef9: Time spent bootstrapping tablet: real 0.003s	user 0.002s	sys 0.000s
I20260601 13:39:29.344810 25277 raft_consensus.cc:359] T ae43996ce00d4e779e37efa25025b75b P 80103e482f9d4ed797a465af6eaa5ef9 [term 0 FOLLOWER]: Replica starting. Triggering 0 pending ops. Active config: opid_index: -1 OBSOLETE_local: false peers { permanent_uuid: "99d33d8ca4fe461392209b5590cbae73" member_type: VOTER last_known_addr { host: "127.21.146.65" port: 39575 } } peers { permanent_uuid: "80103e482f9d4ed797a465af6eaa5ef9" member_type: VOTER last_known_addr { host: "127.21.146.66" port: 46745 } } peers { permanent_uuid: "d62532021f9e4914b8467371b26564d9" member_type: VOTER last_known_addr { host: "127.21.146.67" port: 40433 } }
I20260601 13:39:29.344902 25278 tablet_bootstrap.cc:492] T efd294469c534f32a4b70923dc6af5f6 P 99d33d8ca4fe461392209b5590cbae73: No bootstrap required, opened a new log
I20260601 13:39:29.344945 25277 raft_consensus.cc:385] T ae43996ce00d4e779e37efa25025b75b P 80103e482f9d4ed797a465af6eaa5ef9 [term 0 FOLLOWER]: Consensus starting up: Expiring failure detector timer to make a prompt election more likely
I20260601 13:39:29.344980 25277 raft_consensus.cc:740] T ae43996ce00d4e779e37efa25025b75b P 80103e482f9d4ed797a465af6eaa5ef9 [term 0 FOLLOWER]: Becoming Follower/Learner. State: Replica: 80103e482f9d4ed797a465af6eaa5ef9, State: Initialized, Role: FOLLOWER
I20260601 13:39:29.344990 25278 ts_tablet_manager.cc:1403] T efd294469c534f32a4b70923dc6af5f6 P 99d33d8ca4fe461392209b5590cbae73: Time spent bootstrapping tablet: real 0.002s	user 0.002s	sys 0.000s
I20260601 13:39:29.345098 25277 consensus_queue.cc:260] T ae43996ce00d4e779e37efa25025b75b P 80103e482f9d4ed797a465af6eaa5ef9 [NON_LEADER]: Queue going to NON_LEADER mode. State: All replicated index: 0, Majority replicated index: 0, Committed index: 0, Last appended: 0.0, Last appended by leader: 0, Current term: 0, Majority size: -1, State: 0, Mode: NON_LEADER, active raft config: opid_index: -1 OBSOLETE_local: false peers { permanent_uuid: "99d33d8ca4fe461392209b5590cbae73" member_type: VOTER last_known_addr { host: "127.21.146.65" port: 39575 } } peers { permanent_uuid: "80103e482f9d4ed797a465af6eaa5ef9" member_type: VOTER last_known_addr { host: "127.21.146.66" port: 46745 } } peers { permanent_uuid: "d62532021f9e4914b8467371b26564d9" member_type: VOTER last_known_addr { host: "127.21.146.67" port: 40433 } }
I20260601 13:39:29.345683 25277 ts_tablet_manager.cc:1434] T ae43996ce00d4e779e37efa25025b75b P 80103e482f9d4ed797a465af6eaa5ef9: Time spent starting tablet: real 0.001s	user 0.001s	sys 0.000s
I20260601 13:39:29.345678 25278 raft_consensus.cc:359] T efd294469c534f32a4b70923dc6af5f6 P 99d33d8ca4fe461392209b5590cbae73 [term 0 FOLLOWER]: Replica starting. Triggering 0 pending ops. Active config: opid_index: -1 OBSOLETE_local: false peers { permanent_uuid: "80103e482f9d4ed797a465af6eaa5ef9" member_type: VOTER last_known_addr { host: "127.21.146.66" port: 46745 } } peers { permanent_uuid: "99d33d8ca4fe461392209b5590cbae73" member_type: VOTER last_known_addr { host: "127.21.146.65" port: 39575 } } peers { permanent_uuid: "d62532021f9e4914b8467371b26564d9" member_type: VOTER last_known_addr { host: "127.21.146.67" port: 40433 } }
I20260601 13:39:29.345799 25278 raft_consensus.cc:385] T efd294469c534f32a4b70923dc6af5f6 P 99d33d8ca4fe461392209b5590cbae73 [term 0 FOLLOWER]: Consensus starting up: Expiring failure detector timer to make a prompt election more likely
I20260601 13:39:29.345842 25278 raft_consensus.cc:740] T efd294469c534f32a4b70923dc6af5f6 P 99d33d8ca4fe461392209b5590cbae73 [term 0 FOLLOWER]: Becoming Follower/Learner. State: Replica: 99d33d8ca4fe461392209b5590cbae73, State: Initialized, Role: FOLLOWER
I20260601 13:39:29.345932 25277 tablet_bootstrap.cc:492] T 6c1748082662489daa5597203091d2d2 P 80103e482f9d4ed797a465af6eaa5ef9: Bootstrap starting.
I20260601 13:39:29.345974 25278 consensus_queue.cc:260] T efd294469c534f32a4b70923dc6af5f6 P 99d33d8ca4fe461392209b5590cbae73 [NON_LEADER]: Queue going to NON_LEADER mode. State: All replicated index: 0, Majority replicated index: 0, Committed index: 0, Last appended: 0.0, Last appended by leader: 0, Current term: 0, Majority size: -1, State: 0, Mode: NON_LEADER, active raft config: opid_index: -1 OBSOLETE_local: false peers { permanent_uuid: "80103e482f9d4ed797a465af6eaa5ef9" member_type: VOTER last_known_addr { host: "127.21.146.66" port: 46745 } } peers { permanent_uuid: "99d33d8ca4fe461392209b5590cbae73" member_type: VOTER last_known_addr { host: "127.21.146.65" port: 39575 } } peers { permanent_uuid: "d62532021f9e4914b8467371b26564d9" member_type: VOTER last_known_addr { host: "127.21.146.67" port: 40433 } }
I20260601 13:39:29.346318 25278 ts_tablet_manager.cc:1434] T efd294469c534f32a4b70923dc6af5f6 P 99d33d8ca4fe461392209b5590cbae73: Time spent starting tablet: real 0.001s	user 0.001s	sys 0.000s
I20260601 13:39:29.346576 25278 tablet_bootstrap.cc:492] T ae43996ce00d4e779e37efa25025b75b P 99d33d8ca4fe461392209b5590cbae73: Bootstrap starting.
I20260601 13:39:29.347033 25277 tablet_bootstrap.cc:654] T 6c1748082662489daa5597203091d2d2 P 80103e482f9d4ed797a465af6eaa5ef9: Neither blocks nor log segments found. Creating new log.
I20260601 13:39:29.347677 25278 tablet_bootstrap.cc:654] T ae43996ce00d4e779e37efa25025b75b P 99d33d8ca4fe461392209b5590cbae73: Neither blocks nor log segments found. Creating new log.
I20260601 13:39:29.348990 25277 tablet_bootstrap.cc:492] T 6c1748082662489daa5597203091d2d2 P 80103e482f9d4ed797a465af6eaa5ef9: No bootstrap required, opened a new log
I20260601 13:39:29.349195 25277 ts_tablet_manager.cc:1403] T 6c1748082662489daa5597203091d2d2 P 80103e482f9d4ed797a465af6eaa5ef9: Time spent bootstrapping tablet: real 0.003s	user 0.002s	sys 0.000s
I20260601 13:39:29.349640 25278 tablet_bootstrap.cc:492] T ae43996ce00d4e779e37efa25025b75b P 99d33d8ca4fe461392209b5590cbae73: No bootstrap required, opened a new log
I20260601 13:39:29.349720 25278 ts_tablet_manager.cc:1403] T ae43996ce00d4e779e37efa25025b75b P 99d33d8ca4fe461392209b5590cbae73: Time spent bootstrapping tablet: real 0.003s	user 0.001s	sys 0.001s
I20260601 13:39:29.349664 25277 raft_consensus.cc:359] T 6c1748082662489daa5597203091d2d2 P 80103e482f9d4ed797a465af6eaa5ef9 [term 0 FOLLOWER]: Replica starting. Triggering 0 pending ops. Active config: opid_index: -1 OBSOLETE_local: false peers { permanent_uuid: "80103e482f9d4ed797a465af6eaa5ef9" member_type: VOTER last_known_addr { host: "127.21.146.66" port: 46745 } } peers { permanent_uuid: "99d33d8ca4fe461392209b5590cbae73" member_type: VOTER last_known_addr { host: "127.21.146.65" port: 39575 } } peers { permanent_uuid: "d62532021f9e4914b8467371b26564d9" member_type: VOTER last_known_addr { host: "127.21.146.67" port: 40433 } }
I20260601 13:39:29.349818 25277 raft_consensus.cc:385] T 6c1748082662489daa5597203091d2d2 P 80103e482f9d4ed797a465af6eaa5ef9 [term 0 FOLLOWER]: Consensus starting up: Expiring failure detector timer to make a prompt election more likely
I20260601 13:39:29.349865 25277 raft_consensus.cc:740] T 6c1748082662489daa5597203091d2d2 P 80103e482f9d4ed797a465af6eaa5ef9 [term 0 FOLLOWER]: Becoming Follower/Learner. State: Replica: 80103e482f9d4ed797a465af6eaa5ef9, State: Initialized, Role: FOLLOWER
I20260601 13:39:29.350088 25277 consensus_queue.cc:260] T 6c1748082662489daa5597203091d2d2 P 80103e482f9d4ed797a465af6eaa5ef9 [NON_LEADER]: Queue going to NON_LEADER mode. State: All replicated index: 0, Majority replicated index: 0, Committed index: 0, Last appended: 0.0, Last appended by leader: 0, Current term: 0, Majority size: -1, State: 0, Mode: NON_LEADER, active raft config: opid_index: -1 OBSOLETE_local: false peers { permanent_uuid: "80103e482f9d4ed797a465af6eaa5ef9" member_type: VOTER last_known_addr { host: "127.21.146.66" port: 46745 } } peers { permanent_uuid: "99d33d8ca4fe461392209b5590cbae73" member_type: VOTER last_known_addr { host: "127.21.146.65" port: 39575 } } peers { permanent_uuid: "d62532021f9e4914b8467371b26564d9" member_type: VOTER last_known_addr { host: "127.21.146.67" port: 40433 } }
I20260601 13:39:29.350272 25278 raft_consensus.cc:359] T ae43996ce00d4e779e37efa25025b75b P 99d33d8ca4fe461392209b5590cbae73 [term 0 FOLLOWER]: Replica starting. Triggering 0 pending ops. Active config: opid_index: -1 OBSOLETE_local: false peers { permanent_uuid: "99d33d8ca4fe461392209b5590cbae73" member_type: VOTER last_known_addr { host: "127.21.146.65" port: 39575 } } peers { permanent_uuid: "80103e482f9d4ed797a465af6eaa5ef9" member_type: VOTER last_known_addr { host: "127.21.146.66" port: 46745 } } peers { permanent_uuid: "d62532021f9e4914b8467371b26564d9" member_type: VOTER last_known_addr { host: "127.21.146.67" port: 40433 } }
I20260601 13:39:29.350397 25278 raft_consensus.cc:385] T ae43996ce00d4e779e37efa25025b75b P 99d33d8ca4fe461392209b5590cbae73 [term 0 FOLLOWER]: Consensus starting up: Expiring failure detector timer to make a prompt election more likely
I20260601 13:39:29.350436 25277 ts_tablet_manager.cc:1434] T 6c1748082662489daa5597203091d2d2 P 80103e482f9d4ed797a465af6eaa5ef9: Time spent starting tablet: real 0.001s	user 0.001s	sys 0.000s
I20260601 13:39:29.350446 25278 raft_consensus.cc:740] T ae43996ce00d4e779e37efa25025b75b P 99d33d8ca4fe461392209b5590cbae73 [term 0 FOLLOWER]: Becoming Follower/Learner. State: Replica: 99d33d8ca4fe461392209b5590cbae73, State: Initialized, Role: FOLLOWER
I20260601 13:39:29.350585 25278 consensus_queue.cc:260] T ae43996ce00d4e779e37efa25025b75b P 99d33d8ca4fe461392209b5590cbae73 [NON_LEADER]: Queue going to NON_LEADER mode. State: All replicated index: 0, Majority replicated index: 0, Committed index: 0, Last appended: 0.0, Last appended by leader: 0, Current term: 0, Majority size: -1, State: 0, Mode: NON_LEADER, active raft config: opid_index: -1 OBSOLETE_local: false peers { permanent_uuid: "99d33d8ca4fe461392209b5590cbae73" member_type: VOTER last_known_addr { host: "127.21.146.65" port: 39575 } } peers { permanent_uuid: "80103e482f9d4ed797a465af6eaa5ef9" member_type: VOTER last_known_addr { host: "127.21.146.66" port: 46745 } } peers { permanent_uuid: "d62532021f9e4914b8467371b26564d9" member_type: VOTER last_known_addr { host: "127.21.146.67" port: 40433 } }
I20260601 13:39:29.350924 25278 ts_tablet_manager.cc:1434] T ae43996ce00d4e779e37efa25025b75b P 99d33d8ca4fe461392209b5590cbae73: Time spent starting tablet: real 0.001s	user 0.001s	sys 0.000s
I20260601 13:39:29.360845 25284 raft_consensus.cc:493] T ed16a4f0044244459eab08b245e84ea1 P 99d33d8ca4fe461392209b5590cbae73 [term 0 FOLLOWER]: Starting pre-election (no leader contacted us within the election timeout)
I20260601 13:39:29.360975 25284 raft_consensus.cc:515] T ed16a4f0044244459eab08b245e84ea1 P 99d33d8ca4fe461392209b5590cbae73 [term 0 FOLLOWER]: Starting pre-election with config: opid_index: -1 OBSOLETE_local: false peers { permanent_uuid: "d62532021f9e4914b8467371b26564d9" member_type: VOTER last_known_addr { host: "127.21.146.67" port: 40433 } } peers { permanent_uuid: "99d33d8ca4fe461392209b5590cbae73" member_type: VOTER last_known_addr { host: "127.21.146.65" port: 39575 } } peers { permanent_uuid: "80103e482f9d4ed797a465af6eaa5ef9" member_type: VOTER last_known_addr { host: "127.21.146.66" port: 46745 } }
I20260601 13:39:29.361439 25284 leader_election.cc:290] T ed16a4f0044244459eab08b245e84ea1 P 99d33d8ca4fe461392209b5590cbae73 [CANDIDATE]: Term 1 pre-election: Requested pre-vote from peers d62532021f9e4914b8467371b26564d9 (127.21.146.67:40433), 80103e482f9d4ed797a465af6eaa5ef9 (127.21.146.66:46745)
I20260601 13:39:29.366212 25229 tablet_service.cc:1917] Received RequestConsensusVote() RPC: tablet_id: "ed16a4f0044244459eab08b245e84ea1" candidate_uuid: "99d33d8ca4fe461392209b5590cbae73" candidate_term: 1 candidate_status { last_received { term: 0 index: 0 } } ignore_live_leader: false dest_uuid: "d62532021f9e4914b8467371b26564d9" is_pre_election: true
I20260601 13:39:29.366425 25153 tablet_service.cc:1917] Received RequestConsensusVote() RPC: tablet_id: "ed16a4f0044244459eab08b245e84ea1" candidate_uuid: "99d33d8ca4fe461392209b5590cbae73" candidate_term: 1 candidate_status { last_received { term: 0 index: 0 } } ignore_live_leader: false dest_uuid: "80103e482f9d4ed797a465af6eaa5ef9" is_pre_election: true
I20260601 13:39:29.366549 25229 raft_consensus.cc:2468] T ed16a4f0044244459eab08b245e84ea1 P d62532021f9e4914b8467371b26564d9 [term 0 FOLLOWER]: Leader pre-election vote request: Granting yes vote for candidate 99d33d8ca4fe461392209b5590cbae73 in term 0.
I20260601 13:39:29.366671 25153 raft_consensus.cc:2468] T ed16a4f0044244459eab08b245e84ea1 P 80103e482f9d4ed797a465af6eaa5ef9 [term 0 FOLLOWER]: Leader pre-election vote request: Granting yes vote for candidate 99d33d8ca4fe461392209b5590cbae73 in term 0.
I20260601 13:39:29.367038 25039 leader_election.cc:304] T ed16a4f0044244459eab08b245e84ea1 P 99d33d8ca4fe461392209b5590cbae73 [CANDIDATE]: Term 1 pre-election: Election decided. Result: candidate won. Election summary: received 2 responses out of 3 voters: 2 yes votes; 0 no votes. yes voters: 80103e482f9d4ed797a465af6eaa5ef9, 99d33d8ca4fe461392209b5590cbae73; no voters: 
I20260601 13:39:29.367364 25284 raft_consensus.cc:2804] T ed16a4f0044244459eab08b245e84ea1 P 99d33d8ca4fe461392209b5590cbae73 [term 0 FOLLOWER]: Leader pre-election won for term 1
I20260601 13:39:29.367424 25284 raft_consensus.cc:493] T ed16a4f0044244459eab08b245e84ea1 P 99d33d8ca4fe461392209b5590cbae73 [term 0 FOLLOWER]: Starting leader election (no leader contacted us within the election timeout)
I20260601 13:39:29.367455 25284 raft_consensus.cc:3060] T ed16a4f0044244459eab08b245e84ea1 P 99d33d8ca4fe461392209b5590cbae73 [term 0 FOLLOWER]: Advancing to term 1
I20260601 13:39:29.368356 25284 raft_consensus.cc:515] T ed16a4f0044244459eab08b245e84ea1 P 99d33d8ca4fe461392209b5590cbae73 [term 1 FOLLOWER]: Starting leader election with config: opid_index: -1 OBSOLETE_local: false peers { permanent_uuid: "d62532021f9e4914b8467371b26564d9" member_type: VOTER last_known_addr { host: "127.21.146.67" port: 40433 } } peers { permanent_uuid: "99d33d8ca4fe461392209b5590cbae73" member_type: VOTER last_known_addr { host: "127.21.146.65" port: 39575 } } peers { permanent_uuid: "80103e482f9d4ed797a465af6eaa5ef9" member_type: VOTER last_known_addr { host: "127.21.146.66" port: 46745 } }
I20260601 13:39:29.368773 25284 leader_election.cc:290] T ed16a4f0044244459eab08b245e84ea1 P 99d33d8ca4fe461392209b5590cbae73 [CANDIDATE]: Term 1 election: Requested vote from peers d62532021f9e4914b8467371b26564d9 (127.21.146.67:40433), 80103e482f9d4ed797a465af6eaa5ef9 (127.21.146.66:46745)
I20260601 13:39:29.369163 25229 tablet_service.cc:1917] Received RequestConsensusVote() RPC: tablet_id: "ed16a4f0044244459eab08b245e84ea1" candidate_uuid: "99d33d8ca4fe461392209b5590cbae73" candidate_term: 1 candidate_status { last_received { term: 0 index: 0 } } ignore_live_leader: false dest_uuid: "d62532021f9e4914b8467371b26564d9"
I20260601 13:39:29.369299 25229 raft_consensus.cc:3060] T ed16a4f0044244459eab08b245e84ea1 P d62532021f9e4914b8467371b26564d9 [term 0 FOLLOWER]: Advancing to term 1
I20260601 13:39:29.369530 25153 tablet_service.cc:1917] Received RequestConsensusVote() RPC: tablet_id: "ed16a4f0044244459eab08b245e84ea1" candidate_uuid: "99d33d8ca4fe461392209b5590cbae73" candidate_term: 1 candidate_status { last_received { term: 0 index: 0 } } ignore_live_leader: false dest_uuid: "80103e482f9d4ed797a465af6eaa5ef9"
I20260601 13:39:29.369952 25153 raft_consensus.cc:3060] T ed16a4f0044244459eab08b245e84ea1 P 80103e482f9d4ed797a465af6eaa5ef9 [term 0 FOLLOWER]: Advancing to term 1
I20260601 13:39:29.370504 25229 raft_consensus.cc:2468] T ed16a4f0044244459eab08b245e84ea1 P d62532021f9e4914b8467371b26564d9 [term 1 FOLLOWER]: Leader election vote request: Granting yes vote for candidate 99d33d8ca4fe461392209b5590cbae73 in term 1.
I20260601 13:39:29.371011 25039 leader_election.cc:304] T ed16a4f0044244459eab08b245e84ea1 P 99d33d8ca4fe461392209b5590cbae73 [CANDIDATE]: Term 1 election: Election decided. Result: candidate won. Election summary: received 2 responses out of 3 voters: 2 yes votes; 0 no votes. yes voters: 99d33d8ca4fe461392209b5590cbae73, d62532021f9e4914b8467371b26564d9; no voters: 
I20260601 13:39:29.371053 25153 raft_consensus.cc:2468] T ed16a4f0044244459eab08b245e84ea1 P 80103e482f9d4ed797a465af6eaa5ef9 [term 1 FOLLOWER]: Leader election vote request: Granting yes vote for candidate 99d33d8ca4fe461392209b5590cbae73 in term 1.
I20260601 13:39:29.371172 25282 raft_consensus.cc:493] T ae43996ce00d4e779e37efa25025b75b P d62532021f9e4914b8467371b26564d9 [term 0 FOLLOWER]: Starting pre-election (no leader contacted us within the election timeout)
I20260601 13:39:29.371208 25284 raft_consensus.cc:2804] T ed16a4f0044244459eab08b245e84ea1 P 99d33d8ca4fe461392209b5590cbae73 [term 1 FOLLOWER]: Leader election won for term 1
I20260601 13:39:29.371256 25282 raft_consensus.cc:515] T ae43996ce00d4e779e37efa25025b75b P d62532021f9e4914b8467371b26564d9 [term 0 FOLLOWER]: Starting pre-election with config: opid_index: -1 OBSOLETE_local: false peers { permanent_uuid: "99d33d8ca4fe461392209b5590cbae73" member_type: VOTER last_known_addr { host: "127.21.146.65" port: 39575 } } peers { permanent_uuid: "80103e482f9d4ed797a465af6eaa5ef9" member_type: VOTER last_known_addr { host: "127.21.146.66" port: 46745 } } peers { permanent_uuid: "d62532021f9e4914b8467371b26564d9" member_type: VOTER last_known_addr { host: "127.21.146.67" port: 40433 } }
I20260601 13:39:29.371416 25284 raft_consensus.cc:697] T ed16a4f0044244459eab08b245e84ea1 P 99d33d8ca4fe461392209b5590cbae73 [term 1 LEADER]: Becoming Leader. State: Replica: 99d33d8ca4fe461392209b5590cbae73, State: Running, Role: LEADER
I20260601 13:39:29.371776 25282 leader_election.cc:290] T ae43996ce00d4e779e37efa25025b75b P d62532021f9e4914b8467371b26564d9 [CANDIDATE]: Term 1 pre-election: Requested pre-vote from peers 99d33d8ca4fe461392209b5590cbae73 (127.21.146.65:39575), 80103e482f9d4ed797a465af6eaa5ef9 (127.21.146.66:46745)
I20260601 13:39:29.371690 25284 consensus_queue.cc:237] T ed16a4f0044244459eab08b245e84ea1 P 99d33d8ca4fe461392209b5590cbae73 [LEADER]: Queue going to LEADER mode. State: All replicated index: 0, Majority replicated index: 0, Committed index: 0, Last appended: 0.0, Last appended by leader: 0, Current term: 1, Majority size: 2, State: 0, Mode: LEADER, active raft config: opid_index: -1 OBSOLETE_local: false peers { permanent_uuid: "d62532021f9e4914b8467371b26564d9" member_type: VOTER last_known_addr { host: "127.21.146.67" port: 40433 } } peers { permanent_uuid: "99d33d8ca4fe461392209b5590cbae73" member_type: VOTER last_known_addr { host: "127.21.146.65" port: 39575 } } peers { permanent_uuid: "80103e482f9d4ed797a465af6eaa5ef9" member_type: VOTER last_known_addr { host: "127.21.146.66" port: 46745 } }
I20260601 13:39:29.373944 24968 catalog_manager.cc:5696] T ed16a4f0044244459eab08b245e84ea1 P 99d33d8ca4fe461392209b5590cbae73 reported cstate change: term changed from 0 to 1, leader changed from <none> to 99d33d8ca4fe461392209b5590cbae73 (127.21.146.65). New cstate: current_term: 1 leader_uuid: "99d33d8ca4fe461392209b5590cbae73" committed_config { opid_index: -1 OBSOLETE_local: false peers { permanent_uuid: "d62532021f9e4914b8467371b26564d9" member_type: VOTER last_known_addr { host: "127.21.146.67" port: 40433 } health_report { overall_health: UNKNOWN } } peers { permanent_uuid: "99d33d8ca4fe461392209b5590cbae73" member_type: VOTER last_known_addr { host: "127.21.146.65" port: 39575 } health_report { overall_health: HEALTHY } } peers { permanent_uuid: "80103e482f9d4ed797a465af6eaa5ef9" member_type: VOTER last_known_addr { host: "127.21.146.66" port: 46745 } health_report { overall_health: UNKNOWN } } }
I20260601 13:39:29.376816 25153 tablet_service.cc:1917] Received RequestConsensusVote() RPC: tablet_id: "ae43996ce00d4e779e37efa25025b75b" candidate_uuid: "d62532021f9e4914b8467371b26564d9" candidate_term: 1 candidate_status { last_received { term: 0 index: 0 } } ignore_live_leader: false dest_uuid: "80103e482f9d4ed797a465af6eaa5ef9" is_pre_election: true
I20260601 13:39:29.376952 25153 raft_consensus.cc:2468] T ae43996ce00d4e779e37efa25025b75b P 80103e482f9d4ed797a465af6eaa5ef9 [term 0 FOLLOWER]: Leader pre-election vote request: Granting yes vote for candidate d62532021f9e4914b8467371b26564d9 in term 0.
I20260601 13:39:29.376966 25075 tablet_service.cc:1917] Received RequestConsensusVote() RPC: tablet_id: "ae43996ce00d4e779e37efa25025b75b" candidate_uuid: "d62532021f9e4914b8467371b26564d9" candidate_term: 1 candidate_status { last_received { term: 0 index: 0 } } ignore_live_leader: false dest_uuid: "99d33d8ca4fe461392209b5590cbae73" is_pre_election: true
I20260601 13:39:29.377132 25075 raft_consensus.cc:2468] T ae43996ce00d4e779e37efa25025b75b P 99d33d8ca4fe461392209b5590cbae73 [term 0 FOLLOWER]: Leader pre-election vote request: Granting yes vote for candidate d62532021f9e4914b8467371b26564d9 in term 0.
I20260601 13:39:29.377249 25193 leader_election.cc:304] T ae43996ce00d4e779e37efa25025b75b P d62532021f9e4914b8467371b26564d9 [CANDIDATE]: Term 1 pre-election: Election decided. Result: candidate won. Election summary: received 2 responses out of 3 voters: 2 yes votes; 0 no votes. yes voters: 80103e482f9d4ed797a465af6eaa5ef9, d62532021f9e4914b8467371b26564d9; no voters: 
I20260601 13:39:29.377408 25282 raft_consensus.cc:2804] T ae43996ce00d4e779e37efa25025b75b P d62532021f9e4914b8467371b26564d9 [term 0 FOLLOWER]: Leader pre-election won for term 1
I20260601 13:39:29.377467 25282 raft_consensus.cc:493] T ae43996ce00d4e779e37efa25025b75b P d62532021f9e4914b8467371b26564d9 [term 0 FOLLOWER]: Starting leader election (no leader contacted us within the election timeout)
I20260601 13:39:29.377511 25282 raft_consensus.cc:3060] T ae43996ce00d4e779e37efa25025b75b P d62532021f9e4914b8467371b26564d9 [term 0 FOLLOWER]: Advancing to term 1
I20260601 13:39:29.378233 25282 raft_consensus.cc:515] T ae43996ce00d4e779e37efa25025b75b P d62532021f9e4914b8467371b26564d9 [term 1 FOLLOWER]: Starting leader election with config: opid_index: -1 OBSOLETE_local: false peers { permanent_uuid: "99d33d8ca4fe461392209b5590cbae73" member_type: VOTER last_known_addr { host: "127.21.146.65" port: 39575 } } peers { permanent_uuid: "80103e482f9d4ed797a465af6eaa5ef9" member_type: VOTER last_known_addr { host: "127.21.146.66" port: 46745 } } peers { permanent_uuid: "d62532021f9e4914b8467371b26564d9" member_type: VOTER last_known_addr { host: "127.21.146.67" port: 40433 } }
I20260601 13:39:29.378549 25282 leader_election.cc:290] T ae43996ce00d4e779e37efa25025b75b P d62532021f9e4914b8467371b26564d9 [CANDIDATE]: Term 1 election: Requested vote from peers 99d33d8ca4fe461392209b5590cbae73 (127.21.146.65:39575), 80103e482f9d4ed797a465af6eaa5ef9 (127.21.146.66:46745)
I20260601 13:39:29.378903 25075 tablet_service.cc:1917] Received RequestConsensusVote() RPC: tablet_id: "ae43996ce00d4e779e37efa25025b75b" candidate_uuid: "d62532021f9e4914b8467371b26564d9" candidate_term: 1 candidate_status { last_received { term: 0 index: 0 } } ignore_live_leader: false dest_uuid: "99d33d8ca4fe461392209b5590cbae73"
I20260601 13:39:29.378937 25153 tablet_service.cc:1917] Received RequestConsensusVote() RPC: tablet_id: "ae43996ce00d4e779e37efa25025b75b" candidate_uuid: "d62532021f9e4914b8467371b26564d9" candidate_term: 1 candidate_status { last_received { term: 0 index: 0 } } ignore_live_leader: false dest_uuid: "80103e482f9d4ed797a465af6eaa5ef9"
I20260601 13:39:29.378994 25075 raft_consensus.cc:3060] T ae43996ce00d4e779e37efa25025b75b P 99d33d8ca4fe461392209b5590cbae73 [term 0 FOLLOWER]: Advancing to term 1
I20260601 13:39:29.379069 25153 raft_consensus.cc:3060] T ae43996ce00d4e779e37efa25025b75b P 80103e482f9d4ed797a465af6eaa5ef9 [term 0 FOLLOWER]: Advancing to term 1
I20260601 13:39:29.379788 25075 raft_consensus.cc:2468] T ae43996ce00d4e779e37efa25025b75b P 99d33d8ca4fe461392209b5590cbae73 [term 1 FOLLOWER]: Leader election vote request: Granting yes vote for candidate d62532021f9e4914b8467371b26564d9 in term 1.
I20260601 13:39:29.379868 25153 raft_consensus.cc:2468] T ae43996ce00d4e779e37efa25025b75b P 80103e482f9d4ed797a465af6eaa5ef9 [term 1 FOLLOWER]: Leader election vote request: Granting yes vote for candidate d62532021f9e4914b8467371b26564d9 in term 1.
I20260601 13:39:29.380146 25193 leader_election.cc:304] T ae43996ce00d4e779e37efa25025b75b P d62532021f9e4914b8467371b26564d9 [CANDIDATE]: Term 1 election: Election decided. Result: candidate won. Election summary: received 2 responses out of 3 voters: 2 yes votes; 0 no votes. yes voters: 80103e482f9d4ed797a465af6eaa5ef9, d62532021f9e4914b8467371b26564d9; no voters: 
I20260601 13:39:29.380296 25282 raft_consensus.cc:2804] T ae43996ce00d4e779e37efa25025b75b P d62532021f9e4914b8467371b26564d9 [term 1 FOLLOWER]: Leader election won for term 1
I20260601 13:39:29.380501 25282 raft_consensus.cc:697] T ae43996ce00d4e779e37efa25025b75b P d62532021f9e4914b8467371b26564d9 [term 1 LEADER]: Becoming Leader. State: Replica: d62532021f9e4914b8467371b26564d9, State: Running, Role: LEADER
I20260601 13:39:29.380698 25282 consensus_queue.cc:237] T ae43996ce00d4e779e37efa25025b75b P d62532021f9e4914b8467371b26564d9 [LEADER]: Queue going to LEADER mode. State: All replicated index: 0, Majority replicated index: 0, Committed index: 0, Last appended: 0.0, Last appended by leader: 0, Current term: 1, Majority size: 2, State: 0, Mode: LEADER, active raft config: opid_index: -1 OBSOLETE_local: false peers { permanent_uuid: "99d33d8ca4fe461392209b5590cbae73" member_type: VOTER last_known_addr { host: "127.21.146.65" port: 39575 } } peers { permanent_uuid: "80103e482f9d4ed797a465af6eaa5ef9" member_type: VOTER last_known_addr { host: "127.21.146.66" port: 46745 } } peers { permanent_uuid: "d62532021f9e4914b8467371b26564d9" member_type: VOTER last_known_addr { host: "127.21.146.67" port: 40433 } }
I20260601 13:39:29.382299 24968 catalog_manager.cc:5696] T ae43996ce00d4e779e37efa25025b75b P d62532021f9e4914b8467371b26564d9 reported cstate change: term changed from 0 to 1, leader changed from <none> to d62532021f9e4914b8467371b26564d9 (127.21.146.67). New cstate: current_term: 1 leader_uuid: "d62532021f9e4914b8467371b26564d9" committed_config { opid_index: -1 OBSOLETE_local: false peers { permanent_uuid: "99d33d8ca4fe461392209b5590cbae73" member_type: VOTER last_known_addr { host: "127.21.146.65" port: 39575 } health_report { overall_health: UNKNOWN } } peers { permanent_uuid: "80103e482f9d4ed797a465af6eaa5ef9" member_type: VOTER last_known_addr { host: "127.21.146.66" port: 46745 } health_report { overall_health: UNKNOWN } } peers { permanent_uuid: "d62532021f9e4914b8467371b26564d9" member_type: VOTER last_known_addr { host: "127.21.146.67" port: 40433 } health_report { overall_health: HEALTHY } } }
I20260601 13:39:29.413491 25282 raft_consensus.cc:493] T efd294469c534f32a4b70923dc6af5f6 P d62532021f9e4914b8467371b26564d9 [term 0 FOLLOWER]: Starting pre-election (no leader contacted us within the election timeout)
I20260601 13:39:29.413651 25282 raft_consensus.cc:515] T efd294469c534f32a4b70923dc6af5f6 P d62532021f9e4914b8467371b26564d9 [term 0 FOLLOWER]: Starting pre-election with config: opid_index: -1 OBSOLETE_local: false peers { permanent_uuid: "80103e482f9d4ed797a465af6eaa5ef9" member_type: VOTER last_known_addr { host: "127.21.146.66" port: 46745 } } peers { permanent_uuid: "99d33d8ca4fe461392209b5590cbae73" member_type: VOTER last_known_addr { host: "127.21.146.65" port: 39575 } } peers { permanent_uuid: "d62532021f9e4914b8467371b26564d9" member_type: VOTER last_known_addr { host: "127.21.146.67" port: 40433 } }
I20260601 13:39:29.414209 25282 leader_election.cc:290] T efd294469c534f32a4b70923dc6af5f6 P d62532021f9e4914b8467371b26564d9 [CANDIDATE]: Term 1 pre-election: Requested pre-vote from peers 80103e482f9d4ed797a465af6eaa5ef9 (127.21.146.66:46745), 99d33d8ca4fe461392209b5590cbae73 (127.21.146.65:39575)
I20260601 13:39:29.414708 25153 tablet_service.cc:1917] Received RequestConsensusVote() RPC: tablet_id: "efd294469c534f32a4b70923dc6af5f6" candidate_uuid: "d62532021f9e4914b8467371b26564d9" candidate_term: 1 candidate_status { last_received { term: 0 index: 0 } } ignore_live_leader: false dest_uuid: "80103e482f9d4ed797a465af6eaa5ef9" is_pre_election: true
I20260601 13:39:29.414855 25153 raft_consensus.cc:2468] T efd294469c534f32a4b70923dc6af5f6 P 80103e482f9d4ed797a465af6eaa5ef9 [term 0 FOLLOWER]: Leader pre-election vote request: Granting yes vote for candidate d62532021f9e4914b8467371b26564d9 in term 0.
I20260601 13:39:29.414806 25075 tablet_service.cc:1917] Received RequestConsensusVote() RPC: tablet_id: "efd294469c534f32a4b70923dc6af5f6" candidate_uuid: "d62532021f9e4914b8467371b26564d9" candidate_term: 1 candidate_status { last_received { term: 0 index: 0 } } ignore_live_leader: false dest_uuid: "99d33d8ca4fe461392209b5590cbae73" is_pre_election: true
I20260601 13:39:29.415014 25075 raft_consensus.cc:2468] T efd294469c534f32a4b70923dc6af5f6 P 99d33d8ca4fe461392209b5590cbae73 [term 0 FOLLOWER]: Leader pre-election vote request: Granting yes vote for candidate d62532021f9e4914b8467371b26564d9 in term 0.
I20260601 13:39:29.415153 25193 leader_election.cc:304] T efd294469c534f32a4b70923dc6af5f6 P d62532021f9e4914b8467371b26564d9 [CANDIDATE]: Term 1 pre-election: Election decided. Result: candidate won. Election summary: received 2 responses out of 3 voters: 2 yes votes; 0 no votes. yes voters: 80103e482f9d4ed797a465af6eaa5ef9, d62532021f9e4914b8467371b26564d9; no voters: 
I20260601 13:39:29.415376 25282 raft_consensus.cc:2804] T efd294469c534f32a4b70923dc6af5f6 P d62532021f9e4914b8467371b26564d9 [term 0 FOLLOWER]: Leader pre-election won for term 1
I20260601 13:39:29.415447 25282 raft_consensus.cc:493] T efd294469c534f32a4b70923dc6af5f6 P d62532021f9e4914b8467371b26564d9 [term 0 FOLLOWER]: Starting leader election (no leader contacted us within the election timeout)
I20260601 13:39:29.415604 25282 raft_consensus.cc:3060] T efd294469c534f32a4b70923dc6af5f6 P d62532021f9e4914b8467371b26564d9 [term 0 FOLLOWER]: Advancing to term 1
I20260601 13:39:29.416464 25282 raft_consensus.cc:515] T efd294469c534f32a4b70923dc6af5f6 P d62532021f9e4914b8467371b26564d9 [term 1 FOLLOWER]: Starting leader election with config: opid_index: -1 OBSOLETE_local: false peers { permanent_uuid: "80103e482f9d4ed797a465af6eaa5ef9" member_type: VOTER last_known_addr { host: "127.21.146.66" port: 46745 } } peers { permanent_uuid: "99d33d8ca4fe461392209b5590cbae73" member_type: VOTER last_known_addr { host: "127.21.146.65" port: 39575 } } peers { permanent_uuid: "d62532021f9e4914b8467371b26564d9" member_type: VOTER last_known_addr { host: "127.21.146.67" port: 40433 } }
I20260601 13:39:29.417287 25282 leader_election.cc:290] T efd294469c534f32a4b70923dc6af5f6 P d62532021f9e4914b8467371b26564d9 [CANDIDATE]: Term 1 election: Requested vote from peers 80103e482f9d4ed797a465af6eaa5ef9 (127.21.146.66:46745), 99d33d8ca4fe461392209b5590cbae73 (127.21.146.65:39575)
I20260601 13:39:29.417665 25075 tablet_service.cc:1917] Received RequestConsensusVote() RPC: tablet_id: "efd294469c534f32a4b70923dc6af5f6" candidate_uuid: "d62532021f9e4914b8467371b26564d9" candidate_term: 1 candidate_status { last_received { term: 0 index: 0 } } ignore_live_leader: false dest_uuid: "99d33d8ca4fe461392209b5590cbae73"
I20260601 13:39:29.417665 25153 tablet_service.cc:1917] Received RequestConsensusVote() RPC: tablet_id: "efd294469c534f32a4b70923dc6af5f6" candidate_uuid: "d62532021f9e4914b8467371b26564d9" candidate_term: 1 candidate_status { last_received { term: 0 index: 0 } } ignore_live_leader: false dest_uuid: "80103e482f9d4ed797a465af6eaa5ef9"
I20260601 13:39:29.417806 25075 raft_consensus.cc:3060] T efd294469c534f32a4b70923dc6af5f6 P 99d33d8ca4fe461392209b5590cbae73 [term 0 FOLLOWER]: Advancing to term 1
I20260601 13:39:29.417836 25153 raft_consensus.cc:3060] T efd294469c534f32a4b70923dc6af5f6 P 80103e482f9d4ed797a465af6eaa5ef9 [term 0 FOLLOWER]: Advancing to term 1
I20260601 13:39:29.418570 25075 raft_consensus.cc:2468] T efd294469c534f32a4b70923dc6af5f6 P 99d33d8ca4fe461392209b5590cbae73 [term 1 FOLLOWER]: Leader election vote request: Granting yes vote for candidate d62532021f9e4914b8467371b26564d9 in term 1.
I20260601 13:39:29.418855 25153 raft_consensus.cc:2468] T efd294469c534f32a4b70923dc6af5f6 P 80103e482f9d4ed797a465af6eaa5ef9 [term 1 FOLLOWER]: Leader election vote request: Granting yes vote for candidate d62532021f9e4914b8467371b26564d9 in term 1.
I20260601 13:39:29.418900 25193 leader_election.cc:304] T efd294469c534f32a4b70923dc6af5f6 P d62532021f9e4914b8467371b26564d9 [CANDIDATE]: Term 1 election: Election decided. Result: candidate won. Election summary: received 2 responses out of 3 voters: 2 yes votes; 0 no votes. yes voters: 99d33d8ca4fe461392209b5590cbae73, d62532021f9e4914b8467371b26564d9; no voters: 
I20260601 13:39:29.419190 25282 raft_consensus.cc:2804] T efd294469c534f32a4b70923dc6af5f6 P d62532021f9e4914b8467371b26564d9 [term 1 FOLLOWER]: Leader election won for term 1
I20260601 13:39:29.419298 25282 raft_consensus.cc:697] T efd294469c534f32a4b70923dc6af5f6 P d62532021f9e4914b8467371b26564d9 [term 1 LEADER]: Becoming Leader. State: Replica: d62532021f9e4914b8467371b26564d9, State: Running, Role: LEADER
