I20260601 13:38:15.570322 22155 raft_consensus.cc:385] T 15088a580cac4a0f8aa6719982489bc8 P 1b24ec79e2e043c8bbfca49326d4a8e3 [term 0 FOLLOWER]: Consensus starting up: Expiring failure detector timer to make a prompt election more likely
I20260601 13:38:15.570451 22155 raft_consensus.cc:740] T 15088a580cac4a0f8aa6719982489bc8 P 1b24ec79e2e043c8bbfca49326d4a8e3 [term 0 FOLLOWER]: Becoming Follower/Learner. State: Replica: 1b24ec79e2e043c8bbfca49326d4a8e3, State: Initialized, Role: FOLLOWER
I20260601 13:38:15.570609 22155 consensus_queue.cc:260] T 15088a580cac4a0f8aa6719982489bc8 P 1b24ec79e2e043c8bbfca49326d4a8e3 [NON_LEADER]: Queue going to NON_LEADER mode. State: All replicated index: 0, Majority replicated index: 0, Committed index: 0, Last appended: 0.0, Last appended by leader: 0, Current term: 0, Majority size: -1, State: 0, Mode: NON_LEADER, active raft config: opid_index: -1 OBSOLETE_local: false peers { permanent_uuid: "1b24ec79e2e043c8bbfca49326d4a8e3" member_type: VOTER last_known_addr { host: "127.20.201.193" port: 46195 } } peers { permanent_uuid: "6ee9a79236634ea19d089c0908303165" member_type: VOTER last_known_addr { host: "127.20.201.194" port: 39103 } } peers { permanent_uuid: "b429365f886b43eaafac15b10567839d" member_type: VOTER last_known_addr { host: "127.20.201.195" port: 38001 } }
I20260601 13:38:15.570912 22157 tablet_bootstrap.cc:654] T cbfa41f1797d458884ffa927e1d5e343 P b429365f886b43eaafac15b10567839d: Neither blocks nor log segments found. Creating new log.
I20260601 13:38:15.570947 22155 ts_tablet_manager.cc:1434] T 15088a580cac4a0f8aa6719982489bc8 P 1b24ec79e2e043c8bbfca49326d4a8e3: Time spent starting tablet: real 0.001s	user 0.001s	sys 0.000s
I20260601 13:38:15.571216 22155 tablet_bootstrap.cc:492] T 2aeecf4c974843ac9eaaf47445b84361 P 1b24ec79e2e043c8bbfca49326d4a8e3: Bootstrap starting.
I20260601 13:38:15.572165 22156 tablet_bootstrap.cc:492] T e2224d6669be44fba9165ae0c9d8a67a P 6ee9a79236634ea19d089c0908303165: No bootstrap required, opened a new log
I20260601 13:38:15.572290 22155 tablet_bootstrap.cc:654] T 2aeecf4c974843ac9eaaf47445b84361 P 1b24ec79e2e043c8bbfca49326d4a8e3: Neither blocks nor log segments found. Creating new log.
I20260601 13:38:15.572291 22156 ts_tablet_manager.cc:1403] T e2224d6669be44fba9165ae0c9d8a67a P 6ee9a79236634ea19d089c0908303165: Time spent bootstrapping tablet: real 0.009s	user 0.002s	sys 0.000s
I20260601 13:38:15.573014 22156 raft_consensus.cc:359] T e2224d6669be44fba9165ae0c9d8a67a P 6ee9a79236634ea19d089c0908303165 [term 0 FOLLOWER]: Replica starting. Triggering 0 pending ops. Active config: opid_index: -1 OBSOLETE_local: false peers { permanent_uuid: "1b24ec79e2e043c8bbfca49326d4a8e3" member_type: VOTER last_known_addr { host: "127.20.201.193" port: 46195 } } peers { permanent_uuid: "6ee9a79236634ea19d089c0908303165" member_type: VOTER last_known_addr { host: "127.20.201.194" port: 39103 } } peers { permanent_uuid: "b429365f886b43eaafac15b10567839d" member_type: VOTER last_known_addr { host: "127.20.201.195" port: 38001 } }
I20260601 13:38:15.573172 22156 raft_consensus.cc:385] T e2224d6669be44fba9165ae0c9d8a67a P 6ee9a79236634ea19d089c0908303165 [term 0 FOLLOWER]: Consensus starting up: Expiring failure detector timer to make a prompt election more likely
I20260601 13:38:15.573266 22156 raft_consensus.cc:740] T e2224d6669be44fba9165ae0c9d8a67a P 6ee9a79236634ea19d089c0908303165 [term 0 FOLLOWER]: Becoming Follower/Learner. State: Replica: 6ee9a79236634ea19d089c0908303165, State: Initialized, Role: FOLLOWER
I20260601 13:38:15.573475 22157 tablet_bootstrap.cc:492] T cbfa41f1797d458884ffa927e1d5e343 P b429365f886b43eaafac15b10567839d: No bootstrap required, opened a new log
I20260601 13:38:15.573446 22156 consensus_queue.cc:260] T e2224d6669be44fba9165ae0c9d8a67a P 6ee9a79236634ea19d089c0908303165 [NON_LEADER]: Queue going to NON_LEADER mode. State: All replicated index: 0, Majority replicated index: 0, Committed index: 0, Last appended: 0.0, Last appended by leader: 0, Current term: 0, Majority size: -1, State: 0, Mode: NON_LEADER, active raft config: opid_index: -1 OBSOLETE_local: false peers { permanent_uuid: "1b24ec79e2e043c8bbfca49326d4a8e3" member_type: VOTER last_known_addr { host: "127.20.201.193" port: 46195 } } peers { permanent_uuid: "6ee9a79236634ea19d089c0908303165" member_type: VOTER last_known_addr { host: "127.20.201.194" port: 39103 } } peers { permanent_uuid: "b429365f886b43eaafac15b10567839d" member_type: VOTER last_known_addr { host: "127.20.201.195" port: 38001 } }
I20260601 13:38:15.573536 22155 tablet_bootstrap.cc:492] T 2aeecf4c974843ac9eaaf47445b84361 P 1b24ec79e2e043c8bbfca49326d4a8e3: No bootstrap required, opened a new log
I20260601 13:38:15.573556 22157 ts_tablet_manager.cc:1403] T cbfa41f1797d458884ffa927e1d5e343 P b429365f886b43eaafac15b10567839d: Time spent bootstrapping tablet: real 0.004s	user 0.002s	sys 0.000s
I20260601 13:38:15.573647 22155 ts_tablet_manager.cc:1403] T 2aeecf4c974843ac9eaaf47445b84361 P 1b24ec79e2e043c8bbfca49326d4a8e3: Time spent bootstrapping tablet: real 0.002s	user 0.002s	sys 0.000s
I20260601 13:38:15.573750 22156 ts_tablet_manager.cc:1434] T e2224d6669be44fba9165ae0c9d8a67a P 6ee9a79236634ea19d089c0908303165: Time spent starting tablet: real 0.001s	user 0.001s	sys 0.000s
I20260601 13:38:15.573920 22156 tablet_bootstrap.cc:492] T 2aeecf4c974843ac9eaaf47445b84361 P 6ee9a79236634ea19d089c0908303165: Bootstrap starting.
I20260601 13:38:15.574057 22157 raft_consensus.cc:359] T cbfa41f1797d458884ffa927e1d5e343 P b429365f886b43eaafac15b10567839d [term 0 FOLLOWER]: Replica starting. Triggering 0 pending ops. Active config: opid_index: -1 OBSOLETE_local: false peers { permanent_uuid: "1b24ec79e2e043c8bbfca49326d4a8e3" member_type: VOTER last_known_addr { host: "127.20.201.193" port: 46195 } } peers { permanent_uuid: "6ee9a79236634ea19d089c0908303165" member_type: VOTER last_known_addr { host: "127.20.201.194" port: 39103 } } peers { permanent_uuid: "b429365f886b43eaafac15b10567839d" member_type: VOTER last_known_addr { host: "127.20.201.195" port: 38001 } }
I20260601 13:38:15.574146 22157 raft_consensus.cc:385] T cbfa41f1797d458884ffa927e1d5e343 P b429365f886b43eaafac15b10567839d [term 0 FOLLOWER]: Consensus starting up: Expiring failure detector timer to make a prompt election more likely
I20260601 13:38:15.574095 22155 raft_consensus.cc:359] T 2aeecf4c974843ac9eaaf47445b84361 P 1b24ec79e2e043c8bbfca49326d4a8e3 [term 0 FOLLOWER]: Replica starting. Triggering 0 pending ops. Active config: opid_index: -1 OBSOLETE_local: false peers { permanent_uuid: "1b24ec79e2e043c8bbfca49326d4a8e3" member_type: VOTER last_known_addr { host: "127.20.201.193" port: 46195 } } peers { permanent_uuid: "6ee9a79236634ea19d089c0908303165" member_type: VOTER last_known_addr { host: "127.20.201.194" port: 39103 } } peers { permanent_uuid: "b429365f886b43eaafac15b10567839d" member_type: VOTER last_known_addr { host: "127.20.201.195" port: 38001 } }
I20260601 13:38:15.574177 22157 raft_consensus.cc:740] T cbfa41f1797d458884ffa927e1d5e343 P b429365f886b43eaafac15b10567839d [term 0 FOLLOWER]: Becoming Follower/Learner. State: Replica: b429365f886b43eaafac15b10567839d, State: Initialized, Role: FOLLOWER
I20260601 13:38:15.574195 22155 raft_consensus.cc:385] T 2aeecf4c974843ac9eaaf47445b84361 P 1b24ec79e2e043c8bbfca49326d4a8e3 [term 0 FOLLOWER]: Consensus starting up: Expiring failure detector timer to make a prompt election more likely
I20260601 13:38:15.574239 22155 raft_consensus.cc:740] T 2aeecf4c974843ac9eaaf47445b84361 P 1b24ec79e2e043c8bbfca49326d4a8e3 [term 0 FOLLOWER]: Becoming Follower/Learner. State: Replica: 1b24ec79e2e043c8bbfca49326d4a8e3, State: Initialized, Role: FOLLOWER
I20260601 13:38:15.574301 22157 consensus_queue.cc:260] T cbfa41f1797d458884ffa927e1d5e343 P b429365f886b43eaafac15b10567839d [NON_LEADER]: Queue going to NON_LEADER mode. State: All replicated index: 0, Majority replicated index: 0, Committed index: 0, Last appended: 0.0, Last appended by leader: 0, Current term: 0, Majority size: -1, State: 0, Mode: NON_LEADER, active raft config: opid_index: -1 OBSOLETE_local: false peers { permanent_uuid: "1b24ec79e2e043c8bbfca49326d4a8e3" member_type: VOTER last_known_addr { host: "127.20.201.193" port: 46195 } } peers { permanent_uuid: "6ee9a79236634ea19d089c0908303165" member_type: VOTER last_known_addr { host: "127.20.201.194" port: 39103 } } peers { permanent_uuid: "b429365f886b43eaafac15b10567839d" member_type: VOTER last_known_addr { host: "127.20.201.195" port: 38001 } }
I20260601 13:38:15.574352 22155 consensus_queue.cc:260] T 2aeecf4c974843ac9eaaf47445b84361 P 1b24ec79e2e043c8bbfca49326d4a8e3 [NON_LEADER]: Queue going to NON_LEADER mode. State: All replicated index: 0, Majority replicated index: 0, Committed index: 0, Last appended: 0.0, Last appended by leader: 0, Current term: 0, Majority size: -1, State: 0, Mode: NON_LEADER, active raft config: opid_index: -1 OBSOLETE_local: false peers { permanent_uuid: "1b24ec79e2e043c8bbfca49326d4a8e3" member_type: VOTER last_known_addr { host: "127.20.201.193" port: 46195 } } peers { permanent_uuid: "6ee9a79236634ea19d089c0908303165" member_type: VOTER last_known_addr { host: "127.20.201.194" port: 39103 } } peers { permanent_uuid: "b429365f886b43eaafac15b10567839d" member_type: VOTER last_known_addr { host: "127.20.201.195" port: 38001 } }
I20260601 13:38:15.574573 22157 ts_tablet_manager.cc:1434] T cbfa41f1797d458884ffa927e1d5e343 P b429365f886b43eaafac15b10567839d: Time spent starting tablet: real 0.001s	user 0.001s	sys 0.000s
I20260601 13:38:15.574615 22155 ts_tablet_manager.cc:1434] T 2aeecf4c974843ac9eaaf47445b84361 P 1b24ec79e2e043c8bbfca49326d4a8e3: Time spent starting tablet: real 0.001s	user 0.001s	sys 0.000s
I20260601 13:38:15.574743 22157 tablet_bootstrap.cc:492] T 2aeecf4c974843ac9eaaf47445b84361 P b429365f886b43eaafac15b10567839d: Bootstrap starting.
I20260601 13:38:15.574803 22155 tablet_bootstrap.cc:492] T cbfa41f1797d458884ffa927e1d5e343 P 1b24ec79e2e043c8bbfca49326d4a8e3: Bootstrap starting.
I20260601 13:38:15.575533 22156 tablet_bootstrap.cc:654] T 2aeecf4c974843ac9eaaf47445b84361 P 6ee9a79236634ea19d089c0908303165: Neither blocks nor log segments found. Creating new log.
I20260601 13:38:15.575716 22157 tablet_bootstrap.cc:654] T 2aeecf4c974843ac9eaaf47445b84361 P b429365f886b43eaafac15b10567839d: Neither blocks nor log segments found. Creating new log.
I20260601 13:38:15.575819 22155 tablet_bootstrap.cc:654] T cbfa41f1797d458884ffa927e1d5e343 P 1b24ec79e2e043c8bbfca49326d4a8e3: Neither blocks nor log segments found. Creating new log.
I20260601 13:38:15.576718 22157 tablet_bootstrap.cc:492] T 2aeecf4c974843ac9eaaf47445b84361 P b429365f886b43eaafac15b10567839d: No bootstrap required, opened a new log
I20260601 13:38:15.576880 22157 ts_tablet_manager.cc:1403] T 2aeecf4c974843ac9eaaf47445b84361 P b429365f886b43eaafac15b10567839d: Time spent bootstrapping tablet: real 0.002s	user 0.000s	sys 0.002s
I20260601 13:38:15.577369 22157 raft_consensus.cc:359] T 2aeecf4c974843ac9eaaf47445b84361 P b429365f886b43eaafac15b10567839d [term 0 FOLLOWER]: Replica starting. Triggering 0 pending ops. Active config: opid_index: -1 OBSOLETE_local: false peers { permanent_uuid: "1b24ec79e2e043c8bbfca49326d4a8e3" member_type: VOTER last_known_addr { host: "127.20.201.193" port: 46195 } } peers { permanent_uuid: "6ee9a79236634ea19d089c0908303165" member_type: VOTER last_known_addr { host: "127.20.201.194" port: 39103 } } peers { permanent_uuid: "b429365f886b43eaafac15b10567839d" member_type: VOTER last_known_addr { host: "127.20.201.195" port: 38001 } }
I20260601 13:38:15.577566 22157 raft_consensus.cc:385] T 2aeecf4c974843ac9eaaf47445b84361 P b429365f886b43eaafac15b10567839d [term 0 FOLLOWER]: Consensus starting up: Expiring failure detector timer to make a prompt election more likely
I20260601 13:38:15.577656 22157 raft_consensus.cc:740] T 2aeecf4c974843ac9eaaf47445b84361 P b429365f886b43eaafac15b10567839d [term 0 FOLLOWER]: Becoming Follower/Learner. State: Replica: b429365f886b43eaafac15b10567839d, State: Initialized, Role: FOLLOWER
I20260601 13:38:15.577872 22157 consensus_queue.cc:260] T 2aeecf4c974843ac9eaaf47445b84361 P b429365f886b43eaafac15b10567839d [NON_LEADER]: Queue going to NON_LEADER mode. State: All replicated index: 0, Majority replicated index: 0, Committed index: 0, Last appended: 0.0, Last appended by leader: 0, Current term: 0, Majority size: -1, State: 0, Mode: NON_LEADER, active raft config: opid_index: -1 OBSOLETE_local: false peers { permanent_uuid: "1b24ec79e2e043c8bbfca49326d4a8e3" member_type: VOTER last_known_addr { host: "127.20.201.193" port: 46195 } } peers { permanent_uuid: "6ee9a79236634ea19d089c0908303165" member_type: VOTER last_known_addr { host: "127.20.201.194" port: 39103 } } peers { permanent_uuid: "b429365f886b43eaafac15b10567839d" member_type: VOTER last_known_addr { host: "127.20.201.195" port: 38001 } }
I20260601 13:38:15.578217 22156 tablet_bootstrap.cc:492] T 2aeecf4c974843ac9eaaf47445b84361 P 6ee9a79236634ea19d089c0908303165: No bootstrap required, opened a new log
I20260601 13:38:15.578323 22156 ts_tablet_manager.cc:1403] T 2aeecf4c974843ac9eaaf47445b84361 P 6ee9a79236634ea19d089c0908303165: Time spent bootstrapping tablet: real 0.004s	user 0.001s	sys 0.000s
I20260601 13:38:15.578346 22157 ts_tablet_manager.cc:1434] T 2aeecf4c974843ac9eaaf47445b84361 P b429365f886b43eaafac15b10567839d: Time spent starting tablet: real 0.001s	user 0.000s	sys 0.001s
I20260601 13:38:15.578580 22157 tablet_bootstrap.cc:492] T 0934fa56a7c34bdea2f3abaf8344a3e7 P b429365f886b43eaafac15b10567839d: Bootstrap starting.
I20260601 13:38:15.578629 22155 tablet_bootstrap.cc:492] T cbfa41f1797d458884ffa927e1d5e343 P 1b24ec79e2e043c8bbfca49326d4a8e3: No bootstrap required, opened a new log
I20260601 13:38:15.578790 22156 raft_consensus.cc:359] T 2aeecf4c974843ac9eaaf47445b84361 P 6ee9a79236634ea19d089c0908303165 [term 0 FOLLOWER]: Replica starting. Triggering 0 pending ops. Active config: opid_index: -1 OBSOLETE_local: false peers { permanent_uuid: "1b24ec79e2e043c8bbfca49326d4a8e3" member_type: VOTER last_known_addr { host: "127.20.201.193" port: 46195 } } peers { permanent_uuid: "6ee9a79236634ea19d089c0908303165" member_type: VOTER last_known_addr { host: "127.20.201.194" port: 39103 } } peers { permanent_uuid: "b429365f886b43eaafac15b10567839d" member_type: VOTER last_known_addr { host: "127.20.201.195" port: 38001 } }
I20260601 13:38:15.578902 22156 raft_consensus.cc:385] T 2aeecf4c974843ac9eaaf47445b84361 P 6ee9a79236634ea19d089c0908303165 [term 0 FOLLOWER]: Consensus starting up: Expiring failure detector timer to make a prompt election more likely
I20260601 13:38:15.578938 22156 raft_consensus.cc:740] T 2aeecf4c974843ac9eaaf47445b84361 P 6ee9a79236634ea19d089c0908303165 [term 0 FOLLOWER]: Becoming Follower/Learner. State: Replica: 6ee9a79236634ea19d089c0908303165, State: Initialized, Role: FOLLOWER
I20260601 13:38:15.579098 22156 consensus_queue.cc:260] T 2aeecf4c974843ac9eaaf47445b84361 P 6ee9a79236634ea19d089c0908303165 [NON_LEADER]: Queue going to NON_LEADER mode. State: All replicated index: 0, Majority replicated index: 0, Committed index: 0, Last appended: 0.0, Last appended by leader: 0, Current term: 0, Majority size: -1, State: 0, Mode: NON_LEADER, active raft config: opid_index: -1 OBSOLETE_local: false peers { permanent_uuid: "1b24ec79e2e043c8bbfca49326d4a8e3" member_type: VOTER last_known_addr { host: "127.20.201.193" port: 46195 } } peers { permanent_uuid: "6ee9a79236634ea19d089c0908303165" member_type: VOTER last_known_addr { host: "127.20.201.194" port: 39103 } } peers { permanent_uuid: "b429365f886b43eaafac15b10567839d" member_type: VOTER last_known_addr { host: "127.20.201.195" port: 38001 } }
I20260601 13:38:15.578799 22155 ts_tablet_manager.cc:1403] T cbfa41f1797d458884ffa927e1d5e343 P 1b24ec79e2e043c8bbfca49326d4a8e3: Time spent bootstrapping tablet: real 0.004s	user 0.000s	sys 0.002s
I20260601 13:38:15.579749 22157 tablet_bootstrap.cc:654] T 0934fa56a7c34bdea2f3abaf8344a3e7 P b429365f886b43eaafac15b10567839d: Neither blocks nor log segments found. Creating new log.
I20260601 13:38:15.579453 22156 ts_tablet_manager.cc:1434] T 2aeecf4c974843ac9eaaf47445b84361 P 6ee9a79236634ea19d089c0908303165: Time spent starting tablet: real 0.001s	user 0.001s	sys 0.000s
I20260601 13:38:15.580037 22156 tablet_bootstrap.cc:492] T cbfa41f1797d458884ffa927e1d5e343 P 6ee9a79236634ea19d089c0908303165: Bootstrap starting.
I20260601 13:38:15.580597 22165 raft_consensus.cc:493] T 0934fa56a7c34bdea2f3abaf8344a3e7 P 1b24ec79e2e043c8bbfca49326d4a8e3 [term 0 FOLLOWER]: Starting pre-election (no leader contacted us within the election timeout)
I20260601 13:38:15.579988 22155 raft_consensus.cc:359] T cbfa41f1797d458884ffa927e1d5e343 P 1b24ec79e2e043c8bbfca49326d4a8e3 [term 0 FOLLOWER]: Replica starting. Triggering 0 pending ops. Active config: opid_index: -1 OBSOLETE_local: false peers { permanent_uuid: "1b24ec79e2e043c8bbfca49326d4a8e3" member_type: VOTER last_known_addr { host: "127.20.201.193" port: 46195 } } peers { permanent_uuid: "6ee9a79236634ea19d089c0908303165" member_type: VOTER last_known_addr { host: "127.20.201.194" port: 39103 } } peers { permanent_uuid: "b429365f886b43eaafac15b10567839d" member_type: VOTER last_known_addr { host: "127.20.201.195" port: 38001 } }
I20260601 13:38:15.580703 22165 raft_consensus.cc:515] T 0934fa56a7c34bdea2f3abaf8344a3e7 P 1b24ec79e2e043c8bbfca49326d4a8e3 [term 0 FOLLOWER]: Starting pre-election with config: opid_index: -1 OBSOLETE_local: false peers { permanent_uuid: "1b24ec79e2e043c8bbfca49326d4a8e3" member_type: VOTER last_known_addr { host: "127.20.201.193" port: 46195 } } peers { permanent_uuid: "b429365f886b43eaafac15b10567839d" member_type: VOTER last_known_addr { host: "127.20.201.195" port: 38001 } } peers { permanent_uuid: "6ee9a79236634ea19d089c0908303165" member_type: VOTER last_known_addr { host: "127.20.201.194" port: 39103 } }
I20260601 13:38:15.580760 22155 raft_consensus.cc:385] T cbfa41f1797d458884ffa927e1d5e343 P 1b24ec79e2e043c8bbfca49326d4a8e3 [term 0 FOLLOWER]: Consensus starting up: Expiring failure detector timer to make a prompt election more likely
I20260601 13:38:15.580819 22155 raft_consensus.cc:740] T cbfa41f1797d458884ffa927e1d5e343 P 1b24ec79e2e043c8bbfca49326d4a8e3 [term 0 FOLLOWER]: Becoming Follower/Learner. State: Replica: 1b24ec79e2e043c8bbfca49326d4a8e3, State: Initialized, Role: FOLLOWER
I20260601 13:38:15.581135 22156 tablet_bootstrap.cc:654] T cbfa41f1797d458884ffa927e1d5e343 P 6ee9a79236634ea19d089c0908303165: Neither blocks nor log segments found. Creating new log.
I20260601 13:38:15.581223 22165 leader_election.cc:290] T 0934fa56a7c34bdea2f3abaf8344a3e7 P 1b24ec79e2e043c8bbfca49326d4a8e3 [CANDIDATE]: Term 1 pre-election: Requested pre-vote from peers b429365f886b43eaafac15b10567839d (127.20.201.195:38001), 6ee9a79236634ea19d089c0908303165 (127.20.201.194:39103)
I20260601 13:38:15.581641 22161 raft_consensus.cc:493] T 0934fa56a7c34bdea2f3abaf8344a3e7 P 6ee9a79236634ea19d089c0908303165 [term 0 FOLLOWER]: Starting pre-election (no leader contacted us within the election timeout)
I20260601 13:38:15.581725 22161 raft_consensus.cc:515] T 0934fa56a7c34bdea2f3abaf8344a3e7 P 6ee9a79236634ea19d089c0908303165 [term 0 FOLLOWER]: Starting pre-election with config: opid_index: -1 OBSOLETE_local: false peers { permanent_uuid: "1b24ec79e2e043c8bbfca49326d4a8e3" member_type: VOTER last_known_addr { host: "127.20.201.193" port: 46195 } } peers { permanent_uuid: "b429365f886b43eaafac15b10567839d" member_type: VOTER last_known_addr { host: "127.20.201.195" port: 38001 } } peers { permanent_uuid: "6ee9a79236634ea19d089c0908303165" member_type: VOTER last_known_addr { host: "127.20.201.194" port: 39103 } }
I20260601 13:38:15.582214 22161 leader_election.cc:290] T 0934fa56a7c34bdea2f3abaf8344a3e7 P 6ee9a79236634ea19d089c0908303165 [CANDIDATE]: Term 1 pre-election: Requested pre-vote from peers 1b24ec79e2e043c8bbfca49326d4a8e3 (127.20.201.193:46195), b429365f886b43eaafac15b10567839d (127.20.201.195:38001)
I20260601 13:38:15.582270 22155 consensus_queue.cc:260] T cbfa41f1797d458884ffa927e1d5e343 P 1b24ec79e2e043c8bbfca49326d4a8e3 [NON_LEADER]: Queue going to NON_LEADER mode. State: All replicated index: 0, Majority replicated index: 0, Committed index: 0, Last appended: 0.0, Last appended by leader: 0, Current term: 0, Majority size: -1, State: 0, Mode: NON_LEADER, active raft config: opid_index: -1 OBSOLETE_local: false peers { permanent_uuid: "1b24ec79e2e043c8bbfca49326d4a8e3" member_type: VOTER last_known_addr { host: "127.20.201.193" port: 46195 } } peers { permanent_uuid: "6ee9a79236634ea19d089c0908303165" member_type: VOTER last_known_addr { host: "127.20.201.194" port: 39103 } } peers { permanent_uuid: "b429365f886b43eaafac15b10567839d" member_type: VOTER last_known_addr { host: "127.20.201.195" port: 38001 } }
I20260601 13:38:15.582563 22155 ts_tablet_manager.cc:1434] T cbfa41f1797d458884ffa927e1d5e343 P 1b24ec79e2e043c8bbfca49326d4a8e3: Time spent starting tablet: real 0.003s	user 0.000s	sys 0.001s
I20260601 13:38:15.582739 22155 tablet_bootstrap.cc:492] T e17a89fcf633446498af826f6e658d3d P 1b24ec79e2e043c8bbfca49326d4a8e3: Bootstrap starting.
I20260601 13:38:15.583784 22155 tablet_bootstrap.cc:654] T e17a89fcf633446498af826f6e658d3d P 1b24ec79e2e043c8bbfca49326d4a8e3: Neither blocks nor log segments found. Creating new log.
I20260601 13:38:15.585436 22156 tablet_bootstrap.cc:492] T cbfa41f1797d458884ffa927e1d5e343 P 6ee9a79236634ea19d089c0908303165: No bootstrap required, opened a new log
I20260601 13:38:15.585542 22156 ts_tablet_manager.cc:1403] T cbfa41f1797d458884ffa927e1d5e343 P 6ee9a79236634ea19d089c0908303165: Time spent bootstrapping tablet: real 0.006s	user 0.002s	sys 0.000s
I20260601 13:38:15.586031 22156 raft_consensus.cc:359] T cbfa41f1797d458884ffa927e1d5e343 P 6ee9a79236634ea19d089c0908303165 [term 0 FOLLOWER]: Replica starting. Triggering 0 pending ops. Active config: opid_index: -1 OBSOLETE_local: false peers { permanent_uuid: "1b24ec79e2e043c8bbfca49326d4a8e3" member_type: VOTER last_known_addr { host: "127.20.201.193" port: 46195 } } peers { permanent_uuid: "6ee9a79236634ea19d089c0908303165" member_type: VOTER last_known_addr { host: "127.20.201.194" port: 39103 } } peers { permanent_uuid: "b429365f886b43eaafac15b10567839d" member_type: VOTER last_known_addr { host: "127.20.201.195" port: 38001 } }
I20260601 13:38:15.586156 22156 raft_consensus.cc:385] T cbfa41f1797d458884ffa927e1d5e343 P 6ee9a79236634ea19d089c0908303165 [term 0 FOLLOWER]: Consensus starting up: Expiring failure detector timer to make a prompt election more likely
I20260601 13:38:15.586189 22156 raft_consensus.cc:740] T cbfa41f1797d458884ffa927e1d5e343 P 6ee9a79236634ea19d089c0908303165 [term 0 FOLLOWER]: Becoming Follower/Learner. State: Replica: 6ee9a79236634ea19d089c0908303165, State: Initialized, Role: FOLLOWER
I20260601 13:38:15.586313 22156 consensus_queue.cc:260] T cbfa41f1797d458884ffa927e1d5e343 P 6ee9a79236634ea19d089c0908303165 [NON_LEADER]: Queue going to NON_LEADER mode. State: All replicated index: 0, Majority replicated index: 0, Committed index: 0, Last appended: 0.0, Last appended by leader: 0, Current term: 0, Majority size: -1, State: 0, Mode: NON_LEADER, active raft config: opid_index: -1 OBSOLETE_local: false peers { permanent_uuid: "1b24ec79e2e043c8bbfca49326d4a8e3" member_type: VOTER last_known_addr { host: "127.20.201.193" port: 46195 } } peers { permanent_uuid: "6ee9a79236634ea19d089c0908303165" member_type: VOTER last_known_addr { host: "127.20.201.194" port: 39103 } } peers { permanent_uuid: "b429365f886b43eaafac15b10567839d" member_type: VOTER last_known_addr { host: "127.20.201.195" port: 38001 } }
I20260601 13:38:15.586589 22156 ts_tablet_manager.cc:1434] T cbfa41f1797d458884ffa927e1d5e343 P 6ee9a79236634ea19d089c0908303165: Time spent starting tablet: real 0.001s	user 0.000s	sys 0.000s
I20260601 13:38:15.586781 22156 tablet_bootstrap.cc:492] T e17a89fcf633446498af826f6e658d3d P 6ee9a79236634ea19d089c0908303165: Bootstrap starting.
I20260601 13:38:15.587365 22157 tablet_bootstrap.cc:492] T 0934fa56a7c34bdea2f3abaf8344a3e7 P b429365f886b43eaafac15b10567839d: No bootstrap required, opened a new log
I20260601 13:38:15.587512 22157 ts_tablet_manager.cc:1403] T 0934fa56a7c34bdea2f3abaf8344a3e7 P b429365f886b43eaafac15b10567839d: Time spent bootstrapping tablet: real 0.009s	user 0.000s	sys 0.002s
I20260601 13:38:15.587893 22156 tablet_bootstrap.cc:654] T e17a89fcf633446498af826f6e658d3d P 6ee9a79236634ea19d089c0908303165: Neither blocks nor log segments found. Creating new log.
I20260601 13:38:15.588969 22157 raft_consensus.cc:359] T 0934fa56a7c34bdea2f3abaf8344a3e7 P b429365f886b43eaafac15b10567839d [term 0 FOLLOWER]: Replica starting. Triggering 0 pending ops. Active config: opid_index: -1 OBSOLETE_local: false peers { permanent_uuid: "1b24ec79e2e043c8bbfca49326d4a8e3" member_type: VOTER last_known_addr { host: "127.20.201.193" port: 46195 } } peers { permanent_uuid: "b429365f886b43eaafac15b10567839d" member_type: VOTER last_known_addr { host: "127.20.201.195" port: 38001 } } peers { permanent_uuid: "6ee9a79236634ea19d089c0908303165" member_type: VOTER last_known_addr { host: "127.20.201.194" port: 39103 } }
I20260601 13:38:15.589092 22157 raft_consensus.cc:385] T 0934fa56a7c34bdea2f3abaf8344a3e7 P b429365f886b43eaafac15b10567839d [term 0 FOLLOWER]: Consensus starting up: Expiring failure detector timer to make a prompt election more likely
I20260601 13:38:15.589126 22157 raft_consensus.cc:740] T 0934fa56a7c34bdea2f3abaf8344a3e7 P b429365f886b43eaafac15b10567839d [term 0 FOLLOWER]: Becoming Follower/Learner. State: Replica: b429365f886b43eaafac15b10567839d, State: Initialized, Role: FOLLOWER
I20260601 13:38:15.589154 22034 tablet_service.cc:1917] Received RequestConsensusVote() RPC: tablet_id: "0934fa56a7c34bdea2f3abaf8344a3e7" candidate_uuid: "1b24ec79e2e043c8bbfca49326d4a8e3" candidate_term: 1 candidate_status { last_received { term: 0 index: 0 } } ignore_live_leader: false dest_uuid: "6ee9a79236634ea19d089c0908303165" is_pre_election: true
I20260601 13:38:15.589244 22034 raft_consensus.cc:2468] T 0934fa56a7c34bdea2f3abaf8344a3e7 P 6ee9a79236634ea19d089c0908303165 [term 0 FOLLOWER]: Leader pre-election vote request: Granting yes vote for candidate 1b24ec79e2e043c8bbfca49326d4a8e3 in term 0.
I20260601 13:38:15.589265 22157 consensus_queue.cc:260] T 0934fa56a7c34bdea2f3abaf8344a3e7 P b429365f886b43eaafac15b10567839d [NON_LEADER]: Queue going to NON_LEADER mode. State: All replicated index: 0, Majority replicated index: 0, Committed index: 0, Last appended: 0.0, Last appended by leader: 0, Current term: 0, Majority size: -1, State: 0, Mode: NON_LEADER, active raft config: opid_index: -1 OBSOLETE_local: false peers { permanent_uuid: "1b24ec79e2e043c8bbfca49326d4a8e3" member_type: VOTER last_known_addr { host: "127.20.201.193" port: 46195 } } peers { permanent_uuid: "b429365f886b43eaafac15b10567839d" member_type: VOTER last_known_addr { host: "127.20.201.195" port: 38001 } } peers { permanent_uuid: "6ee9a79236634ea19d089c0908303165" member_type: VOTER last_known_addr { host: "127.20.201.194" port: 39103 } }
I20260601 13:38:15.589531 22157 ts_tablet_manager.cc:1434] T 0934fa56a7c34bdea2f3abaf8344a3e7 P b429365f886b43eaafac15b10567839d: Time spent starting tablet: real 0.002s	user 0.000s	sys 0.000s
I20260601 13:38:15.589717 22157 tablet_bootstrap.cc:492] T 15088a580cac4a0f8aa6719982489bc8 P b429365f886b43eaafac15b10567839d: Bootstrap starting.
I20260601 13:38:15.589794 22109 tablet_service.cc:1917] Received RequestConsensusVote() RPC: tablet_id: "0934fa56a7c34bdea2f3abaf8344a3e7" candidate_uuid: "6ee9a79236634ea19d089c0908303165" candidate_term: 1 candidate_status { last_received { term: 0 index: 0 } } ignore_live_leader: false dest_uuid: "b429365f886b43eaafac15b10567839d" is_pre_election: true
I20260601 13:38:15.589915 22109 raft_consensus.cc:2468] T 0934fa56a7c34bdea2f3abaf8344a3e7 P b429365f886b43eaafac15b10567839d [term 0 FOLLOWER]: Leader pre-election vote request: Granting yes vote for candidate 6ee9a79236634ea19d089c0908303165 in term 0.
I20260601 13:38:15.590214 22000 leader_election.cc:304] T 0934fa56a7c34bdea2f3abaf8344a3e7 P 6ee9a79236634ea19d089c0908303165 [CANDIDATE]: Term 1 pre-election: Election decided. Result: candidate won. Election summary: received 2 responses out of 3 voters: 2 yes votes; 0 no votes. yes voters: 6ee9a79236634ea19d089c0908303165, b429365f886b43eaafac15b10567839d; no voters: 
I20260601 13:38:15.590318 21923 leader_election.cc:304] T 0934fa56a7c34bdea2f3abaf8344a3e7 P 1b24ec79e2e043c8bbfca49326d4a8e3 [CANDIDATE]: Term 1 pre-election: Election decided. Result: candidate won. Election summary: received 2 responses out of 3 voters: 2 yes votes; 0 no votes. yes voters: 1b24ec79e2e043c8bbfca49326d4a8e3, 6ee9a79236634ea19d089c0908303165; no voters: 
I20260601 13:38:15.590519 22165 raft_consensus.cc:2804] T 0934fa56a7c34bdea2f3abaf8344a3e7 P 1b24ec79e2e043c8bbfca49326d4a8e3 [term 0 FOLLOWER]: Leader pre-election won for term 1
I20260601 13:38:15.590574 22165 raft_consensus.cc:493] T 0934fa56a7c34bdea2f3abaf8344a3e7 P 1b24ec79e2e043c8bbfca49326d4a8e3 [term 0 FOLLOWER]: Starting leader election (no leader contacted us within the election timeout)
I20260601 13:38:15.590611 22165 raft_consensus.cc:3060] T 0934fa56a7c34bdea2f3abaf8344a3e7 P 1b24ec79e2e043c8bbfca49326d4a8e3 [term 0 FOLLOWER]: Advancing to term 1
I20260601 13:38:15.590828 22157 tablet_bootstrap.cc:654] T 15088a580cac4a0f8aa6719982489bc8 P b429365f886b43eaafac15b10567839d: Neither blocks nor log segments found. Creating new log.
I20260601 13:38:15.591073 22155 tablet_bootstrap.cc:492] T e17a89fcf633446498af826f6e658d3d P 1b24ec79e2e043c8bbfca49326d4a8e3: No bootstrap required, opened a new log
I20260601 13:38:15.591161 22155 ts_tablet_manager.cc:1403] T e17a89fcf633446498af826f6e658d3d P 1b24ec79e2e043c8bbfca49326d4a8e3: Time spent bootstrapping tablet: real 0.008s	user 0.000s	sys 0.002s
I20260601 13:38:15.590534 22161 raft_consensus.cc:2804] T 0934fa56a7c34bdea2f3abaf8344a3e7 P 6ee9a79236634ea19d089c0908303165 [term 0 FOLLOWER]: Leader pre-election won for term 1
I20260601 13:38:15.591347 22161 raft_consensus.cc:493] T 0934fa56a7c34bdea2f3abaf8344a3e7 P 6ee9a79236634ea19d089c0908303165 [term 0 FOLLOWER]: Starting leader election (no leader contacted us within the election timeout)
I20260601 13:38:15.591387 22161 raft_consensus.cc:3060] T 0934fa56a7c34bdea2f3abaf8344a3e7 P 6ee9a79236634ea19d089c0908303165 [term 0 FOLLOWER]: Advancing to term 1
I20260601 13:38:15.591676 22155 raft_consensus.cc:359] T e17a89fcf633446498af826f6e658d3d P 1b24ec79e2e043c8bbfca49326d4a8e3 [term 0 FOLLOWER]: Replica starting. Triggering 0 pending ops. Active config: opid_index: -1 OBSOLETE_local: false peers { permanent_uuid: "1b24ec79e2e043c8bbfca49326d4a8e3" member_type: VOTER last_known_addr { host: "127.20.201.193" port: 46195 } } peers { permanent_uuid: "6ee9a79236634ea19d089c0908303165" member_type: VOTER last_known_addr { host: "127.20.201.194" port: 39103 } } peers { permanent_uuid: "b429365f886b43eaafac15b10567839d" member_type: VOTER last_known_addr { host: "127.20.201.195" port: 38001 } }
I20260601 13:38:15.591765 22155 raft_consensus.cc:385] T e17a89fcf633446498af826f6e658d3d P 1b24ec79e2e043c8bbfca49326d4a8e3 [term 0 FOLLOWER]: Consensus starting up: Expiring failure detector timer to make a prompt election more likely
I20260601 13:38:15.591912 22155 raft_consensus.cc:740] T e17a89fcf633446498af826f6e658d3d P 1b24ec79e2e043c8bbfca49326d4a8e3 [term 0 FOLLOWER]: Becoming Follower/Learner. State: Replica: 1b24ec79e2e043c8bbfca49326d4a8e3, State: Initialized, Role: FOLLOWER
I20260601 13:38:15.591848 22165 raft_consensus.cc:515] T 0934fa56a7c34bdea2f3abaf8344a3e7 P 1b24ec79e2e043c8bbfca49326d4a8e3 [term 1 FOLLOWER]: Starting leader election with config: opid_index: -1 OBSOLETE_local: false peers { permanent_uuid: "1b24ec79e2e043c8bbfca49326d4a8e3" member_type: VOTER last_known_addr { host: "127.20.201.193" port: 46195 } } peers { permanent_uuid: "b429365f886b43eaafac15b10567839d" member_type: VOTER last_known_addr { host: "127.20.201.195" port: 38001 } } peers { permanent_uuid: "6ee9a79236634ea19d089c0908303165" member_type: VOTER last_known_addr { host: "127.20.201.194" port: 39103 } }
I20260601 13:38:15.592033 22155 consensus_queue.cc:260] T e17a89fcf633446498af826f6e658d3d P 1b24ec79e2e043c8bbfca49326d4a8e3 [NON_LEADER]: Queue going to NON_LEADER mode. State: All replicated index: 0, Majority replicated index: 0, Committed index: 0, Last appended: 0.0, Last appended by leader: 0, Current term: 0, Majority size: -1, State: 0, Mode: NON_LEADER, active raft config: opid_index: -1 OBSOLETE_local: false peers { permanent_uuid: "1b24ec79e2e043c8bbfca49326d4a8e3" member_type: VOTER last_known_addr { host: "127.20.201.193" port: 46195 } } peers { permanent_uuid: "6ee9a79236634ea19d089c0908303165" member_type: VOTER last_known_addr { host: "127.20.201.194" port: 39103 } } peers { permanent_uuid: "b429365f886b43eaafac15b10567839d" member_type: VOTER last_known_addr { host: "127.20.201.195" port: 38001 } }
I20260601 13:38:15.592439 22155 ts_tablet_manager.cc:1434] T e17a89fcf633446498af826f6e658d3d P 1b24ec79e2e043c8bbfca49326d4a8e3: Time spent starting tablet: real 0.001s	user 0.001s	sys 0.001s
I20260601 13:38:15.592617 22155 tablet_bootstrap.cc:492] T e2224d6669be44fba9165ae0c9d8a67a P 1b24ec79e2e043c8bbfca49326d4a8e3: Bootstrap starting.
I20260601 13:38:15.592964 22034 tablet_service.cc:1917] Received RequestConsensusVote() RPC: tablet_id: "0934fa56a7c34bdea2f3abaf8344a3e7" candidate_uuid: "1b24ec79e2e043c8bbfca49326d4a8e3" candidate_term: 1 candidate_status { last_received { term: 0 index: 0 } } ignore_live_leader: false dest_uuid: "6ee9a79236634ea19d089c0908303165"
I20260601 13:38:15.592386 22165 leader_election.cc:290] T 0934fa56a7c34bdea2f3abaf8344a3e7 P 1b24ec79e2e043c8bbfca49326d4a8e3 [CANDIDATE]: Term 1 election: Requested vote from peers b429365f886b43eaafac15b10567839d (127.20.201.195:38001), 6ee9a79236634ea19d089c0908303165 (127.20.201.194:39103)
I20260601 13:38:15.593488 22109 tablet_service.cc:1917] Received RequestConsensusVote() RPC: tablet_id: "0934fa56a7c34bdea2f3abaf8344a3e7" candidate_uuid: "1b24ec79e2e043c8bbfca49326d4a8e3" candidate_term: 1 candidate_status { last_received { term: 0 index: 0 } } ignore_live_leader: false dest_uuid: "b429365f886b43eaafac15b10567839d" is_pre_election: true
I20260601 13:38:15.593603 22109 raft_consensus.cc:2468] T 0934fa56a7c34bdea2f3abaf8344a3e7 P b429365f886b43eaafac15b10567839d [term 0 FOLLOWER]: Leader pre-election vote request: Granting yes vote for candidate 1b24ec79e2e043c8bbfca49326d4a8e3 in term 0.
I20260601 13:38:15.593648 22108 tablet_service.cc:1917] Received RequestConsensusVote() RPC: tablet_id: "0934fa56a7c34bdea2f3abaf8344a3e7" candidate_uuid: "1b24ec79e2e043c8bbfca49326d4a8e3" candidate_term: 1 candidate_status { last_received { term: 0 index: 0 } } ignore_live_leader: false dest_uuid: "b429365f886b43eaafac15b10567839d"
I20260601 13:38:15.593772 22108 raft_consensus.cc:3060] T 0934fa56a7c34bdea2f3abaf8344a3e7 P b429365f886b43eaafac15b10567839d [term 0 FOLLOWER]: Advancing to term 1
I20260601 13:38:15.593653 22155 tablet_bootstrap.cc:654] T e2224d6669be44fba9165ae0c9d8a67a P 1b24ec79e2e043c8bbfca49326d4a8e3: Neither blocks nor log segments found. Creating new log.
I20260601 13:38:15.594660 22108 raft_consensus.cc:2468] T 0934fa56a7c34bdea2f3abaf8344a3e7 P b429365f886b43eaafac15b10567839d [term 1 FOLLOWER]: Leader election vote request: Granting yes vote for candidate 1b24ec79e2e043c8bbfca49326d4a8e3 in term 1.
I20260601 13:38:15.594965 21924 leader_election.cc:304] T 0934fa56a7c34bdea2f3abaf8344a3e7 P 1b24ec79e2e043c8bbfca49326d4a8e3 [CANDIDATE]: Term 1 election: Election decided. Result: candidate won. Election summary: received 2 responses out of 3 voters: 2 yes votes; 0 no votes. yes voters: 1b24ec79e2e043c8bbfca49326d4a8e3, b429365f886b43eaafac15b10567839d; no voters: 
I20260601 13:38:15.592373 22161 raft_consensus.cc:515] T 0934fa56a7c34bdea2f3abaf8344a3e7 P 6ee9a79236634ea19d089c0908303165 [term 1 FOLLOWER]: Starting leader election with config: opid_index: -1 OBSOLETE_local: false peers { permanent_uuid: "1b24ec79e2e043c8bbfca49326d4a8e3" member_type: VOTER last_known_addr { host: "127.20.201.193" port: 46195 } } peers { permanent_uuid: "b429365f886b43eaafac15b10567839d" member_type: VOTER last_known_addr { host: "127.20.201.195" port: 38001 } } peers { permanent_uuid: "6ee9a79236634ea19d089c0908303165" member_type: VOTER last_known_addr { host: "127.20.201.194" port: 39103 } }
I20260601 13:38:15.595178 22155 tablet_bootstrap.cc:492] T e2224d6669be44fba9165ae0c9d8a67a P 1b24ec79e2e043c8bbfca49326d4a8e3: No bootstrap required, opened a new log
I20260601 13:38:15.595227 22034 raft_consensus.cc:2393] T 0934fa56a7c34bdea2f3abaf8344a3e7 P 6ee9a79236634ea19d089c0908303165 [term 1 FOLLOWER]: Leader election vote request: Denying vote to candidate 1b24ec79e2e043c8bbfca49326d4a8e3 in current term 1: Already voted for candidate 6ee9a79236634ea19d089c0908303165 in this term.
I20260601 13:38:15.595302 22155 ts_tablet_manager.cc:1403] T e2224d6669be44fba9165ae0c9d8a67a P 1b24ec79e2e043c8bbfca49326d4a8e3: Time spent bootstrapping tablet: real 0.003s	user 0.001s	sys 0.001s
I20260601 13:38:15.595358 22161 leader_election.cc:290] T 0934fa56a7c34bdea2f3abaf8344a3e7 P 6ee9a79236634ea19d089c0908303165 [CANDIDATE]: Term 1 election: Requested vote from peers 1b24ec79e2e043c8bbfca49326d4a8e3 (127.20.201.193:46195), b429365f886b43eaafac15b10567839d (127.20.201.195:38001)
I20260601 13:38:15.595230 22165 raft_consensus.cc:2804] T 0934fa56a7c34bdea2f3abaf8344a3e7 P 1b24ec79e2e043c8bbfca49326d4a8e3 [term 1 FOLLOWER]: Leader election won for term 1
I20260601 13:38:15.595517 22165 raft_consensus.cc:697] T 0934fa56a7c34bdea2f3abaf8344a3e7 P 1b24ec79e2e043c8bbfca49326d4a8e3 [term 1 LEADER]: Becoming Leader. State: Replica: 1b24ec79e2e043c8bbfca49326d4a8e3, State: Running, Role: LEADER
I20260601 13:38:15.595757 22108 tablet_service.cc:1917] Received RequestConsensusVote() RPC: tablet_id: "0934fa56a7c34bdea2f3abaf8344a3e7" candidate_uuid: "6ee9a79236634ea19d089c0908303165" candidate_term: 1 candidate_status { last_received { term: 0 index: 0 } } ignore_live_leader: false dest_uuid: "b429365f886b43eaafac15b10567839d"
I20260601 13:38:15.595729 22165 consensus_queue.cc:237] T 0934fa56a7c34bdea2f3abaf8344a3e7 P 1b24ec79e2e043c8bbfca49326d4a8e3 [LEADER]: Queue going to LEADER mode. State: All replicated index: 0, Majority replicated index: 0, Committed index: 0, Last appended: 0.0, Last appended by leader: 0, Current term: 1, Majority size: 2, State: 0, Mode: LEADER, active raft config: opid_index: -1 OBSOLETE_local: false peers { permanent_uuid: "1b24ec79e2e043c8bbfca49326d4a8e3" member_type: VOTER last_known_addr { host: "127.20.201.193" port: 46195 } } peers { permanent_uuid: "b429365f886b43eaafac15b10567839d" member_type: VOTER last_known_addr { host: "127.20.201.195" port: 38001 } } peers { permanent_uuid: "6ee9a79236634ea19d089c0908303165" member_type: VOTER last_known_addr { host: "127.20.201.194" port: 39103 } }
I20260601 13:38:15.595805 22155 raft_consensus.cc:359] T e2224d6669be44fba9165ae0c9d8a67a P 1b24ec79e2e043c8bbfca49326d4a8e3 [term 0 FOLLOWER]: Replica starting. Triggering 0 pending ops. Active config: opid_index: -1 OBSOLETE_local: false peers { permanent_uuid: "1b24ec79e2e043c8bbfca49326d4a8e3" member_type: VOTER last_known_addr { host: "127.20.201.193" port: 46195 } } peers { permanent_uuid: "6ee9a79236634ea19d089c0908303165" member_type: VOTER last_known_addr { host: "127.20.201.194" port: 39103 } } peers { permanent_uuid: "b429365f886b43eaafac15b10567839d" member_type: VOTER last_known_addr { host: "127.20.201.195" port: 38001 } }
I20260601 13:38:15.595873 22108 raft_consensus.cc:2393] T 0934fa56a7c34bdea2f3abaf8344a3e7 P b429365f886b43eaafac15b10567839d [term 1 FOLLOWER]: Leader election vote request: Denying vote to candidate 6ee9a79236634ea19d089c0908303165 in current term 1: Already voted for candidate 1b24ec79e2e043c8bbfca49326d4a8e3 in this term.
I20260601 13:38:15.595922 22155 raft_consensus.cc:385] T e2224d6669be44fba9165ae0c9d8a67a P 1b24ec79e2e043c8bbfca49326d4a8e3 [term 0 FOLLOWER]: Consensus starting up: Expiring failure detector timer to make a prompt election more likely
I20260601 13:38:15.595959 22155 raft_consensus.cc:740] T e2224d6669be44fba9165ae0c9d8a67a P 1b24ec79e2e043c8bbfca49326d4a8e3 [term 0 FOLLOWER]: Becoming Follower/Learner. State: Replica: 1b24ec79e2e043c8bbfca49326d4a8e3, State: Initialized, Role: FOLLOWER
I20260601 13:38:15.596061 22155 consensus_queue.cc:260] T e2224d6669be44fba9165ae0c9d8a67a P 1b24ec79e2e043c8bbfca49326d4a8e3 [NON_LEADER]: Queue going to NON_LEADER mode. State: All replicated index: 0, Majority replicated index: 0, Committed index: 0, Last appended: 0.0, Last appended by leader: 0, Current term: 0, Majority size: -1, State: 0, Mode: NON_LEADER, active raft config: opid_index: -1 OBSOLETE_local: false peers { permanent_uuid: "1b24ec79e2e043c8bbfca49326d4a8e3" member_type: VOTER last_known_addr { host: "127.20.201.193" port: 46195 } } peers { permanent_uuid: "6ee9a79236634ea19d089c0908303165" member_type: VOTER last_known_addr { host: "127.20.201.194" port: 39103 } } peers { permanent_uuid: "b429365f886b43eaafac15b10567839d" member_type: VOTER last_known_addr { host: "127.20.201.195" port: 38001 } }
I20260601 13:38:15.596500 22155 ts_tablet_manager.cc:1434] T e2224d6669be44fba9165ae0c9d8a67a P 1b24ec79e2e043c8bbfca49326d4a8e3: Time spent starting tablet: real 0.001s	user 0.001s	sys 0.000s
I20260601 13:38:15.596665 22155 tablet_bootstrap.cc:492] T 8c63b12676d2470ba23109a194cdd24e P 1b24ec79e2e043c8bbfca49326d4a8e3: Bootstrap starting.
I20260601 13:38:15.597075 21958 tablet_service.cc:1917] Received RequestConsensusVote() RPC: tablet_id: "0934fa56a7c34bdea2f3abaf8344a3e7" candidate_uuid: "6ee9a79236634ea19d089c0908303165" candidate_term: 1 candidate_status { last_received { term: 0 index: 0 } } ignore_live_leader: false dest_uuid: "1b24ec79e2e043c8bbfca49326d4a8e3" is_pre_election: true
I20260601 13:38:15.597391 21957 tablet_service.cc:1917] Received RequestConsensusVote() RPC: tablet_id: "0934fa56a7c34bdea2f3abaf8344a3e7" candidate_uuid: "6ee9a79236634ea19d089c0908303165" candidate_term: 1 candidate_status { last_received { term: 0 index: 0 } } ignore_live_leader: false dest_uuid: "1b24ec79e2e043c8bbfca49326d4a8e3"
I20260601 13:38:15.597695 21999 leader_election.cc:304] T 0934fa56a7c34bdea2f3abaf8344a3e7 P 6ee9a79236634ea19d089c0908303165 [CANDIDATE]: Term 1 election: Election decided. Result: candidate lost. Election summary: received 3 responses out of 3 voters: 1 yes votes; 2 no votes. yes voters: 6ee9a79236634ea19d089c0908303165; no voters: 1b24ec79e2e043c8bbfca49326d4a8e3, b429365f886b43eaafac15b10567839d
I20260601 13:38:15.597805 22155 tablet_bootstrap.cc:654] T 8c63b12676d2470ba23109a194cdd24e P 1b24ec79e2e043c8bbfca49326d4a8e3: Neither blocks nor log segments found. Creating new log.
I20260601 13:38:15.597647 21854 catalog_manager.cc:5696] T 0934fa56a7c34bdea2f3abaf8344a3e7 P 1b24ec79e2e043c8bbfca49326d4a8e3 reported cstate change: term changed from 0 to 1, leader changed from <none> to 1b24ec79e2e043c8bbfca49326d4a8e3 (127.20.201.193). New cstate: current_term: 1 leader_uuid: "1b24ec79e2e043c8bbfca49326d4a8e3" committed_config { opid_index: -1 OBSOLETE_local: false peers { permanent_uuid: "1b24ec79e2e043c8bbfca49326d4a8e3" member_type: VOTER last_known_addr { host: "127.20.201.193" port: 46195 } health_report { overall_health: HEALTHY } } peers { permanent_uuid: "b429365f886b43eaafac15b10567839d" member_type: VOTER last_known_addr { host: "127.20.201.195" port: 38001 } health_report { overall_health: UNKNOWN } } peers { permanent_uuid: "6ee9a79236634ea19d089c0908303165" member_type: VOTER last_known_addr { host: "127.20.201.194" port: 39103 } health_report { overall_health: UNKNOWN } } }
I20260601 13:38:15.597911 22161 raft_consensus.cc:2749] T 0934fa56a7c34bdea2f3abaf8344a3e7 P 6ee9a79236634ea19d089c0908303165 [term 1 FOLLOWER]: Leader election lost for term 1. Reason: could not achieve majority
I20260601 13:38:15.598790 22156 tablet_bootstrap.cc:492] T e17a89fcf633446498af826f6e658d3d P 6ee9a79236634ea19d089c0908303165: No bootstrap required, opened a new log
I20260601 13:38:15.598908 22156 ts_tablet_manager.cc:1403] T e17a89fcf633446498af826f6e658d3d P 6ee9a79236634ea19d089c0908303165: Time spent bootstrapping tablet: real 0.012s	user 0.002s	sys 0.000s
I20260601 13:38:15.598940 22155 tablet_bootstrap.cc:492] T 8c63b12676d2470ba23109a194cdd24e P 1b24ec79e2e043c8bbfca49326d4a8e3: No bootstrap required, opened a new log
I20260601 13:38:15.599018 22155 ts_tablet_manager.cc:1403] T 8c63b12676d2470ba23109a194cdd24e P 1b24ec79e2e043c8bbfca49326d4a8e3: Time spent bootstrapping tablet: real 0.002s	user 0.002s	sys 0.000s
I20260601 13:38:15.599354 22156 raft_consensus.cc:359] T e17a89fcf633446498af826f6e658d3d P 6ee9a79236634ea19d089c0908303165 [term 0 FOLLOWER]: Replica starting. Triggering 0 pending ops. Active config: opid_index: -1 OBSOLETE_local: false peers { permanent_uuid: "1b24ec79e2e043c8bbfca49326d4a8e3" member_type: VOTER last_known_addr { host: "127.20.201.193" port: 46195 } } peers { permanent_uuid: "6ee9a79236634ea19d089c0908303165" member_type: VOTER last_known_addr { host: "127.20.201.194" port: 39103 } } peers { permanent_uuid: "b429365f886b43eaafac15b10567839d" member_type: VOTER last_known_addr { host: "127.20.201.195" port: 38001 } }
I20260601 13:38:15.599457 22156 raft_consensus.cc:385] T e17a89fcf633446498af826f6e658d3d P 6ee9a79236634ea19d089c0908303165 [term 0 FOLLOWER]: Consensus starting up: Expiring failure detector timer to make a prompt election more likely
I20260601 13:38:15.599493 22156 raft_consensus.cc:740] T e17a89fcf633446498af826f6e658d3d P 6ee9a79236634ea19d089c0908303165 [term 0 FOLLOWER]: Becoming Follower/Learner. State: Replica: 6ee9a79236634ea19d089c0908303165, State: Initialized, Role: FOLLOWER
I20260601 13:38:15.599509 22155 raft_consensus.cc:359] T 8c63b12676d2470ba23109a194cdd24e P 1b24ec79e2e043c8bbfca49326d4a8e3 [term 0 FOLLOWER]: Replica starting. Triggering 0 pending ops. Active config: opid_index: -1 OBSOLETE_local: false peers { permanent_uuid: "1b24ec79e2e043c8bbfca49326d4a8e3" member_type: VOTER last_known_addr { host: "127.20.201.193" port: 46195 } } peers { permanent_uuid: "6ee9a79236634ea19d089c0908303165" member_type: VOTER last_known_addr { host: "127.20.201.194" port: 39103 } } peers { permanent_uuid: "b429365f886b43eaafac15b10567839d" member_type: VOTER last_known_addr { host: "127.20.201.195" port: 38001 } }
I20260601 13:38:15.599617 22155 raft_consensus.cc:385] T 8c63b12676d2470ba23109a194cdd24e P 1b24ec79e2e043c8bbfca49326d4a8e3 [term 0 FOLLOWER]: Consensus starting up: Expiring failure detector timer to make a prompt election more likely
I20260601 13:38:15.599642 22156 consensus_queue.cc:260] T e17a89fcf633446498af826f6e658d3d P 6ee9a79236634ea19d089c0908303165 [NON_LEADER]: Queue going to NON_LEADER mode. State: All replicated index: 0, Majority replicated index: 0, Committed index: 0, Last appended: 0.0, Last appended by leader: 0, Current term: 0, Majority size: -1, State: 0, Mode: NON_LEADER, active raft config: opid_index: -1 OBSOLETE_local: false peers { permanent_uuid: "1b24ec79e2e043c8bbfca49326d4a8e3" member_type: VOTER last_known_addr { host: "127.20.201.193" port: 46195 } } peers { permanent_uuid: "6ee9a79236634ea19d089c0908303165" member_type: VOTER last_known_addr { host: "127.20.201.194" port: 39103 } } peers { permanent_uuid: "b429365f886b43eaafac15b10567839d" member_type: VOTER last_known_addr { host: "127.20.201.195" port: 38001 } }
I20260601 13:38:15.599685 22155 raft_consensus.cc:740] T 8c63b12676d2470ba23109a194cdd24e P 1b24ec79e2e043c8bbfca49326d4a8e3 [term 0 FOLLOWER]: Becoming Follower/Learner. State: Replica: 1b24ec79e2e043c8bbfca49326d4a8e3, State: Initialized, Role: FOLLOWER
I20260601 13:38:15.599839 22155 consensus_queue.cc:260] T 8c63b12676d2470ba23109a194cdd24e P 1b24ec79e2e043c8bbfca49326d4a8e3 [NON_LEADER]: Queue going to NON_LEADER mode. State: All replicated index: 0, Majority replicated index: 0, Committed index: 0, Last appended: 0.0, Last appended by leader: 0, Current term: 0, Majority size: -1, State: 0, Mode: NON_LEADER, active raft config: opid_index: -1 OBSOLETE_local: false peers { permanent_uuid: "1b24ec79e2e043c8bbfca49326d4a8e3" member_type: VOTER last_known_addr { host: "127.20.201.193" port: 46195 } } peers { permanent_uuid: "6ee9a79236634ea19d089c0908303165" member_type: VOTER last_known_addr { host: "127.20.201.194" port: 39103 } } peers { permanent_uuid: "b429365f886b43eaafac15b10567839d" member_type: VOTER last_known_addr { host: "127.20.201.195" port: 38001 } }
I20260601 13:38:15.599979 22156 ts_tablet_manager.cc:1434] T e17a89fcf633446498af826f6e658d3d P 6ee9a79236634ea19d089c0908303165: Time spent starting tablet: real 0.001s	user 0.001s	sys 0.000s
I20260601 13:38:15.600091 22155 ts_tablet_manager.cc:1434] T 8c63b12676d2470ba23109a194cdd24e P 1b24ec79e2e043c8bbfca49326d4a8e3: Time spent starting tablet: real 0.001s	user 0.001s	sys 0.000s
I20260601 13:38:15.600165 22156 tablet_bootstrap.cc:492] T 8c63b12676d2470ba23109a194cdd24e P 6ee9a79236634ea19d089c0908303165: Bootstrap starting.
I20260601 13:38:15.600257 22155 tablet_bootstrap.cc:492] T eb26ff014521491698428dee052aa709 P 1b24ec79e2e043c8bbfca49326d4a8e3: Bootstrap starting.
I20260601 13:38:15.601253 22156 tablet_bootstrap.cc:654] T 8c63b12676d2470ba23109a194cdd24e P 6ee9a79236634ea19d089c0908303165: Neither blocks nor log segments found. Creating new log.
