I20260601 13:40:01.353335 25826 raft_consensus.cc:2955] T afbc8c05fb7e44d69a9f7ef644b7477c P 88748127213a4b92b6ab91ee172ef785 [term 1 FOLLOWER]: Committing config change with OpId 1.28: config changed from index 27 to 28, 1375795fd7bb4eedaceebec9b8334a9d (127.20.201.197) changed from NON_VOTER to VOTER. New config: { opid_index: 28 OBSOLETE_local: false peers { permanent_uuid: "791c7d49b3534b63834fa2463117c329" member_type: VOTER last_known_addr { host: "127.20.201.193" port: 36655 } } peers { permanent_uuid: "ef7e5aa024634510b3d9173ed2ffa58e" member_type: VOTER last_known_addr { host: "127.20.201.194" port: 36517 } attrs { replace: true } } peers { permanent_uuid: "88748127213a4b92b6ab91ee172ef785" member_type: VOTER last_known_addr { host: "127.20.201.195" port: 42281 } } peers { permanent_uuid: "1375795fd7bb4eedaceebec9b8334a9d" member_type: VOTER last_known_addr { host: "127.20.201.197" port: 39189 } attrs { promote: false } } }
I20260601 13:40:01.353351 25753 raft_consensus.cc:2955] T afbc8c05fb7e44d69a9f7ef644b7477c P ef7e5aa024634510b3d9173ed2ffa58e [term 1 FOLLOWER]: Committing config change with OpId 1.28: config changed from index 27 to 28, 1375795fd7bb4eedaceebec9b8334a9d (127.20.201.197) changed from NON_VOTER to VOTER. New config: { opid_index: 28 OBSOLETE_local: false peers { permanent_uuid: "791c7d49b3534b63834fa2463117c329" member_type: VOTER last_known_addr { host: "127.20.201.193" port: 36655 } } peers { permanent_uuid: "ef7e5aa024634510b3d9173ed2ffa58e" member_type: VOTER last_known_addr { host: "127.20.201.194" port: 36517 } attrs { replace: true } } peers { permanent_uuid: "88748127213a4b92b6ab91ee172ef785" member_type: VOTER last_known_addr { host: "127.20.201.195" port: 42281 } } peers { permanent_uuid: "1375795fd7bb4eedaceebec9b8334a9d" member_type: VOTER last_known_addr { host: "127.20.201.197" port: 39189 } attrs { promote: false } } }
I20260601 13:40:01.356326 26154 raft_consensus.cc:2955] T afbc8c05fb7e44d69a9f7ef644b7477c P 1375795fd7bb4eedaceebec9b8334a9d [term 1 FOLLOWER]: Committing config change with OpId 1.28: config changed from index 27 to 28, 1375795fd7bb4eedaceebec9b8334a9d (127.20.201.197) changed from NON_VOTER to VOTER. New config: { opid_index: 28 OBSOLETE_local: false peers { permanent_uuid: "791c7d49b3534b63834fa2463117c329" member_type: VOTER last_known_addr { host: "127.20.201.193" port: 36655 } } peers { permanent_uuid: "ef7e5aa024634510b3d9173ed2ffa58e" member_type: VOTER last_known_addr { host: "127.20.201.194" port: 36517 } attrs { replace: true } } peers { permanent_uuid: "88748127213a4b92b6ab91ee172ef785" member_type: VOTER last_known_addr { host: "127.20.201.195" port: 42281 } } peers { permanent_uuid: "1375795fd7bb4eedaceebec9b8334a9d" member_type: VOTER last_known_addr { host: "127.20.201.197" port: 39189 } attrs { promote: false } } }
I20260601 13:40:01.356640 25571 catalog_manager.cc:5696] T afbc8c05fb7e44d69a9f7ef644b7477c P ef7e5aa024634510b3d9173ed2ffa58e reported cstate change: config changed from index 27 to 28, 1375795fd7bb4eedaceebec9b8334a9d (127.20.201.197) changed from NON_VOTER to VOTER. New cstate: current_term: 1 leader_uuid: "791c7d49b3534b63834fa2463117c329" committed_config { opid_index: 28 OBSOLETE_local: false peers { permanent_uuid: "791c7d49b3534b63834fa2463117c329" member_type: VOTER last_known_addr { host: "127.20.201.193" port: 36655 } } peers { permanent_uuid: "ef7e5aa024634510b3d9173ed2ffa58e" member_type: VOTER last_known_addr { host: "127.20.201.194" port: 36517 } attrs { replace: true } } peers { permanent_uuid: "88748127213a4b92b6ab91ee172ef785" member_type: VOTER last_known_addr { host: "127.20.201.195" port: 42281 } } peers { permanent_uuid: "1375795fd7bb4eedaceebec9b8334a9d" member_type: VOTER last_known_addr { host: "127.20.201.197" port: 39189 } attrs { promote: false } } }
I20260601 13:40:01.360884 25679 consensus_queue.cc:237] T afbc8c05fb7e44d69a9f7ef644b7477c P 791c7d49b3534b63834fa2463117c329 [LEADER]: Queue going to LEADER mode. State: All replicated index: 0, Majority replicated index: 28, Committed index: 28, Last appended: 1.28, Last appended by leader: 0, Current term: 1, Majority size: 2, State: 0, Mode: LEADER, active raft config: opid_index: 29 OBSOLETE_local: false peers { permanent_uuid: "791c7d49b3534b63834fa2463117c329" member_type: VOTER last_known_addr { host: "127.20.201.193" port: 36655 } } peers { permanent_uuid: "88748127213a4b92b6ab91ee172ef785" member_type: VOTER last_known_addr { host: "127.20.201.195" port: 42281 } } peers { permanent_uuid: "1375795fd7bb4eedaceebec9b8334a9d" member_type: VOTER last_known_addr { host: "127.20.201.197" port: 39189 } attrs { promote: false } }
I20260601 13:40:01.362098 25826 raft_consensus.cc:1275] T afbc8c05fb7e44d69a9f7ef644b7477c P 88748127213a4b92b6ab91ee172ef785 [term 1 FOLLOWER]: Refusing update from remote peer 791c7d49b3534b63834fa2463117c329: Log matching property violated. Preceding OpId in replica: term: 1 index: 28. Preceding OpId from leader: term: 1 index: 29. (index mismatch)
I20260601 13:40:01.362143 26154 raft_consensus.cc:1275] T afbc8c05fb7e44d69a9f7ef644b7477c P 1375795fd7bb4eedaceebec9b8334a9d [term 1 FOLLOWER]: Refusing update from remote peer 791c7d49b3534b63834fa2463117c329: Log matching property violated. Preceding OpId in replica: term: 1 index: 28. Preceding OpId from leader: term: 1 index: 29. (index mismatch)
I20260601 13:40:01.362519 26300 consensus_queue.cc:1048] T afbc8c05fb7e44d69a9f7ef644b7477c P 791c7d49b3534b63834fa2463117c329 [LEADER]: Connected to new peer: Peer: permanent_uuid: "88748127213a4b92b6ab91ee172ef785" member_type: VOTER last_known_addr { host: "127.20.201.195" port: 42281 }, Status: LMP_MISMATCH, Last received: 0.0, Next index: 29, Last known committed idx: 28, Time since last communication: 0.000s
I20260601 13:40:01.362679 26321 consensus_queue.cc:1048] T afbc8c05fb7e44d69a9f7ef644b7477c P 791c7d49b3534b63834fa2463117c329 [LEADER]: Connected to new peer: Peer: permanent_uuid: "1375795fd7bb4eedaceebec9b8334a9d" member_type: VOTER last_known_addr { host: "127.20.201.197" port: 39189 } attrs { promote: false }, Status: LMP_MISMATCH, Last received: 0.0, Next index: 29, Last known committed idx: 28, Time since last communication: 0.000s
I20260601 13:40:01.364375 26321 raft_consensus.cc:2955] T afbc8c05fb7e44d69a9f7ef644b7477c P 791c7d49b3534b63834fa2463117c329 [term 1 LEADER]: Committing config change with OpId 1.29: config changed from index 28 to 29, VOTER ef7e5aa024634510b3d9173ed2ffa58e (127.20.201.194) evicted. New config: { opid_index: 29 OBSOLETE_local: false peers { permanent_uuid: "791c7d49b3534b63834fa2463117c329" member_type: VOTER last_known_addr { host: "127.20.201.193" port: 36655 } } peers { permanent_uuid: "88748127213a4b92b6ab91ee172ef785" member_type: VOTER last_known_addr { host: "127.20.201.195" port: 42281 } } peers { permanent_uuid: "1375795fd7bb4eedaceebec9b8334a9d" member_type: VOTER last_known_addr { host: "127.20.201.197" port: 39189 } attrs { promote: false } } }
I20260601 13:40:01.364795 25826 raft_consensus.cc:2955] T afbc8c05fb7e44d69a9f7ef644b7477c P 88748127213a4b92b6ab91ee172ef785 [term 1 FOLLOWER]: Committing config change with OpId 1.29: config changed from index 28 to 29, VOTER ef7e5aa024634510b3d9173ed2ffa58e (127.20.201.194) evicted. New config: { opid_index: 29 OBSOLETE_local: false peers { permanent_uuid: "791c7d49b3534b63834fa2463117c329" member_type: VOTER last_known_addr { host: "127.20.201.193" port: 36655 } } peers { permanent_uuid: "88748127213a4b92b6ab91ee172ef785" member_type: VOTER last_known_addr { host: "127.20.201.195" port: 42281 } } peers { permanent_uuid: "1375795fd7bb4eedaceebec9b8334a9d" member_type: VOTER last_known_addr { host: "127.20.201.197" port: 39189 } attrs { promote: false } } }
I20260601 13:40:01.366360 25563 catalog_manager.cc:5209] ChangeConfig:REMOVE_PEER RPC for tablet afbc8c05fb7e44d69a9f7ef644b7477c with cas_config_opid_index 28: ChangeConfig:REMOVE_PEER succeeded (attempt 1)
I20260601 13:40:01.366854 25574 catalog_manager.cc:5696] T afbc8c05fb7e44d69a9f7ef644b7477c P 791c7d49b3534b63834fa2463117c329 reported cstate change: config changed from index 28 to 29, VOTER ef7e5aa024634510b3d9173ed2ffa58e (127.20.201.194) evicted. New cstate: current_term: 1 leader_uuid: "791c7d49b3534b63834fa2463117c329" committed_config { opid_index: 29 OBSOLETE_local: false peers { permanent_uuid: "791c7d49b3534b63834fa2463117c329" member_type: VOTER last_known_addr { host: "127.20.201.193" port: 36655 } health_report { overall_health: HEALTHY } } peers { permanent_uuid: "88748127213a4b92b6ab91ee172ef785" member_type: VOTER last_known_addr { host: "127.20.201.195" port: 42281 } health_report { overall_health: HEALTHY } } peers { permanent_uuid: "1375795fd7bb4eedaceebec9b8334a9d" member_type: VOTER last_known_addr { host: "127.20.201.197" port: 39189 } attrs { promote: false } health_report { overall_health: HEALTHY } } }
I20260601 13:40:01.366983 26154 raft_consensus.cc:2955] T afbc8c05fb7e44d69a9f7ef644b7477c P 1375795fd7bb4eedaceebec9b8334a9d [term 1 FOLLOWER]: Committing config change with OpId 1.29: config changed from index 28 to 29, VOTER ef7e5aa024634510b3d9173ed2ffa58e (127.20.201.194) evicted. New config: { opid_index: 29 OBSOLETE_local: false peers { permanent_uuid: "791c7d49b3534b63834fa2463117c329" member_type: VOTER last_known_addr { host: "127.20.201.193" port: 36655 } } peers { permanent_uuid: "88748127213a4b92b6ab91ee172ef785" member_type: VOTER last_known_addr { host: "127.20.201.195" port: 42281 } } peers { permanent_uuid: "1375795fd7bb4eedaceebec9b8334a9d" member_type: VOTER last_known_addr { host: "127.20.201.197" port: 39189 } attrs { promote: false } } }
I20260601 13:40:01.369884 25740 tablet_service.cc:1558] Processing DeleteTablet for tablet afbc8c05fb7e44d69a9f7ef644b7477c with delete_type TABLET_DATA_TOMBSTONED (TS ef7e5aa024634510b3d9173ed2ffa58e not found in new config with opid_index 29) from {username='slave'} at 127.0.0.1:36790
I20260601 13:40:01.370245 26329 tablet_replica.cc:333] T afbc8c05fb7e44d69a9f7ef644b7477c P ef7e5aa024634510b3d9173ed2ffa58e: stopping tablet replica
I20260601 13:40:01.370416 26329 raft_consensus.cc:2243] T afbc8c05fb7e44d69a9f7ef644b7477c P ef7e5aa024634510b3d9173ed2ffa58e [term 1 FOLLOWER]: Raft consensus shutting down.
I20260601 13:40:01.370594 26329 raft_consensus.cc:2272] T afbc8c05fb7e44d69a9f7ef644b7477c P ef7e5aa024634510b3d9173ed2ffa58e [term 1 FOLLOWER]: Raft consensus is shut down!
I20260601 13:40:01.371150 26329 ts_tablet_manager.cc:1916] T afbc8c05fb7e44d69a9f7ef644b7477c P ef7e5aa024634510b3d9173ed2ffa58e: Deleting tablet data with delete state TABLET_DATA_TOMBSTONED
I20260601 13:40:01.372625 26229 raft_consensus.cc:1217] T 490a4a4094594ba8a67f4476675d1c71 P cfab0ec213f44224a635b29351482529 [term 1 LEARNER]: Deduplicated request from leader. Original: 1.24->[1.25-1.25]   Dedup: 1.25->[]
I20260601 13:40:01.373476 26329 ts_tablet_manager.cc:1929] T afbc8c05fb7e44d69a9f7ef644b7477c P ef7e5aa024634510b3d9173ed2ffa58e: tablet deleted with delete type TABLET_DATA_TOMBSTONED: last-logged OpId 1.28
I20260601 13:40:01.373572 26329 log.cc:1199] T afbc8c05fb7e44d69a9f7ef644b7477c P ef7e5aa024634510b3d9173ed2ffa58e: Deleting WAL directory at /tmp/dist-test-taskYugHsw/test-tmp/auto_rebalancer-test.0.AutoRebalancerTest.TestMaxMovesPerServer.1780321091501594-21287-0/minicluster-data/ts-1-root/wals/afbc8c05fb7e44d69a9f7ef644b7477c
I20260601 13:40:01.374504 25562 catalog_manager.cc:5027] TS ef7e5aa024634510b3d9173ed2ffa58e (127.20.201.194:36517): tablet afbc8c05fb7e44d69a9f7ef644b7477c (table test-workload [id=08ee6e6117e1400e8bfdfd2d0d356fd9]) successfully deleted
I20260601 13:40:01.414631 26078 raft_consensus.cc:1217] T 7d91f6830eb34632a40cf41d544d6586 P 22a209beb1e64a0d99f29bf4f45f0a48 [term 1 LEARNER]: Deduplicated request from leader. Original: 1.25->[1.26-1.26]   Dedup: 1.26->[]
I20260601 13:40:01.469906 26330 raft_consensus.cc:1064] T f91cfb29b413417babb6485cc08b1d1e P 88748127213a4b92b6ab91ee172ef785: attempting to promote NON_VOTER 22a209beb1e64a0d99f29bf4f45f0a48 to VOTER
I20260601 13:40:01.470518 26330 consensus_queue.cc:237] T f91cfb29b413417babb6485cc08b1d1e P 88748127213a4b92b6ab91ee172ef785 [LEADER]: Queue going to LEADER mode. State: All replicated index: 0, Majority replicated index: 27, Committed index: 27, Last appended: 1.27, Last appended by leader: 0, Current term: 1, Majority size: 3, State: 0, Mode: LEADER, active raft config: opid_index: 28 OBSOLETE_local: false peers { permanent_uuid: "791c7d49b3534b63834fa2463117c329" member_type: VOTER last_known_addr { host: "127.20.201.193" port: 36655 } } peers { permanent_uuid: "ef7e5aa024634510b3d9173ed2ffa58e" member_type: VOTER last_known_addr { host: "127.20.201.194" port: 36517 } attrs { replace: true } } peers { permanent_uuid: "88748127213a4b92b6ab91ee172ef785" member_type: VOTER last_known_addr { host: "127.20.201.195" port: 42281 } } peers { permanent_uuid: "22a209beb1e64a0d99f29bf4f45f0a48" member_type: VOTER last_known_addr { host: "127.20.201.196" port: 46379 } attrs { promote: false } }
I20260601 13:40:01.471958 25753 raft_consensus.cc:1275] T f91cfb29b413417babb6485cc08b1d1e P ef7e5aa024634510b3d9173ed2ffa58e [term 1 FOLLOWER]: Refusing update from remote peer 88748127213a4b92b6ab91ee172ef785: Log matching property violated. Preceding OpId in replica: term: 1 index: 27. Preceding OpId from leader: term: 1 index: 28. (index mismatch)
I20260601 13:40:01.471999 25679 raft_consensus.cc:1275] T f91cfb29b413417babb6485cc08b1d1e P 791c7d49b3534b63834fa2463117c329 [term 1 FOLLOWER]: Refusing update from remote peer 88748127213a4b92b6ab91ee172ef785: Log matching property violated. Preceding OpId in replica: term: 1 index: 27. Preceding OpId from leader: term: 1 index: 28. (index mismatch)
I20260601 13:40:01.472059 26078 raft_consensus.cc:1275] T f91cfb29b413417babb6485cc08b1d1e P 22a209beb1e64a0d99f29bf4f45f0a48 [term 1 LEARNER]: Refusing update from remote peer 88748127213a4b92b6ab91ee172ef785: Log matching property violated. Preceding OpId in replica: term: 1 index: 27. Preceding OpId from leader: term: 1 index: 28. (index mismatch)
I20260601 13:40:01.472383 26332 consensus_queue.cc:1048] T f91cfb29b413417babb6485cc08b1d1e P 88748127213a4b92b6ab91ee172ef785 [LEADER]: Connected to new peer: Peer: permanent_uuid: "ef7e5aa024634510b3d9173ed2ffa58e" member_type: VOTER last_known_addr { host: "127.20.201.194" port: 36517 } attrs { replace: true }, Status: LMP_MISMATCH, Last received: 0.0, Next index: 28, Last known committed idx: 27, Time since last communication: 0.000s
I20260601 13:40:01.472628 26330 consensus_queue.cc:1048] T f91cfb29b413417babb6485cc08b1d1e P 88748127213a4b92b6ab91ee172ef785 [LEADER]: Connected to new peer: Peer: permanent_uuid: "22a209beb1e64a0d99f29bf4f45f0a48" member_type: VOTER last_known_addr { host: "127.20.201.196" port: 46379 } attrs { promote: false }, Status: LMP_MISMATCH, Last received: 0.0, Next index: 28, Last known committed idx: 27, Time since last communication: 0.000s
I20260601 13:40:01.472786 26304 consensus_queue.cc:1048] T f91cfb29b413417babb6485cc08b1d1e P 88748127213a4b92b6ab91ee172ef785 [LEADER]: Connected to new peer: Peer: permanent_uuid: "791c7d49b3534b63834fa2463117c329" member_type: VOTER last_known_addr { host: "127.20.201.193" port: 36655 }, Status: LMP_MISMATCH, Last received: 0.0, Next index: 28, Last known committed idx: 27, Time since last communication: 0.000s
I20260601 13:40:01.474509 26332 raft_consensus.cc:2955] T f91cfb29b413417babb6485cc08b1d1e P 88748127213a4b92b6ab91ee172ef785 [term 1 LEADER]: Committing config change with OpId 1.28: config changed from index 27 to 28, 22a209beb1e64a0d99f29bf4f45f0a48 (127.20.201.196) changed from NON_VOTER to VOTER. New config: { opid_index: 28 OBSOLETE_local: false peers { permanent_uuid: "791c7d49b3534b63834fa2463117c329" member_type: VOTER last_known_addr { host: "127.20.201.193" port: 36655 } } peers { permanent_uuid: "ef7e5aa024634510b3d9173ed2ffa58e" member_type: VOTER last_known_addr { host: "127.20.201.194" port: 36517 } attrs { replace: true } } peers { permanent_uuid: "88748127213a4b92b6ab91ee172ef785" member_type: VOTER last_known_addr { host: "127.20.201.195" port: 42281 } } peers { permanent_uuid: "22a209beb1e64a0d99f29bf4f45f0a48" member_type: VOTER last_known_addr { host: "127.20.201.196" port: 46379 } attrs { promote: false } } }
I20260601 13:40:01.474943 25753 raft_consensus.cc:2955] T f91cfb29b413417babb6485cc08b1d1e P ef7e5aa024634510b3d9173ed2ffa58e [term 1 FOLLOWER]: Committing config change with OpId 1.28: config changed from index 27 to 28, 22a209beb1e64a0d99f29bf4f45f0a48 (127.20.201.196) changed from NON_VOTER to VOTER. New config: { opid_index: 28 OBSOLETE_local: false peers { permanent_uuid: "791c7d49b3534b63834fa2463117c329" member_type: VOTER last_known_addr { host: "127.20.201.193" port: 36655 } } peers { permanent_uuid: "ef7e5aa024634510b3d9173ed2ffa58e" member_type: VOTER last_known_addr { host: "127.20.201.194" port: 36517 } attrs { replace: true } } peers { permanent_uuid: "88748127213a4b92b6ab91ee172ef785" member_type: VOTER last_known_addr { host: "127.20.201.195" port: 42281 } } peers { permanent_uuid: "22a209beb1e64a0d99f29bf4f45f0a48" member_type: VOTER last_known_addr { host: "127.20.201.196" port: 46379 } attrs { promote: false } } }
I20260601 13:40:01.475080 25679 raft_consensus.cc:2955] T f91cfb29b413417babb6485cc08b1d1e P 791c7d49b3534b63834fa2463117c329 [term 1 FOLLOWER]: Committing config change with OpId 1.28: config changed from index 27 to 28, 22a209beb1e64a0d99f29bf4f45f0a48 (127.20.201.196) changed from NON_VOTER to VOTER. New config: { opid_index: 28 OBSOLETE_local: false peers { permanent_uuid: "791c7d49b3534b63834fa2463117c329" member_type: VOTER last_known_addr { host: "127.20.201.193" port: 36655 } } peers { permanent_uuid: "ef7e5aa024634510b3d9173ed2ffa58e" member_type: VOTER last_known_addr { host: "127.20.201.194" port: 36517 } attrs { replace: true } } peers { permanent_uuid: "88748127213a4b92b6ab91ee172ef785" member_type: VOTER last_known_addr { host: "127.20.201.195" port: 42281 } } peers { permanent_uuid: "22a209beb1e64a0d99f29bf4f45f0a48" member_type: VOTER last_known_addr { host: "127.20.201.196" port: 46379 } attrs { promote: false } } }
I20260601 13:40:01.477378 26078 raft_consensus.cc:2955] T f91cfb29b413417babb6485cc08b1d1e P 22a209beb1e64a0d99f29bf4f45f0a48 [term 1 FOLLOWER]: Committing config change with OpId 1.28: config changed from index 27 to 28, 22a209beb1e64a0d99f29bf4f45f0a48 (127.20.201.196) changed from NON_VOTER to VOTER. New config: { opid_index: 28 OBSOLETE_local: false peers { permanent_uuid: "791c7d49b3534b63834fa2463117c329" member_type: VOTER last_known_addr { host: "127.20.201.193" port: 36655 } } peers { permanent_uuid: "ef7e5aa024634510b3d9173ed2ffa58e" member_type: VOTER last_known_addr { host: "127.20.201.194" port: 36517 } attrs { replace: true } } peers { permanent_uuid: "88748127213a4b92b6ab91ee172ef785" member_type: VOTER last_known_addr { host: "127.20.201.195" port: 42281 } } peers { permanent_uuid: "22a209beb1e64a0d99f29bf4f45f0a48" member_type: VOTER last_known_addr { host: "127.20.201.196" port: 46379 } attrs { promote: false } } }
I20260601 13:40:01.477538 25569 catalog_manager.cc:5696] T f91cfb29b413417babb6485cc08b1d1e P 88748127213a4b92b6ab91ee172ef785 reported cstate change: config changed from index 27 to 28, 22a209beb1e64a0d99f29bf4f45f0a48 (127.20.201.196) changed from NON_VOTER to VOTER. New cstate: current_term: 1 leader_uuid: "88748127213a4b92b6ab91ee172ef785" committed_config { opid_index: 28 OBSOLETE_local: false peers { permanent_uuid: "791c7d49b3534b63834fa2463117c329" member_type: VOTER last_known_addr { host: "127.20.201.193" port: 36655 } health_report { overall_health: HEALTHY } } peers { permanent_uuid: "ef7e5aa024634510b3d9173ed2ffa58e" member_type: VOTER last_known_addr { host: "127.20.201.194" port: 36517 } attrs { replace: true } health_report { overall_health: HEALTHY } } peers { permanent_uuid: "88748127213a4b92b6ab91ee172ef785" member_type: VOTER last_known_addr { host: "127.20.201.195" port: 42281 } health_report { overall_health: HEALTHY } } peers { permanent_uuid: "22a209beb1e64a0d99f29bf4f45f0a48" member_type: VOTER last_known_addr { host: "127.20.201.196" port: 46379 } attrs { promote: false } health_report { overall_health: HEALTHY } } }
I20260601 13:40:01.480746 25826 consensus_queue.cc:237] T f91cfb29b413417babb6485cc08b1d1e P 88748127213a4b92b6ab91ee172ef785 [LEADER]: Queue going to LEADER mode. State: All replicated index: 0, Majority replicated index: 28, Committed index: 28, Last appended: 1.28, Last appended by leader: 0, Current term: 1, Majority size: 2, State: 0, Mode: LEADER, active raft config: opid_index: 29 OBSOLETE_local: false peers { permanent_uuid: "791c7d49b3534b63834fa2463117c329" member_type: VOTER last_known_addr { host: "127.20.201.193" port: 36655 } } peers { permanent_uuid: "88748127213a4b92b6ab91ee172ef785" member_type: VOTER last_known_addr { host: "127.20.201.195" port: 42281 } } peers { permanent_uuid: "22a209beb1e64a0d99f29bf4f45f0a48" member_type: VOTER last_known_addr { host: "127.20.201.196" port: 46379 } attrs { promote: false } }
I20260601 13:40:01.481864 26078 raft_consensus.cc:1275] T f91cfb29b413417babb6485cc08b1d1e P 22a209beb1e64a0d99f29bf4f45f0a48 [term 1 FOLLOWER]: Refusing update from remote peer 88748127213a4b92b6ab91ee172ef785: Log matching property violated. Preceding OpId in replica: term: 1 index: 28. Preceding OpId from leader: term: 1 index: 29. (index mismatch)
I20260601 13:40:01.482033 25679 raft_consensus.cc:1275] T f91cfb29b413417babb6485cc08b1d1e P 791c7d49b3534b63834fa2463117c329 [term 1 FOLLOWER]: Refusing update from remote peer 88748127213a4b92b6ab91ee172ef785: Log matching property violated. Preceding OpId in replica: term: 1 index: 28. Preceding OpId from leader: term: 1 index: 29. (index mismatch)
I20260601 13:40:01.482322 26318 consensus_queue.cc:1048] T f91cfb29b413417babb6485cc08b1d1e P 88748127213a4b92b6ab91ee172ef785 [LEADER]: Connected to new peer: Peer: permanent_uuid: "22a209beb1e64a0d99f29bf4f45f0a48" member_type: VOTER last_known_addr { host: "127.20.201.196" port: 46379 } attrs { promote: false }, Status: LMP_MISMATCH, Last received: 0.0, Next index: 29, Last known committed idx: 28, Time since last communication: 0.000s
I20260601 13:40:01.482635 26304 consensus_queue.cc:1048] T f91cfb29b413417babb6485cc08b1d1e P 88748127213a4b92b6ab91ee172ef785 [LEADER]: Connected to new peer: Peer: permanent_uuid: "791c7d49b3534b63834fa2463117c329" member_type: VOTER last_known_addr { host: "127.20.201.193" port: 36655 }, Status: LMP_MISMATCH, Last received: 0.0, Next index: 29, Last known committed idx: 28, Time since last communication: 0.000s
I20260601 13:40:01.483994 26318 raft_consensus.cc:2955] T f91cfb29b413417babb6485cc08b1d1e P 88748127213a4b92b6ab91ee172ef785 [term 1 LEADER]: Committing config change with OpId 1.29: config changed from index 28 to 29, VOTER ef7e5aa024634510b3d9173ed2ffa58e (127.20.201.194) evicted. New config: { opid_index: 29 OBSOLETE_local: false peers { permanent_uuid: "791c7d49b3534b63834fa2463117c329" member_type: VOTER last_known_addr { host: "127.20.201.193" port: 36655 } } peers { permanent_uuid: "88748127213a4b92b6ab91ee172ef785" member_type: VOTER last_known_addr { host: "127.20.201.195" port: 42281 } } peers { permanent_uuid: "22a209beb1e64a0d99f29bf4f45f0a48" member_type: VOTER last_known_addr { host: "127.20.201.196" port: 46379 } attrs { promote: false } } }
I20260601 13:40:01.484846 26078 raft_consensus.cc:2955] T f91cfb29b413417babb6485cc08b1d1e P 22a209beb1e64a0d99f29bf4f45f0a48 [term 1 FOLLOWER]: Committing config change with OpId 1.29: config changed from index 28 to 29, VOTER ef7e5aa024634510b3d9173ed2ffa58e (127.20.201.194) evicted. New config: { opid_index: 29 OBSOLETE_local: false peers { permanent_uuid: "791c7d49b3534b63834fa2463117c329" member_type: VOTER last_known_addr { host: "127.20.201.193" port: 36655 } } peers { permanent_uuid: "88748127213a4b92b6ab91ee172ef785" member_type: VOTER last_known_addr { host: "127.20.201.195" port: 42281 } } peers { permanent_uuid: "22a209beb1e64a0d99f29bf4f45f0a48" member_type: VOTER last_known_addr { host: "127.20.201.196" port: 46379 } attrs { promote: false } } }
I20260601 13:40:01.486037 25562 catalog_manager.cc:5209] ChangeConfig:REMOVE_PEER RPC for tablet f91cfb29b413417babb6485cc08b1d1e with cas_config_opid_index 28: ChangeConfig:REMOVE_PEER succeeded (attempt 1)
I20260601 13:40:01.486588 25573 catalog_manager.cc:5696] T f91cfb29b413417babb6485cc08b1d1e P 88748127213a4b92b6ab91ee172ef785 reported cstate change: config changed from index 28 to 29, VOTER ef7e5aa024634510b3d9173ed2ffa58e (127.20.201.194) evicted. New cstate: current_term: 1 leader_uuid: "88748127213a4b92b6ab91ee172ef785" committed_config { opid_index: 29 OBSOLETE_local: false peers { permanent_uuid: "791c7d49b3534b63834fa2463117c329" member_type: VOTER last_known_addr { host: "127.20.201.193" port: 36655 } health_report { overall_health: HEALTHY } } peers { permanent_uuid: "88748127213a4b92b6ab91ee172ef785" member_type: VOTER last_known_addr { host: "127.20.201.195" port: 42281 } health_report { overall_health: HEALTHY } } peers { permanent_uuid: "22a209beb1e64a0d99f29bf4f45f0a48" member_type: VOTER last_known_addr { host: "127.20.201.196" port: 46379 } attrs { promote: false } health_report { overall_health: HEALTHY } } }
I20260601 13:40:01.487573 25679 raft_consensus.cc:2955] T f91cfb29b413417babb6485cc08b1d1e P 791c7d49b3534b63834fa2463117c329 [term 1 FOLLOWER]: Committing config change with OpId 1.29: config changed from index 28 to 29, VOTER ef7e5aa024634510b3d9173ed2ffa58e (127.20.201.194) evicted. New config: { opid_index: 29 OBSOLETE_local: false peers { permanent_uuid: "791c7d49b3534b63834fa2463117c329" member_type: VOTER last_known_addr { host: "127.20.201.193" port: 36655 } } peers { permanent_uuid: "88748127213a4b92b6ab91ee172ef785" member_type: VOTER last_known_addr { host: "127.20.201.195" port: 42281 } } peers { permanent_uuid: "22a209beb1e64a0d99f29bf4f45f0a48" member_type: VOTER last_known_addr { host: "127.20.201.196" port: 46379 } attrs { promote: false } } }
I20260601 13:40:01.489123 25740 tablet_service.cc:1558] Processing DeleteTablet for tablet f91cfb29b413417babb6485cc08b1d1e with delete_type TABLET_DATA_TOMBSTONED (TS ef7e5aa024634510b3d9173ed2ffa58e not found in new config with opid_index 29) from {username='slave'} at 127.0.0.1:36790
I20260601 13:40:01.489408 26329 tablet_replica.cc:333] T f91cfb29b413417babb6485cc08b1d1e P ef7e5aa024634510b3d9173ed2ffa58e: stopping tablet replica
I20260601 13:40:01.489569 26329 raft_consensus.cc:2243] T f91cfb29b413417babb6485cc08b1d1e P ef7e5aa024634510b3d9173ed2ffa58e [term 1 FOLLOWER]: Raft consensus shutting down.
I20260601 13:40:01.489696 26329 raft_consensus.cc:2272] T f91cfb29b413417babb6485cc08b1d1e P ef7e5aa024634510b3d9173ed2ffa58e [term 1 FOLLOWER]: Raft consensus is shut down!
I20260601 13:40:01.490456 26329 ts_tablet_manager.cc:1916] T f91cfb29b413417babb6485cc08b1d1e P ef7e5aa024634510b3d9173ed2ffa58e: Deleting tablet data with delete state TABLET_DATA_TOMBSTONED
I20260601 13:40:01.492350 26329 ts_tablet_manager.cc:1929] T f91cfb29b413417babb6485cc08b1d1e P ef7e5aa024634510b3d9173ed2ffa58e: tablet deleted with delete type TABLET_DATA_TOMBSTONED: last-logged OpId 1.28
I20260601 13:40:01.492448 26329 log.cc:1199] T f91cfb29b413417babb6485cc08b1d1e P ef7e5aa024634510b3d9173ed2ffa58e: Deleting WAL directory at /tmp/dist-test-taskYugHsw/test-tmp/auto_rebalancer-test.0.AutoRebalancerTest.TestMaxMovesPerServer.1780321091501594-21287-0/minicluster-data/ts-1-root/wals/f91cfb29b413417babb6485cc08b1d1e
I20260601 13:40:01.492981 25562 catalog_manager.cc:5027] TS ef7e5aa024634510b3d9173ed2ffa58e (127.20.201.194:36517): tablet f91cfb29b413417babb6485cc08b1d1e (table test-workload [id=08ee6e6117e1400e8bfdfd2d0d356fd9]) successfully deleted
I20260601 13:40:01.597908 26336 raft_consensus.cc:1064] T f59c717560b449e59b76b859c08a7304 P ef7e5aa024634510b3d9173ed2ffa58e: attempting to promote NON_VOTER 1375795fd7bb4eedaceebec9b8334a9d to VOTER
I20260601 13:40:01.598515 26336 consensus_queue.cc:237] T f59c717560b449e59b76b859c08a7304 P ef7e5aa024634510b3d9173ed2ffa58e [LEADER]: Queue going to LEADER mode. State: All replicated index: 0, Majority replicated index: 27, Committed index: 27, Last appended: 1.27, Last appended by leader: 0, Current term: 1, Majority size: 3, State: 0, Mode: LEADER, active raft config: opid_index: 28 OBSOLETE_local: false peers { permanent_uuid: "791c7d49b3534b63834fa2463117c329" member_type: VOTER last_known_addr { host: "127.20.201.193" port: 36655 } } peers { permanent_uuid: "ef7e5aa024634510b3d9173ed2ffa58e" member_type: VOTER last_known_addr { host: "127.20.201.194" port: 36517 } } peers { permanent_uuid: "88748127213a4b92b6ab91ee172ef785" member_type: VOTER last_known_addr { host: "127.20.201.195" port: 42281 } attrs { replace: true } } peers { permanent_uuid: "1375795fd7bb4eedaceebec9b8334a9d" member_type: VOTER last_known_addr { host: "127.20.201.197" port: 39189 } attrs { promote: false } }
I20260601 13:40:01.600143 26154 raft_consensus.cc:1275] T f59c717560b449e59b76b859c08a7304 P 1375795fd7bb4eedaceebec9b8334a9d [term 1 LEARNER]: Refusing update from remote peer ef7e5aa024634510b3d9173ed2ffa58e: Log matching property violated. Preceding OpId in replica: term: 1 index: 27. Preceding OpId from leader: term: 1 index: 28. (index mismatch)
I20260601 13:40:01.600373 25826 raft_consensus.cc:1275] T f59c717560b449e59b76b859c08a7304 P 88748127213a4b92b6ab91ee172ef785 [term 1 FOLLOWER]: Refusing update from remote peer ef7e5aa024634510b3d9173ed2ffa58e: Log matching property violated. Preceding OpId in replica: term: 1 index: 27. Preceding OpId from leader: term: 1 index: 28. (index mismatch)
I20260601 13:40:01.600601 25679 raft_consensus.cc:1275] T f59c717560b449e59b76b859c08a7304 P 791c7d49b3534b63834fa2463117c329 [term 1 FOLLOWER]: Refusing update from remote peer ef7e5aa024634510b3d9173ed2ffa58e: Log matching property violated. Preceding OpId in replica: term: 1 index: 27. Preceding OpId from leader: term: 1 index: 28. (index mismatch)
I20260601 13:40:01.600742 26337 consensus_queue.cc:1048] T f59c717560b449e59b76b859c08a7304 P ef7e5aa024634510b3d9173ed2ffa58e [LEADER]: Connected to new peer: Peer: permanent_uuid: "1375795fd7bb4eedaceebec9b8334a9d" member_type: VOTER last_known_addr { host: "127.20.201.197" port: 39189 } attrs { promote: false }, Status: LMP_MISMATCH, Last received: 0.0, Next index: 28, Last known committed idx: 27, Time since last communication: 0.000s
I20260601 13:40:01.601009 26339 consensus_queue.cc:1048] T f59c717560b449e59b76b859c08a7304 P ef7e5aa024634510b3d9173ed2ffa58e [LEADER]: Connected to new peer: Peer: permanent_uuid: "88748127213a4b92b6ab91ee172ef785" member_type: VOTER last_known_addr { host: "127.20.201.195" port: 42281 } attrs { replace: true }, Status: LMP_MISMATCH, Last received: 0.0, Next index: 28, Last known committed idx: 27, Time since last communication: 0.000s
I20260601 13:40:01.601289 26336 consensus_queue.cc:1048] T f59c717560b449e59b76b859c08a7304 P ef7e5aa024634510b3d9173ed2ffa58e [LEADER]: Connected to new peer: Peer: permanent_uuid: "791c7d49b3534b63834fa2463117c329" member_type: VOTER last_known_addr { host: "127.20.201.193" port: 36655 }, Status: LMP_MISMATCH, Last received: 0.0, Next index: 28, Last known committed idx: 27, Time since last communication: 0.000s
I20260601 13:40:01.603336 26336 raft_consensus.cc:2955] T f59c717560b449e59b76b859c08a7304 P ef7e5aa024634510b3d9173ed2ffa58e [term 1 LEADER]: Committing config change with OpId 1.28: config changed from index 27 to 28, 1375795fd7bb4eedaceebec9b8334a9d (127.20.201.197) changed from NON_VOTER to VOTER. New config: { opid_index: 28 OBSOLETE_local: false peers { permanent_uuid: "791c7d49b3534b63834fa2463117c329" member_type: VOTER last_known_addr { host: "127.20.201.193" port: 36655 } } peers { permanent_uuid: "ef7e5aa024634510b3d9173ed2ffa58e" member_type: VOTER last_known_addr { host: "127.20.201.194" port: 36517 } } peers { permanent_uuid: "88748127213a4b92b6ab91ee172ef785" member_type: VOTER last_known_addr { host: "127.20.201.195" port: 42281 } attrs { replace: true } } peers { permanent_uuid: "1375795fd7bb4eedaceebec9b8334a9d" member_type: VOTER last_known_addr { host: "127.20.201.197" port: 39189 } attrs { promote: false } } }
I20260601 13:40:01.603870 25679 raft_consensus.cc:2955] T f59c717560b449e59b76b859c08a7304 P 791c7d49b3534b63834fa2463117c329 [term 1 FOLLOWER]: Committing config change with OpId 1.28: config changed from index 27 to 28, 1375795fd7bb4eedaceebec9b8334a9d (127.20.201.197) changed from NON_VOTER to VOTER. New config: { opid_index: 28 OBSOLETE_local: false peers { permanent_uuid: "791c7d49b3534b63834fa2463117c329" member_type: VOTER last_known_addr { host: "127.20.201.193" port: 36655 } } peers { permanent_uuid: "ef7e5aa024634510b3d9173ed2ffa58e" member_type: VOTER last_known_addr { host: "127.20.201.194" port: 36517 } } peers { permanent_uuid: "88748127213a4b92b6ab91ee172ef785" member_type: VOTER last_known_addr { host: "127.20.201.195" port: 42281 } attrs { replace: true } } peers { permanent_uuid: "1375795fd7bb4eedaceebec9b8334a9d" member_type: VOTER last_known_addr { host: "127.20.201.197" port: 39189 } attrs { promote: false } } }
I20260601 13:40:01.603878 25826 raft_consensus.cc:2955] T f59c717560b449e59b76b859c08a7304 P 88748127213a4b92b6ab91ee172ef785 [term 1 FOLLOWER]: Committing config change with OpId 1.28: config changed from index 27 to 28, 1375795fd7bb4eedaceebec9b8334a9d (127.20.201.197) changed from NON_VOTER to VOTER. New config: { opid_index: 28 OBSOLETE_local: false peers { permanent_uuid: "791c7d49b3534b63834fa2463117c329" member_type: VOTER last_known_addr { host: "127.20.201.193" port: 36655 } } peers { permanent_uuid: "ef7e5aa024634510b3d9173ed2ffa58e" member_type: VOTER last_known_addr { host: "127.20.201.194" port: 36517 } } peers { permanent_uuid: "88748127213a4b92b6ab91ee172ef785" member_type: VOTER last_known_addr { host: "127.20.201.195" port: 42281 } attrs { replace: true } } peers { permanent_uuid: "1375795fd7bb4eedaceebec9b8334a9d" member_type: VOTER last_known_addr { host: "127.20.201.197" port: 39189 } attrs { promote: false } } }
I20260601 13:40:01.606586 25574 catalog_manager.cc:5696] T f59c717560b449e59b76b859c08a7304 P 791c7d49b3534b63834fa2463117c329 reported cstate change: config changed from index 27 to 28, 1375795fd7bb4eedaceebec9b8334a9d (127.20.201.197) changed from NON_VOTER to VOTER. New cstate: current_term: 1 leader_uuid: "ef7e5aa024634510b3d9173ed2ffa58e" committed_config { opid_index: 28 OBSOLETE_local: false peers { permanent_uuid: "791c7d49b3534b63834fa2463117c329" member_type: VOTER last_known_addr { host: "127.20.201.193" port: 36655 } } peers { permanent_uuid: "ef7e5aa024634510b3d9173ed2ffa58e" member_type: VOTER last_known_addr { host: "127.20.201.194" port: 36517 } } peers { permanent_uuid: "88748127213a4b92b6ab91ee172ef785" member_type: VOTER last_known_addr { host: "127.20.201.195" port: 42281 } attrs { replace: true } } peers { permanent_uuid: "1375795fd7bb4eedaceebec9b8334a9d" member_type: VOTER last_known_addr { host: "127.20.201.197" port: 39189 } attrs { promote: false } } }
I20260601 13:40:01.607146 26154 raft_consensus.cc:2955] T f59c717560b449e59b76b859c08a7304 P 1375795fd7bb4eedaceebec9b8334a9d [term 1 FOLLOWER]: Committing config change with OpId 1.28: config changed from index 27 to 28, 1375795fd7bb4eedaceebec9b8334a9d (127.20.201.197) changed from NON_VOTER to VOTER. New config: { opid_index: 28 OBSOLETE_local: false peers { permanent_uuid: "791c7d49b3534b63834fa2463117c329" member_type: VOTER last_known_addr { host: "127.20.201.193" port: 36655 } } peers { permanent_uuid: "ef7e5aa024634510b3d9173ed2ffa58e" member_type: VOTER last_known_addr { host: "127.20.201.194" port: 36517 } } peers { permanent_uuid: "88748127213a4b92b6ab91ee172ef785" member_type: VOTER last_known_addr { host: "127.20.201.195" port: 42281 } attrs { replace: true } } peers { permanent_uuid: "1375795fd7bb4eedaceebec9b8334a9d" member_type: VOTER last_known_addr { host: "127.20.201.197" port: 39189 } attrs { promote: false } } }
I20260601 13:40:01.610800 25753 consensus_queue.cc:237] T f59c717560b449e59b76b859c08a7304 P ef7e5aa024634510b3d9173ed2ffa58e [LEADER]: Queue going to LEADER mode. State: All replicated index: 0, Majority replicated index: 28, Committed index: 28, Last appended: 1.28, Last appended by leader: 0, Current term: 1, Majority size: 2, State: 0, Mode: LEADER, active raft config: opid_index: 29 OBSOLETE_local: false peers { permanent_uuid: "791c7d49b3534b63834fa2463117c329" member_type: VOTER last_known_addr { host: "127.20.201.193" port: 36655 } } peers { permanent_uuid: "ef7e5aa024634510b3d9173ed2ffa58e" member_type: VOTER last_known_addr { host: "127.20.201.194" port: 36517 } } peers { permanent_uuid: "1375795fd7bb4eedaceebec9b8334a9d" member_type: VOTER last_known_addr { host: "127.20.201.197" port: 39189 } attrs { promote: false } }
I20260601 13:40:01.612339 25679 raft_consensus.cc:1275] T f59c717560b449e59b76b859c08a7304 P 791c7d49b3534b63834fa2463117c329 [term 1 FOLLOWER]: Refusing update from remote peer ef7e5aa024634510b3d9173ed2ffa58e: Log matching property violated. Preceding OpId in replica: term: 1 index: 28. Preceding OpId from leader: term: 1 index: 29. (index mismatch)
I20260601 13:40:01.612353 26154 raft_consensus.cc:1275] T f59c717560b449e59b76b859c08a7304 P 1375795fd7bb4eedaceebec9b8334a9d [term 1 FOLLOWER]: Refusing update from remote peer ef7e5aa024634510b3d9173ed2ffa58e: Log matching property violated. Preceding OpId in replica: term: 1 index: 28. Preceding OpId from leader: term: 1 index: 29. (index mismatch)
I20260601 13:40:01.612790 26303 consensus_queue.cc:1048] T f59c717560b449e59b76b859c08a7304 P ef7e5aa024634510b3d9173ed2ffa58e [LEADER]: Connected to new peer: Peer: permanent_uuid: "791c7d49b3534b63834fa2463117c329" member_type: VOTER last_known_addr { host: "127.20.201.193" port: 36655 }, Status: LMP_MISMATCH, Last received: 0.0, Next index: 29, Last known committed idx: 28, Time since last communication: 0.000s
I20260601 13:40:01.613222 26303 consensus_queue.cc:1048] T f59c717560b449e59b76b859c08a7304 P ef7e5aa024634510b3d9173ed2ffa58e [LEADER]: Connected to new peer: Peer: permanent_uuid: "1375795fd7bb4eedaceebec9b8334a9d" member_type: VOTER last_known_addr { host: "127.20.201.197" port: 39189 } attrs { promote: false }, Status: LMP_MISMATCH, Last received: 0.0, Next index: 29, Last known committed idx: 28, Time since last communication: 0.000s
I20260601 13:40:01.614614 26336 raft_consensus.cc:2955] T f59c717560b449e59b76b859c08a7304 P ef7e5aa024634510b3d9173ed2ffa58e [term 1 LEADER]: Committing config change with OpId 1.29: config changed from index 28 to 29, VOTER 88748127213a4b92b6ab91ee172ef785 (127.20.201.195) evicted. New config: { opid_index: 29 OBSOLETE_local: false peers { permanent_uuid: "791c7d49b3534b63834fa2463117c329" member_type: VOTER last_known_addr { host: "127.20.201.193" port: 36655 } } peers { permanent_uuid: "ef7e5aa024634510b3d9173ed2ffa58e" member_type: VOTER last_known_addr { host: "127.20.201.194" port: 36517 } } peers { permanent_uuid: "1375795fd7bb4eedaceebec9b8334a9d" member_type: VOTER last_known_addr { host: "127.20.201.197" port: 39189 } attrs { promote: false } } }
I20260601 13:40:01.615747 26154 raft_consensus.cc:2955] T f59c717560b449e59b76b859c08a7304 P 1375795fd7bb4eedaceebec9b8334a9d [term 1 FOLLOWER]: Committing config change with OpId 1.29: config changed from index 28 to 29, VOTER 88748127213a4b92b6ab91ee172ef785 (127.20.201.195) evicted. New config: { opid_index: 29 OBSOLETE_local: false peers { permanent_uuid: "791c7d49b3534b63834fa2463117c329" member_type: VOTER last_known_addr { host: "127.20.201.193" port: 36655 } } peers { permanent_uuid: "ef7e5aa024634510b3d9173ed2ffa58e" member_type: VOTER last_known_addr { host: "127.20.201.194" port: 36517 } } peers { permanent_uuid: "1375795fd7bb4eedaceebec9b8334a9d" member_type: VOTER last_known_addr { host: "127.20.201.197" port: 39189 } attrs { promote: false } } }
I20260601 13:40:01.615995 25679 raft_consensus.cc:2955] T f59c717560b449e59b76b859c08a7304 P 791c7d49b3534b63834fa2463117c329 [term 1 FOLLOWER]: Committing config change with OpId 1.29: config changed from index 28 to 29, VOTER 88748127213a4b92b6ab91ee172ef785 (127.20.201.195) evicted. New config: { opid_index: 29 OBSOLETE_local: false peers { permanent_uuid: "791c7d49b3534b63834fa2463117c329" member_type: VOTER last_known_addr { host: "127.20.201.193" port: 36655 } } peers { permanent_uuid: "ef7e5aa024634510b3d9173ed2ffa58e" member_type: VOTER last_known_addr { host: "127.20.201.194" port: 36517 } } peers { permanent_uuid: "1375795fd7bb4eedaceebec9b8334a9d" member_type: VOTER last_known_addr { host: "127.20.201.197" port: 39189 } attrs { promote: false } } }
I20260601 13:40:01.616269 25562 catalog_manager.cc:5209] ChangeConfig:REMOVE_PEER RPC for tablet f59c717560b449e59b76b859c08a7304 with cas_config_opid_index 28: ChangeConfig:REMOVE_PEER succeeded (attempt 1)
I20260601 13:40:01.618182 25574 catalog_manager.cc:5696] T f59c717560b449e59b76b859c08a7304 P ef7e5aa024634510b3d9173ed2ffa58e reported cstate change: config changed from index 28 to 29, VOTER 88748127213a4b92b6ab91ee172ef785 (127.20.201.195) evicted. New cstate: current_term: 1 leader_uuid: "ef7e5aa024634510b3d9173ed2ffa58e" committed_config { opid_index: 29 OBSOLETE_local: false peers { permanent_uuid: "791c7d49b3534b63834fa2463117c329" member_type: VOTER last_known_addr { host: "127.20.201.193" port: 36655 } health_report { overall_health: HEALTHY } } peers { permanent_uuid: "ef7e5aa024634510b3d9173ed2ffa58e" member_type: VOTER last_known_addr { host: "127.20.201.194" port: 36517 } health_report { overall_health: HEALTHY } } peers { permanent_uuid: "1375795fd7bb4eedaceebec9b8334a9d" member_type: VOTER last_known_addr { host: "127.20.201.197" port: 39189 } attrs { promote: false } health_report { overall_health: HEALTHY } } }
I20260601 13:40:01.620801 25820 tablet_service.cc:1558] Processing DeleteTablet for tablet f59c717560b449e59b76b859c08a7304 with delete_type TABLET_DATA_TOMBSTONED (TS 88748127213a4b92b6ab91ee172ef785 not found in new config with opid_index 29) from {username='slave'} at 127.0.0.1:43868
I20260601 13:40:01.621268 26343 tablet_replica.cc:333] T f59c717560b449e59b76b859c08a7304 P 88748127213a4b92b6ab91ee172ef785: stopping tablet replica
I20260601 13:40:01.621487 26343 raft_consensus.cc:2243] T f59c717560b449e59b76b859c08a7304 P 88748127213a4b92b6ab91ee172ef785 [term 1 FOLLOWER]: Raft consensus shutting down.
I20260601 13:40:01.621775 26343 raft_consensus.cc:2272] T f59c717560b449e59b76b859c08a7304 P 88748127213a4b92b6ab91ee172ef785 [term 1 FOLLOWER]: Raft consensus is shut down!
I20260601 13:40:01.622395 26343 ts_tablet_manager.cc:1916] T f59c717560b449e59b76b859c08a7304 P 88748127213a4b92b6ab91ee172ef785: Deleting tablet data with delete state TABLET_DATA_TOMBSTONED
I20260601 13:40:01.624953 26343 ts_tablet_manager.cc:1929] T f59c717560b449e59b76b859c08a7304 P 88748127213a4b92b6ab91ee172ef785: tablet deleted with delete type TABLET_DATA_TOMBSTONED: last-logged OpId 1.28
I20260601 13:40:01.625059 26343 log.cc:1199] T f59c717560b449e59b76b859c08a7304 P 88748127213a4b92b6ab91ee172ef785: Deleting WAL directory at /tmp/dist-test-taskYugHsw/test-tmp/auto_rebalancer-test.0.AutoRebalancerTest.TestMaxMovesPerServer.1780321091501594-21287-0/minicluster-data/ts-2-root/wals/f59c717560b449e59b76b859c08a7304
I20260601 13:40:01.625646 25562 catalog_manager.cc:5027] TS 88748127213a4b92b6ab91ee172ef785 (127.20.201.195:42281): tablet f59c717560b449e59b76b859c08a7304 (table test-workload [id=08ee6e6117e1400e8bfdfd2d0d356fd9]) successfully deleted
I20260601 13:40:01.749903 26332 raft_consensus.cc:1064] T 490a4a4094594ba8a67f4476675d1c71 P 88748127213a4b92b6ab91ee172ef785: attempting to promote NON_VOTER cfab0ec213f44224a635b29351482529 to VOTER
I20260601 13:40:01.750411 26332 consensus_queue.cc:237] T 490a4a4094594ba8a67f4476675d1c71 P 88748127213a4b92b6ab91ee172ef785 [LEADER]: Queue going to LEADER mode. State: All replicated index: 0, Majority replicated index: 25, Committed index: 25, Last appended: 1.25, Last appended by leader: 0, Current term: 1, Majority size: 3, State: 0, Mode: LEADER, active raft config: opid_index: 26 OBSOLETE_local: false peers { permanent_uuid: "791c7d49b3534b63834fa2463117c329" member_type: VOTER last_known_addr { host: "127.20.201.193" port: 36655 } attrs { replace: true } } peers { permanent_uuid: "ef7e5aa024634510b3d9173ed2ffa58e" member_type: VOTER last_known_addr { host: "127.20.201.194" port: 36517 } } peers { permanent_uuid: "88748127213a4b92b6ab91ee172ef785" member_type: VOTER last_known_addr { host: "127.20.201.195" port: 42281 } } peers { permanent_uuid: "cfab0ec213f44224a635b29351482529" member_type: VOTER last_known_addr { host: "127.20.201.198" port: 41073 } attrs { promote: false } }
I20260601 13:40:01.751971 25679 raft_consensus.cc:1275] T 490a4a4094594ba8a67f4476675d1c71 P 791c7d49b3534b63834fa2463117c329 [term 1 FOLLOWER]: Refusing update from remote peer 88748127213a4b92b6ab91ee172ef785: Log matching property violated. Preceding OpId in replica: term: 1 index: 25. Preceding OpId from leader: term: 1 index: 26. (index mismatch)
I20260601 13:40:01.751988 26229 raft_consensus.cc:1275] T 490a4a4094594ba8a67f4476675d1c71 P cfab0ec213f44224a635b29351482529 [term 1 LEARNER]: Refusing update from remote peer 88748127213a4b92b6ab91ee172ef785: Log matching property violated. Preceding OpId in replica: term: 1 index: 25. Preceding OpId from leader: term: 1 index: 26. (index mismatch)
I20260601 13:40:01.752313 25753 raft_consensus.cc:1275] T 490a4a4094594ba8a67f4476675d1c71 P ef7e5aa024634510b3d9173ed2ffa58e [term 1 FOLLOWER]: Refusing update from remote peer 88748127213a4b92b6ab91ee172ef785: Log matching property violated. Preceding OpId in replica: term: 1 index: 25. Preceding OpId from leader: term: 1 index: 26. (index mismatch)
I20260601 13:40:01.752446 26304 consensus_queue.cc:1048] T 490a4a4094594ba8a67f4476675d1c71 P 88748127213a4b92b6ab91ee172ef785 [LEADER]: Connected to new peer: Peer: permanent_uuid: "791c7d49b3534b63834fa2463117c329" member_type: VOTER last_known_addr { host: "127.20.201.193" port: 36655 } attrs { replace: true }, Status: LMP_MISMATCH, Last received: 0.0, Next index: 26, Last known committed idx: 25, Time since last communication: 0.000s
I20260601 13:40:01.752666 26330 consensus_queue.cc:1048] T 490a4a4094594ba8a67f4476675d1c71 P 88748127213a4b92b6ab91ee172ef785 [LEADER]: Connected to new peer: Peer: permanent_uuid: "cfab0ec213f44224a635b29351482529" member_type: VOTER last_known_addr { host: "127.20.201.198" port: 41073 } attrs { promote: false }, Status: LMP_MISMATCH, Last received: 0.0, Next index: 26, Last known committed idx: 25, Time since last communication: 0.000s
I20260601 13:40:01.753072 26330 consensus_queue.cc:1048] T 490a4a4094594ba8a67f4476675d1c71 P 88748127213a4b92b6ab91ee172ef785 [LEADER]: Connected to new peer: Peer: permanent_uuid: "ef7e5aa024634510b3d9173ed2ffa58e" member_type: VOTER last_known_addr { host: "127.20.201.194" port: 36517 }, Status: LMP_MISMATCH, Last received: 0.0, Next index: 26, Last known committed idx: 25, Time since last communication: 0.000s
I20260601 13:40:01.755064 26318 raft_consensus.cc:2955] T 490a4a4094594ba8a67f4476675d1c71 P 88748127213a4b92b6ab91ee172ef785 [term 1 LEADER]: Committing config change with OpId 1.26: config changed from index 25 to 26, cfab0ec213f44224a635b29351482529 (127.20.201.198) changed from NON_VOTER to VOTER. New config: { opid_index: 26 OBSOLETE_local: false peers { permanent_uuid: "791c7d49b3534b63834fa2463117c329" member_type: VOTER last_known_addr { host: "127.20.201.193" port: 36655 } attrs { replace: true } } peers { permanent_uuid: "ef7e5aa024634510b3d9173ed2ffa58e" member_type: VOTER last_known_addr { host: "127.20.201.194" port: 36517 } } peers { permanent_uuid: "88748127213a4b92b6ab91ee172ef785" member_type: VOTER last_known_addr { host: "127.20.201.195" port: 42281 } } peers { permanent_uuid: "cfab0ec213f44224a635b29351482529" member_type: VOTER last_known_addr { host: "127.20.201.198" port: 41073 } attrs { promote: false } } }
I20260601 13:40:01.755457 26229 raft_consensus.cc:2955] T 490a4a4094594ba8a67f4476675d1c71 P cfab0ec213f44224a635b29351482529 [term 1 FOLLOWER]: Committing config change with OpId 1.26: config changed from index 25 to 26, cfab0ec213f44224a635b29351482529 (127.20.201.198) changed from NON_VOTER to VOTER. New config: { opid_index: 26 OBSOLETE_local: false peers { permanent_uuid: "791c7d49b3534b63834fa2463117c329" member_type: VOTER last_known_addr { host: "127.20.201.193" port: 36655 } attrs { replace: true } } peers { permanent_uuid: "ef7e5aa024634510b3d9173ed2ffa58e" member_type: VOTER last_known_addr { host: "127.20.201.194" port: 36517 } } peers { permanent_uuid: "88748127213a4b92b6ab91ee172ef785" member_type: VOTER last_known_addr { host: "127.20.201.195" port: 42281 } } peers { permanent_uuid: "cfab0ec213f44224a635b29351482529" member_type: VOTER last_known_addr { host: "127.20.201.198" port: 41073 } attrs { promote: false } } }
