I20260601 13:38:21.960373  3193 consensus_queue.cc:260] T 00000000000000000000000000000000 P 9d87e5cd5720443baf702795eb8829f4 [NON_LEADER]: Queue going to NON_LEADER mode. State: All replicated index: 0, Majority replicated index: 0, Committed index: 0, Last appended: 0.0, Last appended by leader: 0, Current term: 0, Majority size: -1, State: 0, Mode: NON_LEADER, active raft config: opid_index: -1 OBSOLETE_local: true peers { permanent_uuid: "9d87e5cd5720443baf702795eb8829f4" member_type: VOTER }
I20260601 13:38:21.960484  3193 raft_consensus.cc:399] T 00000000000000000000000000000000 P 9d87e5cd5720443baf702795eb8829f4 [term 0 FOLLOWER]: Only one voter in the Raft config. Triggering election immediately
I20260601 13:38:21.960527  3193 raft_consensus.cc:493] T 00000000000000000000000000000000 P 9d87e5cd5720443baf702795eb8829f4 [term 0 FOLLOWER]: Starting leader election (initial election of a single-replica configuration)
I20260601 13:38:21.960588  3193 raft_consensus.cc:3060] T 00000000000000000000000000000000 P 9d87e5cd5720443baf702795eb8829f4 [term 0 FOLLOWER]: Advancing to term 1
I20260601 13:38:21.961392  3193 raft_consensus.cc:515] T 00000000000000000000000000000000 P 9d87e5cd5720443baf702795eb8829f4 [term 1 FOLLOWER]: Starting leader election with config: opid_index: -1 OBSOLETE_local: true peers { permanent_uuid: "9d87e5cd5720443baf702795eb8829f4" member_type: VOTER }
I20260601 13:38:21.961561  3193 leader_election.cc:304] T 00000000000000000000000000000000 P 9d87e5cd5720443baf702795eb8829f4 [CANDIDATE]: Term 1 election: Election decided. Result: candidate won. Election summary: received 1 responses out of 1 voters: 1 yes votes; 0 no votes. yes voters: 9d87e5cd5720443baf702795eb8829f4; no voters: 
I20260601 13:38:21.961796  3193 leader_election.cc:290] T 00000000000000000000000000000000 P 9d87e5cd5720443baf702795eb8829f4 [CANDIDATE]: Term 1 election: Requested vote from peers 
I20260601 13:38:21.961956  3196 raft_consensus.cc:2804] T 00000000000000000000000000000000 P 9d87e5cd5720443baf702795eb8829f4 [term 1 FOLLOWER]: Leader election won for term 1
I20260601 13:38:21.962188  3196 raft_consensus.cc:697] T 00000000000000000000000000000000 P 9d87e5cd5720443baf702795eb8829f4 [term 1 LEADER]: Becoming Leader. State: Replica: 9d87e5cd5720443baf702795eb8829f4, State: Running, Role: LEADER
I20260601 13:38:21.962334  3196 consensus_queue.cc:237] T 00000000000000000000000000000000 P 9d87e5cd5720443baf702795eb8829f4 [LEADER]: Queue going to LEADER mode. State: All replicated index: 0, Majority replicated index: 0, Committed index: 0, Last appended: 0.0, Last appended by leader: 0, Current term: 1, Majority size: 1, State: 0, Mode: LEADER, active raft config: opid_index: -1 OBSOLETE_local: true peers { permanent_uuid: "9d87e5cd5720443baf702795eb8829f4" member_type: VOTER }
I20260601 13:38:21.962350  3193 sys_catalog.cc:565] T 00000000000000000000000000000000 P 9d87e5cd5720443baf702795eb8829f4 [sys.catalog]: configured and running, proceeding with master startup.
I20260601 13:38:21.962810  3197 sys_catalog.cc:455] T 00000000000000000000000000000000 P 9d87e5cd5720443baf702795eb8829f4 [sys.catalog]: SysCatalogTable state changed. Reason: RaftConsensus started. Latest consensus state: current_term: 1 leader_uuid: "9d87e5cd5720443baf702795eb8829f4" committed_config { opid_index: -1 OBSOLETE_local: true peers { permanent_uuid: "9d87e5cd5720443baf702795eb8829f4" member_type: VOTER } }
I20260601 13:38:21.962929  3197 sys_catalog.cc:458] T 00000000000000000000000000000000 P 9d87e5cd5720443baf702795eb8829f4 [sys.catalog]: This master's current role is: LEADER
I20260601 13:38:21.963064  3198 sys_catalog.cc:455] T 00000000000000000000000000000000 P 9d87e5cd5720443baf702795eb8829f4 [sys.catalog]: SysCatalogTable state changed. Reason: New leader 9d87e5cd5720443baf702795eb8829f4. Latest consensus state: current_term: 1 leader_uuid: "9d87e5cd5720443baf702795eb8829f4" committed_config { opid_index: -1 OBSOLETE_local: true peers { permanent_uuid: "9d87e5cd5720443baf702795eb8829f4" member_type: VOTER } }
I20260601 13:38:21.963189  3198 sys_catalog.cc:458] T 00000000000000000000000000000000 P 9d87e5cd5720443baf702795eb8829f4 [sys.catalog]: This master's current role is: LEADER
I20260601 13:38:21.963227  3200 catalog_manager.cc:1510] Loading table and tablet metadata into memory...
I20260601 13:38:21.964279  3200 catalog_manager.cc:1519] Initializing Kudu cluster ID...
I20260601 13:38:21.964563  1512 internal_mini_cluster.cc:184] Waiting to initialize catalog manager on master 0
I20260601 13:38:21.966511  3200 catalog_manager.cc:1382] Generated new cluster ID: 8e2439a1a3ed46bc9d210e21677099bc
I20260601 13:38:21.966588  3200 catalog_manager.cc:1530] Initializing Kudu internal certificate authority...
I20260601 13:38:21.978809  3200 catalog_manager.cc:1405] Generated new certificate authority record
I20260601 13:38:21.979454  3200 catalog_manager.cc:1539] Loading token signing keys...
I20260601 13:38:21.989254  3200 catalog_manager.cc:6069] T 00000000000000000000000000000000 P 9d87e5cd5720443baf702795eb8829f4: Generated new TSK 0
I20260601 13:38:21.989480  3200 catalog_manager.cc:1549] Initializing in-progress tserver states...
I20260601 13:38:21.997184  1512 file_cache.cc:492] Constructed file cache file cache with capacity 419430
W20260601 13:38:21.999399  3214 instance_detector.cc:116] could not retrieve AWS instance metadata: Network error: curl error: HTTP response code said error: The requested URL returned error: 404
W20260601 13:38:21.999497  3215 instance_detector.cc:116] could not retrieve Azure instance metadata: Network error: curl error: HTTP response code said error: The requested URL returned error: 404
I20260601 13:38:21.999548  1512 server_base.cc:1061] running on GCE node
W20260601 13:38:21.999564  3217 instance_detector.cc:116] could not retrieve OpenStack instance metadata: Network error: curl error: HTTP response code said error: The requested URL returned error: 404
I20260601 13:38:22.000033  1512 hybrid_clock.cc:584] initializing the hybrid clock with 'system_unsync' time source
W20260601 13:38:22.000100  1512 system_unsync_time.cc:38] NTP support is disabled. Clock error bounds will not be accurate. This configuration is not suitable for distributed clusters.
I20260601 13:38:22.000128  1512 hybrid_clock.cc:648] HybridClock initialized: now 1780321102000126 us; error 0 us; skew 500 ppm
I20260601 13:38:22.001157  1512 webserver.cc:533] Webserver started at http://127.1.122.1:39611/ using document root <none> and password file <none>
I20260601 13:38:22.001368  1512 fs_manager.cc:362] Metadata directory not provided
I20260601 13:38:22.001447  1512 fs_manager.cc:368] Using write-ahead log directory (fs_wal_dir) as metadata directory
I20260601 13:38:22.001531  1512 server_base.cc:909] This appears to be a new deployment of Kudu; creating new FS layout
I20260601 13:38:22.002002  1512 fs_manager.cc:1068] Generated new instance metadata in path /tmp/dist-test-taskOAjLvL/test-tmp/auto_rebalancer-test.0.AutoRebalancerTest.MovesScheduledIfAddTserver.1780321085445862-1512-0/minicluster-data/ts-0-root/instance:
uuid: "23d160eff4984655b8bbcf6aa833f731"
format_stamp: "Formatted at 2026-06-01 13:38:22 on dist-test-slave-06hj"
I20260601 13:38:22.003661  1512 fs_manager.cc:696] Time spent creating directory manager: real 0.001s	user 0.002s	sys 0.001s
I20260601 13:38:22.004956  3222 log_block_manager.cc:4031] Time spent loading block containers with low live blocks: real 0.000s	user 0.000s	sys 0.000s
I20260601 13:38:22.005285  1512 fs_manager.cc:730] Time spent opening block manager: real 0.001s	user 0.001s	sys 0.000s
I20260601 13:38:22.005378  1512 fs_manager.cc:647] Opened local filesystem: /tmp/dist-test-taskOAjLvL/test-tmp/auto_rebalancer-test.0.AutoRebalancerTest.MovesScheduledIfAddTserver.1780321085445862-1512-0/minicluster-data/ts-0-root
uuid: "23d160eff4984655b8bbcf6aa833f731"
format_stamp: "Formatted at 2026-06-01 13:38:22 on dist-test-slave-06hj"
I20260601 13:38:22.005504  1512 fs_report.cc:389] FS layout report
--------------------
wal directory: /tmp/dist-test-taskOAjLvL/test-tmp/auto_rebalancer-test.0.AutoRebalancerTest.MovesScheduledIfAddTserver.1780321085445862-1512-0/minicluster-data/ts-0-root
metadata directory: /tmp/dist-test-taskOAjLvL/test-tmp/auto_rebalancer-test.0.AutoRebalancerTest.MovesScheduledIfAddTserver.1780321085445862-1512-0/minicluster-data/ts-0-root
1 data directories: /tmp/dist-test-taskOAjLvL/test-tmp/auto_rebalancer-test.0.AutoRebalancerTest.MovesScheduledIfAddTserver.1780321085445862-1512-0/minicluster-data/ts-0-root/data
Total live blocks: 0
Total live bytes: 0
Total live bytes (after alignment): 0
Total number of LBM containers: 0 (0 full)
Did not check for missing blocks
Did not check for orphaned blocks
Total full LBM containers with extra space: 0 (0 repaired)
Total full LBM container extra space in bytes: 0 (0 repaired)
Total incomplete LBM containers: 0 (0 repaired)
Total LBM partial records: 0 (0 repaired)
Total corrupted LBM metadata records in RocksDB: 0 (0 repaired)
I20260601 13:38:22.014710  1512 rpc_server.cc:225] running with OpenSSL 1.1.1  11 Sep 2018
I20260601 13:38:22.015182  1512 kserver.cc:163] Server-wide thread pool size limit: 3276
I20260601 13:38:22.015511  1512 txn_system_client.cc:432] TxnSystemClient initialization is disabled...
I20260601 13:38:22.016038  1512 ts_tablet_manager.cc:585] Loaded tablet metadata (0 total tablets, 0 live tablets)
I20260601 13:38:22.016101  1512 ts_tablet_manager.cc:531] Time spent load tablet metadata: real 0.000s	user 0.000s	sys 0.000s
I20260601 13:38:22.016160  1512 ts_tablet_manager.cc:616] Registered 0 tablets
I20260601 13:38:22.016212  1512 ts_tablet_manager.cc:595] Time spent register tablets: real 0.000s	user 0.000s	sys 0.000s
I20260601 13:38:22.020457  1512 rpc_server.cc:307] RPC server started. Bound to: 127.1.122.1:33301
I20260601 13:38:22.020532  3285 acceptor_pool.cc:272] collecting diagnostics on the listening RPC socket 127.1.122.1:33301 every 8 connection(s)
I20260601 13:38:22.021550  1512 file_cache.cc:492] Constructed file cache file cache with capacity 419430
W20260601 13:38:22.023617  3291 instance_detector.cc:116] could not retrieve Azure instance metadata: Network error: curl error: HTTP response code said error: The requested URL returned error: 404
W20260601 13:38:22.023695  3290 instance_detector.cc:116] could not retrieve AWS instance metadata: Network error: curl error: HTTP response code said error: The requested URL returned error: 404
W20260601 13:38:22.023823  3293 instance_detector.cc:116] could not retrieve OpenStack instance metadata: Network error: curl error: HTTP response code said error: The requested URL returned error: 404
I20260601 13:38:22.023939  1512 server_base.cc:1061] running on GCE node
I20260601 13:38:22.024113  1512 hybrid_clock.cc:584] initializing the hybrid clock with 'system_unsync' time source
W20260601 13:38:22.024149  1512 system_unsync_time.cc:38] NTP support is disabled. Clock error bounds will not be accurate. This configuration is not suitable for distributed clusters.
I20260601 13:38:22.024164  1512 hybrid_clock.cc:648] HybridClock initialized: now 1780321102024164 us; error 0 us; skew 500 ppm
I20260601 13:38:22.025055  1512 webserver.cc:533] Webserver started at http://127.1.122.2:33849/ using document root <none> and password file <none>
I20260601 13:38:22.025249  1512 fs_manager.cc:362] Metadata directory not provided
I20260601 13:38:22.025349  1512 fs_manager.cc:368] Using write-ahead log directory (fs_wal_dir) as metadata directory
I20260601 13:38:22.025445  1512 server_base.cc:909] This appears to be a new deployment of Kudu; creating new FS layout
I20260601 13:38:22.025931  1512 fs_manager.cc:1068] Generated new instance metadata in path /tmp/dist-test-taskOAjLvL/test-tmp/auto_rebalancer-test.0.AutoRebalancerTest.MovesScheduledIfAddTserver.1780321085445862-1512-0/minicluster-data/ts-1-root/instance:
uuid: "695274b718cd46759331f82161312fa9"
format_stamp: "Formatted at 2026-06-01 13:38:22 on dist-test-slave-06hj"
I20260601 13:38:22.027451  1512 fs_manager.cc:696] Time spent creating directory manager: real 0.001s	user 0.000s	sys 0.002s
I20260601 13:38:22.028333  3298 log_block_manager.cc:4031] Time spent loading block containers with low live blocks: real 0.000s	user 0.000s	sys 0.000s
I20260601 13:38:22.028604  1512 fs_manager.cc:730] Time spent opening block manager: real 0.001s	user 0.000s	sys 0.001s
I20260601 13:38:22.028739  1512 fs_manager.cc:647] Opened local filesystem: /tmp/dist-test-taskOAjLvL/test-tmp/auto_rebalancer-test.0.AutoRebalancerTest.MovesScheduledIfAddTserver.1780321085445862-1512-0/minicluster-data/ts-1-root
uuid: "695274b718cd46759331f82161312fa9"
format_stamp: "Formatted at 2026-06-01 13:38:22 on dist-test-slave-06hj"
I20260601 13:38:22.028829  1512 fs_report.cc:389] FS layout report
--------------------
wal directory: /tmp/dist-test-taskOAjLvL/test-tmp/auto_rebalancer-test.0.AutoRebalancerTest.MovesScheduledIfAddTserver.1780321085445862-1512-0/minicluster-data/ts-1-root
metadata directory: /tmp/dist-test-taskOAjLvL/test-tmp/auto_rebalancer-test.0.AutoRebalancerTest.MovesScheduledIfAddTserver.1780321085445862-1512-0/minicluster-data/ts-1-root
1 data directories: /tmp/dist-test-taskOAjLvL/test-tmp/auto_rebalancer-test.0.AutoRebalancerTest.MovesScheduledIfAddTserver.1780321085445862-1512-0/minicluster-data/ts-1-root/data
Total live blocks: 0
Total live bytes: 0
Total live bytes (after alignment): 0
Total number of LBM containers: 0 (0 full)
Did not check for missing blocks
Did not check for orphaned blocks
Total full LBM containers with extra space: 0 (0 repaired)
Total full LBM container extra space in bytes: 0 (0 repaired)
Total incomplete LBM containers: 0 (0 repaired)
Total LBM partial records: 0 (0 repaired)
Total corrupted LBM metadata records in RocksDB: 0 (0 repaired)
I20260601 13:38:22.034448  3286 heartbeater.cc:344] Connected to a master server at 127.1.122.62:37555
I20260601 13:38:22.034579  3286 heartbeater.cc:461] Registering TS with master...
I20260601 13:38:22.034849  3286 heartbeater.cc:507] Master 127.1.122.62:37555 requested a full tablet report, sending...
I20260601 13:38:22.035534  3157 ts_manager.cc:194] Registered new tserver with Master: 23d160eff4984655b8bbcf6aa833f731 (127.1.122.1:33301)
I20260601 13:38:22.036319  3157 master_service.cc:502] Signed X509 certificate for tserver {username='slave'} at 127.0.0.1:45004
I20260601 13:38:22.040310  1512 rpc_server.cc:225] running with OpenSSL 1.1.1  11 Sep 2018
I20260601 13:38:22.040803  1512 kserver.cc:163] Server-wide thread pool size limit: 3276
I20260601 13:38:22.041147  1512 txn_system_client.cc:432] TxnSystemClient initialization is disabled...
I20260601 13:38:22.041647  1512 ts_tablet_manager.cc:585] Loaded tablet metadata (0 total tablets, 0 live tablets)
I20260601 13:38:22.041685  1512 ts_tablet_manager.cc:531] Time spent load tablet metadata: real 0.000s	user 0.000s	sys 0.000s
I20260601 13:38:22.041741  1512 ts_tablet_manager.cc:616] Registered 0 tablets
I20260601 13:38:22.041780  1512 ts_tablet_manager.cc:595] Time spent register tablets: real 0.000s	user 0.000s	sys 0.000s
I20260601 13:38:22.045882  1512 rpc_server.cc:307] RPC server started. Bound to: 127.1.122.2:43461
I20260601 13:38:22.045941  3361 acceptor_pool.cc:272] collecting diagnostics on the listening RPC socket 127.1.122.2:43461 every 8 connection(s)
I20260601 13:38:22.046806  1512 file_cache.cc:492] Constructed file cache file cache with capacity 419430
W20260601 13:38:22.048666  3365 instance_detector.cc:116] could not retrieve AWS instance metadata: Network error: curl error: HTTP response code said error: The requested URL returned error: 404
W20260601 13:38:22.048709  3368 instance_detector.cc:116] could not retrieve OpenStack instance metadata: Network error: curl error: HTTP response code said error: The requested URL returned error: 404
W20260601 13:38:22.048673  3366 instance_detector.cc:116] could not retrieve Azure instance metadata: Network error: curl error: HTTP response code said error: The requested URL returned error: 404
I20260601 13:38:22.049162  1512 server_base.cc:1061] running on GCE node
I20260601 13:38:22.049355  1512 hybrid_clock.cc:584] initializing the hybrid clock with 'system_unsync' time source
W20260601 13:38:22.049400  1512 system_unsync_time.cc:38] NTP support is disabled. Clock error bounds will not be accurate. This configuration is not suitable for distributed clusters.
I20260601 13:38:22.049449  1512 hybrid_clock.cc:648] HybridClock initialized: now 1780321102049448 us; error 0 us; skew 500 ppm
I20260601 13:38:22.050483  1512 webserver.cc:533] Webserver started at http://127.1.122.3:42675/ using document root <none> and password file <none>
I20260601 13:38:22.050654  1512 fs_manager.cc:362] Metadata directory not provided
I20260601 13:38:22.050724  1512 fs_manager.cc:368] Using write-ahead log directory (fs_wal_dir) as metadata directory
I20260601 13:38:22.050846  1512 server_base.cc:909] This appears to be a new deployment of Kudu; creating new FS layout
I20260601 13:38:22.051359  3362 heartbeater.cc:344] Connected to a master server at 127.1.122.62:37555
I20260601 13:38:22.051378  1512 fs_manager.cc:1068] Generated new instance metadata in path /tmp/dist-test-taskOAjLvL/test-tmp/auto_rebalancer-test.0.AutoRebalancerTest.MovesScheduledIfAddTserver.1780321085445862-1512-0/minicluster-data/ts-2-root/instance:
uuid: "7d7ff3aaf54f4461ae8f576fd490c532"
format_stamp: "Formatted at 2026-06-01 13:38:22 on dist-test-slave-06hj"
I20260601 13:38:22.051481  3362 heartbeater.cc:461] Registering TS with master...
I20260601 13:38:22.051707  3362 heartbeater.cc:507] Master 127.1.122.62:37555 requested a full tablet report, sending...
I20260601 13:38:22.052362  3157 ts_manager.cc:194] Registered new tserver with Master: 695274b718cd46759331f82161312fa9 (127.1.122.2:43461)
I20260601 13:38:22.053002  3157 master_service.cc:502] Signed X509 certificate for tserver {username='slave'} at 127.0.0.1:45008
I20260601 13:38:22.053287  1512 fs_manager.cc:696] Time spent creating directory manager: real 0.002s	user 0.000s	sys 0.002s
I20260601 13:38:22.054273  3373 log_block_manager.cc:4031] Time spent loading block containers with low live blocks: real 0.000s	user 0.000s	sys 0.000s
I20260601 13:38:22.054517  1512 fs_manager.cc:730] Time spent opening block manager: real 0.001s	user 0.000s	sys 0.001s
I20260601 13:38:22.054576  1512 fs_manager.cc:647] Opened local filesystem: /tmp/dist-test-taskOAjLvL/test-tmp/auto_rebalancer-test.0.AutoRebalancerTest.MovesScheduledIfAddTserver.1780321085445862-1512-0/minicluster-data/ts-2-root
uuid: "7d7ff3aaf54f4461ae8f576fd490c532"
format_stamp: "Formatted at 2026-06-01 13:38:22 on dist-test-slave-06hj"
I20260601 13:38:22.054667  1512 fs_report.cc:389] FS layout report
--------------------
wal directory: /tmp/dist-test-taskOAjLvL/test-tmp/auto_rebalancer-test.0.AutoRebalancerTest.MovesScheduledIfAddTserver.1780321085445862-1512-0/minicluster-data/ts-2-root
metadata directory: /tmp/dist-test-taskOAjLvL/test-tmp/auto_rebalancer-test.0.AutoRebalancerTest.MovesScheduledIfAddTserver.1780321085445862-1512-0/minicluster-data/ts-2-root
1 data directories: /tmp/dist-test-taskOAjLvL/test-tmp/auto_rebalancer-test.0.AutoRebalancerTest.MovesScheduledIfAddTserver.1780321085445862-1512-0/minicluster-data/ts-2-root/data
Total live blocks: 0
Total live bytes: 0
Total live bytes (after alignment): 0
Total number of LBM containers: 0 (0 full)
Did not check for missing blocks
Did not check for orphaned blocks
Total full LBM containers with extra space: 0 (0 repaired)
Total full LBM container extra space in bytes: 0 (0 repaired)
Total incomplete LBM containers: 0 (0 repaired)
Total LBM partial records: 0 (0 repaired)
Total corrupted LBM metadata records in RocksDB: 0 (0 repaired)
I20260601 13:38:22.063952  1512 rpc_server.cc:225] running with OpenSSL 1.1.1  11 Sep 2018
I20260601 13:38:22.064466  1512 kserver.cc:163] Server-wide thread pool size limit: 3276
I20260601 13:38:22.064854  1512 txn_system_client.cc:432] TxnSystemClient initialization is disabled...
I20260601 13:38:22.065359  1512 ts_tablet_manager.cc:585] Loaded tablet metadata (0 total tablets, 0 live tablets)
I20260601 13:38:22.065425  1512 ts_tablet_manager.cc:531] Time spent load tablet metadata: real 0.000s	user 0.000s	sys 0.000s
I20260601 13:38:22.065526  1512 ts_tablet_manager.cc:616] Registered 0 tablets
I20260601 13:38:22.065579  1512 ts_tablet_manager.cc:595] Time spent register tablets: real 0.000s	user 0.000s	sys 0.000s
I20260601 13:38:22.070251  1512 rpc_server.cc:307] RPC server started. Bound to: 127.1.122.3:36597
I20260601 13:38:22.070348  3436 acceptor_pool.cc:272] collecting diagnostics on the listening RPC socket 127.1.122.3:36597 every 8 connection(s)
I20260601 13:38:22.075579  3437 heartbeater.cc:344] Connected to a master server at 127.1.122.62:37555
I20260601 13:38:22.075696  3437 heartbeater.cc:461] Registering TS with master...
I20260601 13:38:22.075918  3437 heartbeater.cc:507] Master 127.1.122.62:37555 requested a full tablet report, sending...
I20260601 13:38:22.076534  3157 ts_manager.cc:194] Registered new tserver with Master: 7d7ff3aaf54f4461ae8f576fd490c532 (127.1.122.3:36597)
I20260601 13:38:22.076711  1512 internal_mini_cluster.cc:371] 3 TS(s) registered with all masters after 0.005751552s
I20260601 13:38:22.077199  3157 master_service.cc:502] Signed X509 certificate for tserver {username='slave'} at 127.0.0.1:45020
I20260601 13:38:23.037380  3286 heartbeater.cc:499] Master 127.1.122.62:37555 was elected leader, sending a full tablet report...
I20260601 13:38:23.053936  3362 heartbeater.cc:499] Master 127.1.122.62:37555 was elected leader, sending a full tablet report...
I20260601 13:38:23.078199  3437 heartbeater.cc:499] Master 127.1.122.62:37555 was elected leader, sending a full tablet report...
I20260601 13:38:23.111929  3157 catalog_manager.cc:2282] Servicing CreateTable request from {username='slave'} at 127.0.0.1:45036:
name: "test-workload"
schema {
  columns {
    name: "key"
    type: INT32
    is_key: true
    is_nullable: false
    encoding: AUTO_ENCODING
    compression: DEFAULT_COMPRESSION
    cfile_block_size: 0
    immutable: false
  }
  columns {
    name: "int_val"
    type: INT32
    is_key: false
    is_nullable: false
    encoding: AUTO_ENCODING
    compression: DEFAULT_COMPRESSION
    cfile_block_size: 0
    immutable: false
  }
  columns {
    name: "string_val"
    type: STRING
    is_key: false
    is_nullable: true
    encoding: AUTO_ENCODING
    compression: DEFAULT_COMPRESSION
    cfile_block_size: 0
    immutable: false
  }
}
num_replicas: 3
split_rows_range_bounds {
  rows: "\004\001\000\377\377\377?""\004\001\000\377\377\377?"
  indirect_data: """"
}
partition_schema {
  range_schema {
    columns {
      name: "key"
    }
  }
}
W20260601 13:38:23.112522  3157 catalog_manager.cc:7076] The number of live tablet servers is not enough to re-replicate a tablet replica of the newly created table test-workload in case of a server failure: 4 tablet servers would be needed, 3 are available. Consider bringing up more tablet servers.
I20260601 13:38:23.123697  3326 tablet_service.cc:1511] Processing CreateTablet for tablet 0ba7c926621849af8ca80e6c60ed8fb2 (DEFAULT_TABLE table=test-workload [id=fbfb7c46a5284fcd9c4c9a9c6e574c3d]), partition=RANGE (key) PARTITION VALUES < 1073741823
I20260601 13:38:23.124177  3326 data_dirs.cc:400] Could only allocate 1 dirs of requested 3 for tablet 0ba7c926621849af8ca80e6c60ed8fb2. 1 dirs total, 0 dirs full, 0 dirs failed
I20260601 13:38:23.124570  3401 tablet_service.cc:1511] Processing CreateTablet for tablet 0ba7c926621849af8ca80e6c60ed8fb2 (DEFAULT_TABLE table=test-workload [id=fbfb7c46a5284fcd9c4c9a9c6e574c3d]), partition=RANGE (key) PARTITION VALUES < 1073741823
I20260601 13:38:23.124876  3401 data_dirs.cc:400] Could only allocate 1 dirs of requested 3 for tablet 0ba7c926621849af8ca80e6c60ed8fb2. 1 dirs total, 0 dirs full, 0 dirs failed
I20260601 13:38:23.124887  3400 tablet_service.cc:1511] Processing CreateTablet for tablet 79db966507fe42749a6dabc8150f5774 (DEFAULT_TABLE table=test-workload [id=fbfb7c46a5284fcd9c4c9a9c6e574c3d]), partition=RANGE (key) PARTITION 1073741823 <= VALUES
I20260601 13:38:23.125173  3400 data_dirs.cc:400] Could only allocate 1 dirs of requested 3 for tablet 79db966507fe42749a6dabc8150f5774. 1 dirs total, 0 dirs full, 0 dirs failed
I20260601 13:38:23.126809  3457 tablet_bootstrap.cc:492] T 0ba7c926621849af8ca80e6c60ed8fb2 P 7d7ff3aaf54f4461ae8f576fd490c532: Bootstrap starting.
I20260601 13:38:23.127419  3325 tablet_service.cc:1511] Processing CreateTablet for tablet 79db966507fe42749a6dabc8150f5774 (DEFAULT_TABLE table=test-workload [id=fbfb7c46a5284fcd9c4c9a9c6e574c3d]), partition=RANGE (key) PARTITION 1073741823 <= VALUES
I20260601 13:38:23.127754  3325 data_dirs.cc:400] Could only allocate 1 dirs of requested 3 for tablet 79db966507fe42749a6dabc8150f5774. 1 dirs total, 0 dirs full, 0 dirs failed
I20260601 13:38:23.127789  3458 tablet_bootstrap.cc:492] T 0ba7c926621849af8ca80e6c60ed8fb2 P 695274b718cd46759331f82161312fa9: Bootstrap starting.
I20260601 13:38:23.127987  3457 tablet_bootstrap.cc:654] T 0ba7c926621849af8ca80e6c60ed8fb2 P 7d7ff3aaf54f4461ae8f576fd490c532: Neither blocks nor log segments found. Creating new log.
I20260601 13:38:23.128945  3458 tablet_bootstrap.cc:654] T 0ba7c926621849af8ca80e6c60ed8fb2 P 695274b718cd46759331f82161312fa9: Neither blocks nor log segments found. Creating new log.
I20260601 13:38:23.129369  3457 tablet_bootstrap.cc:492] T 0ba7c926621849af8ca80e6c60ed8fb2 P 7d7ff3aaf54f4461ae8f576fd490c532: No bootstrap required, opened a new log
I20260601 13:38:23.129446  3249 tablet_service.cc:1511] Processing CreateTablet for tablet 79db966507fe42749a6dabc8150f5774 (DEFAULT_TABLE table=test-workload [id=fbfb7c46a5284fcd9c4c9a9c6e574c3d]), partition=RANGE (key) PARTITION 1073741823 <= VALUES
I20260601 13:38:23.129536  3457 ts_tablet_manager.cc:1403] T 0ba7c926621849af8ca80e6c60ed8fb2 P 7d7ff3aaf54f4461ae8f576fd490c532: Time spent bootstrapping tablet: real 0.003s	user 0.000s	sys 0.002s
I20260601 13:38:23.129784  3249 data_dirs.cc:400] Could only allocate 1 dirs of requested 3 for tablet 79db966507fe42749a6dabc8150f5774. 1 dirs total, 0 dirs full, 0 dirs failed
I20260601 13:38:23.130089  3457 raft_consensus.cc:359] T 0ba7c926621849af8ca80e6c60ed8fb2 P 7d7ff3aaf54f4461ae8f576fd490c532 [term 0 FOLLOWER]: Replica starting. Triggering 0 pending ops. Active config: opid_index: -1 OBSOLETE_local: false peers { permanent_uuid: "695274b718cd46759331f82161312fa9" member_type: VOTER last_known_addr { host: "127.1.122.2" port: 43461 } } peers { permanent_uuid: "23d160eff4984655b8bbcf6aa833f731" member_type: VOTER last_known_addr { host: "127.1.122.1" port: 33301 } } peers { permanent_uuid: "7d7ff3aaf54f4461ae8f576fd490c532" member_type: VOTER last_known_addr { host: "127.1.122.3" port: 36597 } }
I20260601 13:38:23.130213  3457 raft_consensus.cc:385] T 0ba7c926621849af8ca80e6c60ed8fb2 P 7d7ff3aaf54f4461ae8f576fd490c532 [term 0 FOLLOWER]: Consensus starting up: Expiring failure detector timer to make a prompt election more likely
I20260601 13:38:23.130260  3457 raft_consensus.cc:740] T 0ba7c926621849af8ca80e6c60ed8fb2 P 7d7ff3aaf54f4461ae8f576fd490c532 [term 0 FOLLOWER]: Becoming Follower/Learner. State: Replica: 7d7ff3aaf54f4461ae8f576fd490c532, State: Initialized, Role: FOLLOWER
I20260601 13:38:23.130409  3457 consensus_queue.cc:260] T 0ba7c926621849af8ca80e6c60ed8fb2 P 7d7ff3aaf54f4461ae8f576fd490c532 [NON_LEADER]: Queue going to NON_LEADER mode. State: All replicated index: 0, Majority replicated index: 0, Committed index: 0, Last appended: 0.0, Last appended by leader: 0, Current term: 0, Majority size: -1, State: 0, Mode: NON_LEADER, active raft config: opid_index: -1 OBSOLETE_local: false peers { permanent_uuid: "695274b718cd46759331f82161312fa9" member_type: VOTER last_known_addr { host: "127.1.122.2" port: 43461 } } peers { permanent_uuid: "23d160eff4984655b8bbcf6aa833f731" member_type: VOTER last_known_addr { host: "127.1.122.1" port: 33301 } } peers { permanent_uuid: "7d7ff3aaf54f4461ae8f576fd490c532" member_type: VOTER last_known_addr { host: "127.1.122.3" port: 36597 } }
I20260601 13:38:23.130862  3457 ts_tablet_manager.cc:1434] T 0ba7c926621849af8ca80e6c60ed8fb2 P 7d7ff3aaf54f4461ae8f576fd490c532: Time spent starting tablet: real 0.001s	user 0.000s	sys 0.001s
I20260601 13:38:23.130882  3458 tablet_bootstrap.cc:492] T 0ba7c926621849af8ca80e6c60ed8fb2 P 695274b718cd46759331f82161312fa9: No bootstrap required, opened a new log
I20260601 13:38:23.131058  3458 ts_tablet_manager.cc:1403] T 0ba7c926621849af8ca80e6c60ed8fb2 P 695274b718cd46759331f82161312fa9: Time spent bootstrapping tablet: real 0.003s	user 0.002s	sys 0.000s
I20260601 13:38:23.131108  3457 tablet_bootstrap.cc:492] T 79db966507fe42749a6dabc8150f5774 P 7d7ff3aaf54f4461ae8f576fd490c532: Bootstrap starting.
I20260601 13:38:23.131497  3458 raft_consensus.cc:359] T 0ba7c926621849af8ca80e6c60ed8fb2 P 695274b718cd46759331f82161312fa9 [term 0 FOLLOWER]: Replica starting. Triggering 0 pending ops. Active config: opid_index: -1 OBSOLETE_local: false peers { permanent_uuid: "695274b718cd46759331f82161312fa9" member_type: VOTER last_known_addr { host: "127.1.122.2" port: 43461 } } peers { permanent_uuid: "23d160eff4984655b8bbcf6aa833f731" member_type: VOTER last_known_addr { host: "127.1.122.1" port: 33301 } } peers { permanent_uuid: "7d7ff3aaf54f4461ae8f576fd490c532" member_type: VOTER last_known_addr { host: "127.1.122.3" port: 36597 } }
I20260601 13:38:23.131597  3458 raft_consensus.cc:385] T 0ba7c926621849af8ca80e6c60ed8fb2 P 695274b718cd46759331f82161312fa9 [term 0 FOLLOWER]: Consensus starting up: Expiring failure detector timer to make a prompt election more likely
I20260601 13:38:23.131640  3458 raft_consensus.cc:740] T 0ba7c926621849af8ca80e6c60ed8fb2 P 695274b718cd46759331f82161312fa9 [term 0 FOLLOWER]: Becoming Follower/Learner. State: Replica: 695274b718cd46759331f82161312fa9, State: Initialized, Role: FOLLOWER
I20260601 13:38:23.131610  3250 tablet_service.cc:1511] Processing CreateTablet for tablet 0ba7c926621849af8ca80e6c60ed8fb2 (DEFAULT_TABLE table=test-workload [id=fbfb7c46a5284fcd9c4c9a9c6e574c3d]), partition=RANGE (key) PARTITION VALUES < 1073741823
I20260601 13:38:23.131762  3458 consensus_queue.cc:260] T 0ba7c926621849af8ca80e6c60ed8fb2 P 695274b718cd46759331f82161312fa9 [NON_LEADER]: Queue going to NON_LEADER mode. State: All replicated index: 0, Majority replicated index: 0, Committed index: 0, Last appended: 0.0, Last appended by leader: 0, Current term: 0, Majority size: -1, State: 0, Mode: NON_LEADER, active raft config: opid_index: -1 OBSOLETE_local: false peers { permanent_uuid: "695274b718cd46759331f82161312fa9" member_type: VOTER last_known_addr { host: "127.1.122.2" port: 43461 } } peers { permanent_uuid: "23d160eff4984655b8bbcf6aa833f731" member_type: VOTER last_known_addr { host: "127.1.122.1" port: 33301 } } peers { permanent_uuid: "7d7ff3aaf54f4461ae8f576fd490c532" member_type: VOTER last_known_addr { host: "127.1.122.3" port: 36597 } }
I20260601 13:38:23.131893  3250 data_dirs.cc:400] Could only allocate 1 dirs of requested 3 for tablet 0ba7c926621849af8ca80e6c60ed8fb2. 1 dirs total, 0 dirs full, 0 dirs failed
I20260601 13:38:23.132143  3458 ts_tablet_manager.cc:1434] T 0ba7c926621849af8ca80e6c60ed8fb2 P 695274b718cd46759331f82161312fa9: Time spent starting tablet: real 0.001s	user 0.001s	sys 0.000s
I20260601 13:38:23.132228  3457 tablet_bootstrap.cc:654] T 79db966507fe42749a6dabc8150f5774 P 7d7ff3aaf54f4461ae8f576fd490c532: Neither blocks nor log segments found. Creating new log.
I20260601 13:38:23.132334  3458 tablet_bootstrap.cc:492] T 79db966507fe42749a6dabc8150f5774 P 695274b718cd46759331f82161312fa9: Bootstrap starting.
I20260601 13:38:23.133440  3458 tablet_bootstrap.cc:654] T 79db966507fe42749a6dabc8150f5774 P 695274b718cd46759331f82161312fa9: Neither blocks nor log segments found. Creating new log.
I20260601 13:38:23.134977  3463 tablet_bootstrap.cc:492] T 79db966507fe42749a6dabc8150f5774 P 23d160eff4984655b8bbcf6aa833f731: Bootstrap starting.
I20260601 13:38:23.135098  3458 tablet_bootstrap.cc:492] T 79db966507fe42749a6dabc8150f5774 P 695274b718cd46759331f82161312fa9: No bootstrap required, opened a new log
I20260601 13:38:23.135098  3457 tablet_bootstrap.cc:492] T 79db966507fe42749a6dabc8150f5774 P 7d7ff3aaf54f4461ae8f576fd490c532: No bootstrap required, opened a new log
I20260601 13:38:23.136734  3463 tablet_bootstrap.cc:654] T 79db966507fe42749a6dabc8150f5774 P 23d160eff4984655b8bbcf6aa833f731: Neither blocks nor log segments found. Creating new log.
I20260601 13:38:23.136760  3458 ts_tablet_manager.cc:1403] T 79db966507fe42749a6dabc8150f5774 P 695274b718cd46759331f82161312fa9: Time spent bootstrapping tablet: real 0.004s	user 0.002s	sys 0.000s
I20260601 13:38:23.136770  3457 ts_tablet_manager.cc:1403] T 79db966507fe42749a6dabc8150f5774 P 7d7ff3aaf54f4461ae8f576fd490c532: Time spent bootstrapping tablet: real 0.006s	user 0.000s	sys 0.002s
I20260601 13:38:23.137283  3457 raft_consensus.cc:359] T 79db966507fe42749a6dabc8150f5774 P 7d7ff3aaf54f4461ae8f576fd490c532 [term 0 FOLLOWER]: Replica starting. Triggering 0 pending ops. Active config: opid_index: -1 OBSOLETE_local: false peers { permanent_uuid: "23d160eff4984655b8bbcf6aa833f731" member_type: VOTER last_known_addr { host: "127.1.122.1" port: 33301 } } peers { permanent_uuid: "695274b718cd46759331f82161312fa9" member_type: VOTER last_known_addr { host: "127.1.122.2" port: 43461 } } peers { permanent_uuid: "7d7ff3aaf54f4461ae8f576fd490c532" member_type: VOTER last_known_addr { host: "127.1.122.3" port: 36597 } }
I20260601 13:38:23.137385  3458 raft_consensus.cc:359] T 79db966507fe42749a6dabc8150f5774 P 695274b718cd46759331f82161312fa9 [term 0 FOLLOWER]: Replica starting. Triggering 0 pending ops. Active config: opid_index: -1 OBSOLETE_local: false peers { permanent_uuid: "23d160eff4984655b8bbcf6aa833f731" member_type: VOTER last_known_addr { host: "127.1.122.1" port: 33301 } } peers { permanent_uuid: "695274b718cd46759331f82161312fa9" member_type: VOTER last_known_addr { host: "127.1.122.2" port: 43461 } } peers { permanent_uuid: "7d7ff3aaf54f4461ae8f576fd490c532" member_type: VOTER last_known_addr { host: "127.1.122.3" port: 36597 } }
I20260601 13:38:23.137522  3457 raft_consensus.cc:385] T 79db966507fe42749a6dabc8150f5774 P 7d7ff3aaf54f4461ae8f576fd490c532 [term 0 FOLLOWER]: Consensus starting up: Expiring failure detector timer to make a prompt election more likely
I20260601 13:38:23.137593  3458 raft_consensus.cc:385] T 79db966507fe42749a6dabc8150f5774 P 695274b718cd46759331f82161312fa9 [term 0 FOLLOWER]: Consensus starting up: Expiring failure detector timer to make a prompt election more likely
I20260601 13:38:23.137652  3457 raft_consensus.cc:740] T 79db966507fe42749a6dabc8150f5774 P 7d7ff3aaf54f4461ae8f576fd490c532 [term 0 FOLLOWER]: Becoming Follower/Learner. State: Replica: 7d7ff3aaf54f4461ae8f576fd490c532, State: Initialized, Role: FOLLOWER
I20260601 13:38:23.137691  3458 raft_consensus.cc:740] T 79db966507fe42749a6dabc8150f5774 P 695274b718cd46759331f82161312fa9 [term 0 FOLLOWER]: Becoming Follower/Learner. State: Replica: 695274b718cd46759331f82161312fa9, State: Initialized, Role: FOLLOWER
I20260601 13:38:23.137813  3457 consensus_queue.cc:260] T 79db966507fe42749a6dabc8150f5774 P 7d7ff3aaf54f4461ae8f576fd490c532 [NON_LEADER]: Queue going to NON_LEADER mode. State: All replicated index: 0, Majority replicated index: 0, Committed index: 0, Last appended: 0.0, Last appended by leader: 0, Current term: 0, Majority size: -1, State: 0, Mode: NON_LEADER, active raft config: opid_index: -1 OBSOLETE_local: false peers { permanent_uuid: "23d160eff4984655b8bbcf6aa833f731" member_type: VOTER last_known_addr { host: "127.1.122.1" port: 33301 } } peers { permanent_uuid: "695274b718cd46759331f82161312fa9" member_type: VOTER last_known_addr { host: "127.1.122.2" port: 43461 } } peers { permanent_uuid: "7d7ff3aaf54f4461ae8f576fd490c532" member_type: VOTER last_known_addr { host: "127.1.122.3" port: 36597 } }
I20260601 13:38:23.137858  3458 consensus_queue.cc:260] T 79db966507fe42749a6dabc8150f5774 P 695274b718cd46759331f82161312fa9 [NON_LEADER]: Queue going to NON_LEADER mode. State: All replicated index: 0, Majority replicated index: 0, Committed index: 0, Last appended: 0.0, Last appended by leader: 0, Current term: 0, Majority size: -1, State: 0, Mode: NON_LEADER, active raft config: opid_index: -1 OBSOLETE_local: false peers { permanent_uuid: "23d160eff4984655b8bbcf6aa833f731" member_type: VOTER last_known_addr { host: "127.1.122.1" port: 33301 } } peers { permanent_uuid: "695274b718cd46759331f82161312fa9" member_type: VOTER last_known_addr { host: "127.1.122.2" port: 43461 } } peers { permanent_uuid: "7d7ff3aaf54f4461ae8f576fd490c532" member_type: VOTER last_known_addr { host: "127.1.122.3" port: 36597 } }
I20260601 13:38:23.138140  3457 ts_tablet_manager.cc:1434] T 79db966507fe42749a6dabc8150f5774 P 7d7ff3aaf54f4461ae8f576fd490c532: Time spent starting tablet: real 0.001s	user 0.000s	sys 0.001s
I20260601 13:38:23.138157  3458 ts_tablet_manager.cc:1434] T 79db966507fe42749a6dabc8150f5774 P 695274b718cd46759331f82161312fa9: Time spent starting tablet: real 0.001s	user 0.001s	sys 0.000s
I20260601 13:38:23.138192  3463 tablet_bootstrap.cc:492] T 79db966507fe42749a6dabc8150f5774 P 23d160eff4984655b8bbcf6aa833f731: No bootstrap required, opened a new log
I20260601 13:38:23.138518  3463 ts_tablet_manager.cc:1403] T 79db966507fe42749a6dabc8150f5774 P 23d160eff4984655b8bbcf6aa833f731: Time spent bootstrapping tablet: real 0.004s	user 0.003s	sys 0.000s
I20260601 13:38:23.139073  3463 raft_consensus.cc:359] T 79db966507fe42749a6dabc8150f5774 P 23d160eff4984655b8bbcf6aa833f731 [term 0 FOLLOWER]: Replica starting. Triggering 0 pending ops. Active config: opid_index: -1 OBSOLETE_local: false peers { permanent_uuid: "23d160eff4984655b8bbcf6aa833f731" member_type: VOTER last_known_addr { host: "127.1.122.1" port: 33301 } } peers { permanent_uuid: "695274b718cd46759331f82161312fa9" member_type: VOTER last_known_addr { host: "127.1.122.2" port: 43461 } } peers { permanent_uuid: "7d7ff3aaf54f4461ae8f576fd490c532" member_type: VOTER last_known_addr { host: "127.1.122.3" port: 36597 } }
I20260601 13:38:23.139195  3463 raft_consensus.cc:385] T 79db966507fe42749a6dabc8150f5774 P 23d160eff4984655b8bbcf6aa833f731 [term 0 FOLLOWER]: Consensus starting up: Expiring failure detector timer to make a prompt election more likely
I20260601 13:38:23.139298  3463 raft_consensus.cc:740] T 79db966507fe42749a6dabc8150f5774 P 23d160eff4984655b8bbcf6aa833f731 [term 0 FOLLOWER]: Becoming Follower/Learner. State: Replica: 23d160eff4984655b8bbcf6aa833f731, State: Initialized, Role: FOLLOWER
I20260601 13:38:23.139500  3463 consensus_queue.cc:260] T 79db966507fe42749a6dabc8150f5774 P 23d160eff4984655b8bbcf6aa833f731 [NON_LEADER]: Queue going to NON_LEADER mode. State: All replicated index: 0, Majority replicated index: 0, Committed index: 0, Last appended: 0.0, Last appended by leader: 0, Current term: 0, Majority size: -1, State: 0, Mode: NON_LEADER, active raft config: opid_index: -1 OBSOLETE_local: false peers { permanent_uuid: "23d160eff4984655b8bbcf6aa833f731" member_type: VOTER last_known_addr { host: "127.1.122.1" port: 33301 } } peers { permanent_uuid: "695274b718cd46759331f82161312fa9" member_type: VOTER last_known_addr { host: "127.1.122.2" port: 43461 } } peers { permanent_uuid: "7d7ff3aaf54f4461ae8f576fd490c532" member_type: VOTER last_known_addr { host: "127.1.122.3" port: 36597 } }
I20260601 13:38:23.139986  3463 ts_tablet_manager.cc:1434] T 79db966507fe42749a6dabc8150f5774 P 23d160eff4984655b8bbcf6aa833f731: Time spent starting tablet: real 0.001s	user 0.001s	sys 0.000s
I20260601 13:38:23.140261  3463 tablet_bootstrap.cc:492] T 0ba7c926621849af8ca80e6c60ed8fb2 P 23d160eff4984655b8bbcf6aa833f731: Bootstrap starting.
I20260601 13:38:23.141590  3463 tablet_bootstrap.cc:654] T 0ba7c926621849af8ca80e6c60ed8fb2 P 23d160eff4984655b8bbcf6aa833f731: Neither blocks nor log segments found. Creating new log.
I20260601 13:38:23.142844  3463 tablet_bootstrap.cc:492] T 0ba7c926621849af8ca80e6c60ed8fb2 P 23d160eff4984655b8bbcf6aa833f731: No bootstrap required, opened a new log
I20260601 13:38:23.142966  3463 ts_tablet_manager.cc:1403] T 0ba7c926621849af8ca80e6c60ed8fb2 P 23d160eff4984655b8bbcf6aa833f731: Time spent bootstrapping tablet: real 0.003s	user 0.002s	sys 0.000s
I20260601 13:38:23.143417  3463 raft_consensus.cc:359] T 0ba7c926621849af8ca80e6c60ed8fb2 P 23d160eff4984655b8bbcf6aa833f731 [term 0 FOLLOWER]: Replica starting. Triggering 0 pending ops. Active config: opid_index: -1 OBSOLETE_local: false peers { permanent_uuid: "695274b718cd46759331f82161312fa9" member_type: VOTER last_known_addr { host: "127.1.122.2" port: 43461 } } peers { permanent_uuid: "23d160eff4984655b8bbcf6aa833f731" member_type: VOTER last_known_addr { host: "127.1.122.1" port: 33301 } } peers { permanent_uuid: "7d7ff3aaf54f4461ae8f576fd490c532" member_type: VOTER last_known_addr { host: "127.1.122.3" port: 36597 } }
I20260601 13:38:23.143522  3463 raft_consensus.cc:385] T 0ba7c926621849af8ca80e6c60ed8fb2 P 23d160eff4984655b8bbcf6aa833f731 [term 0 FOLLOWER]: Consensus starting up: Expiring failure detector timer to make a prompt election more likely
I20260601 13:38:23.143591  3463 raft_consensus.cc:740] T 0ba7c926621849af8ca80e6c60ed8fb2 P 23d160eff4984655b8bbcf6aa833f731 [term 0 FOLLOWER]: Becoming Follower/Learner. State: Replica: 23d160eff4984655b8bbcf6aa833f731, State: Initialized, Role: FOLLOWER
I20260601 13:38:23.143792  3463 consensus_queue.cc:260] T 0ba7c926621849af8ca80e6c60ed8fb2 P 23d160eff4984655b8bbcf6aa833f731 [NON_LEADER]: Queue going to NON_LEADER mode. State: All replicated index: 0, Majority replicated index: 0, Committed index: 0, Last appended: 0.0, Last appended by leader: 0, Current term: 0, Majority size: -1, State: 0, Mode: NON_LEADER, active raft config: opid_index: -1 OBSOLETE_local: false peers { permanent_uuid: "695274b718cd46759331f82161312fa9" member_type: VOTER last_known_addr { host: "127.1.122.2" port: 43461 } } peers { permanent_uuid: "23d160eff4984655b8bbcf6aa833f731" member_type: VOTER last_known_addr { host: "127.1.122.1" port: 33301 } } peers { permanent_uuid: "7d7ff3aaf54f4461ae8f576fd490c532" member_type: VOTER last_known_addr { host: "127.1.122.3" port: 36597 } }
I20260601 13:38:23.144083  3463 ts_tablet_manager.cc:1434] T 0ba7c926621849af8ca80e6c60ed8fb2 P 23d160eff4984655b8bbcf6aa833f731: Time spent starting tablet: real 0.001s	user 0.000s	sys 0.000s
I20260601 13:38:23.326442  3462 raft_consensus.cc:493] T 79db966507fe42749a6dabc8150f5774 P 695274b718cd46759331f82161312fa9 [term 0 FOLLOWER]: Starting pre-election (no leader contacted us within the election timeout)
I20260601 13:38:23.326613  3462 raft_consensus.cc:515] T 79db966507fe42749a6dabc8150f5774 P 695274b718cd46759331f82161312fa9 [term 0 FOLLOWER]: Starting pre-election with config: opid_index: -1 OBSOLETE_local: false peers { permanent_uuid: "23d160eff4984655b8bbcf6aa833f731" member_type: VOTER last_known_addr { host: "127.1.122.1" port: 33301 } } peers { permanent_uuid: "695274b718cd46759331f82161312fa9" member_type: VOTER last_known_addr { host: "127.1.122.2" port: 43461 } } peers { permanent_uuid: "7d7ff3aaf54f4461ae8f576fd490c532" member_type: VOTER last_known_addr { host: "127.1.122.3" port: 36597 } }
I20260601 13:38:23.327310  3462 leader_election.cc:290] T 79db966507fe42749a6dabc8150f5774 P 695274b718cd46759331f82161312fa9 [CANDIDATE]: Term 1 pre-election: Requested pre-vote from peers 23d160eff4984655b8bbcf6aa833f731 (127.1.122.1:33301), 7d7ff3aaf54f4461ae8f576fd490c532 (127.1.122.3:36597)
I20260601 13:38:23.331256  3411 tablet_service.cc:1917] Received RequestConsensusVote() RPC: tablet_id: "79db966507fe42749a6dabc8150f5774" candidate_uuid: "695274b718cd46759331f82161312fa9" candidate_term: 1 candidate_status { last_received { term: 0 index: 0 } } ignore_live_leader: false dest_uuid: "7d7ff3aaf54f4461ae8f576fd490c532" is_pre_election: true
I20260601 13:38:23.331261  3260 tablet_service.cc:1917] Received RequestConsensusVote() RPC: tablet_id: "79db966507fe42749a6dabc8150f5774" candidate_uuid: "695274b718cd46759331f82161312fa9" candidate_term: 1 candidate_status { last_received { term: 0 index: 0 } } ignore_live_leader: false dest_uuid: "23d160eff4984655b8bbcf6aa833f731" is_pre_election: true
I20260601 13:38:23.331435  3411 raft_consensus.cc:2468] T 79db966507fe42749a6dabc8150f5774 P 7d7ff3aaf54f4461ae8f576fd490c532 [term 0 FOLLOWER]: Leader pre-election vote request: Granting yes vote for candidate 695274b718cd46759331f82161312fa9 in term 0.
I20260601 13:38:23.331509  3260 raft_consensus.cc:2468] T 79db966507fe42749a6dabc8150f5774 P 23d160eff4984655b8bbcf6aa833f731 [term 0 FOLLOWER]: Leader pre-election vote request: Granting yes vote for candidate 695274b718cd46759331f82161312fa9 in term 0.
I20260601 13:38:23.331815  3301 leader_election.cc:304] T 79db966507fe42749a6dabc8150f5774 P 695274b718cd46759331f82161312fa9 [CANDIDATE]: Term 1 pre-election: Election decided. Result: candidate won. Election summary: received 2 responses out of 3 voters: 2 yes votes; 0 no votes. yes voters: 695274b718cd46759331f82161312fa9, 7d7ff3aaf54f4461ae8f576fd490c532; no voters: 
I20260601 13:38:23.332075  3462 raft_consensus.cc:2804] T 79db966507fe42749a6dabc8150f5774 P 695274b718cd46759331f82161312fa9 [term 0 FOLLOWER]: Leader pre-election won for term 1
I20260601 13:38:23.332124  3462 raft_consensus.cc:493] T 79db966507fe42749a6dabc8150f5774 P 695274b718cd46759331f82161312fa9 [term 0 FOLLOWER]: Starting leader election (no leader contacted us within the election timeout)
I20260601 13:38:23.332172  3462 raft_consensus.cc:3060] T 79db966507fe42749a6dabc8150f5774 P 695274b718cd46759331f82161312fa9 [term 0 FOLLOWER]: Advancing to term 1
I20260601 13:38:23.333135  3462 raft_consensus.cc:515] T 79db966507fe42749a6dabc8150f5774 P 695274b718cd46759331f82161312fa9 [term 1 FOLLOWER]: Starting leader election with config: opid_index: -1 OBSOLETE_local: false peers { permanent_uuid: "23d160eff4984655b8bbcf6aa833f731" member_type: VOTER last_known_addr { host: "127.1.122.1" port: 33301 } } peers { permanent_uuid: "695274b718cd46759331f82161312fa9" member_type: VOTER last_known_addr { host: "127.1.122.2" port: 43461 } } peers { permanent_uuid: "7d7ff3aaf54f4461ae8f576fd490c532" member_type: VOTER last_known_addr { host: "127.1.122.3" port: 36597 } }
I20260601 13:38:23.333568  3462 leader_election.cc:290] T 79db966507fe42749a6dabc8150f5774 P 695274b718cd46759331f82161312fa9 [CANDIDATE]: Term 1 election: Requested vote from peers 23d160eff4984655b8bbcf6aa833f731 (127.1.122.1:33301), 7d7ff3aaf54f4461ae8f576fd490c532 (127.1.122.3:36597)
I20260601 13:38:23.333904  3260 tablet_service.cc:1917] Received RequestConsensusVote() RPC: tablet_id: "79db966507fe42749a6dabc8150f5774" candidate_uuid: "695274b718cd46759331f82161312fa9" candidate_term: 1 candidate_status { last_received { term: 0 index: 0 } } ignore_live_leader: false dest_uuid: "23d160eff4984655b8bbcf6aa833f731"
I20260601 13:38:23.333904  3411 tablet_service.cc:1917] Received RequestConsensusVote() RPC: tablet_id: "79db966507fe42749a6dabc8150f5774" candidate_uuid: "695274b718cd46759331f82161312fa9" candidate_term: 1 candidate_status { last_received { term: 0 index: 0 } } ignore_live_leader: false dest_uuid: "7d7ff3aaf54f4461ae8f576fd490c532"
I20260601 13:38:23.334056  3411 raft_consensus.cc:3060] T 79db966507fe42749a6dabc8150f5774 P 7d7ff3aaf54f4461ae8f576fd490c532 [term 0 FOLLOWER]: Advancing to term 1
I20260601 13:38:23.334056  3260 raft_consensus.cc:3060] T 79db966507fe42749a6dabc8150f5774 P 23d160eff4984655b8bbcf6aa833f731 [term 0 FOLLOWER]: Advancing to term 1
I20260601 13:38:23.335126  3260 raft_consensus.cc:2468] T 79db966507fe42749a6dabc8150f5774 P 23d160eff4984655b8bbcf6aa833f731 [term 1 FOLLOWER]: Leader election vote request: Granting yes vote for candidate 695274b718cd46759331f82161312fa9 in term 1.
I20260601 13:38:23.335126  3411 raft_consensus.cc:2468] T 79db966507fe42749a6dabc8150f5774 P 7d7ff3aaf54f4461ae8f576fd490c532 [term 1 FOLLOWER]: Leader election vote request: Granting yes vote for candidate 695274b718cd46759331f82161312fa9 in term 1.
I20260601 13:38:23.335490  3299 leader_election.cc:304] T 79db966507fe42749a6dabc8150f5774 P 695274b718cd46759331f82161312fa9 [CANDIDATE]: Term 1 election: Election decided. Result: candidate won. Election summary: received 2 responses out of 3 voters: 2 yes votes; 0 no votes. yes voters: 23d160eff4984655b8bbcf6aa833f731, 695274b718cd46759331f82161312fa9; no voters: 
I20260601 13:38:23.335707  3462 raft_consensus.cc:2804] T 79db966507fe42749a6dabc8150f5774 P 695274b718cd46759331f82161312fa9 [term 1 FOLLOWER]: Leader election won for term 1
I20260601 13:38:23.335990  3462 raft_consensus.cc:697] T 79db966507fe42749a6dabc8150f5774 P 695274b718cd46759331f82161312fa9 [term 1 LEADER]: Becoming Leader. State: Replica: 695274b718cd46759331f82161312fa9, State: Running, Role: LEADER
