I20260601 13:38:06.662403 21016 raft_consensus.cc:359] T 13df7120302e4cbeb38c42535a45107e P c66242cc74fc44d4b165b38b1cf73993 [term 0 FOLLOWER]: Replica starting. Triggering 0 pending ops. Active config: opid_index: -1 OBSOLETE_local: false peers { permanent_uuid: "c66242cc74fc44d4b165b38b1cf73993" member_type: VOTER last_known_addr { host: "127.19.172.194" port: 44899 } } peers { permanent_uuid: "67e2a05a36f841318a19eae0892e1836" member_type: VOTER last_known_addr { host: "127.19.172.193" port: 42569 } } peers { permanent_uuid: "88a26e410d5f44aaad9e7297715f59f6" member_type: VOTER last_known_addr { host: "127.19.172.195" port: 34153 } }
I20260601 13:38:06.662868 21016 raft_consensus.cc:385] T 13df7120302e4cbeb38c42535a45107e P c66242cc74fc44d4b165b38b1cf73993 [term 0 FOLLOWER]: Consensus starting up: Expiring failure detector timer to make a prompt election more likely
I20260601 13:38:06.662919 21016 raft_consensus.cc:740] T 13df7120302e4cbeb38c42535a45107e P c66242cc74fc44d4b165b38b1cf73993 [term 0 FOLLOWER]: Becoming Follower/Learner. State: Replica: c66242cc74fc44d4b165b38b1cf73993, State: Initialized, Role: FOLLOWER
I20260601 13:38:06.662950 21015 tablet_bootstrap.cc:492] T 1b8b8993bf244787a7283c17a1a521d9 P 67e2a05a36f841318a19eae0892e1836: Bootstrap starting.
I20260601 13:38:06.663046 21016 consensus_queue.cc:260] T 13df7120302e4cbeb38c42535a45107e P c66242cc74fc44d4b165b38b1cf73993 [NON_LEADER]: Queue going to NON_LEADER mode. State: All replicated index: 0, Majority replicated index: 0, Committed index: 0, Last appended: 0.0, Last appended by leader: 0, Current term: 0, Majority size: -1, State: 0, Mode: NON_LEADER, active raft config: opid_index: -1 OBSOLETE_local: false peers { permanent_uuid: "c66242cc74fc44d4b165b38b1cf73993" member_type: VOTER last_known_addr { host: "127.19.172.194" port: 44899 } } peers { permanent_uuid: "67e2a05a36f841318a19eae0892e1836" member_type: VOTER last_known_addr { host: "127.19.172.193" port: 42569 } } peers { permanent_uuid: "88a26e410d5f44aaad9e7297715f59f6" member_type: VOTER last_known_addr { host: "127.19.172.195" port: 34153 } }
I20260601 13:38:06.663220 21014 tablet_bootstrap.cc:492] T 13df7120302e4cbeb38c42535a45107e P 88a26e410d5f44aaad9e7297715f59f6: Bootstrap starting.
I20260601 13:38:06.663419 21016 ts_tablet_manager.cc:1434] T 13df7120302e4cbeb38c42535a45107e P c66242cc74fc44d4b165b38b1cf73993: Time spent starting tablet: real 0.001s	user 0.001s	sys 0.000s
I20260601 13:38:06.663605 21016 tablet_bootstrap.cc:492] T 31c2e62c4c32477fbbb305e8c51800df P c66242cc74fc44d4b165b38b1cf73993: Bootstrap starting.
I20260601 13:38:06.663972 21015 tablet_bootstrap.cc:654] T 1b8b8993bf244787a7283c17a1a521d9 P 67e2a05a36f841318a19eae0892e1836: Neither blocks nor log segments found. Creating new log.
I20260601 13:38:06.664201 21014 tablet_bootstrap.cc:654] T 13df7120302e4cbeb38c42535a45107e P 88a26e410d5f44aaad9e7297715f59f6: Neither blocks nor log segments found. Creating new log.
I20260601 13:38:06.664501 21016 tablet_bootstrap.cc:654] T 31c2e62c4c32477fbbb305e8c51800df P c66242cc74fc44d4b165b38b1cf73993: Neither blocks nor log segments found. Creating new log.
I20260601 13:38:06.665119 21015 tablet_bootstrap.cc:492] T 1b8b8993bf244787a7283c17a1a521d9 P 67e2a05a36f841318a19eae0892e1836: No bootstrap required, opened a new log
I20260601 13:38:06.665223 21015 ts_tablet_manager.cc:1403] T 1b8b8993bf244787a7283c17a1a521d9 P 67e2a05a36f841318a19eae0892e1836: Time spent bootstrapping tablet: real 0.002s	user 0.000s	sys 0.002s
I20260601 13:38:06.665402 21014 tablet_bootstrap.cc:492] T 13df7120302e4cbeb38c42535a45107e P 88a26e410d5f44aaad9e7297715f59f6: No bootstrap required, opened a new log
I20260601 13:38:06.665627 21015 raft_consensus.cc:359] T 1b8b8993bf244787a7283c17a1a521d9 P 67e2a05a36f841318a19eae0892e1836 [term 0 FOLLOWER]: Replica starting. Triggering 0 pending ops. Active config: opid_index: -1 OBSOLETE_local: false peers { permanent_uuid: "67e2a05a36f841318a19eae0892e1836" member_type: VOTER last_known_addr { host: "127.19.172.193" port: 42569 } } peers { permanent_uuid: "c66242cc74fc44d4b165b38b1cf73993" member_type: VOTER last_known_addr { host: "127.19.172.194" port: 44899 } } peers { permanent_uuid: "88a26e410d5f44aaad9e7297715f59f6" member_type: VOTER last_known_addr { host: "127.19.172.195" port: 34153 } }
I20260601 13:38:06.666085 21015 raft_consensus.cc:385] T 1b8b8993bf244787a7283c17a1a521d9 P 67e2a05a36f841318a19eae0892e1836 [term 0 FOLLOWER]: Consensus starting up: Expiring failure detector timer to make a prompt election more likely
I20260601 13:38:06.666107 21014 ts_tablet_manager.cc:1403] T 13df7120302e4cbeb38c42535a45107e P 88a26e410d5f44aaad9e7297715f59f6: Time spent bootstrapping tablet: real 0.003s	user 0.002s	sys 0.001s
I20260601 13:38:06.666131 21015 raft_consensus.cc:740] T 1b8b8993bf244787a7283c17a1a521d9 P 67e2a05a36f841318a19eae0892e1836 [term 0 FOLLOWER]: Becoming Follower/Learner. State: Replica: 67e2a05a36f841318a19eae0892e1836, State: Initialized, Role: FOLLOWER
I20260601 13:38:06.666290 21015 consensus_queue.cc:260] T 1b8b8993bf244787a7283c17a1a521d9 P 67e2a05a36f841318a19eae0892e1836 [NON_LEADER]: Queue going to NON_LEADER mode. State: All replicated index: 0, Majority replicated index: 0, Committed index: 0, Last appended: 0.0, Last appended by leader: 0, Current term: 0, Majority size: -1, State: 0, Mode: NON_LEADER, active raft config: opid_index: -1 OBSOLETE_local: false peers { permanent_uuid: "67e2a05a36f841318a19eae0892e1836" member_type: VOTER last_known_addr { host: "127.19.172.193" port: 42569 } } peers { permanent_uuid: "c66242cc74fc44d4b165b38b1cf73993" member_type: VOTER last_known_addr { host: "127.19.172.194" port: 44899 } } peers { permanent_uuid: "88a26e410d5f44aaad9e7297715f59f6" member_type: VOTER last_known_addr { host: "127.19.172.195" port: 34153 } }
I20260601 13:38:06.666584 21015 ts_tablet_manager.cc:1434] T 1b8b8993bf244787a7283c17a1a521d9 P 67e2a05a36f841318a19eae0892e1836: Time spent starting tablet: real 0.001s	user 0.000s	sys 0.001s
I20260601 13:38:06.666781 21015 tablet_bootstrap.cc:492] T 30546e93e0e04e34b87aab21cb157b1f P 67e2a05a36f841318a19eae0892e1836: Bootstrap starting.
I20260601 13:38:06.667256 21016 tablet_bootstrap.cc:492] T 31c2e62c4c32477fbbb305e8c51800df P c66242cc74fc44d4b165b38b1cf73993: No bootstrap required, opened a new log
I20260601 13:38:06.667332 21016 ts_tablet_manager.cc:1403] T 31c2e62c4c32477fbbb305e8c51800df P c66242cc74fc44d4b165b38b1cf73993: Time spent bootstrapping tablet: real 0.004s	user 0.001s	sys 0.001s
I20260601 13:38:06.667722 21015 tablet_bootstrap.cc:654] T 30546e93e0e04e34b87aab21cb157b1f P 67e2a05a36f841318a19eae0892e1836: Neither blocks nor log segments found. Creating new log.
I20260601 13:38:06.667781 21016 raft_consensus.cc:359] T 31c2e62c4c32477fbbb305e8c51800df P c66242cc74fc44d4b165b38b1cf73993 [term 0 FOLLOWER]: Replica starting. Triggering 0 pending ops. Active config: opid_index: -1 OBSOLETE_local: false peers { permanent_uuid: "67e2a05a36f841318a19eae0892e1836" member_type: VOTER last_known_addr { host: "127.19.172.193" port: 42569 } } peers { permanent_uuid: "c66242cc74fc44d4b165b38b1cf73993" member_type: VOTER last_known_addr { host: "127.19.172.194" port: 44899 } } peers { permanent_uuid: "88a26e410d5f44aaad9e7297715f59f6" member_type: VOTER last_known_addr { host: "127.19.172.195" port: 34153 } }
I20260601 13:38:06.667889 21016 raft_consensus.cc:385] T 31c2e62c4c32477fbbb305e8c51800df P c66242cc74fc44d4b165b38b1cf73993 [term 0 FOLLOWER]: Consensus starting up: Expiring failure detector timer to make a prompt election more likely
I20260601 13:38:06.667923 21016 raft_consensus.cc:740] T 31c2e62c4c32477fbbb305e8c51800df P c66242cc74fc44d4b165b38b1cf73993 [term 0 FOLLOWER]: Becoming Follower/Learner. State: Replica: c66242cc74fc44d4b165b38b1cf73993, State: Initialized, Role: FOLLOWER
I20260601 13:38:06.668025 21016 consensus_queue.cc:260] T 31c2e62c4c32477fbbb305e8c51800df P c66242cc74fc44d4b165b38b1cf73993 [NON_LEADER]: Queue going to NON_LEADER mode. State: All replicated index: 0, Majority replicated index: 0, Committed index: 0, Last appended: 0.0, Last appended by leader: 0, Current term: 0, Majority size: -1, State: 0, Mode: NON_LEADER, active raft config: opid_index: -1 OBSOLETE_local: false peers { permanent_uuid: "67e2a05a36f841318a19eae0892e1836" member_type: VOTER last_known_addr { host: "127.19.172.193" port: 42569 } } peers { permanent_uuid: "c66242cc74fc44d4b165b38b1cf73993" member_type: VOTER last_known_addr { host: "127.19.172.194" port: 44899 } } peers { permanent_uuid: "88a26e410d5f44aaad9e7297715f59f6" member_type: VOTER last_known_addr { host: "127.19.172.195" port: 34153 } }
I20260601 13:38:06.666538 21014 raft_consensus.cc:359] T 13df7120302e4cbeb38c42535a45107e P 88a26e410d5f44aaad9e7297715f59f6 [term 0 FOLLOWER]: Replica starting. Triggering 0 pending ops. Active config: opid_index: -1 OBSOLETE_local: false peers { permanent_uuid: "c66242cc74fc44d4b165b38b1cf73993" member_type: VOTER last_known_addr { host: "127.19.172.194" port: 44899 } } peers { permanent_uuid: "67e2a05a36f841318a19eae0892e1836" member_type: VOTER last_known_addr { host: "127.19.172.193" port: 42569 } } peers { permanent_uuid: "88a26e410d5f44aaad9e7297715f59f6" member_type: VOTER last_known_addr { host: "127.19.172.195" port: 34153 } }
I20260601 13:38:06.668272 21014 raft_consensus.cc:385] T 13df7120302e4cbeb38c42535a45107e P 88a26e410d5f44aaad9e7297715f59f6 [term 0 FOLLOWER]: Consensus starting up: Expiring failure detector timer to make a prompt election more likely
I20260601 13:38:06.668323 21016 ts_tablet_manager.cc:1434] T 31c2e62c4c32477fbbb305e8c51800df P c66242cc74fc44d4b165b38b1cf73993: Time spent starting tablet: real 0.001s	user 0.000s	sys 0.001s
I20260601 13:38:06.668323 21014 raft_consensus.cc:740] T 13df7120302e4cbeb38c42535a45107e P 88a26e410d5f44aaad9e7297715f59f6 [term 0 FOLLOWER]: Becoming Follower/Learner. State: Replica: 88a26e410d5f44aaad9e7297715f59f6, State: Initialized, Role: FOLLOWER
I20260601 13:38:06.668519 21016 tablet_bootstrap.cc:492] T 24de136128e84385b8186d0681433ef3 P c66242cc74fc44d4b165b38b1cf73993: Bootstrap starting.
I20260601 13:38:06.668920 21015 tablet_bootstrap.cc:492] T 30546e93e0e04e34b87aab21cb157b1f P 67e2a05a36f841318a19eae0892e1836: No bootstrap required, opened a new log
I20260601 13:38:06.669008 21015 ts_tablet_manager.cc:1403] T 30546e93e0e04e34b87aab21cb157b1f P 67e2a05a36f841318a19eae0892e1836: Time spent bootstrapping tablet: real 0.002s	user 0.000s	sys 0.002s
I20260601 13:38:06.668538 21014 consensus_queue.cc:260] T 13df7120302e4cbeb38c42535a45107e P 88a26e410d5f44aaad9e7297715f59f6 [NON_LEADER]: Queue going to NON_LEADER mode. State: All replicated index: 0, Majority replicated index: 0, Committed index: 0, Last appended: 0.0, Last appended by leader: 0, Current term: 0, Majority size: -1, State: 0, Mode: NON_LEADER, active raft config: opid_index: -1 OBSOLETE_local: false peers { permanent_uuid: "c66242cc74fc44d4b165b38b1cf73993" member_type: VOTER last_known_addr { host: "127.19.172.194" port: 44899 } } peers { permanent_uuid: "67e2a05a36f841318a19eae0892e1836" member_type: VOTER last_known_addr { host: "127.19.172.193" port: 42569 } } peers { permanent_uuid: "88a26e410d5f44aaad9e7297715f59f6" member_type: VOTER last_known_addr { host: "127.19.172.195" port: 34153 } }
I20260601 13:38:06.669430 21016 tablet_bootstrap.cc:654] T 24de136128e84385b8186d0681433ef3 P c66242cc74fc44d4b165b38b1cf73993: Neither blocks nor log segments found. Creating new log.
I20260601 13:38:06.669440 21014 ts_tablet_manager.cc:1434] T 13df7120302e4cbeb38c42535a45107e P 88a26e410d5f44aaad9e7297715f59f6: Time spent starting tablet: real 0.003s	user 0.000s	sys 0.001s
I20260601 13:38:06.669435 21015 raft_consensus.cc:359] T 30546e93e0e04e34b87aab21cb157b1f P 67e2a05a36f841318a19eae0892e1836 [term 0 FOLLOWER]: Replica starting. Triggering 0 pending ops. Active config: opid_index: -1 OBSOLETE_local: false peers { permanent_uuid: "67e2a05a36f841318a19eae0892e1836" member_type: VOTER last_known_addr { host: "127.19.172.193" port: 42569 } } peers { permanent_uuid: "c66242cc74fc44d4b165b38b1cf73993" member_type: VOTER last_known_addr { host: "127.19.172.194" port: 44899 } } peers { permanent_uuid: "88a26e410d5f44aaad9e7297715f59f6" member_type: VOTER last_known_addr { host: "127.19.172.195" port: 34153 } }
I20260601 13:38:06.670663 21015 raft_consensus.cc:385] T 30546e93e0e04e34b87aab21cb157b1f P 67e2a05a36f841318a19eae0892e1836 [term 0 FOLLOWER]: Consensus starting up: Expiring failure detector timer to make a prompt election more likely
I20260601 13:38:06.670711 21015 raft_consensus.cc:740] T 30546e93e0e04e34b87aab21cb157b1f P 67e2a05a36f841318a19eae0892e1836 [term 0 FOLLOWER]: Becoming Follower/Learner. State: Replica: 67e2a05a36f841318a19eae0892e1836, State: Initialized, Role: FOLLOWER
I20260601 13:38:06.670732 21014 tablet_bootstrap.cc:492] T 5714f0b0ee074522a57521349dc586bd P 88a26e410d5f44aaad9e7297715f59f6: Bootstrap starting.
I20260601 13:38:06.670827 21015 consensus_queue.cc:260] T 30546e93e0e04e34b87aab21cb157b1f P 67e2a05a36f841318a19eae0892e1836 [NON_LEADER]: Queue going to NON_LEADER mode. State: All replicated index: 0, Majority replicated index: 0, Committed index: 0, Last appended: 0.0, Last appended by leader: 0, Current term: 0, Majority size: -1, State: 0, Mode: NON_LEADER, active raft config: opid_index: -1 OBSOLETE_local: false peers { permanent_uuid: "67e2a05a36f841318a19eae0892e1836" member_type: VOTER last_known_addr { host: "127.19.172.193" port: 42569 } } peers { permanent_uuid: "c66242cc74fc44d4b165b38b1cf73993" member_type: VOTER last_known_addr { host: "127.19.172.194" port: 44899 } } peers { permanent_uuid: "88a26e410d5f44aaad9e7297715f59f6" member_type: VOTER last_known_addr { host: "127.19.172.195" port: 34153 } }
I20260601 13:38:06.671124 21015 ts_tablet_manager.cc:1434] T 30546e93e0e04e34b87aab21cb157b1f P 67e2a05a36f841318a19eae0892e1836: Time spent starting tablet: real 0.002s	user 0.000s	sys 0.001s
I20260601 13:38:06.671327 21015 tablet_bootstrap.cc:492] T 69baaf7703b7464e864f3cdb50f052ad P 67e2a05a36f841318a19eae0892e1836: Bootstrap starting.
I20260601 13:38:06.671646 21014 tablet_bootstrap.cc:654] T 5714f0b0ee074522a57521349dc586bd P 88a26e410d5f44aaad9e7297715f59f6: Neither blocks nor log segments found. Creating new log.
I20260601 13:38:06.672302 21015 tablet_bootstrap.cc:654] T 69baaf7703b7464e864f3cdb50f052ad P 67e2a05a36f841318a19eae0892e1836: Neither blocks nor log segments found. Creating new log.
I20260601 13:38:06.670542 21016 tablet_bootstrap.cc:492] T 24de136128e84385b8186d0681433ef3 P c66242cc74fc44d4b165b38b1cf73993: No bootstrap required, opened a new log
I20260601 13:38:06.672451 21016 ts_tablet_manager.cc:1403] T 24de136128e84385b8186d0681433ef3 P c66242cc74fc44d4b165b38b1cf73993: Time spent bootstrapping tablet: real 0.004s	user 0.000s	sys 0.002s
I20260601 13:38:06.672919 21014 tablet_bootstrap.cc:492] T 5714f0b0ee074522a57521349dc586bd P 88a26e410d5f44aaad9e7297715f59f6: No bootstrap required, opened a new log
I20260601 13:38:06.673053 21014 ts_tablet_manager.cc:1403] T 5714f0b0ee074522a57521349dc586bd P 88a26e410d5f44aaad9e7297715f59f6: Time spent bootstrapping tablet: real 0.002s	user 0.001s	sys 0.001s
I20260601 13:38:06.673352 21015 tablet_bootstrap.cc:492] T 69baaf7703b7464e864f3cdb50f052ad P 67e2a05a36f841318a19eae0892e1836: No bootstrap required, opened a new log
I20260601 13:38:06.672876 21016 raft_consensus.cc:359] T 24de136128e84385b8186d0681433ef3 P c66242cc74fc44d4b165b38b1cf73993 [term 0 FOLLOWER]: Replica starting. Triggering 0 pending ops. Active config: opid_index: -1 OBSOLETE_local: false peers { permanent_uuid: "67e2a05a36f841318a19eae0892e1836" member_type: VOTER last_known_addr { host: "127.19.172.193" port: 42569 } } peers { permanent_uuid: "c66242cc74fc44d4b165b38b1cf73993" member_type: VOTER last_known_addr { host: "127.19.172.194" port: 44899 } } peers { permanent_uuid: "88a26e410d5f44aaad9e7297715f59f6" member_type: VOTER last_known_addr { host: "127.19.172.195" port: 34153 } }
I20260601 13:38:06.673440 21015 ts_tablet_manager.cc:1403] T 69baaf7703b7464e864f3cdb50f052ad P 67e2a05a36f841318a19eae0892e1836: Time spent bootstrapping tablet: real 0.002s	user 0.000s	sys 0.002s
I20260601 13:38:06.673620 21014 raft_consensus.cc:359] T 5714f0b0ee074522a57521349dc586bd P 88a26e410d5f44aaad9e7297715f59f6 [term 0 FOLLOWER]: Replica starting. Triggering 0 pending ops. Active config: opid_index: -1 OBSOLETE_local: false peers { permanent_uuid: "67e2a05a36f841318a19eae0892e1836" member_type: VOTER last_known_addr { host: "127.19.172.193" port: 42569 } } peers { permanent_uuid: "c66242cc74fc44d4b165b38b1cf73993" member_type: VOTER last_known_addr { host: "127.19.172.194" port: 44899 } } peers { permanent_uuid: "88a26e410d5f44aaad9e7297715f59f6" member_type: VOTER last_known_addr { host: "127.19.172.195" port: 34153 } }
I20260601 13:38:06.673754 21014 raft_consensus.cc:385] T 5714f0b0ee074522a57521349dc586bd P 88a26e410d5f44aaad9e7297715f59f6 [term 0 FOLLOWER]: Consensus starting up: Expiring failure detector timer to make a prompt election more likely
I20260601 13:38:06.673820 21014 raft_consensus.cc:740] T 5714f0b0ee074522a57521349dc586bd P 88a26e410d5f44aaad9e7297715f59f6 [term 0 FOLLOWER]: Becoming Follower/Learner. State: Replica: 88a26e410d5f44aaad9e7297715f59f6, State: Initialized, Role: FOLLOWER
I20260601 13:38:06.673867 21015 raft_consensus.cc:359] T 69baaf7703b7464e864f3cdb50f052ad P 67e2a05a36f841318a19eae0892e1836 [term 0 FOLLOWER]: Replica starting. Triggering 0 pending ops. Active config: opid_index: -1 OBSOLETE_local: false peers { permanent_uuid: "67e2a05a36f841318a19eae0892e1836" member_type: VOTER last_known_addr { host: "127.19.172.193" port: 42569 } } peers { permanent_uuid: "c66242cc74fc44d4b165b38b1cf73993" member_type: VOTER last_known_addr { host: "127.19.172.194" port: 44899 } } peers { permanent_uuid: "88a26e410d5f44aaad9e7297715f59f6" member_type: VOTER last_known_addr { host: "127.19.172.195" port: 34153 } }
I20260601 13:38:06.673959 21015 raft_consensus.cc:385] T 69baaf7703b7464e864f3cdb50f052ad P 67e2a05a36f841318a19eae0892e1836 [term 0 FOLLOWER]: Consensus starting up: Expiring failure detector timer to make a prompt election more likely
I20260601 13:38:06.673998 21015 raft_consensus.cc:740] T 69baaf7703b7464e864f3cdb50f052ad P 67e2a05a36f841318a19eae0892e1836 [term 0 FOLLOWER]: Becoming Follower/Learner. State: Replica: 67e2a05a36f841318a19eae0892e1836, State: Initialized, Role: FOLLOWER
I20260601 13:38:06.674041 21014 consensus_queue.cc:260] T 5714f0b0ee074522a57521349dc586bd P 88a26e410d5f44aaad9e7297715f59f6 [NON_LEADER]: Queue going to NON_LEADER mode. State: All replicated index: 0, Majority replicated index: 0, Committed index: 0, Last appended: 0.0, Last appended by leader: 0, Current term: 0, Majority size: -1, State: 0, Mode: NON_LEADER, active raft config: opid_index: -1 OBSOLETE_local: false peers { permanent_uuid: "67e2a05a36f841318a19eae0892e1836" member_type: VOTER last_known_addr { host: "127.19.172.193" port: 42569 } } peers { permanent_uuid: "c66242cc74fc44d4b165b38b1cf73993" member_type: VOTER last_known_addr { host: "127.19.172.194" port: 44899 } } peers { permanent_uuid: "88a26e410d5f44aaad9e7297715f59f6" member_type: VOTER last_known_addr { host: "127.19.172.195" port: 34153 } }
I20260601 13:38:06.674130 21015 consensus_queue.cc:260] T 69baaf7703b7464e864f3cdb50f052ad P 67e2a05a36f841318a19eae0892e1836 [NON_LEADER]: Queue going to NON_LEADER mode. State: All replicated index: 0, Majority replicated index: 0, Committed index: 0, Last appended: 0.0, Last appended by leader: 0, Current term: 0, Majority size: -1, State: 0, Mode: NON_LEADER, active raft config: opid_index: -1 OBSOLETE_local: false peers { permanent_uuid: "67e2a05a36f841318a19eae0892e1836" member_type: VOTER last_known_addr { host: "127.19.172.193" port: 42569 } } peers { permanent_uuid: "c66242cc74fc44d4b165b38b1cf73993" member_type: VOTER last_known_addr { host: "127.19.172.194" port: 44899 } } peers { permanent_uuid: "88a26e410d5f44aaad9e7297715f59f6" member_type: VOTER last_known_addr { host: "127.19.172.195" port: 34153 } }
I20260601 13:38:06.674322 21014 ts_tablet_manager.cc:1434] T 5714f0b0ee074522a57521349dc586bd P 88a26e410d5f44aaad9e7297715f59f6: Time spent starting tablet: real 0.001s	user 0.001s	sys 0.000s
I20260601 13:38:06.674376 21015 ts_tablet_manager.cc:1434] T 69baaf7703b7464e864f3cdb50f052ad P 67e2a05a36f841318a19eae0892e1836: Time spent starting tablet: real 0.001s	user 0.001s	sys 0.000s
I20260601 13:38:06.674485 21014 tablet_bootstrap.cc:492] T 3634551026ab4aeaad807b6bd287e3c9 P 88a26e410d5f44aaad9e7297715f59f6: Bootstrap starting.
I20260601 13:38:06.674513 21015 tablet_bootstrap.cc:492] T 31c2e62c4c32477fbbb305e8c51800df P 67e2a05a36f841318a19eae0892e1836: Bootstrap starting.
I20260601 13:38:06.675426 21014 tablet_bootstrap.cc:654] T 3634551026ab4aeaad807b6bd287e3c9 P 88a26e410d5f44aaad9e7297715f59f6: Neither blocks nor log segments found. Creating new log.
I20260601 13:38:06.675690 21015 tablet_bootstrap.cc:654] T 31c2e62c4c32477fbbb305e8c51800df P 67e2a05a36f841318a19eae0892e1836: Neither blocks nor log segments found. Creating new log.
I20260601 13:38:06.673446 21016 raft_consensus.cc:385] T 24de136128e84385b8186d0681433ef3 P c66242cc74fc44d4b165b38b1cf73993 [term 0 FOLLOWER]: Consensus starting up: Expiring failure detector timer to make a prompt election more likely
I20260601 13:38:06.676285 21016 raft_consensus.cc:740] T 24de136128e84385b8186d0681433ef3 P c66242cc74fc44d4b165b38b1cf73993 [term 0 FOLLOWER]: Becoming Follower/Learner. State: Replica: c66242cc74fc44d4b165b38b1cf73993, State: Initialized, Role: FOLLOWER
I20260601 13:38:06.676407 21016 consensus_queue.cc:260] T 24de136128e84385b8186d0681433ef3 P c66242cc74fc44d4b165b38b1cf73993 [NON_LEADER]: Queue going to NON_LEADER mode. State: All replicated index: 0, Majority replicated index: 0, Committed index: 0, Last appended: 0.0, Last appended by leader: 0, Current term: 0, Majority size: -1, State: 0, Mode: NON_LEADER, active raft config: opid_index: -1 OBSOLETE_local: false peers { permanent_uuid: "67e2a05a36f841318a19eae0892e1836" member_type: VOTER last_known_addr { host: "127.19.172.193" port: 42569 } } peers { permanent_uuid: "c66242cc74fc44d4b165b38b1cf73993" member_type: VOTER last_known_addr { host: "127.19.172.194" port: 44899 } } peers { permanent_uuid: "88a26e410d5f44aaad9e7297715f59f6" member_type: VOTER last_known_addr { host: "127.19.172.195" port: 34153 } }
I20260601 13:38:06.676656 21020 raft_consensus.cc:493] T 69baaf7703b7464e864f3cdb50f052ad P 88a26e410d5f44aaad9e7297715f59f6 [term 0 FOLLOWER]: Starting pre-election (no leader contacted us within the election timeout)
I20260601 13:38:06.676728 21020 raft_consensus.cc:515] T 69baaf7703b7464e864f3cdb50f052ad P 88a26e410d5f44aaad9e7297715f59f6 [term 0 FOLLOWER]: Starting pre-election with config: opid_index: -1 OBSOLETE_local: false peers { permanent_uuid: "67e2a05a36f841318a19eae0892e1836" member_type: VOTER last_known_addr { host: "127.19.172.193" port: 42569 } } peers { permanent_uuid: "c66242cc74fc44d4b165b38b1cf73993" member_type: VOTER last_known_addr { host: "127.19.172.194" port: 44899 } } peers { permanent_uuid: "88a26e410d5f44aaad9e7297715f59f6" member_type: VOTER last_known_addr { host: "127.19.172.195" port: 34153 } }
I20260601 13:38:06.676959 21015 tablet_bootstrap.cc:492] T 31c2e62c4c32477fbbb305e8c51800df P 67e2a05a36f841318a19eae0892e1836: No bootstrap required, opened a new log
I20260601 13:38:06.677052 21015 ts_tablet_manager.cc:1403] T 31c2e62c4c32477fbbb305e8c51800df P 67e2a05a36f841318a19eae0892e1836: Time spent bootstrapping tablet: real 0.003s	user 0.001s	sys 0.000s
I20260601 13:38:06.677249 21020 leader_election.cc:290] T 69baaf7703b7464e864f3cdb50f052ad P 88a26e410d5f44aaad9e7297715f59f6 [CANDIDATE]: Term 1 pre-election: Requested pre-vote from peers 67e2a05a36f841318a19eae0892e1836 (127.19.172.193:42569), c66242cc74fc44d4b165b38b1cf73993 (127.19.172.194:44899)
I20260601 13:38:06.677482 21015 raft_consensus.cc:359] T 31c2e62c4c32477fbbb305e8c51800df P 67e2a05a36f841318a19eae0892e1836 [term 0 FOLLOWER]: Replica starting. Triggering 0 pending ops. Active config: opid_index: -1 OBSOLETE_local: false peers { permanent_uuid: "67e2a05a36f841318a19eae0892e1836" member_type: VOTER last_known_addr { host: "127.19.172.193" port: 42569 } } peers { permanent_uuid: "c66242cc74fc44d4b165b38b1cf73993" member_type: VOTER last_known_addr { host: "127.19.172.194" port: 44899 } } peers { permanent_uuid: "88a26e410d5f44aaad9e7297715f59f6" member_type: VOTER last_known_addr { host: "127.19.172.195" port: 34153 } }
I20260601 13:38:06.677577 21015 raft_consensus.cc:385] T 31c2e62c4c32477fbbb305e8c51800df P 67e2a05a36f841318a19eae0892e1836 [term 0 FOLLOWER]: Consensus starting up: Expiring failure detector timer to make a prompt election more likely
I20260601 13:38:06.677619 21015 raft_consensus.cc:740] T 31c2e62c4c32477fbbb305e8c51800df P 67e2a05a36f841318a19eae0892e1836 [term 0 FOLLOWER]: Becoming Follower/Learner. State: Replica: 67e2a05a36f841318a19eae0892e1836, State: Initialized, Role: FOLLOWER
I20260601 13:38:06.677894 21015 consensus_queue.cc:260] T 31c2e62c4c32477fbbb305e8c51800df P 67e2a05a36f841318a19eae0892e1836 [NON_LEADER]: Queue going to NON_LEADER mode. State: All replicated index: 0, Majority replicated index: 0, Committed index: 0, Last appended: 0.0, Last appended by leader: 0, Current term: 0, Majority size: -1, State: 0, Mode: NON_LEADER, active raft config: opid_index: -1 OBSOLETE_local: false peers { permanent_uuid: "67e2a05a36f841318a19eae0892e1836" member_type: VOTER last_known_addr { host: "127.19.172.193" port: 42569 } } peers { permanent_uuid: "c66242cc74fc44d4b165b38b1cf73993" member_type: VOTER last_known_addr { host: "127.19.172.194" port: 44899 } } peers { permanent_uuid: "88a26e410d5f44aaad9e7297715f59f6" member_type: VOTER last_known_addr { host: "127.19.172.195" port: 34153 } }
I20260601 13:38:06.677992 21016 ts_tablet_manager.cc:1434] T 24de136128e84385b8186d0681433ef3 P c66242cc74fc44d4b165b38b1cf73993: Time spent starting tablet: real 0.005s	user 0.000s	sys 0.001s
I20260601 13:38:06.678409 21015 ts_tablet_manager.cc:1434] T 31c2e62c4c32477fbbb305e8c51800df P 67e2a05a36f841318a19eae0892e1836: Time spent starting tablet: real 0.001s	user 0.000s	sys 0.001s
I20260601 13:38:06.678633 21015 tablet_bootstrap.cc:492] T 24de136128e84385b8186d0681433ef3 P 67e2a05a36f841318a19eae0892e1836: Bootstrap starting.
I20260601 13:38:06.679481 21016 tablet_bootstrap.cc:492] T 5714f0b0ee074522a57521349dc586bd P c66242cc74fc44d4b165b38b1cf73993: Bootstrap starting.
I20260601 13:38:06.679843 21015 tablet_bootstrap.cc:654] T 24de136128e84385b8186d0681433ef3 P 67e2a05a36f841318a19eae0892e1836: Neither blocks nor log segments found. Creating new log.
I20260601 13:38:06.680420 21016 tablet_bootstrap.cc:654] T 5714f0b0ee074522a57521349dc586bd P c66242cc74fc44d4b165b38b1cf73993: Neither blocks nor log segments found. Creating new log.
I20260601 13:38:06.681486 21015 tablet_bootstrap.cc:492] T 24de136128e84385b8186d0681433ef3 P 67e2a05a36f841318a19eae0892e1836: No bootstrap required, opened a new log
I20260601 13:38:06.681571 21015 ts_tablet_manager.cc:1403] T 24de136128e84385b8186d0681433ef3 P 67e2a05a36f841318a19eae0892e1836: Time spent bootstrapping tablet: real 0.003s	user 0.001s	sys 0.001s
I20260601 13:38:06.681728 20817 tablet_service.cc:1917] Received RequestConsensusVote() RPC: tablet_id: "69baaf7703b7464e864f3cdb50f052ad" candidate_uuid: "88a26e410d5f44aaad9e7297715f59f6" candidate_term: 1 candidate_status { last_received { term: 0 index: 0 } } ignore_live_leader: false dest_uuid: "67e2a05a36f841318a19eae0892e1836" is_pre_election: true
I20260601 13:38:06.681835 20817 raft_consensus.cc:2468] T 69baaf7703b7464e864f3cdb50f052ad P 67e2a05a36f841318a19eae0892e1836 [term 0 FOLLOWER]: Leader pre-election vote request: Granting yes vote for candidate 88a26e410d5f44aaad9e7297715f59f6 in term 0.
I20260601 13:38:06.681964 21014 tablet_bootstrap.cc:492] T 3634551026ab4aeaad807b6bd287e3c9 P 88a26e410d5f44aaad9e7297715f59f6: No bootstrap required, opened a new log
I20260601 13:38:06.681993 21015 raft_consensus.cc:359] T 24de136128e84385b8186d0681433ef3 P 67e2a05a36f841318a19eae0892e1836 [term 0 FOLLOWER]: Replica starting. Triggering 0 pending ops. Active config: opid_index: -1 OBSOLETE_local: false peers { permanent_uuid: "67e2a05a36f841318a19eae0892e1836" member_type: VOTER last_known_addr { host: "127.19.172.193" port: 42569 } } peers { permanent_uuid: "c66242cc74fc44d4b165b38b1cf73993" member_type: VOTER last_known_addr { host: "127.19.172.194" port: 44899 } } peers { permanent_uuid: "88a26e410d5f44aaad9e7297715f59f6" member_type: VOTER last_known_addr { host: "127.19.172.195" port: 34153 } }
I20260601 13:38:06.682073 21014 ts_tablet_manager.cc:1403] T 3634551026ab4aeaad807b6bd287e3c9 P 88a26e410d5f44aaad9e7297715f59f6: Time spent bootstrapping tablet: real 0.008s	user 0.002s	sys 0.000s
I20260601 13:38:06.682109 21015 raft_consensus.cc:385] T 24de136128e84385b8186d0681433ef3 P 67e2a05a36f841318a19eae0892e1836 [term 0 FOLLOWER]: Consensus starting up: Expiring failure detector timer to make a prompt election more likely
I20260601 13:38:06.682154 21015 raft_consensus.cc:740] T 24de136128e84385b8186d0681433ef3 P 67e2a05a36f841318a19eae0892e1836 [term 0 FOLLOWER]: Becoming Follower/Learner. State: Replica: 67e2a05a36f841318a19eae0892e1836, State: Initialized, Role: FOLLOWER
I20260601 13:38:06.682219 20932 leader_election.cc:304] T 69baaf7703b7464e864f3cdb50f052ad P 88a26e410d5f44aaad9e7297715f59f6 [CANDIDATE]: Term 1 pre-election: Election decided. Result: candidate won. Election summary: received 2 responses out of 3 voters: 2 yes votes; 0 no votes. yes voters: 67e2a05a36f841318a19eae0892e1836, 88a26e410d5f44aaad9e7297715f59f6; no voters: 
I20260601 13:38:06.682284 21015 consensus_queue.cc:260] T 24de136128e84385b8186d0681433ef3 P 67e2a05a36f841318a19eae0892e1836 [NON_LEADER]: Queue going to NON_LEADER mode. State: All replicated index: 0, Majority replicated index: 0, Committed index: 0, Last appended: 0.0, Last appended by leader: 0, Current term: 0, Majority size: -1, State: 0, Mode: NON_LEADER, active raft config: opid_index: -1 OBSOLETE_local: false peers { permanent_uuid: "67e2a05a36f841318a19eae0892e1836" member_type: VOTER last_known_addr { host: "127.19.172.193" port: 42569 } } peers { permanent_uuid: "c66242cc74fc44d4b165b38b1cf73993" member_type: VOTER last_known_addr { host: "127.19.172.194" port: 44899 } } peers { permanent_uuid: "88a26e410d5f44aaad9e7297715f59f6" member_type: VOTER last_known_addr { host: "127.19.172.195" port: 34153 } }
I20260601 13:38:06.682384 21020 raft_consensus.cc:2804] T 69baaf7703b7464e864f3cdb50f052ad P 88a26e410d5f44aaad9e7297715f59f6 [term 0 FOLLOWER]: Leader pre-election won for term 1
I20260601 13:38:06.682435 21020 raft_consensus.cc:493] T 69baaf7703b7464e864f3cdb50f052ad P 88a26e410d5f44aaad9e7297715f59f6 [term 0 FOLLOWER]: Starting leader election (no leader contacted us within the election timeout)
I20260601 13:38:06.682477 21020 raft_consensus.cc:3060] T 69baaf7703b7464e864f3cdb50f052ad P 88a26e410d5f44aaad9e7297715f59f6 [term 0 FOLLOWER]: Advancing to term 1
I20260601 13:38:06.682545 21015 ts_tablet_manager.cc:1434] T 24de136128e84385b8186d0681433ef3 P 67e2a05a36f841318a19eae0892e1836: Time spent starting tablet: real 0.001s	user 0.001s	sys 0.000s
I20260601 13:38:06.682588 21014 raft_consensus.cc:359] T 3634551026ab4aeaad807b6bd287e3c9 P 88a26e410d5f44aaad9e7297715f59f6 [term 0 FOLLOWER]: Replica starting. Triggering 0 pending ops. Active config: opid_index: -1 OBSOLETE_local: false peers { permanent_uuid: "67e2a05a36f841318a19eae0892e1836" member_type: VOTER last_known_addr { host: "127.19.172.193" port: 42569 } } peers { permanent_uuid: "c66242cc74fc44d4b165b38b1cf73993" member_type: VOTER last_known_addr { host: "127.19.172.194" port: 44899 } } peers { permanent_uuid: "88a26e410d5f44aaad9e7297715f59f6" member_type: VOTER last_known_addr { host: "127.19.172.195" port: 34153 } }
I20260601 13:38:06.682682 21014 raft_consensus.cc:385] T 3634551026ab4aeaad807b6bd287e3c9 P 88a26e410d5f44aaad9e7297715f59f6 [term 0 FOLLOWER]: Consensus starting up: Expiring failure detector timer to make a prompt election more likely
I20260601 13:38:06.682703 21015 tablet_bootstrap.cc:492] T 3634551026ab4aeaad807b6bd287e3c9 P 67e2a05a36f841318a19eae0892e1836: Bootstrap starting.
I20260601 13:38:06.682718 21014 raft_consensus.cc:740] T 3634551026ab4aeaad807b6bd287e3c9 P 88a26e410d5f44aaad9e7297715f59f6 [term 0 FOLLOWER]: Becoming Follower/Learner. State: Replica: 88a26e410d5f44aaad9e7297715f59f6, State: Initialized, Role: FOLLOWER
I20260601 13:38:06.682873 21014 consensus_queue.cc:260] T 3634551026ab4aeaad807b6bd287e3c9 P 88a26e410d5f44aaad9e7297715f59f6 [NON_LEADER]: Queue going to NON_LEADER mode. State: All replicated index: 0, Majority replicated index: 0, Committed index: 0, Last appended: 0.0, Last appended by leader: 0, Current term: 0, Majority size: -1, State: 0, Mode: NON_LEADER, active raft config: opid_index: -1 OBSOLETE_local: false peers { permanent_uuid: "67e2a05a36f841318a19eae0892e1836" member_type: VOTER last_known_addr { host: "127.19.172.193" port: 42569 } } peers { permanent_uuid: "c66242cc74fc44d4b165b38b1cf73993" member_type: VOTER last_known_addr { host: "127.19.172.194" port: 44899 } } peers { permanent_uuid: "88a26e410d5f44aaad9e7297715f59f6" member_type: VOTER last_known_addr { host: "127.19.172.195" port: 34153 } }
I20260601 13:38:06.683274 21014 ts_tablet_manager.cc:1434] T 3634551026ab4aeaad807b6bd287e3c9 P 88a26e410d5f44aaad9e7297715f59f6: Time spent starting tablet: real 0.001s	user 0.001s	sys 0.000s
I20260601 13:38:06.683532 21020 raft_consensus.cc:515] T 69baaf7703b7464e864f3cdb50f052ad P 88a26e410d5f44aaad9e7297715f59f6 [term 1 FOLLOWER]: Starting leader election with config: opid_index: -1 OBSOLETE_local: false peers { permanent_uuid: "67e2a05a36f841318a19eae0892e1836" member_type: VOTER last_known_addr { host: "127.19.172.193" port: 42569 } } peers { permanent_uuid: "c66242cc74fc44d4b165b38b1cf73993" member_type: VOTER last_known_addr { host: "127.19.172.194" port: 44899 } } peers { permanent_uuid: "88a26e410d5f44aaad9e7297715f59f6" member_type: VOTER last_known_addr { host: "127.19.172.195" port: 34153 } }
I20260601 13:38:06.683588 21015 tablet_bootstrap.cc:654] T 3634551026ab4aeaad807b6bd287e3c9 P 67e2a05a36f841318a19eae0892e1836: Neither blocks nor log segments found. Creating new log.
I20260601 13:38:06.683902 21020 leader_election.cc:290] T 69baaf7703b7464e864f3cdb50f052ad P 88a26e410d5f44aaad9e7297715f59f6 [CANDIDATE]: Term 1 election: Requested vote from peers 67e2a05a36f841318a19eae0892e1836 (127.19.172.193:42569), c66242cc74fc44d4b165b38b1cf73993 (127.19.172.194:44899)
I20260601 13:38:06.684078 21014 tablet_bootstrap.cc:492] T 1b8b8993bf244787a7283c17a1a521d9 P 88a26e410d5f44aaad9e7297715f59f6: Bootstrap starting.
I20260601 13:38:06.684489 20817 tablet_service.cc:1917] Received RequestConsensusVote() RPC: tablet_id: "69baaf7703b7464e864f3cdb50f052ad" candidate_uuid: "88a26e410d5f44aaad9e7297715f59f6" candidate_term: 1 candidate_status { last_received { term: 0 index: 0 } } ignore_live_leader: false dest_uuid: "67e2a05a36f841318a19eae0892e1836"
I20260601 13:38:06.684571 21016 tablet_bootstrap.cc:492] T 5714f0b0ee074522a57521349dc586bd P c66242cc74fc44d4b165b38b1cf73993: No bootstrap required, opened a new log
I20260601 13:38:06.684603 20817 raft_consensus.cc:3060] T 69baaf7703b7464e864f3cdb50f052ad P 67e2a05a36f841318a19eae0892e1836 [term 0 FOLLOWER]: Advancing to term 1
I20260601 13:38:06.684643 21016 ts_tablet_manager.cc:1403] T 5714f0b0ee074522a57521349dc586bd P c66242cc74fc44d4b165b38b1cf73993: Time spent bootstrapping tablet: real 0.005s	user 0.001s	sys 0.001s
I20260601 13:38:06.685132 21014 tablet_bootstrap.cc:654] T 1b8b8993bf244787a7283c17a1a521d9 P 88a26e410d5f44aaad9e7297715f59f6: Neither blocks nor log segments found. Creating new log.
I20260601 13:38:06.685091 21016 raft_consensus.cc:359] T 5714f0b0ee074522a57521349dc586bd P c66242cc74fc44d4b165b38b1cf73993 [term 0 FOLLOWER]: Replica starting. Triggering 0 pending ops. Active config: opid_index: -1 OBSOLETE_local: false peers { permanent_uuid: "67e2a05a36f841318a19eae0892e1836" member_type: VOTER last_known_addr { host: "127.19.172.193" port: 42569 } } peers { permanent_uuid: "c66242cc74fc44d4b165b38b1cf73993" member_type: VOTER last_known_addr { host: "127.19.172.194" port: 44899 } } peers { permanent_uuid: "88a26e410d5f44aaad9e7297715f59f6" member_type: VOTER last_known_addr { host: "127.19.172.195" port: 34153 } }
I20260601 13:38:06.685194 21016 raft_consensus.cc:385] T 5714f0b0ee074522a57521349dc586bd P c66242cc74fc44d4b165b38b1cf73993 [term 0 FOLLOWER]: Consensus starting up: Expiring failure detector timer to make a prompt election more likely
I20260601 13:38:06.685236 21016 raft_consensus.cc:740] T 5714f0b0ee074522a57521349dc586bd P c66242cc74fc44d4b165b38b1cf73993 [term 0 FOLLOWER]: Becoming Follower/Learner. State: Replica: c66242cc74fc44d4b165b38b1cf73993, State: Initialized, Role: FOLLOWER
I20260601 13:38:06.685382 21016 consensus_queue.cc:260] T 5714f0b0ee074522a57521349dc586bd P c66242cc74fc44d4b165b38b1cf73993 [NON_LEADER]: Queue going to NON_LEADER mode. State: All replicated index: 0, Majority replicated index: 0, Committed index: 0, Last appended: 0.0, Last appended by leader: 0, Current term: 0, Majority size: -1, State: 0, Mode: NON_LEADER, active raft config: opid_index: -1 OBSOLETE_local: false peers { permanent_uuid: "67e2a05a36f841318a19eae0892e1836" member_type: VOTER last_known_addr { host: "127.19.172.193" port: 42569 } } peers { permanent_uuid: "c66242cc74fc44d4b165b38b1cf73993" member_type: VOTER last_known_addr { host: "127.19.172.194" port: 44899 } } peers { permanent_uuid: "88a26e410d5f44aaad9e7297715f59f6" member_type: VOTER last_known_addr { host: "127.19.172.195" port: 34153 } }
I20260601 13:38:06.685576 20893 tablet_service.cc:1917] Received RequestConsensusVote() RPC: tablet_id: "69baaf7703b7464e864f3cdb50f052ad" candidate_uuid: "88a26e410d5f44aaad9e7297715f59f6" candidate_term: 1 candidate_status { last_received { term: 0 index: 0 } } ignore_live_leader: false dest_uuid: "c66242cc74fc44d4b165b38b1cf73993" is_pre_election: true
I20260601 13:38:06.685632 21016 ts_tablet_manager.cc:1434] T 5714f0b0ee074522a57521349dc586bd P c66242cc74fc44d4b165b38b1cf73993: Time spent starting tablet: real 0.001s	user 0.000s	sys 0.001s
I20260601 13:38:06.685659 20817 raft_consensus.cc:2468] T 69baaf7703b7464e864f3cdb50f052ad P 67e2a05a36f841318a19eae0892e1836 [term 1 FOLLOWER]: Leader election vote request: Granting yes vote for candidate 88a26e410d5f44aaad9e7297715f59f6 in term 1.
I20260601 13:38:06.685901 20892 tablet_service.cc:1917] Received RequestConsensusVote() RPC: tablet_id: "69baaf7703b7464e864f3cdb50f052ad" candidate_uuid: "88a26e410d5f44aaad9e7297715f59f6" candidate_term: 1 candidate_status { last_received { term: 0 index: 0 } } ignore_live_leader: false dest_uuid: "c66242cc74fc44d4b165b38b1cf73993"
I20260601 13:38:06.685954 20932 leader_election.cc:304] T 69baaf7703b7464e864f3cdb50f052ad P 88a26e410d5f44aaad9e7297715f59f6 [CANDIDATE]: Term 1 election: Election decided. Result: candidate won. Election summary: received 2 responses out of 3 voters: 2 yes votes; 0 no votes. yes voters: 67e2a05a36f841318a19eae0892e1836, 88a26e410d5f44aaad9e7297715f59f6; no voters: 
W20260601 13:38:06.686115 20933 leader_election.cc:343] T 69baaf7703b7464e864f3cdb50f052ad P 88a26e410d5f44aaad9e7297715f59f6 [CANDIDATE]: Term 1 pre-election: Tablet error from VoteRequest() call to peer c66242cc74fc44d4b165b38b1cf73993 (127.19.172.194:44899): Illegal state: must be running to vote when last-logged opid is not known
I20260601 13:38:06.686153 21038 raft_consensus.cc:2804] T 69baaf7703b7464e864f3cdb50f052ad P 88a26e410d5f44aaad9e7297715f59f6 [term 1 FOLLOWER]: Leader election won for term 1
I20260601 13:38:06.686275 21038 raft_consensus.cc:697] T 69baaf7703b7464e864f3cdb50f052ad P 88a26e410d5f44aaad9e7297715f59f6 [term 1 LEADER]: Becoming Leader. State: Replica: 88a26e410d5f44aaad9e7297715f59f6, State: Running, Role: LEADER
W20260601 13:38:06.686355 20933 leader_election.cc:343] T 69baaf7703b7464e864f3cdb50f052ad P 88a26e410d5f44aaad9e7297715f59f6 [CANDIDATE]: Term 1 election: Tablet error from VoteRequest() call to peer c66242cc74fc44d4b165b38b1cf73993 (127.19.172.194:44899): Illegal state: must be running to vote when last-logged opid is not known
I20260601 13:38:06.686427 21038 consensus_queue.cc:237] T 69baaf7703b7464e864f3cdb50f052ad P 88a26e410d5f44aaad9e7297715f59f6 [LEADER]: Queue going to LEADER mode. State: All replicated index: 0, Majority replicated index: 0, Committed index: 0, Last appended: 0.0, Last appended by leader: 0, Current term: 1, Majority size: 2, State: 0, Mode: LEADER, active raft config: opid_index: -1 OBSOLETE_local: false peers { permanent_uuid: "67e2a05a36f841318a19eae0892e1836" member_type: VOTER last_known_addr { host: "127.19.172.193" port: 42569 } } peers { permanent_uuid: "c66242cc74fc44d4b165b38b1cf73993" member_type: VOTER last_known_addr { host: "127.19.172.194" port: 44899 } } peers { permanent_uuid: "88a26e410d5f44aaad9e7297715f59f6" member_type: VOTER last_known_addr { host: "127.19.172.195" port: 34153 } }
I20260601 13:38:06.687054 21015 tablet_bootstrap.cc:492] T 3634551026ab4aeaad807b6bd287e3c9 P 67e2a05a36f841318a19eae0892e1836: No bootstrap required, opened a new log
I20260601 13:38:06.687132 21015 ts_tablet_manager.cc:1403] T 3634551026ab4aeaad807b6bd287e3c9 P 67e2a05a36f841318a19eae0892e1836: Time spent bootstrapping tablet: real 0.004s	user 0.001s	sys 0.000s
I20260601 13:38:06.687467 21016 tablet_bootstrap.cc:492] T 1b8b8993bf244787a7283c17a1a521d9 P c66242cc74fc44d4b165b38b1cf73993: Bootstrap starting.
I20260601 13:38:06.687546 21015 raft_consensus.cc:359] T 3634551026ab4aeaad807b6bd287e3c9 P 67e2a05a36f841318a19eae0892e1836 [term 0 FOLLOWER]: Replica starting. Triggering 0 pending ops. Active config: opid_index: -1 OBSOLETE_local: false peers { permanent_uuid: "67e2a05a36f841318a19eae0892e1836" member_type: VOTER last_known_addr { host: "127.19.172.193" port: 42569 } } peers { permanent_uuid: "c66242cc74fc44d4b165b38b1cf73993" member_type: VOTER last_known_addr { host: "127.19.172.194" port: 44899 } } peers { permanent_uuid: "88a26e410d5f44aaad9e7297715f59f6" member_type: VOTER last_known_addr { host: "127.19.172.195" port: 34153 } }
I20260601 13:38:06.687621 21015 raft_consensus.cc:385] T 3634551026ab4aeaad807b6bd287e3c9 P 67e2a05a36f841318a19eae0892e1836 [term 0 FOLLOWER]: Consensus starting up: Expiring failure detector timer to make a prompt election more likely
I20260601 13:38:06.687664 21015 raft_consensus.cc:740] T 3634551026ab4aeaad807b6bd287e3c9 P 67e2a05a36f841318a19eae0892e1836 [term 0 FOLLOWER]: Becoming Follower/Learner. State: Replica: 67e2a05a36f841318a19eae0892e1836, State: Initialized, Role: FOLLOWER
I20260601 13:38:06.687773 21015 consensus_queue.cc:260] T 3634551026ab4aeaad807b6bd287e3c9 P 67e2a05a36f841318a19eae0892e1836 [NON_LEADER]: Queue going to NON_LEADER mode. State: All replicated index: 0, Majority replicated index: 0, Committed index: 0, Last appended: 0.0, Last appended by leader: 0, Current term: 0, Majority size: -1, State: 0, Mode: NON_LEADER, active raft config: opid_index: -1 OBSOLETE_local: false peers { permanent_uuid: "67e2a05a36f841318a19eae0892e1836" member_type: VOTER last_known_addr { host: "127.19.172.193" port: 42569 } } peers { permanent_uuid: "c66242cc74fc44d4b165b38b1cf73993" member_type: VOTER last_known_addr { host: "127.19.172.194" port: 44899 } } peers { permanent_uuid: "88a26e410d5f44aaad9e7297715f59f6" member_type: VOTER last_known_addr { host: "127.19.172.195" port: 34153 } }
I20260601 13:38:06.688036 21015 ts_tablet_manager.cc:1434] T 3634551026ab4aeaad807b6bd287e3c9 P 67e2a05a36f841318a19eae0892e1836: Time spent starting tablet: real 0.001s	user 0.000s	sys 0.000s
I20260601 13:38:06.688403 21016 tablet_bootstrap.cc:654] T 1b8b8993bf244787a7283c17a1a521d9 P c66242cc74fc44d4b165b38b1cf73993: Neither blocks nor log segments found. Creating new log.
I20260601 13:38:06.689613 21016 tablet_bootstrap.cc:492] T 1b8b8993bf244787a7283c17a1a521d9 P c66242cc74fc44d4b165b38b1cf73993: No bootstrap required, opened a new log
I20260601 13:38:06.689692 21016 ts_tablet_manager.cc:1403] T 1b8b8993bf244787a7283c17a1a521d9 P c66242cc74fc44d4b165b38b1cf73993: Time spent bootstrapping tablet: real 0.002s	user 0.000s	sys 0.001s
I20260601 13:38:06.689785 21014 tablet_bootstrap.cc:492] T 1b8b8993bf244787a7283c17a1a521d9 P 88a26e410d5f44aaad9e7297715f59f6: No bootstrap required, opened a new log
I20260601 13:38:06.689888 21014 ts_tablet_manager.cc:1403] T 1b8b8993bf244787a7283c17a1a521d9 P 88a26e410d5f44aaad9e7297715f59f6: Time spent bootstrapping tablet: real 0.006s	user 0.002s	sys 0.000s
I20260601 13:38:06.689981 21016 raft_consensus.cc:359] T 1b8b8993bf244787a7283c17a1a521d9 P c66242cc74fc44d4b165b38b1cf73993 [term 0 FOLLOWER]: Replica starting. Triggering 0 pending ops. Active config: opid_index: -1 OBSOLETE_local: false peers { permanent_uuid: "67e2a05a36f841318a19eae0892e1836" member_type: VOTER last_known_addr { host: "127.19.172.193" port: 42569 } } peers { permanent_uuid: "c66242cc74fc44d4b165b38b1cf73993" member_type: VOTER last_known_addr { host: "127.19.172.194" port: 44899 } } peers { permanent_uuid: "88a26e410d5f44aaad9e7297715f59f6" member_type: VOTER last_known_addr { host: "127.19.172.195" port: 34153 } }
I20260601 13:38:06.689973 20713 catalog_manager.cc:5696] T 69baaf7703b7464e864f3cdb50f052ad P 88a26e410d5f44aaad9e7297715f59f6 reported cstate change: term changed from 0 to 1, leader changed from <none> to 88a26e410d5f44aaad9e7297715f59f6 (127.19.172.195). New cstate: current_term: 1 leader_uuid: "88a26e410d5f44aaad9e7297715f59f6" committed_config { opid_index: -1 OBSOLETE_local: false peers { permanent_uuid: "67e2a05a36f841318a19eae0892e1836" member_type: VOTER last_known_addr { host: "127.19.172.193" port: 42569 } health_report { overall_health: UNKNOWN } } peers { permanent_uuid: "c66242cc74fc44d4b165b38b1cf73993" member_type: VOTER last_known_addr { host: "127.19.172.194" port: 44899 } health_report { overall_health: UNKNOWN } } peers { permanent_uuid: "88a26e410d5f44aaad9e7297715f59f6" member_type: VOTER last_known_addr { host: "127.19.172.195" port: 34153 } health_report { overall_health: HEALTHY } } }
I20260601 13:38:06.690160 21016 raft_consensus.cc:385] T 1b8b8993bf244787a7283c17a1a521d9 P c66242cc74fc44d4b165b38b1cf73993 [term 0 FOLLOWER]: Consensus starting up: Expiring failure detector timer to make a prompt election more likely
I20260601 13:38:06.690207 21016 raft_consensus.cc:740] T 1b8b8993bf244787a7283c17a1a521d9 P c66242cc74fc44d4b165b38b1cf73993 [term 0 FOLLOWER]: Becoming Follower/Learner. State: Replica: c66242cc74fc44d4b165b38b1cf73993, State: Initialized, Role: FOLLOWER
I20260601 13:38:06.690328 21016 consensus_queue.cc:260] T 1b8b8993bf244787a7283c17a1a521d9 P c66242cc74fc44d4b165b38b1cf73993 [NON_LEADER]: Queue going to NON_LEADER mode. State: All replicated index: 0, Majority replicated index: 0, Committed index: 0, Last appended: 0.0, Last appended by leader: 0, Current term: 0, Majority size: -1, State: 0, Mode: NON_LEADER, active raft config: opid_index: -1 OBSOLETE_local: false peers { permanent_uuid: "67e2a05a36f841318a19eae0892e1836" member_type: VOTER last_known_addr { host: "127.19.172.193" port: 42569 } } peers { permanent_uuid: "c66242cc74fc44d4b165b38b1cf73993" member_type: VOTER last_known_addr { host: "127.19.172.194" port: 44899 } } peers { permanent_uuid: "88a26e410d5f44aaad9e7297715f59f6" member_type: VOTER last_known_addr { host: "127.19.172.195" port: 34153 } }
I20260601 13:38:06.690351 21014 raft_consensus.cc:359] T 1b8b8993bf244787a7283c17a1a521d9 P 88a26e410d5f44aaad9e7297715f59f6 [term 0 FOLLOWER]: Replica starting. Triggering 0 pending ops. Active config: opid_index: -1 OBSOLETE_local: false peers { permanent_uuid: "67e2a05a36f841318a19eae0892e1836" member_type: VOTER last_known_addr { host: "127.19.172.193" port: 42569 } } peers { permanent_uuid: "c66242cc74fc44d4b165b38b1cf73993" member_type: VOTER last_known_addr { host: "127.19.172.194" port: 44899 } } peers { permanent_uuid: "88a26e410d5f44aaad9e7297715f59f6" member_type: VOTER last_known_addr { host: "127.19.172.195" port: 34153 } }
I20260601 13:38:06.690446 21014 raft_consensus.cc:385] T 1b8b8993bf244787a7283c17a1a521d9 P 88a26e410d5f44aaad9e7297715f59f6 [term 0 FOLLOWER]: Consensus starting up: Expiring failure detector timer to make a prompt election more likely
I20260601 13:38:06.690481 21014 raft_consensus.cc:740] T 1b8b8993bf244787a7283c17a1a521d9 P 88a26e410d5f44aaad9e7297715f59f6 [term 0 FOLLOWER]: Becoming Follower/Learner. State: Replica: 88a26e410d5f44aaad9e7297715f59f6, State: Initialized, Role: FOLLOWER
I20260601 13:38:06.690574 21016 ts_tablet_manager.cc:1434] T 1b8b8993bf244787a7283c17a1a521d9 P c66242cc74fc44d4b165b38b1cf73993: Time spent starting tablet: real 0.001s	user 0.001s	sys 0.000s
